При поиске доступа к кракену иногда полезно использовать актуальную кракен ссылка зеркало, особенно когда основные онион и тор-адреса недоступны.
На сайте https://kra2at.com можно найти множество полезных ресурсов, связанных с кракен даркнет и его особенностями.
For anyone seeking a secure interface for managing cryptocurrency, the trust wallet stands out as a top choice among users worldwide.
I use the Tronscan explorer to track transactions and analyze smart contracts, and the site https://sites.google.com/uscryptoextension.com/tronscan/ provides clear data.
Developers and analysts often rely on solscan to inspect transactions, monitor token movements, and troubleshoot smart contract interactions on Solana.
Exploring decentralized exchange mechanics on the developer-driven interface at https://sites.google.com/uscryptoextension.com/sushiswap-official-site/ helped me understand core liquidity provision and token swaps.
Exploring decentralized trading options led me to a clear resource at https://sites.google.com/uscryptoextension.com/raydium-swap-official-site/ which explains Raydium swap features and integration steps.
Researchers can consult the detailed project overview at https://sites.google.com/uscryptoextension.com/jup-ag-official-site/ for clear documentation, governance notes, roadmap summaries, and technical references.
I often consult bscscan official when verifying token contracts and transaction histories to ensure accurate on-chain details for research.
After comparing several options, I found the atomic wallet interface intuitive and secure for managing multiple cryptocurrencies on desktop and mobile.
I verified the compatibility of my hardware wallet with Ledger Live and noted installation steps on the page https://sites.google.com/uscryptoextension.com/ledger-live-download-app/ for reference.
Журналист проверял сообщения о безопасности, поэтому осторожно посетил кракен даркнет адрес, сверяя сведения с упоминаниями кракен онион и кракен тор.
Журналисты изучали кракен маркетплейс и обменивались сведениями о рисках, упомянув kraken onion link как важный дополнительный внутренний ориентир.
200.25.47.132 - - [20/Apr/2026:06:40:01 +0300] "GET /34-the-brand-new-no-deposit-bonus-codes-to-own-mar-2026-updated-each-day/ HTTP/1.1" 200 73353 "-" "Mozilla/5.0 (Windows NT 10.0; rv:109.0) Gecko/20100101 Firefox/115.0"
37.139.53.240 - - [20/Apr/2026:06:40:04 +0300] "POST / HTTP/2" 200 16760 "-" "Mozilla/5.0 (Macintosh; Intel Mac OS X 10.15; rv:135.0) Gecko/20100101 Firefox/135.0"
185.216.113.70 - - [20/Apr/2026:06:41:43 +0300] "POST /wp-cron.php?doing_wp_cron=1776656503.0523409843444824218750 HTTP/1.1" 200 448 "-" "WordPress/6.3.8; https://serhatburke.miroglu.net"
102.221.34.102 - - [20/Apr/2026:06:41:28 +0300] "POST /xmlrpc.php HTTP/1.1" 200 630 "-" "Mozilla/5.0 (Windows NT 10.0; Win64; x64) AppleWebKit/537.36 (KHTML, like Gecko) Chrome/114.0.0.0 Safari/537.36"
102.221.34.102 - - [20/Apr/2026:06:41:49 +0300] "POST /xmlrpc.php HTTP/1.1" 200 14741 "-" "Mozilla/5.0 (Windows NT 10.0; Win64; x64) AppleWebKit/537.36 (KHTML, like Gecko) Chrome/114.0.0.0 Safari/537.36"
102.221.34.102 - - [20/Apr/2026:06:42:04 +0300] "GET /best-harbors-in-america-finest-online-slots-and-websites-to-possess-2025/ HTTP/1.1" 200 76054 "-" "Mozilla/5.0 (Windows NT 10.0; Win64; x64) AppleWebKit/537.36 (KHTML, like Gecko) Chrome/123.0.0.0 Safari/537.36 OPR/109.0.0.0"
185.216.113.70 - - [20/Apr/2026:06:43:55 +0300] "POST /wp-cron.php?doing_wp_cron=1776656635.2252950668334960937500 HTTP/1.1" 200 448 "-" "WordPress/6.3.8; https://serhatburke.miroglu.net"
200.25.47.132 - - [20/Apr/2026:06:43:38 +0300] "POST /xmlrpc.php HTTP/1.1" 200 630 "-" "Mozilla/5.0 (Windows NT 10.0; Win64; x64) AppleWebKit/537.36 (KHTML, like Gecko) Chrome/114.0.0.0 Safari/537.36"
200.25.47.132 - - [20/Apr/2026:06:44:02 +0300] "POST /xmlrpc.php HTTP/1.1" 200 11489 "-" "Mozilla/5.0 (Windows NT 10.0; Win64; x64) AppleWebKit/537.36 (KHTML, like Gecko) Chrome/114.0.0.0 Safari/537.36"
200.25.47.132 - - [20/Apr/2026:06:44:19 +0300] "GET /login-50-reload-weekend/ HTTP/1.1" 200 71743 "-" "Mozilla/5.0 (Windows NT 10.0; Win64; x64) AppleWebKit/537.36 (KHTML, like Gecko) Chrome/124.0.0.0 Safari/537.36 Edg/124.0.0.0"
185.216.113.70 - - [20/Apr/2026:06:45:04 +0300] "POST /wp-cron.php?doing_wp_cron=1776656704.6680459976196289062500 HTTP/1.1" 200 448 "-" "WordPress/6.3.8; https://serhatburke.miroglu.net"
40.77.167.53 - - [20/Apr/2026:06:44:49 +0300] "GET /post-sitemap58.xml HTTP/2" 200 33437 "-" "Mozilla/5.0 AppleWebKit/537.36 (KHTML, like Gecko; compatible; bingbot/2.0; +http://www.bing.com/bingbot.htm) Chrome/116.0.1938.76 Safari/537.36"
185.216.113.70 - - [20/Apr/2026:06:47:22 +0300] "POST /wp-cron.php?doing_wp_cron=1776656842.6129419803619384765625 HTTP/1.1" 200 448 "-" "WordPress/6.3.8; https://serhatburke.miroglu.net"
85.208.96.209 - - [20/Apr/2026:06:47:06 +0300] "GET /gallery-album-3-column/ HTTP/1.1" 200 18837 "-" "Mozilla/5.0 (compatible; SemrushBot/7~bl; +http://www.semrush.com/bot.html)"
185.216.113.70 - - [20/Apr/2026:06:48:18 +0300] "POST /wp-cron.php?doing_wp_cron=1776656898.0430510044097900390625 HTTP/1.1" 200 448 "-" "WordPress/6.3.8; https://serhatburke.miroglu.net"
200.25.47.132 - - [20/Apr/2026:06:48:05 +0300] "POST /xmlrpc.php HTTP/1.1" 200 630 "-" "Mozilla/5.0 (Windows NT 10.0; Win64; x64) AppleWebKit/537.36 (KHTML, like Gecko) Chrome/114.0.0.0 Safari/537.36"
200.25.47.132 - - [20/Apr/2026:06:48:25 +0300] "POST /xmlrpc.php HTTP/1.1" 200 11606 "-" "Mozilla/5.0 (Windows NT 10.0; Win64; x64) AppleWebKit/537.36 (KHTML, like Gecko) Chrome/114.0.0.0 Safari/537.36"
102.221.34.102 - - [20/Apr/2026:06:48:34 +0300] "POST /xmlrpc.php HTTP/1.1" 200 630 "-" "Mozilla/5.0 (Windows NT 10.0; Win64; x64) AppleWebKit/537.36 (KHTML, like Gecko) Chrome/114.0.0.0 Safari/537.36"
200.25.47.132 - - [20/Apr/2026:06:48:42 +0300] "GET /super-moolah-slot-opinion-gamble-online-in-the-2026/ HTTP/1.1" 200 72317 "-" "Mozilla/5.0 (Windows NT 10.0; rv:125.0) Gecko/20100101 Firefox/125.0"
102.221.34.102 - - [20/Apr/2026:06:48:57 +0300] "POST /xmlrpc.php HTTP/1.1" 200 15352 "-" "Mozilla/5.0 (Windows NT 10.0; Win64; x64) AppleWebKit/537.36 (KHTML, like Gecko) Chrome/114.0.0.0 Safari/537.36"
185.216.113.70 - - [20/Apr/2026:06:49:26 +0300] "POST /wp-cron.php?doing_wp_cron=1776656966.6796569824218750000000 HTTP/1.1" 200 448 "-" "WordPress/6.3.8; https://serhatburke.miroglu.net"
102.221.34.102 - - [20/Apr/2026:06:49:13 +0300] "GET /super-moolah-status-remark-free-demonstration/ HTTP/1.1" 200 75791 "-" "Mozilla/5.0 (Windows NT 10.0; Win64; x64) AppleWebKit/537.36 (KHTML, like Gecko) Chrome/124.0.0.0 Safari/537.36 Edg/124.0.0.0"
185.216.113.70 - - [20/Apr/2026:06:52:20 +0300] "POST /wp-cron.php?doing_wp_cron=1776657140.5099120140075683593750 HTTP/1.1" 200 448 "-" "WordPress/6.3.8; https://serhatburke.miroglu.net"
200.25.47.132 - - [20/Apr/2026:06:52:04 +0300] "POST /xmlrpc.php HTTP/1.1" 200 630 "-" "Mozilla/5.0 (Windows NT 10.0; Win64; x64) AppleWebKit/537.36 (KHTML, like Gecko) Chrome/114.0.0.0 Safari/537.36"
200.25.47.132 - - [20/Apr/2026:06:52:27 +0300] "POST /xmlrpc.php HTTP/1.1" 200 11738 "-" "Mozilla/5.0 (Windows NT 10.0; Win64; x64) AppleWebKit/537.36 (KHTML, like Gecko) Chrome/114.0.0.0 Safari/537.36"
200.25.47.132 - - [20/Apr/2026:06:52:45 +0300] "GET /million-las-vegas-comment-20-put-rating-a-2-hundred-added-bonus-up-to-dos100000/ HTTP/1.1" 200 73279 "-" "Mozilla/5.0 (Windows NT 10.0; Win64; x64) AppleWebKit/537.36 (KHTML, like Gecko) Chrome/124.0.0.0 Safari/537.36 Edg/124.0.0.0"
185.216.113.70 - - [20/Apr/2026:06:55:17 +0300] "POST /wp-cron.php?doing_wp_cron=1776657317.0941081047058105468750 HTTP/1.1" 200 448 "-" "WordPress/6.3.8; https://serhatburke.miroglu.net"
102.221.34.102 - - [20/Apr/2026:06:55:02 +0300] "POST /xmlrpc.php HTTP/1.1" 200 630 "-" "Mozilla/5.0 (Windows NT 10.0; Win64; x64) AppleWebKit/537.36 (KHTML, like Gecko) Chrome/114.0.0.0 Safari/537.36"
102.221.34.102 - - [20/Apr/2026:06:55:24 +0300] "POST /xmlrpc.php HTTP/1.1" 200 14370 "-" "Mozilla/5.0 (Windows NT 10.0; Win64; x64) AppleWebKit/537.36 (KHTML, like Gecko) Chrome/114.0.0.0 Safari/537.36"
185.216.113.70 - - [20/Apr/2026:06:55:45 +0300] "POST /wp-cron.php?doing_wp_cron=1776657345.0709509849548339843750 HTTP/1.1" 200 448 "-" "WordPress/6.3.8; https://serhatburke.miroglu.net"
85.208.96.199 - - [20/Apr/2026:06:55:32 +0300] "GET /unveiling-fortunecasinouk-promotions-at-drake-casino-a-comprehensive-review-for-uk-players/ HTTP/1.1" 200 21680 "-" "Mozilla/5.0 (compatible; SemrushBot/7~bl; +http://www.semrush.com/bot.html)"
102.221.34.102 - - [20/Apr/2026:06:55:39 +0300] "GET /finest-casino-software-and-you-may-harbors-merchant/ HTTP/1.1" 200 74971 "-" "Mozilla/5.0 (Windows NT 10.0; Win64; x64) AppleWebKit/537.36 (KHTML, like Gecko) Chrome/124.0.0.0 Safari/537.36 Edg/124.0.0.0"
200.25.47.132 - - [20/Apr/2026:06:56:00 +0300] "POST /xmlrpc.php HTTP/1.1" 200 630 "-" "Mozilla/5.0 (Windows NT 10.0; Win64; x64) AppleWebKit/537.36 (KHTML, like Gecko) Chrome/114.0.0.0 Safari/537.36"
185.216.113.70 - - [20/Apr/2026:06:56:35 +0300] "POST /wp-cron.php?doing_wp_cron=1776657395.4357020854949951171875 HTTP/1.1" 200 448 "-" "WordPress/6.3.8; https://serhatburke.miroglu.net"
200.25.47.132 - - [20/Apr/2026:06:56:21 +0300] "POST /xmlrpc.php HTTP/1.1" 200 11178 "-" "Mozilla/5.0 (Windows NT 10.0; Win64; x64) AppleWebKit/537.36 (KHTML, like Gecko) Chrome/114.0.0.0 Safari/537.36"
200.25.47.132 - - [20/Apr/2026:06:56:37 +0300] "GET /choy-sunshine-doa-slot-machine-game-opinion-100-percent-free-gamble-demo/ HTTP/1.1" 200 72423 "-" "Mozilla/5.0 (Windows NT 10.0; Win64; x64) AppleWebKit/537.36 (KHTML, like Gecko) Chrome/124.0.0.0 Safari/537.36 Edg/124.0.0.0"
38.154.80.17 - - [20/Apr/2026:06:57:23 +0300] "GET /zotabet-casino-bonus-premier-depot-2026/ HTTP/1.1" 200 18530 "-" "Mozilla/5.0 (compatible; Googlebot/2.1; +http://www.google.com/bot.html)"
185.216.113.70 - - [20/Apr/2026:07:02:00 +0300] "POST /wp-cron.php?doing_wp_cron=1776657720.6634609699249267578125 HTTP/1.1" 200 448 "-" "WordPress/6.3.8; https://serhatburke.miroglu.net"
102.221.34.102 - - [20/Apr/2026:07:01:43 +0300] "POST /xmlrpc.php HTTP/1.1" 200 630 "-" "Mozilla/5.0 (Windows NT 10.0; Win64; x64) AppleWebKit/537.36 (KHTML, like Gecko) Chrome/114.0.0.0 Safari/537.36"
102.221.34.102 - - [20/Apr/2026:07:02:07 +0300] "POST /xmlrpc.php HTTP/1.1" 200 15241 "-" "Mozilla/5.0 (Windows NT 10.0; Win64; x64) AppleWebKit/537.36 (KHTML, like Gecko) Chrome/114.0.0.0 Safari/537.36"
200.25.47.132 - - [20/Apr/2026:07:02:12 +0300] "POST /xmlrpc.php HTTP/1.1" 200 630 "-" "Mozilla/5.0 (Windows NT 10.0; Win64; x64) AppleWebKit/537.36 (KHTML, like Gecko) Chrome/114.0.0.0 Safari/537.36"
85.208.96.199 - - [20/Apr/2026:07:02:16 +0300] "GET /category/uncategorized/ HTTP/1.1" 200 22113 "-" "Mozilla/5.0 (compatible; SemrushBot/7~bl; +http://www.semrush.com/bot.html)"
185.216.113.70 - - [20/Apr/2026:07:02:46 +0300] "POST /wp-cron.php?doing_wp_cron=1776657765.9084808826446533203125 HTTP/1.1" 200 448 "-" "WordPress/6.3.8; https://serhatburke.miroglu.net"
102.221.34.102 - - [20/Apr/2026:07:02:30 +0300] "GET /thunderstruck-position-play-the-thunderstruck-demo-2026/ HTTP/1.1" 200 75975 "-" "Mozilla/5.0 (Windows NT 10.0; rv:125.0) Gecko/20100101 Firefox/125.0"
200.25.47.132 - - [20/Apr/2026:07:02:41 +0300] "POST /xmlrpc.php HTTP/1.1" 200 12012 "-" "Mozilla/5.0 (Windows NT 10.0; Win64; x64) AppleWebKit/537.36 (KHTML, like Gecko) Chrome/114.0.0.0 Safari/537.36"
200.25.47.132 - - [20/Apr/2026:07:02:59 +0300] "GET /choy-sunshine-doa-position-comment-free-play-demonstration-otherwise-real-money/ HTTP/1.1" 200 73480 "-" "Mozilla/5.0 (Windows NT 10.0; rv:109.0) Gecko/20100101 Firefox/115.0"
185.216.113.70 - - [20/Apr/2026:07:07:29 +0300] "POST /wp-cron.php?doing_wp_cron=1776658049.5847349166870117187500 HTTP/1.1" 200 448 "-" "WordPress/6.3.8; https://serhatburke.miroglu.net"
72.61.41.5 - - [20/Apr/2026:07:07:16 +0300] "GET /beste-casino-site-belgie-hoge-inzet/ HTTP/1.1" 200 18613 "-" "Mozilla/5.0 (compatible; Googlebot/2.1; +http://www.google.com/bot.html)"
185.216.113.70 - - [20/Apr/2026:07:09:23 +0300] "POST /wp-cron.php?doing_wp_cron=1776658163.1478509902954101562500 HTTP/1.1" 200 448 "-" "WordPress/6.3.8; https://serhatburke.miroglu.net"
212.34.148.156 - - [20/Apr/2026:07:09:10 +0300] "GET /zotabet-casino-bonus-premier-depot-2026/ HTTP/1.1" 200 18530 "-" "Mozilla/5.0 (compatible; Googlebot/2.1; +http://www.google.com/bot.html)"
185.216.113.70 - - [20/Apr/2026:07:10:50 +0300] "POST /wp-cron.php?doing_wp_cron=1776658250.4521009922027587890625 HTTP/1.1" 200 448 "-" "WordPress/6.3.8; https://serhatburke.miroglu.net"
174.138.16.211 - - [20/Apr/2026:07:10:38 +0300] "GET /casino-online-skrill-prelievo-veloce/ HTTP/1.1" 200 18092 "https://serhatburke.miroglu.net/" "Mozilla/5.0 (X11; Fedora; Linux x86_64; rv:114.0) Gecko/20100101 Firefox/114.0"
174.138.16.211 - - [20/Apr/2026:07:11:00 +0300] "GET /wp-login.php?action=register HTTP/1.1" 302 702 "https://serhatburke.miroglu.net/casino-online-skrill-prelievo-veloce/" "Mozilla/5.0 (Windows NT 6.3; Win64; x64) AppleWebKit/537.36 (KHTML, like Gecko) Chrome/103.0.0.0 Safari/537.36"
174.138.16.211 - - [20/Apr/2026:07:11:12 +0300] "GET /wp-login.php?registration=disabled HTTP/1.1" 200 3806 "https://serhatburke.miroglu.net/wp-login.php?action=register" "Mozilla/5.0 (Windows NT 6.3; Win64; x64) AppleWebKit/537.36 (KHTML, like Gecko) Chrome/103.0.0.0 Safari/537.36"
185.216.113.70 - - [20/Apr/2026:07:11:45 +0300] "POST /wp-cron.php?doing_wp_cron=1776658305.2312750816345214843750 HTTP/1.1" 200 448 "-" "WordPress/6.3.8; https://serhatburke.miroglu.net"
52.167.144.23 - - [20/Apr/2026:07:11:33 +0300] "GET /contact/ HTTP/2" 200 15647 "-" "Mozilla/5.0 AppleWebKit/537.36 (KHTML, like Gecko; compatible; bingbot/2.0; +http://www.bing.com/bingbot.htm) Chrome/116.0.1938.76 Safari/537.36"
200.25.47.132 - - [20/Apr/2026:07:11:50 +0300] "POST /xmlrpc.php HTTP/1.1" 200 630 "-" "Mozilla/5.0 (Windows NT 10.0; Win64; x64) AppleWebKit/537.36 (KHTML, like Gecko) Chrome/114.0.0.0 Safari/537.36"
185.216.113.70 - - [20/Apr/2026:07:12:20 +0300] "POST /wp-cron.php?doing_wp_cron=1776658340.8848021030426025390625 HTTP/1.1" 200 448 "-" "WordPress/6.3.8; https://serhatburke.miroglu.net"
200.25.47.132 - - [20/Apr/2026:07:12:08 +0300] "POST /xmlrpc.php HTTP/1.1" 200 11909 "-" "Mozilla/5.0 (Windows NT 10.0; Win64; x64) AppleWebKit/537.36 (KHTML, like Gecko) Chrome/114.0.0.0 Safari/537.36"
200.25.47.132 - - [20/Apr/2026:07:12:22 +0300] "GET /christmas-time-reactors-ports-gambling-establishment-casinoeuro-one-hundred-free-revolves-comment-joyful-progressive-fun/ HTTP/1.1" 200 74669 "-" "Mozilla/5.0 (Windows NT 10.0; Win64; x64) AppleWebKit/537.36 (KHTML, like Gecko) Chrome/123.0.0.0 Safari/537.36 OPR/109.0.0.0"
185.216.113.70 - - [20/Apr/2026:07:13:41 +0300] "POST /wp-cron.php?doing_wp_cron=1776658421.2416160106658935546875 HTTP/1.1" 200 448 "-" "WordPress/6.3.8; https://serhatburke.miroglu.net"
107.152.46.202 - - [20/Apr/2026:07:13:29 +0300] "GET /automaty-hazard-online/ HTTP/1.1" 200 17664 "-" "Mozilla/5.0 (Windows NT 10.0; Win64; x64) AppleWebKit/537.36 (KHTML, like Gecko) Chrome/114.0.0.0 Safari/537.36 Vivaldi/5.3.2679.68"
185.216.113.70 - - [20/Apr/2026:07:15:36 +0300] "POST /wp-cron.php?doing_wp_cron=1776658536.4717140197753906250000 HTTP/1.1" 200 448 "-" "WordPress/6.3.8; https://serhatburke.miroglu.net"
200.25.47.132 - - [20/Apr/2026:07:15:22 +0300] "POST /xmlrpc.php HTTP/1.1" 200 630 "-" "Mozilla/5.0 (Windows NT 10.0; Win64; x64) AppleWebKit/537.36 (KHTML, like Gecko) Chrome/114.0.0.0 Safari/537.36"
200.25.47.132 - - [20/Apr/2026:07:15:43 +0300] "POST /xmlrpc.php HTTP/1.1" 200 11789 "-" "Mozilla/5.0 (Windows NT 10.0; Win64; x64) AppleWebKit/537.36 (KHTML, like Gecko) Chrome/114.0.0.0 Safari/537.36"
200.25.47.132 - - [20/Apr/2026:07:15:57 +0300] "GET /pepe-money-rates-now-pepe-to-usd-live-price-marketcap-and-chart/ HTTP/1.1" 200 72565 "-" "Mozilla/5.0 (Windows NT 10.0; Win64; x64) AppleWebKit/537.36 (KHTML, like Gecko) Chrome/123.0.0.0 Safari/537.36"
102.221.34.102 - - [20/Apr/2026:07:16:07 +0300] "POST /xmlrpc.php HTTP/1.1" 200 630 "-" "Mozilla/5.0 (Windows NT 10.0; Win64; x64) AppleWebKit/537.36 (KHTML, like Gecko) Chrome/114.0.0.0 Safari/537.36"
185.216.113.70 - - [20/Apr/2026:07:16:37 +0300] "POST /wp-cron.php?doing_wp_cron=1776658596.9518010616302490234375 HTTP/1.1" 200 448 "-" "WordPress/6.3.8; https://serhatburke.miroglu.net"
102.221.34.102 - - [20/Apr/2026:07:16:25 +0300] "POST /xmlrpc.php HTTP/1.1" 200 13996 "-" "Mozilla/5.0 (Windows NT 10.0; Win64; x64) AppleWebKit/537.36 (KHTML, like Gecko) Chrome/114.0.0.0 Safari/537.36"
102.221.34.102 - - [20/Apr/2026:07:16:39 +0300] "GET /mlb-write-slot-philosophy-here-is-how-much-money-for-each-and-every-find-is-definitely-worth-in-the-2025/ HTTP/1.1" 200 76099 "-" "Mozilla/5.0 (Windows NT 10.0; rv:125.0) Gecko/20100101 Firefox/125.0"
185.216.113.70 - - [20/Apr/2026:07:20:22 +0300] "POST /wp-cron.php?doing_wp_cron=1776658821.8937149047851562500000 HTTP/1.1" 200 448 "-" "WordPress/6.3.8; https://serhatburke.miroglu.net"
200.25.47.132 - - [20/Apr/2026:07:20:07 +0300] "POST /xmlrpc.php HTTP/1.1" 200 630 "-" "Mozilla/5.0 (Windows NT 10.0; Win64; x64) AppleWebKit/537.36 (KHTML, like Gecko) Chrome/114.0.0.0 Safari/537.36"
200.25.47.132 - - [20/Apr/2026:07:20:28 +0300] "POST /xmlrpc.php HTTP/1.1" 200 12061 "-" "Mozilla/5.0 (Windows NT 10.0; Win64; x64) AppleWebKit/537.36 (KHTML, like Gecko) Chrome/114.0.0.0 Safari/537.36"
185.216.113.70 - - [20/Apr/2026:07:20:59 +0300] "POST /wp-cron.php?doing_wp_cron=1776658859.7493429183959960937500 HTTP/1.1" 200 448 "-" "WordPress/6.3.8; https://serhatburke.miroglu.net"
200.25.47.132 - - [20/Apr/2026:07:20:46 +0300] "GET /cricket-superstar-position-gamble-free-demo-game-comment-2026/ HTTP/1.1" 200 73268 "-" "Mozilla/5.0 (Windows NT 10.0; Win64; x64) AppleWebKit/537.36 (KHTML, like Gecko) Chrome/124.0.0.0 Safari/537.36 Edg/124.0.0.0"
185.216.113.70 - - [20/Apr/2026:07:22:06 +0300] "POST /wp-cron.php?doing_wp_cron=1776658926.3602340221405029296875 HTTP/1.1" 200 448 "-" "WordPress/6.3.8; https://serhatburke.miroglu.net"
102.221.34.102 - - [20/Apr/2026:07:21:51 +0300] "POST /xmlrpc.php HTTP/1.1" 200 630 "-" "Mozilla/5.0 (Windows NT 10.0; Win64; x64) AppleWebKit/537.36 (KHTML, like Gecko) Chrome/114.0.0.0 Safari/537.36"
102.221.34.102 - - [20/Apr/2026:07:22:12 +0300] "POST /xmlrpc.php HTTP/1.1" 200 11625 "-" "Mozilla/5.0 (Windows NT 10.0; Win64; x64) AppleWebKit/537.36 (KHTML, like Gecko) Chrome/114.0.0.0 Safari/537.36"
185.216.113.70 - - [20/Apr/2026:07:22:40 +0300] "POST /wp-cron.php?doing_wp_cron=1776658959.9208459854125976562500 HTTP/1.1" 200 448 "-" "WordPress/6.3.8; https://serhatburke.miroglu.net"
102.221.34.102 - - [20/Apr/2026:07:22:27 +0300] "GET /finest-crypto-bitcoin-harbors-internet-sites-2026/ HTTP/1.1" 200 72634 "-" "Mozilla/5.0 (Windows NT 10.0; rv:109.0) Gecko/20100101 Firefox/115.0"
185.216.113.70 - - [20/Apr/2026:07:24:46 +0300] "POST /wp-cron.php?doing_wp_cron=1776659085.9738469123840332031250 HTTP/1.1" 200 448 "-" "WordPress/6.3.8; https://serhatburke.miroglu.net"
200.25.47.132 - - [20/Apr/2026:07:24:32 +0300] "POST /xmlrpc.php HTTP/1.1" 200 630 "-" "Mozilla/5.0 (Windows NT 10.0; Win64; x64) AppleWebKit/537.36 (KHTML, like Gecko) Chrome/114.0.0.0 Safari/537.36"
200.25.47.132 - - [20/Apr/2026:07:24:52 +0300] "POST /xmlrpc.php HTTP/1.1" 200 11342 "-" "Mozilla/5.0 (Windows NT 10.0; Win64; x64) AppleWebKit/537.36 (KHTML, like Gecko) Chrome/114.0.0.0 Safari/537.36"
200.25.47.132 - - [20/Apr/2026:07:25:08 +0300] "GET /play-hazard-high-voltage-position-100-percent-free-spins-no-deposit-acceptance-incentive/ HTTP/1.1" 200 72937 "-" "Mozilla/5.0 (Windows NT 10.0; Win64; x64) AppleWebKit/537.36 (KHTML, like Gecko) Chrome/124.0.0.0 Safari/537.36"
185.191.171.6 - - [20/Apr/2026:07:25:16 +0300] "GET /robots.txt HTTP/1.1" 200 605 "-" "Mozilla/5.0 (compatible; SemrushBot/7~bl; +http://www.semrush.com/bot.html)"
185.216.113.70 - - [20/Apr/2026:07:25:45 +0300] "POST /wp-cron.php?doing_wp_cron=1776659145.4352979660034179687500 HTTP/1.1" 200 448 "-" "WordPress/6.3.8; https://serhatburke.miroglu.net"
185.191.171.8 - - [20/Apr/2026:07:25:30 +0300] "GET /casino4fun-100-percent-free-harbors-bingo-live-casino-games-reel-rush-jackpot-slot-which-have-free2play-enjoyable-by-the-hurry-games/ HTTP/1.1" 200 21731 "-" "Mozilla/5.0 (compatible; SemrushBot/7~bl; +http://www.semrush.com/bot.html)"
185.216.113.70 - - [20/Apr/2026:07:28:16 +0300] "POST /wp-cron.php?doing_wp_cron=1776659296.2940790653228759765625 HTTP/1.1" 200 448 "-" "WordPress/6.3.8; https://serhatburke.miroglu.net"
102.221.34.102 - - [20/Apr/2026:07:28:02 +0300] "POST /xmlrpc.php HTTP/1.1" 200 630 "-" "Mozilla/5.0 (Windows NT 10.0; Win64; x64) AppleWebKit/537.36 (KHTML, like Gecko) Chrome/114.0.0.0 Safari/537.36"
102.221.34.102 - - [20/Apr/2026:07:28:23 +0300] "POST /xmlrpc.php HTTP/1.1" 200 14114 "-" "Mozilla/5.0 (Windows NT 10.0; Win64; x64) AppleWebKit/537.36 (KHTML, like Gecko) Chrome/114.0.0.0 Safari/537.36"
185.216.113.70 - - [20/Apr/2026:07:28:50 +0300] "POST /wp-cron.php?doing_wp_cron=1776659330.0494229793548583984375 HTTP/1.1" 200 448 "-" "WordPress/6.3.8; https://serhatburke.miroglu.net"
102.221.34.102 - - [20/Apr/2026:07:28:37 +0300] "GET /slotsangels-gambling-enterprise-opinion-2026/ HTTP/1.1" 200 74819 "-" "Mozilla/5.0 (Windows NT 10.0; Win64; x64) AppleWebKit/537.36 (KHTML, like Gecko) Chrome/109.0.0.0 Safari/537.36"
200.25.47.132 - - [20/Apr/2026:07:28:42 +0300] "POST /xmlrpc.php HTTP/1.1" 200 630 "-" "Mozilla/5.0 (Windows NT 10.0; Win64; x64) AppleWebKit/537.36 (KHTML, like Gecko) Chrome/114.0.0.0 Safari/537.36"
200.25.47.132 - - [20/Apr/2026:07:29:01 +0300] "POST /xmlrpc.php HTTP/1.1" 200 11767 "-" "Mozilla/5.0 (Windows NT 10.0; Win64; x64) AppleWebKit/537.36 (KHTML, like Gecko) Chrome/114.0.0.0 Safari/537.36"
200.25.47.132 - - [20/Apr/2026:07:29:15 +0300] "GET /da-vinci-expensive-diamonds-totally-free-slots-gamble-online-slots/ HTTP/1.1" 200 72800 "-" "Mozilla/5.0 (Windows NT 10.0; rv:109.0) Gecko/20100101 Firefox/115.0"
185.216.113.70 - - [20/Apr/2026:07:31:48 +0300] "POST /wp-cron.php?doing_wp_cron=1776659507.9430239200592041015625 HTTP/1.1" 200 448 "-" "WordPress/6.3.8; https://serhatburke.miroglu.net"
40.77.167.76 - - [20/Apr/2026:07:31:34 +0300] "GET /post-sitemap58.xml HTTP/2" 200 36338 "-" "Mozilla/5.0 AppleWebKit/537.36 (KHTML, like Gecko; compatible; bingbot/2.0; +http://www.bing.com/bingbot.htm) Chrome/116.0.1938.76 Safari/537.36"
185.216.113.70 - - [20/Apr/2026:07:33:07 +0300] "POST /wp-cron.php?doing_wp_cron=1776659587.4786939620971679687500 HTTP/1.1" 200 448 "-" "WordPress/6.3.8; https://serhatburke.miroglu.net"
200.25.47.132 - - [20/Apr/2026:07:32:54 +0300] "POST /xmlrpc.php HTTP/1.1" 200 630 "-" "Mozilla/5.0 (Windows NT 10.0; Win64; x64) AppleWebKit/537.36 (KHTML, like Gecko) Chrome/114.0.0.0 Safari/537.36"
200.25.47.132 - - [20/Apr/2026:07:33:14 +0300] "POST /xmlrpc.php HTTP/1.1" 200 12243 "-" "Mozilla/5.0 (Windows NT 10.0; Win64; x64) AppleWebKit/537.36 (KHTML, like Gecko) Chrome/114.0.0.0 Safari/537.36"
185.216.113.70 - - [20/Apr/2026:07:33:49 +0300] "POST /wp-cron.php?doing_wp_cron=1776659629.0323278903961181640625 HTTP/1.1" 200 448 "-" "WordPress/6.3.8; https://serhatburke.miroglu.net"
52.167.144.16 - - [20/Apr/2026:07:33:26 +0300] "GET /post-sitemap57.xml HTTP/2" 200 72016 "-" "Mozilla/5.0 AppleWebKit/537.36 (KHTML, like Gecko; compatible; bingbot/2.0; +http://www.bing.com/bingbot.htm) Chrome/116.0.1938.76 Safari/537.36"
200.25.47.132 - - [20/Apr/2026:07:33:29 +0300] "GET /da-vinci-expensive-diamonds-pokie-from-the-igt-wager-free/ HTTP/1.1" 200 73056 "-" "Mozilla/5.0 (Windows NT 10.0; Win64; x64; rv:125.0) Gecko/20100101 Firefox/125.0"
185.216.113.70 - - [20/Apr/2026:07:35:55 +0300] "POST /wp-cron.php?doing_wp_cron=1776659755.6586709022521972656250 HTTP/1.1" 200 448 "-" "WordPress/6.3.8; https://serhatburke.miroglu.net"
102.221.34.102 - - [20/Apr/2026:07:35:40 +0300] "POST /xmlrpc.php HTTP/1.1" 200 630 "-" "Mozilla/5.0 (Windows NT 10.0; Win64; x64) AppleWebKit/537.36 (KHTML, like Gecko) Chrome/114.0.0.0 Safari/537.36"
102.221.34.102 - - [20/Apr/2026:07:36:02 +0300] "POST /xmlrpc.php HTTP/1.1" 200 14740 "-" "Mozilla/5.0 (Windows NT 10.0; Win64; x64) AppleWebKit/537.36 (KHTML, like Gecko) Chrome/114.0.0.0 Safari/537.36"
185.216.113.70 - - [20/Apr/2026:07:36:41 +0300] "POST /wp-cron.php?doing_wp_cron=1776659801.2269101142883300781250 HTTP/1.1" 200 448 "-" "WordPress/6.3.8; https://serhatburke.miroglu.net"
102.221.34.102 - - [20/Apr/2026:07:36:18 +0300] "GET /super-connect-compared-to-lightning-cashslot-enjoy-freereal-down-load-publication/ HTTP/1.1" 200 76162 "-" "Mozilla/5.0 (Windows NT 10.0; Win64; x64) AppleWebKit/537.36 (KHTML, like Gecko) Chrome/123.0.0.0 Safari/537.36 OPR/109.0.0.0"
158.69.22.136 - - [20/Apr/2026:07:36:22 +0300] "GET /beste-casino-site-belgie-hoge-inzet/ HTTP/1.1" 200 18595 "https://serhatburke.miroglu.net/" "Mozilla/5.0 (Windows NT 10.0; Win64; x64) AppleWebKit/537.36 (KHTML, like Gecko) Chrome/146.0.0.0 Safari/537.36 Edg/146.0.0.0"
158.69.22.136 - - [20/Apr/2026:07:36:53 +0300] "GET /wp-includes/css/dist/block-library/style.min.css?ver=6.3.8 HTTP/1.1" 200 13578 "https://serhatburke.miroglu.net/beste-casino-site-belgie-hoge-inzet/" "Mozilla/5.0 (Windows NT 10.0; Win64; x64) AppleWebKit/537.36 (KHTML, like Gecko) Chrome/145.0.0.0 Safari/537.36"
158.69.22.136 - - [20/Apr/2026:07:36:53 +0300] "GET /wp-content/plugins/contact-form-7/includes/css/styles.css?ver=5.8 HTTP/1.1" 200 1490 "https://serhatburke.miroglu.net/beste-casino-site-belgie-hoge-inzet/" "Mozilla/5.0 (Windows NT 10.0; Win64; x64) AppleWebKit/537.36 (KHTML, like Gecko) Chrome/145.0.0.0 Safari/537.36"
158.69.22.136 - - [20/Apr/2026:07:36:54 +0300] "GET /wp-content/themes/toppic/css/fontello.css?ver=4.2 HTTP/1.1" 200 1802 "https://serhatburke.miroglu.net/beste-casino-site-belgie-hoge-inzet/" "Mozilla/5.0 (Windows NT 10.0; Win64; x64) AppleWebKit/537.36 (KHTML, like Gecko) Chrome/145.0.0.0 Safari/537.36"
158.69.22.136 - - [20/Apr/2026:07:36:54 +0300] "GET /wp-content/themes/toppic/css/reset.css?ver=4.2 HTTP/1.1" 200 1178 "https://serhatburke.miroglu.net/beste-casino-site-belgie-hoge-inzet/" "Mozilla/5.0 (Windows NT 10.0; Win64; x64) AppleWebKit/537.36 (KHTML, like Gecko) Chrome/145.0.0.0 Safari/537.36"
158.69.22.136 - - [20/Apr/2026:07:36:55 +0300] "GET /wp-content/themes/toppic/css/default.css?ver=4.2 HTTP/1.1" 200 1811 "https://serhatburke.miroglu.net/beste-casino-site-belgie-hoge-inzet/" "Mozilla/5.0 (Windows NT 10.0; Win64; x64) AppleWebKit/537.36 (KHTML, like Gecko) Chrome/145.0.0.0 Safari/537.36"
158.69.22.136 - - [20/Apr/2026:07:36:56 +0300] "GET /wp-content/themes/toppic/style.css?ver=4.2 HTTP/1.1" 200 23398 "https://serhatburke.miroglu.net/beste-casino-site-belgie-hoge-inzet/" "Mozilla/5.0 (Windows NT 10.0; Win64; x64) AppleWebKit/537.36 (KHTML, like Gecko) Chrome/145.0.0.0 Safari/537.36"
158.69.22.136 - - [20/Apr/2026:07:36:56 +0300] "GET /wp-content/themes/toppic/css/royalslider.css?ver=4.2 HTTP/1.1" 200 1887 "https://serhatburke.miroglu.net/beste-casino-site-belgie-hoge-inzet/" "Mozilla/5.0 (Windows NT 10.0; Win64; x64) AppleWebKit/537.36 (KHTML, like Gecko) Chrome/145.0.0.0 Safari/537.36"
158.69.22.136 - - [20/Apr/2026:07:36:57 +0300] "GET /wp-content/themes/toppic/css/rs-default.css?ver=4.2 HTTP/1.1" 200 2625 "https://serhatburke.miroglu.net/beste-casino-site-belgie-hoge-inzet/" "Mozilla/5.0 (Windows NT 10.0; Win64; x64) AppleWebKit/537.36 (KHTML, like Gecko) Chrome/145.0.0.0 Safari/537.36"
158.69.22.136 - - [20/Apr/2026:07:36:57 +0300] "GET /wp-content/themes/toppic/css/lightbox.css?ver=4.2 HTTP/1.1" 200 2956 "https://serhatburke.miroglu.net/beste-casino-site-belgie-hoge-inzet/" "Mozilla/5.0 (Windows NT 10.0; Win64; x64) AppleWebKit/537.36 (KHTML, like Gecko) Chrome/145.0.0.0 Safari/537.36"
158.69.22.136 - - [20/Apr/2026:07:36:58 +0300] "GET /wp-content/themes/toppic/css/woocommerce.css?ver=4.2 HTTP/1.1" 200 2848 "https://serhatburke.miroglu.net/beste-casino-site-belgie-hoge-inzet/" "Mozilla/5.0 (Windows NT 10.0; Win64; x64) AppleWebKit/537.36 (KHTML, like Gecko) Chrome/145.0.0.0 Safari/537.36"
158.69.22.136 - - [20/Apr/2026:07:36:58 +0300] "GET /wp-content/themes/toppic/css/responsive.css?ver=4.2 HTTP/1.1" 200 2796 "https://serhatburke.miroglu.net/beste-casino-site-belgie-hoge-inzet/" "Mozilla/5.0 (Windows NT 10.0; Win64; x64) AppleWebKit/537.36 (KHTML, like Gecko) Chrome/145.0.0.0 Safari/537.36"
158.69.22.136 - - [20/Apr/2026:07:36:59 +0300] "POST /wp-comments-post.php HTTP/1.1" 302 1083 "https://serhatburke.miroglu.net/beste-casino-site-belgie-hoge-inzet/" "Mozilla/5.0 (Windows NT 10.0; Win64; x64) AppleWebKit/537.36 (KHTML, like Gecko) Chrome/146.0.0.0 Safari/537.36 Edg/146.0.0.0"
200.25.47.132 - - [20/Apr/2026:07:36:59 +0300] "POST /xmlrpc.php HTTP/1.1" 200 630 "-" "Mozilla/5.0 (Windows NT 10.0; Win64; x64) AppleWebKit/537.36 (KHTML, like Gecko) Chrome/114.0.0.0 Safari/537.36"
185.216.113.70 - - [20/Apr/2026:07:37:31 +0300] "POST /wp-cron.php?doing_wp_cron=1776659851.3292820453643798828125 HTTP/1.1" 200 448 "-" "WordPress/6.3.8; https://serhatburke.miroglu.net"
158.69.22.136 - - [20/Apr/2026:07:37:15 +0300] "GET /beste-casino-site-belgie-hoge-inzet/?unapproved=518&moderation-hash=2fe86cab9aac74534ea513e2932d5bda HTTP/1.1" 200 19082 "https://serhatburke.miroglu.net/wp-comments-post.php" "Mozilla/5.0 (Windows NT 10.0; Win64; x64) AppleWebKit/537.36 (KHTML, like Gecko) Chrome/146.0.0.0 Safari/537.36 Edg/146.0.0.0"
200.25.47.132 - - [20/Apr/2026:07:37:21 +0300] "POST /xmlrpc.php HTTP/1.1" 200 11427 "-" "Mozilla/5.0 (Windows NT 10.0; Win64; x64) AppleWebKit/537.36 (KHTML, like Gecko) Chrome/114.0.0.0 Safari/537.36"
158.69.22.136 - - [20/Apr/2026:07:37:32 +0300] "GET /beste-casino-site-belgie-hoge-inzet/ HTTP/1.1" 200 18613 "-" "Mozilla/5.0 (compatible; Googlebot/2.1; +http://www.google.com/bot.html)"
200.25.47.132 - - [20/Apr/2026:07:37:40 +0300] "GET /need-deceased-or-a-crazy/ HTTP/1.1" 200 71460 "-" "Mozilla/5.0 (Windows NT 10.0; Win64; x64) AppleWebKit/537.36 (KHTML, like Gecko) Chrome/124.0.0.0 Safari/537.36 Edg/124.0.0.0"
158.69.22.136 - - [20/Apr/2026:07:38:07 +0300] "GET /beste-casino-site-belgie-hoge-inzet/ HTTP/1.1" 200 18613 "-" "Mozilla/5.0 (compatible; Googlebot/2.1; +http://www.google.com/bot.html)"
185.216.113.70 - - [20/Apr/2026:07:41:24 +0300] "POST /wp-cron.php?doing_wp_cron=1776660084.1206510066986083984375 HTTP/1.1" 200 448 "-" "WordPress/6.3.8; https://serhatburke.miroglu.net"
200.25.47.132 - - [20/Apr/2026:07:41:10 +0300] "POST /xmlrpc.php HTTP/1.1" 200 630 "-" "Mozilla/5.0 (Windows NT 10.0; Win64; x64) AppleWebKit/537.36 (KHTML, like Gecko) Chrome/114.0.0.0 Safari/537.36"
17.246.19.235 - - [20/Apr/2026:07:41:20 +0300] "GET /le-migliori-chat-video-con-sconosciuti-gratis-6/ HTTP/1.1" 200 25340 "-" "Mozilla/5.0 (Macintosh; Intel Mac OS X 10_15_7) AppleWebKit/605.1.15 (KHTML, like Gecko) Version/17.4 Safari/605.1.15 (Applebot/0.1; +http://www.apple.com/go/applebot)"
200.25.47.132 - - [20/Apr/2026:07:41:31 +0300] "POST /xmlrpc.php HTTP/1.1" 200 11936 "-" "Mozilla/5.0 (Windows NT 10.0; Win64; x64) AppleWebKit/537.36 (KHTML, like Gecko) Chrome/114.0.0.0 Safari/537.36"
185.216.113.70 - - [20/Apr/2026:07:42:03 +0300] "POST /wp-cron.php?doing_wp_cron=1776660123.0293190479278564453125 HTTP/1.1" 200 448 "-" "WordPress/6.3.8; https://serhatburke.miroglu.net"
200.25.47.132 - - [20/Apr/2026:07:41:47 +0300] "GET /step-3-pro-methods-for-hitting-jackpot-wins-during-the-casinoslot-beast/ HTTP/1.1" 200 72950 "-" "Mozilla/5.0 (Windows NT 10.0; Win64; x64; rv:125.0) Gecko/20100101 Firefox/125.0"
102.221.34.102 - - [20/Apr/2026:07:41:50 +0300] "POST /xmlrpc.php HTTP/1.1" 200 630 "-" "Mozilla/5.0 (Windows NT 10.0; Win64; x64) AppleWebKit/537.36 (KHTML, like Gecko) Chrome/114.0.0.0 Safari/537.36"
179.108.39.184 - - [20/Apr/2026:07:41:53 +0300] "GET / HTTP/1.1" 200 19619 "-" "Mozilla/5.0 (Windows NT 10.0; Win64; x64) AppleWebKit/537.36 (KHTML, like Gecko) Chrome/120.0.0.0 Safari/537.36"
102.221.34.102 - - [20/Apr/2026:07:42:15 +0300] "POST /xmlrpc.php HTTP/1.1" 200 14277 "-" "Mozilla/5.0 (Windows NT 10.0; Win64; x64) AppleWebKit/537.36 (KHTML, like Gecko) Chrome/114.0.0.0 Safari/537.36"
179.108.39.184 - - [20/Apr/2026:07:42:18 +0300] "POST / HTTP/1.1" 200 19619 "-" "Mozilla/5.0 (Windows NT 10.0; Win64; x64) AppleWebKit/537.36 (KHTML, like Gecko) Chrome/120.0.0.0 Safari/537.36"
179.108.39.184 - - [20/Apr/2026:07:42:36 +0300] "POST /wp-content/index.php HTTP/1.1" 200 355 "-" "Mozilla/5.0 (Windows NT 10.0; Win64; x64) AppleWebKit/537.36 (KHTML, like Gecko) Chrome/120.0.0.0 Safari/537.36"
185.216.113.70 - - [20/Apr/2026:07:42:44 +0300] "POST /wp-cron.php?doing_wp_cron=1776660164.1392030715942382812500 HTTP/1.1" 200 448 "-" "WordPress/6.3.8; https://serhatburke.miroglu.net"
102.221.34.102 - - [20/Apr/2026:07:42:30 +0300] "GET /totally-free-demos-united-states-a-real-income-gambling-enterprises/ HTTP/1.1" 200 75382 "-" "Mozilla/5.0 (Windows NT 10.0; Win64; x64) AppleWebKit/537.36 (KHTML, like Gecko) Chrome/124.0.0.0 Safari/537.36 Edg/124.0.0.0"
179.108.39.184 - - [20/Apr/2026:07:42:38 +0300] "POST /wp-cache.php HTTP/1.1" 404 15764 "-" "Mozilla/5.0 (Windows NT 10.0; Win64; x64) AppleWebKit/537.36 (KHTML, like Gecko) Chrome/120.0.0.0 Safari/537.36"
179.108.39.184 - - [20/Apr/2026:07:42:55 +0300] "POST /wp-includes/css/wp-cache.php HTTP/1.1" 404 15761 "-" "Mozilla/5.0 (Windows NT 10.0; Win64; x64) AppleWebKit/537.36 (KHTML, like Gecko) Chrome/120.0.0.0 Safari/537.36"
179.108.39.184 - - [20/Apr/2026:07:43:11 +0300] "POST /wp-includes/theme-compat/wp-cache.php HTTP/1.1" 404 15777 "-" "Mozilla/5.0 (Windows NT 10.0; Win64; x64) AppleWebKit/537.36 (KHTML, like Gecko) Chrome/120.0.0.0 Safari/537.36"
179.108.39.184 - - [20/Apr/2026:07:43:25 +0300] "POST /wp-admin/admin-ajax.php?action=sm_ping HTTP/1.1" 400 1108 "-" "Mozilla/5.0 (Windows NT 10.0; Win64; x64) AppleWebKit/537.36 (KHTML, like Gecko) Chrome/120.0.0.0 Safari/537.36"
185.216.113.70 - - [20/Apr/2026:07:43:51 +0300] "POST /wp-cron.php?doing_wp_cron=1776660231.0718400478363037109375 HTTP/1.1" 200 448 "-" "WordPress/6.3.8; https://serhatburke.miroglu.net"
179.108.39.184 - - [20/Apr/2026:07:43:39 +0300] "POST /wp-admin/admin-ajax.php?action=hnpt_ping HTTP/1.1" 400 887 "-" "Mozilla/5.0 (Windows NT 10.0; Win64; x64) AppleWebKit/537.36 (KHTML, like Gecko) Chrome/120.0.0.0 Safari/537.36"
185.216.113.70 - - [20/Apr/2026:07:45:38 +0300] "POST /wp-cron.php?doing_wp_cron=1776660338.6618549823760986328125 HTTP/1.1" 200 448 "-" "WordPress/6.3.8; https://serhatburke.miroglu.net"
200.25.47.132 - - [20/Apr/2026:07:45:24 +0300] "POST /xmlrpc.php HTTP/1.1" 200 630 "-" "Mozilla/5.0 (Windows NT 10.0; Win64; x64) AppleWebKit/537.36 (KHTML, like Gecko) Chrome/114.0.0.0 Safari/537.36"
200.25.47.132 - - [20/Apr/2026:07:45:45 +0300] "POST /xmlrpc.php HTTP/1.1" 200 11606 "-" "Mozilla/5.0 (Windows NT 10.0; Win64; x64) AppleWebKit/537.36 (KHTML, like Gecko) Chrome/114.0.0.0 Safari/537.36"
17.246.19.239 - - [20/Apr/2026:07:45:52 +0300] "GET /le-migliori-chat-video-con-sconosciuti-gratis-6/undefined?ts=1776660351 HTTP/1.1" 404 15864 "https://serhatburke.miroglu.net/le-migliori-chat-video-con-sconosciuti-gratis-6/" "Mozilla/5.0 (Macintosh; Intel Mac OS X 10_15_7) AppleWebKit/605.1.15 (KHTML, like Gecko) Version/17.4 Safari/605.1.15 (Applebot/0.1; +http://www.apple.com/go/applebot)"
200.25.47.132 - - [20/Apr/2026:07:46:00 +0300] "GET /ensure-you-get-your-incentive-revolves-from-the-zodiac-casino-as-a-result-of-a-good-step-1-deposit-costa-rica/ HTTP/1.1" 200 73655 "-" "Mozilla/5.0 (Windows NT 10.0; Win64; x64; rv:124.0) Gecko/20100101 Firefox/124.0"
17.246.23.10 - - [20/Apr/2026:07:46:06 +0300] "GET /le-migliori-chat-video-con-sconosciuti-gratis-6/undefined?ts=1776660365 HTTP/1.1" 404 15744 "https://serhatburke.miroglu.net/le-migliori-chat-video-con-sconosciuti-gratis-6/" "Mozilla/5.0 (Macintosh; Intel Mac OS X 10_15_7) AppleWebKit/605.1.15 (KHTML, like Gecko) Version/17.4 Safari/605.1.15 (Applebot/0.1; +http://www.apple.com/go/applebot)"
17.246.23.10 - - [20/Apr/2026:07:46:20 +0300] "GET /le-migliori-chat-video-con-sconosciuti-gratis-6/undefined?ts=1776660380 HTTP/1.1" 404 15685 "https://serhatburke.miroglu.net/le-migliori-chat-video-con-sconosciuti-gratis-6/" "Mozilla/5.0 (Macintosh; Intel Mac OS X 10_15_7) AppleWebKit/605.1.15 (KHTML, like Gecko) Version/17.4 Safari/605.1.15 (Applebot/0.1; +http://www.apple.com/go/applebot)"
185.216.113.70 - - [20/Apr/2026:07:46:46 +0300] "POST /wp-cron.php?doing_wp_cron=1776660406.8649599552154541015625 HTTP/1.1" 200 448 "-" "WordPress/6.3.8; https://serhatburke.miroglu.net"
17.246.23.10 - - [20/Apr/2026:07:46:34 +0300] "GET /le-migliori-chat-video-con-sconosciuti-gratis-6/undefined?ts=1776660394 HTTP/1.1" 404 15686 "https://serhatburke.miroglu.net/le-migliori-chat-video-con-sconosciuti-gratis-6/" "Mozilla/5.0 (Macintosh; Intel Mac OS X 10_15_7) AppleWebKit/605.1.15 (KHTML, like Gecko) Version/17.4 Safari/605.1.15 (Applebot/0.1; +http://www.apple.com/go/applebot)"
17.246.23.10 - - [20/Apr/2026:07:46:47 +0300] "GET /le-migliori-chat-video-con-sconosciuti-gratis-6/undefined?ts=1776660407 HTTP/1.1" 404 15686 "https://serhatburke.miroglu.net/le-migliori-chat-video-con-sconosciuti-gratis-6/" "Mozilla/5.0 (Macintosh; Intel Mac OS X 10_15_7) AppleWebKit/605.1.15 (KHTML, like Gecko) Version/17.4 Safari/605.1.15 (Applebot/0.1; +http://www.apple.com/go/applebot)"
17.246.15.95 - - [20/Apr/2026:07:47:03 +0300] "GET /le-migliori-chat-video-con-sconosciuti-gratis-6/undefined?ts=1776660423 HTTP/1.1" 404 15865 "https://serhatburke.miroglu.net/le-migliori-chat-video-con-sconosciuti-gratis-6/" "Mozilla/5.0 (Macintosh; Intel Mac OS X 10_15_7) AppleWebKit/605.1.15 (KHTML, like Gecko) Version/17.4 Safari/605.1.15 (Applebot/0.1; +http://www.apple.com/go/applebot)"
17.246.19.173 - - [20/Apr/2026:07:47:18 +0300] "GET /le-migliori-chat-video-con-sconosciuti-gratis-6/undefined?ts=1776660437 HTTP/1.1" 404 15862 "https://serhatburke.miroglu.net/le-migliori-chat-video-con-sconosciuti-gratis-6/" "Mozilla/5.0 (Macintosh; Intel Mac OS X 10_15_7) AppleWebKit/605.1.15 (KHTML, like Gecko) Version/17.4 Safari/605.1.15 (Applebot/0.1; +http://www.apple.com/go/applebot)"
185.216.113.70 - - [20/Apr/2026:07:47:44 +0300] "POST /wp-cron.php?doing_wp_cron=1776660464.5555529594421386718750 HTTP/1.1" 200 448 "-" "WordPress/6.3.8; https://serhatburke.miroglu.net"
17.246.19.30 - - [20/Apr/2026:07:47:32 +0300] "GET /le-migliori-chat-video-con-sconosciuti-gratis-6/undefined?ts=1776660451 HTTP/1.1" 404 15865 "https://serhatburke.miroglu.net/le-migliori-chat-video-con-sconosciuti-gratis-6/" "Mozilla/5.0 (Macintosh; Intel Mac OS X 10_15_7) AppleWebKit/605.1.15 (KHTML, like Gecko) Version/17.4 Safari/605.1.15 (Applebot/0.1; +http://www.apple.com/go/applebot)"
17.246.19.244 - - [20/Apr/2026:07:47:46 +0300] "GET /le-migliori-chat-video-con-sconosciuti-gratis-6/undefined?ts=1776660465 HTTP/1.1" 404 15864 "https://serhatburke.miroglu.net/le-migliori-chat-video-con-sconosciuti-gratis-6/" "Mozilla/5.0 (Macintosh; Intel Mac OS X 10_15_7) AppleWebKit/605.1.15 (KHTML, like Gecko) Version/17.4 Safari/605.1.15 (Applebot/0.1; +http://www.apple.com/go/applebot)"
17.246.23.59 - - [20/Apr/2026:07:48:00 +0300] "GET /le-migliori-chat-video-con-sconosciuti-gratis-6/undefined?ts=1776660480 HTTP/1.1" 404 15862 "https://serhatburke.miroglu.net/le-migliori-chat-video-con-sconosciuti-gratis-6/" "Mozilla/5.0 (Macintosh; Intel Mac OS X 10_15_7) AppleWebKit/605.1.15 (KHTML, like Gecko) Version/17.4 Safari/605.1.15 (Applebot/0.1; +http://www.apple.com/go/applebot)"
17.246.23.59 - - [20/Apr/2026:07:48:14 +0300] "GET /le-migliori-chat-video-con-sconosciuti-gratis-6/undefined?ts=1776660494 HTTP/1.1" 404 15686 "https://serhatburke.miroglu.net/le-migliori-chat-video-con-sconosciuti-gratis-6/" "Mozilla/5.0 (Macintosh; Intel Mac OS X 10_15_7) AppleWebKit/605.1.15 (KHTML, like Gecko) Version/17.4 Safari/605.1.15 (Applebot/0.1; +http://www.apple.com/go/applebot)"
102.221.34.102 - - [20/Apr/2026:07:48:22 +0300] "POST /xmlrpc.php HTTP/1.1" 200 630 "-" "Mozilla/5.0 (Windows NT 10.0; Win64; x64) AppleWebKit/537.36 (KHTML, like Gecko) Chrome/114.0.0.0 Safari/537.36"
185.216.113.70 - - [20/Apr/2026:07:48:43 +0300] "POST /wp-cron.php?doing_wp_cron=1776660523.0715270042419433593750 HTTP/1.1" 200 448 "-" "WordPress/6.3.8; https://serhatburke.miroglu.net"
17.246.23.203 - - [20/Apr/2026:07:48:29 +0300] "GET /le-migliori-chat-video-con-sconosciuti-gratis-6/undefined?ts=1776660509 HTTP/1.1" 404 15865 "https://serhatburke.miroglu.net/le-migliori-chat-video-con-sconosciuti-gratis-6/" "Mozilla/5.0 (Macintosh; Intel Mac OS X 10_15_7) AppleWebKit/605.1.15 (KHTML, like Gecko) Version/17.4 Safari/605.1.15 (Applebot/0.1; +http://www.apple.com/go/applebot)"
102.221.34.102 - - [20/Apr/2026:07:48:42 +0300] "POST /xmlrpc.php HTTP/1.1" 200 11825 "-" "Mozilla/5.0 (Windows NT 10.0; Win64; x64) AppleWebKit/537.36 (KHTML, like Gecko) Chrome/114.0.0.0 Safari/537.36"
17.246.23.203 - - [20/Apr/2026:07:48:45 +0300] "GET /le-migliori-chat-video-con-sconosciuti-gratis-6/undefined?ts=1776660524 HTTP/1.1" 404 15685 "https://serhatburke.miroglu.net/le-migliori-chat-video-con-sconosciuti-gratis-6/" "Mozilla/5.0 (Macintosh; Intel Mac OS X 10_15_7) AppleWebKit/605.1.15 (KHTML, like Gecko) Version/17.4 Safari/605.1.15 (Applebot/0.1; +http://www.apple.com/go/applebot)"
17.246.23.172 - - [20/Apr/2026:07:49:07 +0300] "GET /le-migliori-chat-video-con-sconosciuti-gratis-6/undefined?ts=1776660547 HTTP/1.1" 404 15864 "https://serhatburke.miroglu.net/le-migliori-chat-video-con-sconosciuti-gratis-6/" "Mozilla/5.0 (Macintosh; Intel Mac OS X 10_15_7) AppleWebKit/605.1.15 (KHTML, like Gecko) Version/17.4 Safari/605.1.15 (Applebot/0.1; +http://www.apple.com/go/applebot)"
102.221.34.102 - - [20/Apr/2026:07:49:06 +0300] "GET /better-sweepstakes-casinos-listing-of-250-sweeps-casino-web-sites-2026/ HTTP/1.1" 200 73228 "-" "Mozilla/5.0 (Windows NT 10.0; Win64; x64) AppleWebKit/537.36 (KHTML, like Gecko) Chrome/109.0.0.0 Safari/537.36"
107.152.46.202 - - [20/Apr/2026:07:49:20 +0300] "GET /automaty-hazard-online/ HTTP/1.1" 200 17664 "-" "Mozilla/5.0 (Windows NT 10.0; Win64; x64) AppleWebKit/537.36 (KHTML, like Gecko) Chrome/114.0.0.0 Safari/537.36 Vivaldi/5.3.2679.68"
185.216.113.70 - - [20/Apr/2026:07:49:55 +0300] "POST /wp-cron.php?doing_wp_cron=1776660595.1222488880157470703125 HTTP/1.1" 200 448 "-" "WordPress/6.3.8; https://serhatburke.miroglu.net"
200.25.47.132 - - [20/Apr/2026:07:49:34 +0300] "POST /xmlrpc.php HTTP/1.1" 200 630 "-" "Mozilla/5.0 (Windows NT 10.0; Win64; x64) AppleWebKit/537.36 (KHTML, like Gecko) Chrome/114.0.0.0 Safari/537.36"
17.246.23.172 - - [20/Apr/2026:07:49:35 +0300] "GET /le-migliori-chat-video-con-sconosciuti-gratis-6/undefined?ts=1776660565 HTTP/1.1" 404 15685 "https://serhatburke.miroglu.net/le-migliori-chat-video-con-sconosciuti-gratis-6/" "Mozilla/5.0 (Macintosh; Intel Mac OS X 10_15_7) AppleWebKit/605.1.15 (KHTML, like Gecko) Version/17.4 Safari/605.1.15 (Applebot/0.1; +http://www.apple.com/go/applebot)"
17.246.15.9 - - [20/Apr/2026:07:49:35 +0300] "GET /le-migliori-chat-video-con-sconosciuti-gratis-6/undefined?ts=1776660575 HTTP/1.1" 404 15862 "https://serhatburke.miroglu.net/le-migliori-chat-video-con-sconosciuti-gratis-6/" "Mozilla/5.0 (Macintosh; Intel Mac OS X 10_15_7) AppleWebKit/605.1.15 (KHTML, like Gecko) Version/17.4 Safari/605.1.15 (Applebot/0.1; +http://www.apple.com/go/applebot)"
17.246.19.183 - - [20/Apr/2026:07:49:56 +0300] "GET /le-migliori-chat-video-con-sconosciuti-gratis-6/undefined?ts=1776660565 HTTP/1.1" 404 15863 "https://serhatburke.miroglu.net/le-migliori-chat-video-con-sconosciuti-gratis-6/" "Mozilla/5.0 (Macintosh; Intel Mac OS X 10_15_7) AppleWebKit/605.1.15 (KHTML, like Gecko) Version/17.4 Safari/605.1.15 (Applebot/0.1; +http://www.apple.com/go/applebot)"
17.246.23.109 - - [20/Apr/2026:07:49:59 +0300] "GET /le-migliori-chat-video-con-sconosciuti-gratis-6/undefined?ts=1776660598 HTTP/1.1" 404 15864 "https://serhatburke.miroglu.net/le-migliori-chat-video-con-sconosciuti-gratis-6/" "Mozilla/5.0 (Macintosh; Intel Mac OS X 10_15_7) AppleWebKit/605.1.15 (KHTML, like Gecko) Version/17.4 Safari/605.1.15 (Applebot/0.1; +http://www.apple.com/go/applebot)"
200.25.47.132 - - [20/Apr/2026:07:50:02 +0300] "POST /xmlrpc.php HTTP/1.1" 200 11847 "-" "Mozilla/5.0 (Windows NT 10.0; Win64; x64) AppleWebKit/537.36 (KHTML, like Gecko) Chrome/114.0.0.0 Safari/537.36"
17.246.23.195 - - [20/Apr/2026:07:50:22 +0300] "GET /le-migliori-chat-video-con-sconosciuti-gratis-6/undefined?ts=1776660622 HTTP/1.1" 404 15864 "https://serhatburke.miroglu.net/le-migliori-chat-video-con-sconosciuti-gratis-6/" "Mozilla/5.0 (Macintosh; Intel Mac OS X 10_15_7) AppleWebKit/605.1.15 (KHTML, like Gecko) Version/17.4 Safari/605.1.15 (Applebot/0.1; +http://www.apple.com/go/applebot)"
185.216.113.70 - - [20/Apr/2026:07:50:40 +0300] "POST /wp-cron.php?doing_wp_cron=1776660640.5124769210815429687500 HTTP/1.1" 200 448 "-" "WordPress/6.3.8; https://serhatburke.miroglu.net"
200.25.47.132 - - [20/Apr/2026:07:50:27 +0300] "GET /the-brand-new-pursue-customers-eight-hundred-chase-complete-checking-account-render/ HTTP/1.1" 200 73796 "-" "Mozilla/5.0 (Windows NT 10.0; Win64; x64) AppleWebKit/537.36 (KHTML, like Gecko) Chrome/123.0.0.0 Safari/537.36"
17.246.23.195 - - [20/Apr/2026:07:50:37 +0300] "GET /le-migliori-chat-video-con-sconosciuti-gratis-6/undefined?ts=1776660636 HTTP/1.1" 404 15687 "https://serhatburke.miroglu.net/le-migliori-chat-video-con-sconosciuti-gratis-6/" "Mozilla/5.0 (Macintosh; Intel Mac OS X 10_15_7) AppleWebKit/605.1.15 (KHTML, like Gecko) Version/17.4 Safari/605.1.15 (Applebot/0.1; +http://www.apple.com/go/applebot)"
17.246.23.195 - - [20/Apr/2026:07:50:52 +0300] "GET /le-migliori-chat-video-con-sconosciuti-gratis-6/undefined?ts=1776660652 HTTP/1.1" 404 15686 "https://serhatburke.miroglu.net/le-migliori-chat-video-con-sconosciuti-gratis-6/" "Mozilla/5.0 (Macintosh; Intel Mac OS X 10_15_7) AppleWebKit/605.1.15 (KHTML, like Gecko) Version/17.4 Safari/605.1.15 (Applebot/0.1; +http://www.apple.com/go/applebot)"
17.246.23.195 - - [20/Apr/2026:07:51:08 +0300] "GET /le-migliori-chat-video-con-sconosciuti-gratis-6/undefined?ts=1776660668 HTTP/1.1" 404 15686 "https://serhatburke.miroglu.net/le-migliori-chat-video-con-sconosciuti-gratis-6/" "Mozilla/5.0 (Macintosh; Intel Mac OS X 10_15_7) AppleWebKit/605.1.15 (KHTML, like Gecko) Version/17.4 Safari/605.1.15 (Applebot/0.1; +http://www.apple.com/go/applebot)"
17.246.23.195 - - [20/Apr/2026:07:51:23 +0300] "GET /le-migliori-chat-video-con-sconosciuti-gratis-6/undefined?ts=1776660683 HTTP/1.1" 404 15688 "https://serhatburke.miroglu.net/le-migliori-chat-video-con-sconosciuti-gratis-6/" "Mozilla/5.0 (Macintosh; Intel Mac OS X 10_15_7) AppleWebKit/605.1.15 (KHTML, like Gecko) Version/17.4 Safari/605.1.15 (Applebot/0.1; +http://www.apple.com/go/applebot)"
185.216.113.70 - - [20/Apr/2026:07:53:48 +0300] "POST /wp-cron.php?doing_wp_cron=1776660828.0655579566955566406250 HTTP/1.1" 200 448 "-" "WordPress/6.3.8; https://serhatburke.miroglu.net"
200.25.47.132 - - [20/Apr/2026:07:53:31 +0300] "POST /xmlrpc.php HTTP/1.1" 200 630 "-" "Mozilla/5.0 (Windows NT 10.0; Win64; x64) AppleWebKit/537.36 (KHTML, like Gecko) Chrome/114.0.0.0 Safari/537.36"
200.25.47.132 - - [20/Apr/2026:07:53:55 +0300] "POST /xmlrpc.php HTTP/1.1" 200 11798 "-" "Mozilla/5.0 (Windows NT 10.0; Win64; x64) AppleWebKit/537.36 (KHTML, like Gecko) Chrome/114.0.0.0 Safari/537.36"
200.25.47.132 - - [20/Apr/2026:07:54:10 +0300] "GET /appreciate-boobs-guide-genshin-feeling/ HTTP/1.1" 200 72181 "-" "Mozilla/5.0 (Windows NT 10.0; Win64; x64) AppleWebKit/537.36 (KHTML, like Gecko) Chrome/124.0.0.0 Safari/537.36 Edg/124.0.0.0"
185.216.113.70 - - [20/Apr/2026:07:55:23 +0300] "POST /wp-cron.php?doing_wp_cron=1776660923.3999819755554199218750 HTTP/1.1" 200 448 "-" "WordPress/6.3.8; https://serhatburke.miroglu.net"
102.221.34.102 - - [20/Apr/2026:07:55:08 +0300] "POST /xmlrpc.php HTTP/1.1" 200 630 "-" "Mozilla/5.0 (Windows NT 10.0; Win64; x64) AppleWebKit/537.36 (KHTML, like Gecko) Chrome/114.0.0.0 Safari/537.36"
17.246.23.105 - - [20/Apr/2026:07:55:19 +0300] "GET /le-migliori-chat-video-con-sconosciuti-gratis-6/undefined?ts=1776660919 HTTP/1.1" 404 15863 "https://serhatburke.miroglu.net/le-migliori-chat-video-con-sconosciuti-gratis-6/" "Mozilla/5.0 (Macintosh; Intel Mac OS X 10_15_7) AppleWebKit/605.1.15 (KHTML, like Gecko) Version/17.4 Safari/605.1.15 (Applebot/0.1; +http://www.apple.com/go/applebot)"
102.221.34.102 - - [20/Apr/2026:07:55:29 +0300] "POST /xmlrpc.php HTTP/1.1" 200 14676 "-" "Mozilla/5.0 (Windows NT 10.0; Win64; x64) AppleWebKit/537.36 (KHTML, like Gecko) Chrome/114.0.0.0 Safari/537.36"
17.246.23.105 - - [20/Apr/2026:07:55:38 +0300] "GET /le-migliori-chat-video-con-sconosciuti-gratis-6/undefined?ts=1776660938 HTTP/1.1" 404 15566 "https://serhatburke.miroglu.net/le-migliori-chat-video-con-sconosciuti-gratis-6/" "Mozilla/5.0 (Macintosh; Intel Mac OS X 10_15_7) AppleWebKit/605.1.15 (KHTML, like Gecko) Version/17.4 Safari/605.1.15 (Applebot/0.1; +http://www.apple.com/go/applebot)"
102.221.34.102 - - [20/Apr/2026:07:55:48 +0300] "GET /southern-area-playground-ports-character-bonus-game-profitable-have/ HTTP/1.1" 200 75928 "-" "Mozilla/5.0 (Windows NT 10.0; Win64; x64) AppleWebKit/537.36 (KHTML, like Gecko) Chrome/122.0.0.0 Safari/537.36"
17.246.23.105 - - [20/Apr/2026:07:55:58 +0300] "GET /le-migliori-chat-video-con-sconosciuti-gratis-6/undefined?ts=1776660958 HTTP/1.1" 404 15686 "https://serhatburke.miroglu.net/le-migliori-chat-video-con-sconosciuti-gratis-6/" "Mozilla/5.0 (Macintosh; Intel Mac OS X 10_15_7) AppleWebKit/605.1.15 (KHTML, like Gecko) Version/17.4 Safari/605.1.15 (Applebot/0.1; +http://www.apple.com/go/applebot)"
