172.86.76.182 - - [21/Apr/2026:02:43:37 +0300] "GET /wp-content/themes/toppic/css/royalslider.css?ver=4.2 HTTP/1.1" 200 1887 "https://serhatburke.miroglu.net/beste-casino-site-belgie-hoge-inzet/" "Mozilla/5.0 (Windows NT 10.0; Win64; x64) AppleWebKit/537.36 (KHTML, like Gecko) Chrome/143.0.0.0 Safari/537.36"
172.86.76.182 - - [21/Apr/2026:02:43:38 +0300] "GET /wp-content/themes/toppic/css/rs-default.css?ver=4.2 HTTP/1.1" 200 2625 "https://serhatburke.miroglu.net/beste-casino-site-belgie-hoge-inzet/" "Mozilla/5.0 (Windows NT 10.0; Win64; x64) AppleWebKit/537.36 (KHTML, like Gecko) Chrome/143.0.0.0 Safari/537.36"
172.86.76.182 - - [21/Apr/2026:02:43:39 +0300] "GET /wp-content/themes/toppic/css/lightbox.css?ver=4.2 HTTP/1.1" 200 2956 "https://serhatburke.miroglu.net/beste-casino-site-belgie-hoge-inzet/" "Mozilla/5.0 (Windows NT 10.0; Win64; x64) AppleWebKit/537.36 (KHTML, like Gecko) Chrome/143.0.0.0 Safari/537.36"
172.86.76.182 - - [21/Apr/2026:02:43:40 +0300] "GET /wp-content/themes/toppic/css/woocommerce.css?ver=4.2 HTTP/1.1" 200 2848 "https://serhatburke.miroglu.net/beste-casino-site-belgie-hoge-inzet/" "Mozilla/5.0 (Windows NT 10.0; Win64; x64) AppleWebKit/537.36 (KHTML, like Gecko) Chrome/143.0.0.0 Safari/537.36"
172.86.76.182 - - [21/Apr/2026:02:43:40 +0300] "GET /wp-content/themes/toppic/css/responsive.css?ver=4.2 HTTP/1.1" 200 2796 "https://serhatburke.miroglu.net/beste-casino-site-belgie-hoge-inzet/" "Mozilla/5.0 (Windows NT 10.0; Win64; x64) AppleWebKit/537.36 (KHTML, like Gecko) Chrome/143.0.0.0 Safari/537.36"
98.98.197.212 - - [21/Apr/2026:02:43:28 +0300] "POST /xmlrpc.php HTTP/1.1" 200 630 "-" "Mozilla/5.0 (Windows NT 10.0; Win64; x64) AppleWebKit/537.36 (KHTML, like Gecko) Chrome/114.0.0.0 Safari/537.36"
98.98.197.212 - - [21/Apr/2026:02:43:29 +0300] "GET /finest-casinos-on-the-internet-for-real-money-2026/ HTTP/1.1" 200 72141 "-" "Mozilla/5.0 (Windows NT 10.0; Win64; x64) AppleWebKit/537.36 (KHTML, like Gecko) Chrome/123.0.0.0 Safari/537.36 OPR/109.0.0.0"
172.86.76.182 - - [21/Apr/2026:02:43:41 +0300] "POST /wp-comments-post.php HTTP/1.1" 302 1083 "https://serhatburke.miroglu.net/beste-casino-site-belgie-hoge-inzet/" "Mozilla/5.0 (X11; Linux x86_64) AppleWebKit/537.36 (KHTML, like Gecko) Chrome/114.0.0.0 Safari/537.36"
66.249.73.15 - - [21/Apr/2026:02:43:45 +0300] "GET /unveiling-fortunecasinouk-promotions-at-drake-casino-a-comprehensive-review-for-uk-players/ HTTP/1.1" 200 19315 "-" "Mozilla/5.0 (Linux; Android 6.0.1; Nexus 5X Build/MMB29P) AppleWebKit/537.36 (KHTML, like Gecko) Chrome/146.0.7680.177 Mobile Safari/537.36 (compatible; Googlebot/2.1; +http://www.google.com/bot.html)"
172.86.76.182 - - [21/Apr/2026:02:44:01 +0300] "GET /beste-casino-site-belgie-hoge-inzet/?unapproved=526&moderation-hash=1c1e5061a3ec4eb055719c5b2d9daf2f HTTP/1.1" 200 0 "https://serhatburke.miroglu.net/wp-comments-post.php" "Mozilla/5.0 (X11; Linux x86_64) AppleWebKit/537.36 (KHTML, like Gecko) Chrome/114.0.0.0 Safari/537.36"
66.249.73.14 - - [21/Apr/2026:02:44:06 +0300] "GET /unveiling-fortunecasinouk-promotions-at-drake-casino-a-comprehensive-review-for-uk-players/undefined?ts=1775520000 HTTP/1.1" 200 0 "https://serhatburke.miroglu.net/unveiling-fortunecasinouk-promotions-at-drake-casino-a-comprehensive-review-for-uk-players/" "Mozilla/5.0 (Linux; Android 6.0.1; Nexus 5X Build/MMB29P) AppleWebKit/537.36 (KHTML, like Gecko) Chrome/146.0.7680.177 Mobile Safari/537.36 (compatible; Googlebot/2.1; +http://www.google.com/bot.html)"
98.98.197.212 - - [21/Apr/2026:02:43:54 +0300] "POST /xmlrpc.php HTTP/1.1" 200 11287 "-" "Mozilla/5.0 (Windows NT 10.0; Win64; x64) AppleWebKit/537.36 (KHTML, like Gecko) Chrome/114.0.0.0 Safari/537.36"
66.249.73.14 - - [21/Apr/2026:02:44:18 +0300] "GET /unveiling-fortunecasinouk-promotions-at-drake-casino-a-comprehensive-review-for-uk-players/undefined?ts=1775520000 HTTP/1.1" 200 0 "https://serhatburke.miroglu.net/unveiling-fortunecasinouk-promotions-at-drake-casino-a-comprehensive-review-for-uk-players/" "Mozilla/5.0 (Linux; Android 6.0.1; Nexus 5X Build/MMB29P) AppleWebKit/537.36 (KHTML, like Gecko) Chrome/146.0.7680.177 Mobile Safari/537.36 (compatible; Googlebot/2.1; +http://www.google.com/bot.html)"
216.73.217.121 - - [21/Apr/2026:02:44:27 +0300] "GET /donbet-casino-review-for-uk-players/ HTTP/2" 200 0 "-" "Mozilla/5.0 AppleWebKit/537.36 (KHTML, like Gecko; compatible; ClaudeBot/1.0; +claudebot@anthropic.com)"
98.98.197.212 - - [21/Apr/2026:02:44:01 +0300] "POST /xmlrpc.php HTTP/1.1" 200 630 "-" "Mozilla/5.0 (Windows NT 10.0; Win64; x64) AppleWebKit/537.36 (KHTML, like Gecko) Chrome/114.0.0.0 Safari/537.36"
185.216.113.70 - - [21/Apr/2026:02:44:40 +0300] "POST /wp-cron.php?doing_wp_cron=1776728680.4453349113464355468750 HTTP/1.1" 200 448 "-" "WordPress/6.3.8; https://serhatburke.miroglu.net"
200.25.47.121 - - [21/Apr/2026:02:44:04 +0300] "POST /xmlrpc.php HTTP/1.1" 200 630 "-" "Mozilla/5.0 (Windows NT 10.0; Win64; x64) AppleWebKit/537.36 (KHTML, like Gecko) Chrome/114.0.0.0 Safari/537.36"
66.249.73.14 - - [21/Apr/2026:02:44:30 +0300] "GET /unveiling-fortunecasinouk-promotions-at-drake-casino-a-comprehensive-review-for-uk-players/undefined?ts=1775520000 HTTP/1.1" 200 0 "https://serhatburke.miroglu.net/unveiling-fortunecasinouk-promotions-at-drake-casino-a-comprehensive-review-for-uk-players/" "Mozilla/5.0 (Linux; Android 6.0.1; Nexus 5X Build/MMB29P) AppleWebKit/537.36 (KHTML, like Gecko) Chrome/146.0.7680.177 Mobile Safari/537.36 (compatible; Googlebot/2.1; +http://www.google.com/bot.html)"
172.86.76.182 - - [21/Apr/2026:02:44:11 +0300] "GET /beste-casino-site-belgie-hoge-inzet/ HTTP/1.1" 200 18613 "-" "Mozilla/5.0 (X11; Linux x86_64) AppleWebKit/537.36 (KHTML, like Gecko) Chrome/114.0.0.0 Safari/537.36"
66.249.73.14 - - [21/Apr/2026:02:44:42 +0300] "GET /unveiling-fortunecasinouk-promotions-at-drake-casino-a-comprehensive-review-for-uk-players/undefined?ts=1775520000 HTTP/1.1" 200 0 "https://serhatburke.miroglu.net/unveiling-fortunecasinouk-promotions-at-drake-casino-a-comprehensive-review-for-uk-players/" "Mozilla/5.0 (Linux; Android 6.0.1; Nexus 5X Build/MMB29P) AppleWebKit/537.36 (KHTML, like Gecko) Chrome/146.0.7680.177 Mobile Safari/537.36 (compatible; Googlebot/2.1; +http://www.google.com/bot.html)"
223.165.69.55 - - [21/Apr/2026:02:44:17 +0300] "POST /xmlrpc.php HTTP/1.1" 200 630 "-" "Mozilla/5.0 (Windows NT 10.0; Win64; x64) AppleWebKit/537.36 (KHTML, like Gecko) Chrome/114.0.0.0 Safari/537.36"
98.98.197.212 - - [21/Apr/2026:02:44:19 +0300] "GET /best-casinos-on-the-internet-united-states-2025-real-cash-incentives-the-newest-sites/ HTTP/1.1" 200 72890 "-" "Mozilla/5.0 (Windows NT 10.0; Win64; x64; rv:125.0) Gecko/20100101 Firefox/125.0"
66.249.73.14 - - [21/Apr/2026:02:44:57 +0300] "GET /unveiling-fortunecasinouk-promotions-at-drake-casino-a-comprehensive-review-for-uk-players/undefined?ts=1775520000 HTTP/1.1" 200 0 "https://serhatburke.miroglu.net/unveiling-fortunecasinouk-promotions-at-drake-casino-a-comprehensive-review-for-uk-players/" "Mozilla/5.0 (Linux; Android 6.0.1; Nexus 5X Build/MMB29P) AppleWebKit/537.36 (KHTML, like Gecko) Chrome/146.0.7680.177 Mobile Safari/537.36 (compatible; Googlebot/2.1; +http://www.google.com/bot.html)"
98.98.197.212 - - [21/Apr/2026:02:44:38 +0300] "POST /xmlrpc.php HTTP/1.1" 200 630 "-" "Mozilla/5.0 (Windows NT 10.0; Win64; x64) AppleWebKit/537.36 (KHTML, like Gecko) Chrome/114.0.0.0 Safari/537.36"
98.98.197.212 - - [21/Apr/2026:02:44:43 +0300] "POST /xmlrpc.php HTTP/1.1" 200 12056 "-" "Mozilla/5.0 (Windows NT 10.0; Win64; x64) AppleWebKit/537.36 (KHTML, like Gecko) Chrome/114.0.0.0 Safari/537.36"
200.25.47.121 - - [21/Apr/2026:02:44:49 +0300] "POST /xmlrpc.php HTTP/1.1" 200 14100 "-" "Mozilla/5.0 (Windows NT 10.0; Win64; x64) AppleWebKit/537.36 (KHTML, like Gecko) Chrome/114.0.0.0 Safari/537.36"
185.216.113.70 - - [21/Apr/2026:02:45:46 +0300] "POST /wp-cron.php?doing_wp_cron=1776728746.3321940898895263671875 HTTP/1.1" 200 448 "-" "WordPress/6.3.8; https://serhatburke.miroglu.net"
98.98.197.212 - - [21/Apr/2026:02:45:14 +0300] "POST /xmlrpc.php HTTP/1.1" 200 630 "-" "Mozilla/5.0 (Windows NT 10.0; Win64; x64) AppleWebKit/537.36 (KHTML, like Gecko) Chrome/114.0.0.0 Safari/537.36"
185.216.113.70 - - [21/Apr/2026:02:45:53 +0300] "POST /wp-cron.php?doing_wp_cron=1776728753.3311159610748291015625 HTTP/1.1" 200 448 "-" "WordPress/6.3.8; https://serhatburke.miroglu.net"
223.165.69.55 - - [21/Apr/2026:02:45:22 +0300] "POST /xmlrpc.php HTTP/1.1" 200 13960 "-" "Mozilla/5.0 (Windows NT 10.0; Win64; x64) AppleWebKit/537.36 (KHTML, like Gecko) Chrome/114.0.0.0 Safari/537.36"
185.216.113.70 - - [21/Apr/2026:02:45:56 +0300] "POST /wp-cron.php?doing_wp_cron=1776728756.5652499198913574218750 HTTP/1.1" 200 448 "-" "WordPress/6.3.8; https://serhatburke.miroglu.net"
98.98.197.212 - - [21/Apr/2026:02:45:26 +0300] "POST /xmlrpc.php HTTP/1.1" 200 11780 "-" "Mozilla/5.0 (Windows NT 10.0; Win64; x64) AppleWebKit/537.36 (KHTML, like Gecko) Chrome/114.0.0.0 Safari/537.36"
185.216.113.70 - - [21/Apr/2026:02:46:05 +0300] "POST /wp-cron.php?doing_wp_cron=1776728765.7807281017303466796875 HTTP/1.1" 200 448 "-" "WordPress/6.3.8; https://serhatburke.miroglu.net"
98.98.197.212 - - [21/Apr/2026:02:45:24 +0300] "GET /finest-casinos-on-the-internet-for-real-money-2026-2/ HTTP/1.1" 200 66006 "-" "Mozilla/5.0 (Windows NT 10.0; rv:125.0) Gecko/20100101 Firefox/125.0"
185.216.113.70 - - [21/Apr/2026:02:46:17 +0300] "POST /wp-cron.php?doing_wp_cron=1776728777.4328639507293701171875 HTTP/1.1" 200 448 "-" "WordPress/6.3.8; https://serhatburke.miroglu.net"
66.249.73.15 - - [21/Apr/2026:02:46:07 +0300] "GET /unveiling-fortunecasinouk-promotions-at-drake-casino-a-comprehensive-review-for-uk-players/ HTTP/1.1" 200 0 "https://korput.driftlogic-games.biz/" "Mozilla/5.0 (Linux; Android 6.0.1; Nexus 5X Build/MMB29P) AppleWebKit/537.36 (KHTML, like Gecko) Chrome/146.0.7680.177 Mobile Safari/537.36 (compatible; Googlebot/2.1; +http://www.google.com/bot.html)"
200.25.47.121 - - [21/Apr/2026:02:45:32 +0300] "GET /nay-populyarnite-slotove-i-kazino-igri-trinocasino-registratsiya-za-vkhod-zalagayte-100-protsenta-bezplatno/ HTTP/1.1" 200 75276 "-" "Mozilla/5.0 (Windows NT 10.0; Win64; x64) AppleWebKit/537.36 (KHTML, like Gecko) Chrome/122.0.0.0 Safari/537.36"
185.216.113.70 - - [21/Apr/2026:02:46:45 +0300] "POST /wp-cron.php?doing_wp_cron=1776728804.9296889305114746093750 HTTP/1.1" 200 448 "-" "WordPress/6.3.8; https://serhatburke.miroglu.net"
98.98.197.212 - - [21/Apr/2026:02:45:53 +0300] "POST /xmlrpc.php HTTP/1.1" 200 11321 "-" "Mozilla/5.0 (Windows NT 10.0; Win64; x64) AppleWebKit/537.36 (KHTML, like Gecko) Chrome/114.0.0.0 Safari/537.36"
98.98.197.212 - - [21/Apr/2026:02:45:52 +0300] "POST /xmlrpc.php HTTP/1.1" 200 630 "-" "Mozilla/5.0 (Windows NT 10.0; Win64; x64) AppleWebKit/537.36 (KHTML, like Gecko) Chrome/114.0.0.0 Safari/537.36"
223.165.69.55 - - [21/Apr/2026:02:45:56 +0300] "GET /jackpot-urban-area-best-payout-slots-large-rtp-slots/ HTTP/1.1" 200 74583 "-" "Mozilla/5.0 (Windows NT 10.0; rv:109.0) Gecko/20100101 Firefox/115.0"
98.98.197.212 - - [21/Apr/2026:02:45:58 +0300] "GET /insane-casino-remark-2026-crypto-bonus-punctual-winnings-online-game-assortment/ HTTP/1.1" 200 73489 "-" "Mozilla/5.0 (Windows NT 10.0; rv:125.0) Gecko/20100101 Firefox/125.0"
98.98.197.212 - - [21/Apr/2026:02:46:29 +0300] "POST /xmlrpc.php HTTP/1.1" 200 630 "-" "Mozilla/5.0 (Windows NT 10.0; Win64; x64) AppleWebKit/537.36 (KHTML, like Gecko) Chrome/114.0.0.0 Safari/537.36"
23.108.44.195 - - [21/Apr/2026:02:46:33 +0300] "GET /beste-casino-site-belgie-hoge-inzet/ HTTP/1.1" 200 18595 "https://serhatburke.miroglu.net/" "Mozilla/5.0 (X11; Linux x86_64) AppleWebKit/537.36 (KHTML, like Gecko) Chrome/114.0.0.0 Safari/537.36"
23.108.44.195 - - [21/Apr/2026:02:47:24 +0300] "GET /wp-includes/css/dist/block-library/style.min.css?ver=6.3.8 HTTP/1.1" 200 13578 "https://serhatburke.miroglu.net/beste-casino-site-belgie-hoge-inzet/" "Mozilla/5.0 (Windows NT 10.0; Win64; x64) AppleWebKit/537.36 (KHTML, like Gecko) Chrome/143.0.0.0 Safari/537.36"
98.98.197.212 - - [21/Apr/2026:02:46:47 +0300] "GET /greatest-ten-a-real-income-web-based-casinos-gambling-websites-us-2025-neteffect-tech/ HTTP/1.1" 200 73473 "-" "Mozilla/5.0 (Windows NT 10.0; Win64; x64) AppleWebKit/537.36 (KHTML, like Gecko) Chrome/122.0.0.0 Safari/537.36"
98.98.197.212 - - [21/Apr/2026:02:46:52 +0300] "POST /xmlrpc.php HTTP/1.1" 200 11997 "-" "Mozilla/5.0 (Windows NT 10.0; Win64; x64) AppleWebKit/537.36 (KHTML, like Gecko) Chrome/114.0.0.0 Safari/537.36"
98.98.197.212 - - [21/Apr/2026:02:47:04 +0300] "POST /xmlrpc.php HTTP/1.1" 200 630 "-" "Mozilla/5.0 (Windows NT 10.0; Win64; x64) AppleWebKit/537.36 (KHTML, like Gecko) Chrome/114.0.0.0 Safari/537.36"
98.98.197.212 - - [21/Apr/2026:02:47:23 +0300] "POST /xmlrpc.php HTTP/1.1" 200 11894 "-" "Mozilla/5.0 (Windows NT 10.0; Win64; x64) AppleWebKit/537.36 (KHTML, like Gecko) Chrome/114.0.0.0 Safari/537.36"
185.216.113.70 - - [21/Apr/2026:02:47:42 +0300] "POST /wp-cron.php?doing_wp_cron=1776728862.2521860599517822265625 HTTP/1.1" 200 448 "-" "WordPress/6.3.8; https://serhatburke.miroglu.net"
98.98.197.212 - - [21/Apr/2026:02:47:26 +0300] "GET /greatest-paypal-casinos-on-the-internet-recently-enjoy-victory-cash-out-prompt/ HTTP/1.1" 200 73749 "-" "Mozilla/5.0 (Windows NT 10.0; rv:125.0) Gecko/20100101 Firefox/125.0"
23.108.44.195 - - [21/Apr/2026:02:47:57 +0300] "GET /wp-content/plugins/contact-form-7/includes/css/styles.css?ver=5.8 HTTP/1.1" 200 1490 "https://serhatburke.miroglu.net/beste-casino-site-belgie-hoge-inzet/" "Mozilla/5.0 (Windows NT 10.0; Win64; x64) AppleWebKit/537.36 (KHTML, like Gecko) Chrome/143.0.0.0 Safari/537.36"
23.108.44.195 - - [21/Apr/2026:02:47:59 +0300] "GET /wp-content/themes/toppic/css/fontello.css?ver=4.2 HTTP/1.1" 200 1802 "https://serhatburke.miroglu.net/beste-casino-site-belgie-hoge-inzet/" "Mozilla/5.0 (Windows NT 10.0; Win64; x64) AppleWebKit/537.36 (KHTML, like Gecko) Chrome/143.0.0.0 Safari/537.36"
23.108.44.195 - - [21/Apr/2026:02:48:01 +0300] "GET /wp-content/themes/toppic/css/reset.css?ver=4.2 HTTP/1.1" 200 1178 "https://serhatburke.miroglu.net/beste-casino-site-belgie-hoge-inzet/" "Mozilla/5.0 (Windows NT 10.0; Win64; x64) AppleWebKit/537.36 (KHTML, like Gecko) Chrome/143.0.0.0 Safari/537.36"
23.108.44.195 - - [21/Apr/2026:02:48:03 +0300] "GET /wp-content/themes/toppic/css/default.css?ver=4.2 HTTP/1.1" 200 1811 "https://serhatburke.miroglu.net/beste-casino-site-belgie-hoge-inzet/" "Mozilla/5.0 (Windows NT 10.0; Win64; x64) AppleWebKit/537.36 (KHTML, like Gecko) Chrome/143.0.0.0 Safari/537.36"
23.108.44.195 - - [21/Apr/2026:02:48:05 +0300] "GET /wp-content/themes/toppic/style.css?ver=4.2 HTTP/1.1" 200 23398 "https://serhatburke.miroglu.net/beste-casino-site-belgie-hoge-inzet/" "Mozilla/5.0 (Windows NT 10.0; Win64; x64) AppleWebKit/537.36 (KHTML, like Gecko) Chrome/143.0.0.0 Safari/537.36"
23.108.44.195 - - [21/Apr/2026:02:48:07 +0300] "GET /wp-content/themes/toppic/css/royalslider.css?ver=4.2 HTTP/1.1" 200 1887 "https://serhatburke.miroglu.net/beste-casino-site-belgie-hoge-inzet/" "Mozilla/5.0 (Windows NT 10.0; Win64; x64) AppleWebKit/537.36 (KHTML, like Gecko) Chrome/143.0.0.0 Safari/537.36"
23.108.44.195 - - [21/Apr/2026:02:48:09 +0300] "GET /wp-content/themes/toppic/css/rs-default.css?ver=4.2 HTTP/1.1" 200 2625 "https://serhatburke.miroglu.net/beste-casino-site-belgie-hoge-inzet/" "Mozilla/5.0 (Windows NT 10.0; Win64; x64) AppleWebKit/537.36 (KHTML, like Gecko) Chrome/143.0.0.0 Safari/537.36"
23.108.44.195 - - [21/Apr/2026:02:48:11 +0300] "GET /wp-content/themes/toppic/css/lightbox.css?ver=4.2 HTTP/1.1" 200 2956 "https://serhatburke.miroglu.net/beste-casino-site-belgie-hoge-inzet/" "Mozilla/5.0 (Windows NT 10.0; Win64; x64) AppleWebKit/537.36 (KHTML, like Gecko) Chrome/143.0.0.0 Safari/537.36"
98.98.197.212 - - [21/Apr/2026:02:47:36 +0300] "POST /xmlrpc.php HTTP/1.1" 200 11430 "-" "Mozilla/5.0 (Windows NT 10.0; Win64; x64) AppleWebKit/537.36 (KHTML, like Gecko) Chrome/114.0.0.0 Safari/537.36"
23.108.44.195 - - [21/Apr/2026:02:48:13 +0300] "GET /wp-content/themes/toppic/css/woocommerce.css?ver=4.2 HTTP/1.1" 200 2848 "https://serhatburke.miroglu.net/beste-casino-site-belgie-hoge-inzet/" "Mozilla/5.0 (Windows NT 10.0; Win64; x64) AppleWebKit/537.36 (KHTML, like Gecko) Chrome/143.0.0.0 Safari/537.36"
23.108.44.195 - - [21/Apr/2026:02:48:15 +0300] "GET /wp-content/themes/toppic/css/responsive.css?ver=4.2 HTTP/1.1" 200 2796 "https://serhatburke.miroglu.net/beste-casino-site-belgie-hoge-inzet/" "Mozilla/5.0 (Windows NT 10.0; Win64; x64) AppleWebKit/537.36 (KHTML, like Gecko) Chrome/143.0.0.0 Safari/537.36"
98.98.197.212 - - [21/Apr/2026:02:47:38 +0300] "GET /better-payment-online-slots-games-uk-better-8-best-paying-slot-game-2026/ HTTP/1.1" 200 73070 "-" "Mozilla/5.0 (Windows NT 10.0; Win64; x64; rv:124.0) Gecko/20100101 Firefox/124.0"
200.25.47.121 - - [21/Apr/2026:02:47:39 +0300] "POST /xmlrpc.php HTTP/1.1" 200 630 "-" "Mozilla/5.0 (Windows NT 10.0; Win64; x64) AppleWebKit/537.36 (KHTML, like Gecko) Chrome/114.0.0.0 Safari/537.36"
98.98.197.212 - - [21/Apr/2026:02:47:40 +0300] "POST /xmlrpc.php HTTP/1.1" 200 630 "-" "Mozilla/5.0 (Windows NT 10.0; Win64; x64) AppleWebKit/537.36 (KHTML, like Gecko) Chrome/114.0.0.0 Safari/537.36"
223.165.69.55 - - [21/Apr/2026:02:47:45 +0300] "POST /xmlrpc.php HTTP/1.1" 200 630 "-" "Mozilla/5.0 (Windows NT 10.0; Win64; x64) AppleWebKit/537.36 (KHTML, like Gecko) Chrome/114.0.0.0 Safari/537.36"
185.216.113.70 - - [21/Apr/2026:02:48:42 +0300] "POST /wp-cron.php?doing_wp_cron=1776728922.7458939552307128906250 HTTP/1.1" 200 448 "-" "WordPress/6.3.8; https://serhatburke.miroglu.net"
98.98.197.212 - - [21/Apr/2026:02:48:12 +0300] "GET /best-the-new-casinos-on-the-internet-2026-claim-the-fresh-local-casino-incentives-now/ HTTP/1.1" 200 72872 "-" "Mozilla/5.0 (Windows NT 10.0; Win64; x64) AppleWebKit/537.36 (KHTML, like Gecko) Chrome/123.0.0.0 Safari/537.36"
185.216.113.70 - - [21/Apr/2026:02:48:48 +0300] "POST /wp-cron.php?doing_wp_cron=1776728928.7436370849609375000000 HTTP/1.1" 200 448 "-" "WordPress/6.3.8; https://serhatburke.miroglu.net"
185.216.113.70 - - [21/Apr/2026:02:48:49 +0300] "POST /wp-cron.php?doing_wp_cron=1776728929.2526679039001464843750 HTTP/1.1" 200 448 "-" "WordPress/6.3.8; https://serhatburke.miroglu.net"
23.108.44.195 - - [21/Apr/2026:02:48:17 +0300] "POST /wp-comments-post.php HTTP/1.1" 302 1083 "https://serhatburke.miroglu.net/beste-casino-site-belgie-hoge-inzet/" "Mozilla/5.0 (X11; Linux x86_64) AppleWebKit/537.36 (KHTML, like Gecko) Chrome/114.0.0.0 Safari/537.36"
98.98.197.212 - - [21/Apr/2026:02:48:16 +0300] "POST /xmlrpc.php HTTP/1.1" 200 630 "-" "Mozilla/5.0 (Windows NT 10.0; Win64; x64) AppleWebKit/537.36 (KHTML, like Gecko) Chrome/114.0.0.0 Safari/537.36"
43.242.179.54 - - [21/Apr/2026:02:48:30 +0300] "POST /xmlrpc.php HTTP/2" 200 0 "-" "WordPress/XMLRPC Client"
185.216.113.70 - - [21/Apr/2026:02:49:05 +0300] "POST /wp-cron.php?doing_wp_cron=1776728945.3370399475097656250000 HTTP/1.1" 200 448 "-" "WordPress/6.3.8; https://serhatburke.miroglu.net"
98.98.197.212 - - [21/Apr/2026:02:48:23 +0300] "POST /xmlrpc.php HTTP/1.1" 200 11814 "-" "Mozilla/5.0 (Windows NT 10.0; Win64; x64) AppleWebKit/537.36 (KHTML, like Gecko) Chrome/114.0.0.0 Safari/537.36"
200.25.47.121 - - [21/Apr/2026:02:48:23 +0300] "POST /xmlrpc.php HTTP/1.1" 200 17952 "-" "Mozilla/5.0 (Windows NT 10.0; Win64; x64) AppleWebKit/537.36 (KHTML, like Gecko) Chrome/114.0.0.0 Safari/537.36"
223.165.69.55 - - [21/Apr/2026:02:48:27 +0300] "POST /xmlrpc.php HTTP/1.1" 200 14797 "-" "Mozilla/5.0 (Windows NT 10.0; Win64; x64) AppleWebKit/537.36 (KHTML, like Gecko) Chrome/114.0.0.0 Safari/537.36"
98.98.197.212 - - [21/Apr/2026:02:48:51 +0300] "POST /xmlrpc.php HTTP/1.1" 200 630 "-" "Mozilla/5.0 (Windows NT 10.0; Win64; x64) AppleWebKit/537.36 (KHTML, like Gecko) Chrome/114.0.0.0 Safari/537.36"
23.108.44.195 - - [21/Apr/2026:02:48:51 +0300] "GET /beste-casino-site-belgie-hoge-inzet/?unapproved=527&moderation-hash=bb742dc8a5b09c8544e5cfd7c9c31754 HTTP/1.1" 200 19119 "https://serhatburke.miroglu.net/wp-comments-post.php" "Mozilla/5.0 (X11; Linux x86_64) AppleWebKit/537.36 (KHTML, like Gecko) Chrome/114.0.0.0 Safari/537.36"
98.98.197.212 - - [21/Apr/2026:02:48:55 +0300] "POST /xmlrpc.php HTTP/1.1" 200 11691 "-" "Mozilla/5.0 (Windows NT 10.0; Win64; x64) AppleWebKit/537.36 (KHTML, like Gecko) Chrome/114.0.0.0 Safari/537.36"
193.151.191.172 - - [21/Apr/2026:02:49:30 +0300] "POST /xmlrpc.php HTTP/2" 200 0 "-" "WordPress/XMLRPC Client"
185.216.113.70 - - [21/Apr/2026:02:50:09 +0300] "POST /wp-cron.php?doing_wp_cron=1776729009.0430510044097900390625 HTTP/1.1" 200 448 "-" "WordPress/6.3.8; https://serhatburke.miroglu.net"
185.216.113.70 - - [21/Apr/2026:02:50:09 +0300] "POST /wp-cron.php?doing_wp_cron=1776729009.6497058868408203125000 HTTP/1.1" 200 448 "-" "WordPress/6.3.8; https://serhatburke.miroglu.net"
185.216.113.70 - - [21/Apr/2026:02:50:10 +0300] "POST /wp-cron.php?doing_wp_cron=1776729010.8466539382934570312500 HTTP/1.1" 200 448 "-" "WordPress/6.3.8; https://serhatburke.miroglu.net"
98.98.197.212 - - [21/Apr/2026:02:49:07 +0300] "GET /us-no-deposit-incentive-codes-greatest-2026-local-casino-now-offers/ HTTP/1.1" 200 73143 "-" "Mozilla/5.0 (Windows NT 10.0; Win64; x64) AppleWebKit/537.36 (KHTML, like Gecko) Chrome/109.0.0.0 Safari/537.36"
200.25.47.121 - - [21/Apr/2026:02:49:09 +0300] "GET /%E0%A6%AA%E0%A7%8D%E0%A6%B2%E0%A7%87%E0%A6%97%E0%A7%8D%E0%A6%B0%E0%A6%BE%E0%A6%A8%E0%A7%8D%E0%A6%A1-%E0%A6%9C%E0%A7%81%E0%A6%AF%E0%A6%BC%E0%A6%BE-%E0%A6%8F%E0%A6%A8%E0%A7%8D%E0%A6%9F%E0%A6%BE%E0%A6%B0/ HTTP/1.1" 200 87977 "-" "Mozilla/5.0 (Windows NT 10.0; Win64; x64; rv:124.0) Gecko/20100101 Firefox/124.0"
223.165.69.55 - - [21/Apr/2026:02:49:16 +0300] "GET /holly-jolly-bonanza-2-trial-gamble-100-percent-free-position-online-game/ HTTP/1.1" 200 75984 "-" "Mozilla/5.0 (Windows NT 10.0; Win64; x64) AppleWebKit/537.36 (KHTML, like Gecko) Chrome/123.0.0.0 Safari/537.36 OPR/109.0.0.0"
185.216.113.70 - - [21/Apr/2026:02:50:24 +0300] "POST /wp-cron.php?doing_wp_cron=1776729024.1438961029052734375000 HTTP/1.1" 200 448 "-" "WordPress/6.3.8; https://serhatburke.miroglu.net"
98.98.197.212 - - [21/Apr/2026:02:49:26 +0300] "POST /xmlrpc.php HTTP/1.1" 200 630 "-" "Mozilla/5.0 (Windows NT 10.0; Win64; x64) AppleWebKit/537.36 (KHTML, like Gecko) Chrome/114.0.0.0 Safari/537.36"
172.86.76.182 - - [21/Apr/2026:02:49:56 +0300] "GET /beste-casino-site-belgie-hoge-inzet/ HTTP/1.1" 200 0 "-" "Mozilla/5.0 (Windows NT 10.0; Win64; x64) AppleWebKit/537.36 (KHTML, like Gecko) Chrome/114.0.0.0 YaBrowser/22.7.0 Yowser/2.5 Safari/537.36"
170.168.29.167 - - [21/Apr/2026:02:50:01 +0300] "POST /xmlrpc.php HTTP/2" 200 0 "-" "WordPress/XMLRPC Client"
185.216.113.70 - - [21/Apr/2026:02:50:55 +0300] "POST /wp-cron.php?doing_wp_cron=1776729055.3439838886260986328125 HTTP/1.1" 200 448 "-" "WordPress/6.3.8; https://serhatburke.miroglu.net"
98.98.197.212 - - [21/Apr/2026:02:49:59 +0300] "POST /xmlrpc.php HTTP/1.1" 200 11618 "-" "Mozilla/5.0 (Windows NT 10.0; Win64; x64) AppleWebKit/537.36 (KHTML, like Gecko) Chrome/114.0.0.0 Safari/537.36"
66.249.73.14 - - [21/Apr/2026:02:50:49 +0300] "GET /donbet-casino-review-for-uk-players/undefined?ts=1775520000 HTTP/1.1" 200 0 "https://serhatburke.miroglu.net/donbet-casino-review-for-uk-players/" "Mozilla/5.0 (Linux; Android 6.0.1; Nexus 5X Build/MMB29P) AppleWebKit/537.36 (KHTML, like Gecko) Chrome/146.0.7680.177 Mobile Safari/537.36 (compatible; Googlebot/2.1; +http://www.google.com/bot.html)"
178.66.158.114 - - [21/Apr/2026:02:50:31 +0300] "POST /xmlrpc.php HTTP/2" 200 0 "-" "WordPress/XMLRPC Client"
185.216.113.70 - - [21/Apr/2026:02:51:05 +0300] "POST /wp-cron.php?doing_wp_cron=1776729065.5444850921630859375000 HTTP/1.1" 200 448 "-" "WordPress/6.3.8; https://serhatburke.miroglu.net"
185.216.113.70 - - [21/Apr/2026:02:51:05 +0300] "POST /wp-cron.php?doing_wp_cron=1776729065.6427519321441650390625 HTTP/1.1" 200 448 "-" "WordPress/6.3.8; https://serhatburke.miroglu.net"
23.108.44.195 - - [21/Apr/2026:02:49:57 +0300] "GET /beste-casino-site-belgie-hoge-inzet/ HTTP/1.1" 200 18613 "-" "Mozilla/5.0 (X11; Linux x86_64) AppleWebKit/537.36 (KHTML, like Gecko) Chrome/114.0.0.0 Safari/537.36"
66.249.73.14 - - [21/Apr/2026:02:51:01 +0300] "GET /donbet-casino-review-for-uk-players/undefined?ts=1775520000 HTTP/1.1" 200 0 "https://serhatburke.miroglu.net/donbet-casino-review-for-uk-players/" "Mozilla/5.0 (Linux; Android 6.0.1; Nexus 5X Build/MMB29P) AppleWebKit/537.36 (KHTML, like Gecko) Chrome/146.0.7680.177 Mobile Safari/537.36 (compatible; Googlebot/2.1; +http://www.google.com/bot.html)"
185.216.113.70 - - [21/Apr/2026:02:51:19 +0300] "POST /wp-cron.php?doing_wp_cron=1776729079.7515048980712890625000 HTTP/1.1" 200 448 "-" "WordPress/6.3.8; https://serhatburke.miroglu.net"
98.98.197.212 - - [21/Apr/2026:02:50:00 +0300] "GET /best-online-casino-games-gamble-now/ HTTP/1.1" 200 71908 "-" "Mozilla/5.0 (Windows NT 10.0; Win64; x64; rv:124.0) Gecko/20100101 Firefox/124.0"
66.249.73.14 - - [21/Apr/2026:02:51:14 +0300] "GET /donbet-casino-review-for-uk-players/undefined?ts=1775520000 HTTP/1.1" 200 0 "https://serhatburke.miroglu.net/donbet-casino-review-for-uk-players/" "Mozilla/5.0 (Linux; Android 6.0.1; Nexus 5X Build/MMB29P) AppleWebKit/537.36 (KHTML, like Gecko) Chrome/146.0.7680.177 Mobile Safari/537.36 (compatible; Googlebot/2.1; +http://www.google.com/bot.html)"
185.216.113.70 - - [21/Apr/2026:02:51:38 +0300] "POST /wp-cron.php?doing_wp_cron=1776729097.9428889751434326171875 HTTP/1.1" 200 448 "-" "WordPress/6.3.8; https://serhatburke.miroglu.net"
98.98.197.212 - - [21/Apr/2026:02:50:04 +0300] "POST /xmlrpc.php HTTP/1.1" 200 630 "-" "Mozilla/5.0 (Windows NT 10.0; Win64; x64) AppleWebKit/537.36 (KHTML, like Gecko) Chrome/114.0.0.0 Safari/537.36"
66.249.73.14 - - [21/Apr/2026:02:51:29 +0300] "GET /donbet-casino-review-for-uk-players/undefined?ts=1775520000 HTTP/1.1" 200 0 "https://serhatburke.miroglu.net/donbet-casino-review-for-uk-players/" "Mozilla/5.0 (Linux; Android 6.0.1; Nexus 5X Build/MMB29P) AppleWebKit/537.36 (KHTML, like Gecko) Chrome/146.0.7680.177 Mobile Safari/537.36 (compatible; Googlebot/2.1; +http://www.google.com/bot.html)"
185.216.113.70 - - [21/Apr/2026:02:51:42 +0300] "POST /wp-cron.php?doing_wp_cron=1776729101.8299911022186279296875 HTTP/1.1" 200 448 "-" "WordPress/6.3.8; https://serhatburke.miroglu.net"
98.98.197.212 - - [21/Apr/2026:02:50:30 +0300] "POST /xmlrpc.php HTTP/1.1" 200 12169 "-" "Mozilla/5.0 (Windows NT 10.0; Win64; x64) AppleWebKit/537.36 (KHTML, like Gecko) Chrome/114.0.0.0 Safari/537.36"
185.216.113.70 - - [21/Apr/2026:02:51:56 +0300] "POST /wp-cron.php?doing_wp_cron=1776729116.1499929428100585937500 HTTP/1.1" 200 448 "-" "WordPress/6.3.8; https://serhatburke.miroglu.net"
98.98.197.212 - - [21/Apr/2026:02:50:40 +0300] "POST /xmlrpc.php HTTP/1.1" 200 630 "-" "Mozilla/5.0 (Windows NT 10.0; Win64; x64) AppleWebKit/537.36 (KHTML, like Gecko) Chrome/114.0.0.0 Safari/537.36"
185.216.113.70 - - [21/Apr/2026:02:52:35 +0300] "POST /wp-cron.php?doing_wp_cron=1776729154.9358479976654052734375 HTTP/1.1" 200 448 "-" "WordPress/6.3.8; https://serhatburke.miroglu.net"
98.98.197.212 - - [21/Apr/2026:02:50:57 +0300] "GET /a-knowledgeable-harbors-playing-on-line-march-2026-tips-and-strategies/ HTTP/1.1" 200 72867 "-" "Mozilla/5.0 (Windows NT 10.0; Win64; x64) AppleWebKit/537.36 (KHTML, like Gecko) Chrome/109.0.0.0 Safari/537.36"
185.216.113.70 - - [21/Apr/2026:02:52:39 +0300] "POST /wp-cron.php?doing_wp_cron=1776729159.5378699302673339843750 HTTP/1.1" 200 448 "-" "WordPress/6.3.8; https://serhatburke.miroglu.net"
223.165.69.55 - - [21/Apr/2026:02:51:12 +0300] "POST /xmlrpc.php HTTP/1.1" 200 630 "-" "Mozilla/5.0 (Windows NT 10.0; Win64; x64) AppleWebKit/537.36 (KHTML, like Gecko) Chrome/114.0.0.0 Safari/537.36"
185.216.113.70 - - [21/Apr/2026:02:52:43 +0300] "POST /wp-cron.php?doing_wp_cron=1776729163.6491889953613281250000 HTTP/1.1" 200 448 "-" "WordPress/6.3.8; https://serhatburke.miroglu.net"
98.98.197.212 - - [21/Apr/2026:02:51:14 +0300] "POST /xmlrpc.php HTTP/1.1" 200 630 "-" "Mozilla/5.0 (Windows NT 10.0; Win64; x64) AppleWebKit/537.36 (KHTML, like Gecko) Chrome/114.0.0.0 Safari/537.36"
185.216.113.70 - - [21/Apr/2026:02:53:19 +0300] "POST /wp-cron.php?doing_wp_cron=1776729199.3358149528503417968750 HTTP/1.1" 200 448 "-" "WordPress/6.3.8; https://serhatburke.miroglu.net"
185.216.113.70 - - [21/Apr/2026:02:53:21 +0300] "POST /wp-cron.php?doing_wp_cron=1776729201.1528871059417724609375 HTTP/1.1" 200 448 "-" "WordPress/6.3.8; https://serhatburke.miroglu.net"
98.98.197.212 - - [21/Apr/2026:02:51:45 +0300] "POST /xmlrpc.php HTTP/1.1" 200 11303 "-" "Mozilla/5.0 (Windows NT 10.0; Win64; x64) AppleWebKit/537.36 (KHTML, like Gecko) Chrome/114.0.0.0 Safari/537.36"
98.98.197.212 - - [21/Apr/2026:02:51:43 +0300] "GET /best-a-real-income-slots-inside-2026-finest-rated-online-slots-games-and-you-can-web-sites/ HTTP/1.1" 200 73792 "-" "Mozilla/5.0 (Windows NT 10.0; Win64; x64) AppleWebKit/537.36 (KHTML, like Gecko) Chrome/124.0.0.0 Safari/537.36 Edg/124.0.0.0"
185.216.113.70 - - [21/Apr/2026:02:53:31 +0300] "POST /wp-cron.php?doing_wp_cron=1776729211.0412280559539794921875 HTTP/1.1" 200 448 "-" "WordPress/6.3.8; https://serhatburke.miroglu.net"
98.98.197.212 - - [21/Apr/2026:02:52:03 +0300] "POST /xmlrpc.php HTTP/1.1" 200 11799 "-" "Mozilla/5.0 (Windows NT 10.0; Win64; x64) AppleWebKit/537.36 (KHTML, like Gecko) Chrome/114.0.0.0 Safari/537.36"
185.216.113.70 - - [21/Apr/2026:02:53:41 +0300] "POST /wp-cron.php?doing_wp_cron=1776729220.7538709640502929687500 HTTP/1.1" 200 448 "-" "WordPress/6.3.8; https://serhatburke.miroglu.net"
98.98.197.212 - - [21/Apr/2026:02:51:46 +0300] "POST /xmlrpc.php HTTP/1.1" 200 630 "-" "Mozilla/5.0 (Windows NT 10.0; Win64; x64) AppleWebKit/537.36 (KHTML, like Gecko) Chrome/114.0.0.0 Safari/537.36"
185.216.113.70 - - [21/Apr/2026:02:53:48 +0300] "POST /wp-cron.php?doing_wp_cron=1776729228.6508479118347167968750 HTTP/1.1" 200 448 "-" "WordPress/6.3.8; https://serhatburke.miroglu.net"
98.98.197.212 - - [21/Apr/2026:02:52:37 +0300] "POST /xmlrpc.php HTTP/1.1" 200 627 "-" "Mozilla/5.0 (Windows NT 10.0; Win64; x64) AppleWebKit/537.36 (KHTML, like Gecko) Chrome/114.0.0.0 Safari/537.36"
185.216.113.70 - - [21/Apr/2026:02:53:54 +0300] "POST /wp-cron.php?doing_wp_cron=1776729234.3489749431610107421875 HTTP/1.1" 200 448 "-" "WordPress/6.3.8; https://serhatburke.miroglu.net"
98.98.197.212 - - [21/Apr/2026:02:52:24 +0300] "POST /xmlrpc.php HTTP/1.1" 200 630 "-" "Mozilla/5.0 (Windows NT 10.0; Win64; x64) AppleWebKit/537.36 (KHTML, like Gecko) Chrome/114.0.0.0 Safari/537.36"
185.216.113.70 - - [21/Apr/2026:02:54:22 +0300] "POST /wp-cron.php?doing_wp_cron=1776729261.9337589740753173828125 HTTP/1.1" 200 448 "-" "WordPress/6.3.8; https://serhatburke.miroglu.net"
185.216.113.70 - - [21/Apr/2026:02:54:22 +0300] "POST /wp-cron.php?doing_wp_cron=1776729262.1566510200500488281250 HTTP/1.1" 200 448 "-" "WordPress/6.3.8; https://serhatburke.miroglu.net"
223.165.69.55 - - [21/Apr/2026:02:52:47 +0300] "POST /xmlrpc.php HTTP/1.1" 200 14791 "-" "Mozilla/5.0 (Windows NT 10.0; Win64; x64) AppleWebKit/537.36 (KHTML, like Gecko) Chrome/114.0.0.0 Safari/537.36"
23.108.44.195 - - [21/Apr/2026:02:52:49 +0300] "GET /beste-casino-site-belgie-hoge-inzet/ HTTP/1.1" 200 18613 "-" "Mozilla/5.0 (Windows NT 10.0; Win64; x64) AppleWebKit/537.36 (KHTML, like Gecko) Chrome/114.0.0.0 YaBrowser/22.7.0 Yowser/2.5 Safari/537.36"
185.216.113.70 - - [21/Apr/2026:02:54:34 +0300] "POST /wp-cron.php?doing_wp_cron=1776729273.9299659729003906250000 HTTP/1.1" 200 448 "-" "WordPress/6.3.8; https://serhatburke.miroglu.net"
98.98.197.212 - - [21/Apr/2026:02:52:50 +0300] "POST /xmlrpc.php HTTP/1.1" 200 11881 "-" "Mozilla/5.0 (Windows NT 10.0; Win64; x64) AppleWebKit/537.36 (KHTML, like Gecko) Chrome/114.0.0.0 Safari/537.36"
185.216.113.70 - - [21/Apr/2026:02:54:55 +0300] "POST /wp-cron.php?doing_wp_cron=1776729295.0469739437103271484375 HTTP/1.1" 200 448 "-" "WordPress/6.3.8; https://serhatburke.miroglu.net"
98.98.197.212 - - [21/Apr/2026:02:53:25 +0300] "POST /xmlrpc.php HTTP/1.1" 500 1102 "-" "Mozilla/5.0 (Windows NT 10.0; Win64; x64) AppleWebKit/537.36 (KHTML, like Gecko) Chrome/114.0.0.0 Safari/537.36"
185.216.113.70 - - [21/Apr/2026:02:54:56 +0300] "POST /wp-cron.php?doing_wp_cron=1776729296.5498399734497070312500 HTTP/1.1" 200 448 "-" "WordPress/6.3.8; https://serhatburke.miroglu.net"
185.216.113.70 - - [21/Apr/2026:02:54:57 +0300] "POST /wp-cron.php?doing_wp_cron=1776729296.8435211181640625000000 HTTP/1.1" 200 448 "-" "WordPress/6.3.8; https://serhatburke.miroglu.net"
98.98.197.212 - - [21/Apr/2026:02:52:58 +0300] "POST /xmlrpc.php HTTP/1.1" 200 630 "-" "Mozilla/5.0 (Windows NT 10.0; Win64; x64) AppleWebKit/537.36 (KHTML, like Gecko) Chrome/114.0.0.0 Safari/537.36"
98.98.197.212 - - [21/Apr/2026:02:53:23 +0300] "GET /best-online-slots-us-greatest-game-procedures-gambling-enterprises-2025/ HTTP/1.1" 200 72515 "-" "Mozilla/5.0 (Windows NT 10.0; Win64; x64) AppleWebKit/537.36 (KHTML, like Gecko) Chrome/123.0.0.0 Safari/537.36"
185.216.113.70 - - [21/Apr/2026:02:55:18 +0300] "POST /wp-cron.php?doing_wp_cron=1776729318.4404070377349853515625 HTTP/1.1" 200 448 "-" "WordPress/6.3.8; https://serhatburke.miroglu.net"
98.98.197.212 - - [21/Apr/2026:02:53:34 +0300] "POST /xmlrpc.php HTTP/1.1" 200 630 "-" "Mozilla/5.0 (Windows NT 10.0; Win64; x64) AppleWebKit/537.36 (KHTML, like Gecko) Chrome/114.0.0.0 Safari/537.36"
98.98.197.212 - - [21/Apr/2026:02:53:23 +0300] "POST /xmlrpc.php HTTP/1.1" 500 745 "-" "Mozilla/5.0 (Windows NT 10.0; Win64; x64) AppleWebKit/537.36 (KHTML, like Gecko) Chrome/114.0.0.0 Safari/537.36"
98.98.197.212 - - [21/Apr/2026:02:53:32 +0300] "GET /trusted-sites-games/ HTTP/1.1" 500 745 "-" "Mozilla/5.0 (Windows NT 10.0; rv:109.0) Gecko/20100101 Firefox/115.0"
185.216.113.70 - - [21/Apr/2026:02:55:34 +0300] "POST /wp-cron.php?doing_wp_cron=1776729334.7299220561981201171875 HTTP/1.1" 200 448 "-" "WordPress/6.3.8; https://serhatburke.miroglu.net"
185.216.113.70 - - [21/Apr/2026:02:55:40 +0300] "POST /wp-cron.php?doing_wp_cron=1776729340.6319239139556884765625 HTTP/1.1" 200 448 "-" "WordPress/6.3.8; https://serhatburke.miroglu.net"
98.98.197.212 - - [21/Apr/2026:02:54:01 +0300] "POST /xmlrpc.php HTTP/1.1" 500 745 "-" "Mozilla/5.0 (Windows NT 10.0; Win64; x64) AppleWebKit/537.36 (KHTML, like Gecko) Chrome/114.0.0.0 Safari/537.36"
37.27.132.190 - - [21/Apr/2026:02:54:19 +0300] "GET / HTTP/1.1" 500 782 "-" "Mozilla/5.0 (X11; Linux aarch64) AppleWebKit/537.36 (KHTML, like Gecko) Chrome/139.0.0.0 Safari/537.36"
223.165.69.55 - - [21/Apr/2026:02:54:25 +0300] "GET /free-casino-games-wager-enjoyable-22400-trial-online-game/ HTTP/1.1" 500 745 "-" "Mozilla/5.0 (Windows NT 10.0; Win64; x64) AppleWebKit/537.36 (KHTML, like Gecko) Chrome/122.0.0.0 Safari/537.36"
185.216.113.70 - - [21/Apr/2026:02:56:34 +0300] "POST /wp-cron.php?doing_wp_cron=1776729394.0801410675048828125000 HTTP/1.1" 200 448 "-" "WordPress/6.3.8; https://serhatburke.miroglu.net"
185.216.113.70 - - [21/Apr/2026:02:56:34 +0300] "POST /wp-cron.php?doing_wp_cron=1776729394.2457580566406250000000 HTTP/1.1" 200 448 "-" "WordPress/6.3.8; https://serhatburke.miroglu.net"
98.98.197.212 - - [21/Apr/2026:02:54:35 +0300] "POST /xmlrpc.php HTTP/1.1" 200 11881 "-" "Mozilla/5.0 (Windows NT 10.0; Win64; x64) AppleWebKit/537.36 (KHTML, like Gecko) Chrome/114.0.0.0 Safari/537.36"
98.98.197.212 - - [21/Apr/2026:02:54:38 +0300] "POST /xmlrpc.php HTTP/1.1" 500 745 "-" "Mozilla/5.0 (Windows NT 10.0; Win64; x64) AppleWebKit/537.36 (KHTML, like Gecko) Chrome/114.0.0.0 Safari/537.36"
223.165.69.55 - - [21/Apr/2026:02:54:48 +0300] "POST /xmlrpc.php HTTP/1.1" 500 745 "-" "Mozilla/5.0 (Windows NT 10.0; Win64; x64) AppleWebKit/537.36 (KHTML, like Gecko) Chrome/114.0.0.0 Safari/537.36"
37.27.132.190 - - [21/Apr/2026:02:54:49 +0300] "GET / HTTP/1.1" 500 782 "-" "Mozilla/5.0 (X11; Linux aarch64) AppleWebKit/537.36 (KHTML, like Gecko) Chrome/139.0.0.0 Safari/537.36"
185.216.113.70 - - [21/Apr/2026:02:57:02 +0300] "POST /wp-cron.php?doing_wp_cron=1776729422.4439530372619628906250 HTTP/1.1" 200 448 "-" "WordPress/6.3.8; https://serhatburke.miroglu.net"
98.98.197.212 - - [21/Apr/2026:02:55:13 +0300] "POST /xmlrpc.php HTTP/1.1" 500 1102 "-" "Mozilla/5.0 (Windows NT 10.0; Win64; x64) AppleWebKit/537.36 (KHTML, like Gecko) Chrome/114.0.0.0 Safari/537.36"
98.98.197.212 - - [21/Apr/2026:02:55:01 +0300] "POST /xmlrpc.php HTTP/1.1" 500 745 "-" "Mozilla/5.0 (Windows NT 10.0; Win64; x64) AppleWebKit/537.36 (KHTML, like Gecko) Chrome/114.0.0.0 Safari/537.36"
98.98.197.212 - - [21/Apr/2026:02:55:12 +0300] "POST /xmlrpc.php HTTP/1.1" 500 745 "-" "Mozilla/5.0 (Windows NT 10.0; Win64; x64) AppleWebKit/537.36 (KHTML, like Gecko) Chrome/114.0.0.0 Safari/537.36"
37.27.132.190 - - [21/Apr/2026:02:55:19 +0300] "GET / HTTP/1.1" 500 782 "-" "Mozilla/5.0 (X11; Linux aarch64) AppleWebKit/537.36 (KHTML, like Gecko) Chrome/139.0.0.0 Safari/537.36"
185.216.113.70 - - [21/Apr/2026:02:57:29 +0300] "POST /wp-cron.php?doing_wp_cron=1776729449.2742059230804443359375 HTTP/1.1" 200 448 "-" "WordPress/6.3.8; https://serhatburke.miroglu.net"
98.98.197.212 - - [21/Apr/2026:02:55:46 +0300] "POST /xmlrpc.php HTTP/1.1" 200 11448 "-" "Mozilla/5.0 (Windows NT 10.0; Win64; x64) AppleWebKit/537.36 (KHTML, like Gecko) Chrome/114.0.0.0 Safari/537.36"
185.216.113.70 - - [21/Apr/2026:02:57:31 +0300] "POST /wp-cron.php?doing_wp_cron=1776729450.8379600048065185546875 HTTP/1.1" 200 448 "-" "WordPress/6.3.8; https://serhatburke.miroglu.net"
185.216.113.70 - - [21/Apr/2026:02:58:00 +0300] "POST /wp-cron.php?doing_wp_cron=1776729479.9411079883575439453125 HTTP/1.1" 200 448 "-" "WordPress/6.3.8; https://serhatburke.miroglu.net"
98.98.197.212 - - [21/Apr/2026:02:56:16 +0300] "GET /?p=124116 HTTP/1.1" 301 616 "-" "Mozilla/5.0 (Windows NT 10.0; Win64; x64; rv:125.0) Gecko/20100101 Firefox/125.0"
223.165.69.55 - - [21/Apr/2026:02:56:05 +0300] "POST /xmlrpc.php HTTP/1.1" 500 745 "-" "Mozilla/5.0 (Windows NT 10.0; Win64; x64) AppleWebKit/537.36 (KHTML, like Gecko) Chrome/114.0.0.0 Safari/537.36"
185.216.113.70 - - [21/Apr/2026:02:58:07 +0300] "POST /wp-cron.php?doing_wp_cron=1776729487.2360849380493164062500 HTTP/1.1" 200 448 "-" "WordPress/6.3.8; https://serhatburke.miroglu.net"
185.216.113.70 - - [21/Apr/2026:02:58:07 +0300] "POST /wp-cron.php?doing_wp_cron=1776729487.6448578834533691406250 HTTP/1.1" 200 448 "-" "WordPress/6.3.8; https://serhatburke.miroglu.net"
223.165.69.55 - - [21/Apr/2026:02:56:28 +0300] "POST /xmlrpc.php HTTP/1.1" 500 1102 "-" "Mozilla/5.0 (Windows NT 10.0; Win64; x64) AppleWebKit/537.36 (KHTML, like Gecko) Chrome/114.0.0.0 Safari/537.36"
185.216.113.70 - - [21/Apr/2026:02:58:09 +0300] "POST /wp-cron.php?doing_wp_cron=1776729489.5504710674285888671875 HTTP/1.1" 200 448 "-" "WordPress/6.3.8; https://serhatburke.miroglu.net"
98.98.197.212 - - [21/Apr/2026:02:56:23 +0300] "POST /xmlrpc.php HTTP/1.1" 200 11453 "-" "Mozilla/5.0 (Windows NT 10.0; Win64; x64) AppleWebKit/537.36 (KHTML, like Gecko) Chrome/114.0.0.0 Safari/537.36"
185.216.113.70 - - [21/Apr/2026:02:58:31 +0300] "POST /wp-cron.php?doing_wp_cron=1776729510.9299728870391845703125 HTTP/1.1" 200 448 "-" "WordPress/6.3.8; https://serhatburke.miroglu.net"
98.98.197.212 - - [21/Apr/2026:02:56:47 +0300] "POST /xmlrpc.php HTTP/1.1" 200 10758 "-" "Mozilla/5.0 (Windows NT 10.0; Win64; x64) AppleWebKit/537.36 (KHTML, like Gecko) Chrome/114.0.0.0 Safari/537.36"
185.216.113.70 - - [21/Apr/2026:02:58:38 +0300] "POST /wp-cron.php?doing_wp_cron=1776729517.9444010257720947265625 HTTP/1.1" 200 448 "-" "WordPress/6.3.8; https://serhatburke.miroglu.net"
98.98.197.212 - - [21/Apr/2026:02:56:59 +0300] "POST /xmlrpc.php HTTP/1.1" 200 11744 "-" "Mozilla/5.0 (Windows NT 10.0; Win64; x64) AppleWebKit/537.36 (KHTML, like Gecko) Chrome/114.0.0.0 Safari/537.36"
185.216.113.70 - - [21/Apr/2026:02:59:03 +0300] "POST /wp-cron.php?doing_wp_cron=1776729543.2302660942077636718750 HTTP/1.1" 200 448 "-" "WordPress/6.3.8; https://serhatburke.miroglu.net"
98.98.197.212 - - [21/Apr/2026:02:57:26 +0300] "GET /?p=124120 HTTP/1.1" 301 667 "-" "Mozilla/5.0 (Windows NT 10.0; Win64; x64) AppleWebKit/537.36 (KHTML, like Gecko) Chrome/124.0.0.0 Safari/537.36"
185.216.113.70 - - [21/Apr/2026:02:59:24 +0300] "POST /wp-cron.php?doing_wp_cron=1776729563.9339740276336669921875 HTTP/1.1" 200 448 "-" "WordPress/6.3.8; https://serhatburke.miroglu.net"
98.98.197.212 - - [21/Apr/2026:02:57:56 +0300] "POST /xmlrpc.php HTTP/1.1" 200 861 "-" "Mozilla/5.0 (Windows NT 10.0; Win64; x64) AppleWebKit/537.36 (KHTML, like Gecko) Chrome/114.0.0.0 Safari/537.36"
47.128.51.182 - - [21/Apr/2026:02:58:44 +0300] "GET /eye-of-bonusschlitz-jurassic-jackpot-horus-entdecke-unser-horus-spielsaal-ereignis/ HTTP/2" 200 0 "-" "Mozilla/5.0 (Linux; Android 5.0) AppleWebKit/537.36 (KHTML, like Gecko) Mobile Safari/537.36 (compatible; Bytespider; spider-feedback@bytedance.com)"
185.216.113.70 - - [21/Apr/2026:02:59:38 +0300] "POST /wp-cron.php?doing_wp_cron=1776729578.6301369667053222656250 HTTP/1.1" 200 448 "-" "WordPress/6.3.8; https://serhatburke.miroglu.net"
98.98.197.212 - - [21/Apr/2026:02:58:03 +0300] "GET /a-real-income-online-slots/ HTTP/1.1" 200 72281 "-" "Mozilla/5.0 (Windows NT 10.0; Win64; x64; rv:125.0) Gecko/20100101 Firefox/125.0"
185.216.113.70 - - [21/Apr/2026:02:59:50 +0300] "POST /wp-cron.php?doing_wp_cron=1776729589.8356630802154541015625 HTTP/1.1" 200 448 "-" "WordPress/6.3.8; https://serhatburke.miroglu.net"
98.98.197.212 - - [21/Apr/2026:02:58:08 +0300] "POST /xmlrpc.php HTTP/1.1" 200 11453 "-" "Mozilla/5.0 (Windows NT 10.0; Win64; x64) AppleWebKit/537.36 (KHTML, like Gecko) Chrome/114.0.0.0 Safari/537.36"
185.216.113.70 - - [21/Apr/2026:03:00:04 +0300] "POST /wp-cron.php?doing_wp_cron=1776729603.8511610031127929687500 HTTP/1.1" 200 448 "-" "WordPress/6.3.8; https://serhatburke.miroglu.net"
149.28.135.192 - - [21/Apr/2026:02:58:20 +0300] "GET /35849-2/ HTTP/1.1" 200 17766 "https://serhatburke.miroglu.net/" "Mozilla/5.0 (Windows NT 10.0; WOW64) AppleWebKit/537.36 (KHTML, like Gecko) Chrome/114.0.0.0 YaBrowser/22.7.0 Yowser/2.5 Safari/537.36"
185.216.113.70 - - [21/Apr/2026:03:00:10 +0300] "POST /wp-cron.php?doing_wp_cron=1776729610.6359059810638427734375 HTTP/1.1" 200 448 "-" "WordPress/6.3.8; https://serhatburke.miroglu.net"
98.98.197.212 - - [21/Apr/2026:02:58:39 +0300] "GET /online-slots-games-better-live-casino-games/ HTTP/1.1" 200 72986 "-" "Mozilla/5.0 (Windows NT 10.0; Win64; x64; rv:124.0) Gecko/20100101 Firefox/124.0"
185.216.113.70 - - [21/Apr/2026:03:00:15 +0300] "POST /wp-cron.php?doing_wp_cron=1776729615.3385560512542724609375 HTTP/1.1" 200 448 "-" "WordPress/6.3.8; https://serhatburke.miroglu.net"
98.98.197.212 - - [21/Apr/2026:02:58:28 +0300] "GET /?p=124118 HTTP/1.1" 301 630 "-" "Mozilla/5.0 (Windows NT 10.0; Win64; x64; rv:125.0) Gecko/20100101 Firefox/125.0"
40.77.167.230 - - [21/Apr/2026:02:59:35 +0300] "GET /post-sitemap59.xml HTTP/2" 200 0 "-" "Mozilla/5.0 AppleWebKit/537.36 (KHTML, like Gecko; compatible; bingbot/2.0; +http://www.bing.com/bingbot.htm) Chrome/116.0.1938.76 Safari/537.36"
185.216.113.70 - - [21/Apr/2026:03:00:29 +0300] "POST /wp-cron.php?doing_wp_cron=1776729628.8567280769348144531250 HTTP/1.1" 200 448 "-" "WordPress/6.3.8; https://serhatburke.miroglu.net"
149.28.135.192 - - [21/Apr/2026:02:58:51 +0300] "GET /35849-2/ HTTP/1.1" 200 17686 "https://serhatburke.miroglu.net/" "Mozilla/5.0 (Windows NT 10.0; WOW64) AppleWebKit/537.36 (KHTML, like Gecko) Chrome/114.0.0.0 YaBrowser/22.7.0 Yowser/2.5 Safari/537.36"
47.128.51.132 - - [21/Apr/2026:02:59:36 +0300] "GET /eye-of-bonusschlitz-jurassic-jackpot-horus-entdecke-unser-horus-spielsaal-ereignis/ HTTP/2" 200 0 "-" "Mozilla/5.0 (Linux; Android 5.0) AppleWebKit/537.36 (KHTML, like Gecko) Mobile Safari/537.36 (compatible; Bytespider; spider-feedback@bytedance.com)"
185.216.113.70 - - [21/Apr/2026:03:00:52 +0300] "POST /wp-cron.php?doing_wp_cron=1776729652.3798859119415283203125 HTTP/1.1" 200 448 "-" "WordPress/6.3.8; https://serhatburke.miroglu.net"
185.216.113.70 - - [21/Apr/2026:03:00:54 +0300] "POST /wp-cron.php?doing_wp_cron=1776729654.0480589866638183593750 HTTP/1.1" 200 448 "-" "WordPress/6.3.8; https://serhatburke.miroglu.net"
98.98.197.212 - - [21/Apr/2026:02:59:06 +0300] "GET /air-vegas-casino-no-deposit-bonus-march-2026-claim-250-100-percent-free-spins/ HTTP/1.1" 200 73723 "-" "Mozilla/5.0 (Windows NT 10.0; Win64; x64) AppleWebKit/537.36 (KHTML, like Gecko) Chrome/124.0.0.0 Safari/537.36"
149.28.135.192 - - [21/Apr/2026:02:59:21 +0300] "GET /35849-2/ HTTP/1.1" 200 17686 "https://serhatburke.miroglu.net/" "Mozilla/5.0 (Windows NT 10.0; WOW64) AppleWebKit/537.36 (KHTML, like Gecko) Chrome/114.0.0.0 YaBrowser/22.7.0 Yowser/2.5 Safari/537.36"
200.25.47.121 - - [21/Apr/2026:02:59:08 +0300] "POST /xmlrpc.php HTTP/1.1" 500 745 "-" "Mozilla/5.0 (Windows NT 10.0; Win64; x64) AppleWebKit/537.36 (KHTML, like Gecko) Chrome/114.0.0.0 Safari/537.36"
185.216.113.70 - - [21/Apr/2026:03:01:12 +0300] "POST /wp-cron.php?doing_wp_cron=1776729672.8487279415130615234375 HTTP/1.1" 200 448 "-" "WordPress/6.3.8; https://serhatburke.miroglu.net"
98.98.197.212 - - [21/Apr/2026:02:59:19 +0300] "POST /xmlrpc.php HTTP/1.1" 200 861 "-" "Mozilla/5.0 (Windows NT 10.0; Win64; x64) AppleWebKit/537.36 (KHTML, like Gecko) Chrome/114.0.0.0 Safari/537.36"
185.216.113.70 - - [21/Apr/2026:03:01:24 +0300] "POST /wp-cron.php?doing_wp_cron=1776729683.9363911151885986328125 HTTP/1.1" 200 448 "-" "WordPress/6.3.8; https://serhatburke.miroglu.net"
98.98.197.212 - - [21/Apr/2026:02:59:48 +0300] "GET /?p=124123 HTTP/1.1" 301 660 "-" "Mozilla/5.0 (Windows NT 10.0; Win64; x64) AppleWebKit/537.36 (KHTML, like Gecko) Chrome/124.0.0.0 Safari/537.36"
185.216.113.70 - - [21/Apr/2026:03:01:42 +0300] "POST /wp-cron.php?doing_wp_cron=1776729702.0300009250640869140625 HTTP/1.1" 200 448 "-" "WordPress/6.3.8; https://serhatburke.miroglu.net"
98.98.197.212 - - [21/Apr/2026:03:00:08 +0300] "POST /xmlrpc.php HTTP/1.1" 200 861 "-" "Mozilla/5.0 (Windows NT 10.0; Win64; x64) AppleWebKit/537.36 (KHTML, like Gecko) Chrome/114.0.0.0 Safari/537.36"
185.216.113.70 - - [21/Apr/2026:03:01:54 +0300] "POST /wp-cron.php?doing_wp_cron=1776729714.7552289962768554687500 HTTP/1.1" 200 448 "-" "WordPress/6.3.8; https://serhatburke.miroglu.net"
98.98.197.212 - - [21/Apr/2026:03:00:19 +0300] "GET /better-paysafecard-casinos-canada-2026-2/ HTTP/1.1" 200 72187 "-" "Mozilla/5.0 (Windows NT 10.0; Win64; x64; rv:125.0) Gecko/20100101 Firefox/125.0"
185.216.113.70 - - [21/Apr/2026:03:02:04 +0300] "POST /wp-cron.php?doing_wp_cron=1776729723.9435191154479980468750 HTTP/1.1" 200 448 "-" "WordPress/6.3.8; https://serhatburke.miroglu.net"
200.25.47.121 - - [21/Apr/2026:03:00:45 +0300] "POST /xmlrpc.php HTTP/1.1" 500 1102 "-" "Mozilla/5.0 (Windows NT 10.0; Win64; x64) AppleWebKit/537.36 (KHTML, like Gecko) Chrome/114.0.0.0 Safari/537.36"
98.98.197.212 - - [21/Apr/2026:03:01:27 +0300] "GET /nz-pokies-software-finest-mobile-pokies-apps-for-real-money-march-2026/ HTTP/1.1" 200 73215 "-" "Mozilla/5.0 (Windows NT 10.0; Win64; x64) AppleWebKit/537.36 (KHTML, like Gecko) Chrome/124.0.0.0 Safari/537.36"
98.98.197.212 - - [21/Apr/2026:03:01:28 +0300] "POST /xmlrpc.php HTTP/1.1" 200 861 "-" "Mozilla/5.0 (Windows NT 10.0; Win64; x64) AppleWebKit/537.36 (KHTML, like Gecko) Chrome/114.0.0.0 Safari/537.36"
185.216.113.70 - - [21/Apr/2026:03:09:11 +0300] "POST /wp-cron.php?doing_wp_cron=1776730151.8239529132843017578125 HTTP/1.1" 200 448 "-" "WordPress/6.3.8; https://serhatburke.miroglu.net"
158.69.22.136 - - [21/Apr/2026:03:08:58 +0300] "GET /beste-casino-site-belgie-hoge-inzet/ HTTP/1.1" 200 18588 "-" "Mozilla/5.0 (compatible; Googlebot/2.1; +http://www.google.com/bot.html)"
185.216.113.70 - - [21/Apr/2026:03:11:06 +0300] "POST /wp-cron.php?doing_wp_cron=1776730265.9955968856811523437500 HTTP/1.1" 200 448 "-" "WordPress/6.3.8; https://serhatburke.miroglu.net"
174.138.16.211 - - [21/Apr/2026:03:10:51 +0300] "GET /casino-online-skrill-prelievo-veloce/ HTTP/1.1" 200 18092 "https://serhatburke.miroglu.net/" "Mozilla/5.0 (Windows NT 10.0; WOW64) AppleWebKit/537.36 (KHTML, like Gecko) Chrome/114.0.0.0 YaBrowser/22.7.0 Yowser/2.5 Safari/537.36"
174.138.16.211 - - [21/Apr/2026:03:11:10 +0300] "GET /wp-login.php?action=register HTTP/1.1" 302 702 "https://serhatburke.miroglu.net/casino-online-skrill-prelievo-veloce/" "Mozilla/5.0 (Windows NT 6.3; Win64; x64) AppleWebKit/537.36 (KHTML, like Gecko) Chrome/103.0.0.0 Safari/537.36"
174.138.16.211 - - [21/Apr/2026:03:11:25 +0300] "GET /wp-login.php?registration=disabled HTTP/1.1" 200 3806 "https://serhatburke.miroglu.net/wp-login.php?action=register" "Mozilla/5.0 (Windows NT 6.3; Win64; x64) AppleWebKit/537.36 (KHTML, like Gecko) Chrome/103.0.0.0 Safari/537.36"
185.216.113.70 - - [21/Apr/2026:03:14:22 +0300] "POST /wp-cron.php?doing_wp_cron=1776730462.0767710208892822265625 HTTP/1.1" 200 448 "-" "WordPress/6.3.8; https://serhatburke.miroglu.net"
216.73.217.121 - - [21/Apr/2026:03:14:06 +0300] "GET /robots.txt HTTP/2" 200 110 "-" "Mozilla/5.0 AppleWebKit/537.36 (KHTML, like Gecko; compatible; ClaudeBot/1.0; +claudebot@anthropic.com)"
216.73.217.121 - - [21/Apr/2026:03:14:23 +0300] "GET /sitemap.xml HTTP/2" 200 0 "-" "Mozilla/5.0 AppleWebKit/537.36 (KHTML, like Gecko; compatible; ClaudeBot/1.0; +claudebot@anthropic.com)"
185.216.113.70 - - [21/Apr/2026:03:15:15 +0300] "POST /wp-cron.php?doing_wp_cron=1776730515.4799370765686035156250 HTTP/1.1" 200 448 "-" "WordPress/6.3.8; https://serhatburke.miroglu.net"
223.165.69.55 - - [21/Apr/2026:03:15:02 +0300] "POST /xmlrpc.php HTTP/1.1" 200 630 "-" "Mozilla/5.0 (Windows NT 10.0; Win64; x64) AppleWebKit/537.36 (KHTML, like Gecko) Chrome/114.0.0.0 Safari/537.36"
