185.216.113.70 - - [20/Apr/2026:16:29:41 +0300] "POST /wp-cron.php?doing_wp_cron=1776691781.1259970664978027343750 HTTP/1.1" 200 448 "-" "WordPress/6.3.8; https://serhatburke.miroglu.net"
223.165.69.55 - - [20/Apr/2026:16:29:29 +0300] "GET /fantastic-lhoot-position-100-percent-free-trial-review/ HTTP/1.1" 200 72796 "-" "Mozilla/5.0 (Windows NT 10.0; Win64; x64) AppleWebKit/537.36 (KHTML, like Gecko) Chrome/123.0.0.0 Safari/537.36 OPR/109.0.0.0"
216.73.217.121 - - [20/Apr/2026:16:29:38 +0300] "GET /sitemap.rss HTTP/2" 200 0 "-" "Mozilla/5.0 AppleWebKit/537.36 (KHTML, like Gecko; compatible; ClaudeBot/1.0; +claudebot@anthropic.com)"
216.73.217.121 - - [20/Apr/2026:16:29:54 +0300] "GET /sitemap.xml HTTP/2" 200 0 "-" "Mozilla/5.0 AppleWebKit/537.36 (KHTML, like Gecko; compatible; ClaudeBot/1.0; +claudebot@anthropic.com)"
185.216.113.70 - - [20/Apr/2026:16:32:23 +0300] "POST /wp-cron.php?doing_wp_cron=1776691943.2354049682617187500000 HTTP/1.1" 200 448 "-" "WordPress/6.3.8; https://serhatburke.miroglu.net"
145.1.238.190 - - [20/Apr/2026:16:32:10 +0300] "POST /xmlrpc.php HTTP/2" 200 204 "-" "XML-RPC for PHP 4.11.1"
185.216.113.70 - - [20/Apr/2026:16:32:49 +0300] "POST /wp-cron.php?doing_wp_cron=1776691969.0119760036468505859375 HTTP/1.1" 200 448 "-" "WordPress/6.3.8; https://serhatburke.miroglu.net"
47.128.51.129 - - [20/Apr/2026:16:32:35 +0300] "GET /thunderstruck-slotsta-yorum-yapin-goldbet-uygulamasi-girisi-ve-%100-ucretsiz-dondurme-kazanin-2026-hityah-com/ HTTP/2" 200 18722 "-" "Mozilla/5.0 (Linux; Android 5.0) AppleWebKit/537.36 (KHTML, like Gecko) Mobile Safari/537.36 (compatible; Bytespider; spider-feedback@bytedance.com)"
47.128.51.129 - - [20/Apr/2026:16:32:52 +0300] "GET /wp-content/plugins/contact-form-7/includes/css/styles.css?ver=5.8 HTTP/2" 200 878 "https://serhatburke.miroglu.net/thunderstruck-slotsta-yorum-yapin-goldbet-uygulamasi-girisi-ve-%100-ucretsiz-dondurme-kazanin-2026-hityah-com/" "Mozilla/5.0 (Linux; Android 5.0) AppleWebKit/537.36 (KHTML, like Gecko) Mobile Safari/537.36 (compatible; Bytespider; spider-feedback@bytedance.com)"
47.128.51.129 - - [20/Apr/2026:16:32:52 +0300] "GET /wp-includes/css/dist/block-library/style.min.css?ver=6.3.8 HTTP/2" 200 12962 "https://serhatburke.miroglu.net/thunderstruck-slotsta-yorum-yapin-goldbet-uygulamasi-girisi-ve-%100-ucretsiz-dondurme-kazanin-2026-hityah-com/" "Mozilla/5.0 (Linux; Android 5.0) AppleWebKit/537.36 (KHTML, like Gecko) Mobile Safari/537.36 (compatible; Bytespider; spider-feedback@bytedance.com)"
47.128.51.129 - - [20/Apr/2026:16:32:52 +0300] "GET /wp-content/themes/toppic/css/fontello.css?ver=4.2 HTTP/2" 200 1188 "https://serhatburke.miroglu.net/thunderstruck-slotsta-yorum-yapin-goldbet-uygulamasi-girisi-ve-%100-ucretsiz-dondurme-kazanin-2026-hityah-com/" "Mozilla/5.0 (Linux; Android 5.0) AppleWebKit/537.36 (KHTML, like Gecko) Mobile Safari/537.36 (compatible; Bytespider; spider-feedback@bytedance.com)"
47.128.51.129 - - [20/Apr/2026:16:32:52 +0300] "GET /wp-content/themes/toppic/css/default.css?ver=4.2 HTTP/2" 200 1198 "https://serhatburke.miroglu.net/thunderstruck-slotsta-yorum-yapin-goldbet-uygulamasi-girisi-ve-%100-ucretsiz-dondurme-kazanin-2026-hityah-com/" "Mozilla/5.0 (Linux; Android 5.0) AppleWebKit/537.36 (KHTML, like Gecko) Mobile Safari/537.36 (compatible; Bytespider; spider-feedback@bytedance.com)"
47.128.51.129 - - [20/Apr/2026:16:32:52 +0300] "GET /wp-content/themes/toppic/css/royalslider.css?ver=4.2 HTTP/2" 200 1273 "https://serhatburke.miroglu.net/thunderstruck-slotsta-yorum-yapin-goldbet-uygulamasi-girisi-ve-%100-ucretsiz-dondurme-kazanin-2026-hityah-com/" "Mozilla/5.0 (Linux; Android 5.0) AppleWebKit/537.36 (KHTML, like Gecko) Mobile Safari/537.36 (compatible; Bytespider; spider-feedback@bytedance.com)"
47.128.51.129 - - [20/Apr/2026:16:32:52 +0300] "GET /wp-content/themes/toppic/css/woocommerce.css?ver=4.2 HTTP/2" 200 2234 "https://serhatburke.miroglu.net/thunderstruck-slotsta-yorum-yapin-goldbet-uygulamasi-girisi-ve-%100-ucretsiz-dondurme-kazanin-2026-hityah-com/" "Mozilla/5.0 (Linux; Android 5.0) AppleWebKit/537.36 (KHTML, like Gecko) Mobile Safari/537.36 (compatible; Bytespider; spider-feedback@bytedance.com)"
47.128.51.129 - - [20/Apr/2026:16:32:52 +0300] "GET /wp-content/themes/toppic/css/rs-default.css?ver=4.2 HTTP/2" 200 2011 "https://serhatburke.miroglu.net/thunderstruck-slotsta-yorum-yapin-goldbet-uygulamasi-girisi-ve-%100-ucretsiz-dondurme-kazanin-2026-hityah-com/" "Mozilla/5.0 (Linux; Android 5.0) AppleWebKit/537.36 (KHTML, like Gecko) Mobile Safari/537.36 (compatible; Bytespider; spider-feedback@bytedance.com)"
47.128.51.129 - - [20/Apr/2026:16:32:52 +0300] "GET /wp-content/themes/toppic/css/lightbox.css?ver=4.2 HTTP/2" 200 2342 "https://serhatburke.miroglu.net/thunderstruck-slotsta-yorum-yapin-goldbet-uygulamasi-girisi-ve-%100-ucretsiz-dondurme-kazanin-2026-hityah-com/" "Mozilla/5.0 (Linux; Android 5.0) AppleWebKit/537.36 (KHTML, like Gecko) Mobile Safari/537.36 (compatible; Bytespider; spider-feedback@bytedance.com)"
47.128.51.129 - - [20/Apr/2026:16:32:52 +0300] "GET /wp-content/themes/toppic/css/responsive.css?ver=4.2 HTTP/2" 200 2182 "https://serhatburke.miroglu.net/thunderstruck-slotsta-yorum-yapin-goldbet-uygulamasi-girisi-ve-%100-ucretsiz-dondurme-kazanin-2026-hityah-com/" "Mozilla/5.0 (Linux; Android 5.0) AppleWebKit/537.36 (KHTML, like Gecko) Mobile Safari/537.36 (compatible; Bytespider; spider-feedback@bytedance.com)"
47.128.51.129 - - [20/Apr/2026:16:32:52 +0300] "GET /wp-content/uploads/2023/08/favicon-16x16-3.png HTTP/2" 206 500 "https://serhatburke.miroglu.net/thunderstruck-slotsta-yorum-yapin-goldbet-uygulamasi-girisi-ve-%100-ucretsiz-dondurme-kazanin-2026-hityah-com/" "Mozilla/5.0 (Linux; Android 5.0) AppleWebKit/537.36 (KHTML, like Gecko) Mobile Safari/537.36 (compatible; Bytespider; spider-feedback@bytedance.com)"
223.165.69.55 - - [20/Apr/2026:16:33:10 +0300] "POST /xmlrpc.php HTTP/1.1" 200 630 "-" "Mozilla/5.0 (Windows NT 10.0; Win64; x64) AppleWebKit/537.36 (KHTML, like Gecko) Chrome/114.0.0.0 Safari/537.36"
185.216.113.70 - - [20/Apr/2026:16:33:43 +0300] "POST /wp-cron.php?doing_wp_cron=1776692023.8150370121002197265625 HTTP/1.1" 200 448 "-" "WordPress/6.3.8; https://serhatburke.miroglu.net"
223.165.69.55 - - [20/Apr/2026:16:33:30 +0300] "POST /xmlrpc.php HTTP/1.1" 200 14717 "-" "Mozilla/5.0 (Windows NT 10.0; Win64; x64) AppleWebKit/537.36 (KHTML, like Gecko) Chrome/114.0.0.0 Safari/537.36"
223.165.69.55 - - [20/Apr/2026:16:33:45 +0300] "GET /sign-on-score-five-hundred-invited-bonus/ HTTP/1.1" 200 75120 "-" "Mozilla/5.0 (Windows NT 10.0; rv:125.0) Gecko/20100101 Firefox/125.0"
185.216.113.70 - - [20/Apr/2026:16:37:40 +0300] "POST /wp-cron.php?doing_wp_cron=1776692260.8685410022735595703125 HTTP/1.1" 200 448 "-" "WordPress/6.3.8; https://serhatburke.miroglu.net"
223.165.69.55 - - [20/Apr/2026:16:37:27 +0300] "POST /xmlrpc.php HTTP/1.1" 200 630 "-" "Mozilla/5.0 (Windows NT 10.0; Win64; x64) AppleWebKit/537.36 (KHTML, like Gecko) Chrome/114.0.0.0 Safari/537.36"
223.165.69.55 - - [20/Apr/2026:16:37:48 +0300] "POST /xmlrpc.php HTTP/1.1" 200 15003 "-" "Mozilla/5.0 (Windows NT 10.0; Win64; x64) AppleWebKit/537.36 (KHTML, like Gecko) Chrome/114.0.0.0 Safari/537.36"
223.165.69.55 - - [20/Apr/2026:16:38:02 +0300] "GET /private-a-hundred-totally-free-processor-bonuses-at-the-no-deposit-casinos-on-the-internet/ HTTP/1.1" 200 76862 "-" "Mozilla/5.0 (Windows NT 10.0; Win64; x64) AppleWebKit/537.36 (KHTML, like Gecko) Chrome/124.0.0.0 Safari/537.36"
185.216.113.70 - - [20/Apr/2026:16:40:08 +0300] "POST /wp-cron.php?doing_wp_cron=1776692408.1681890487670898437500 HTTP/1.1" 200 448 "-" "WordPress/6.3.8; https://serhatburke.miroglu.net"
47.128.51.184 - - [20/Apr/2026:16:39:54 +0300] "GET /robots.txt HTTP/1.1" 200 605 "-" "Mozilla/5.0 (Linux; Android 5.0) AppleWebKit/537.36 (KHTML, like Gecko) Mobile Safari/537.36 (compatible; Bytespider; spider-feedback@bytedance.com)"
185.216.113.70 - - [20/Apr/2026:16:41:41 +0300] "POST /wp-cron.php?doing_wp_cron=1776692501.1082310676574707031250 HTTP/1.1" 200 448 "-" "WordPress/6.3.8; https://serhatburke.miroglu.net"
223.165.69.55 - - [20/Apr/2026:16:41:27 +0300] "POST /xmlrpc.php HTTP/1.1" 200 630 "-" "Mozilla/5.0 (Windows NT 10.0; Win64; x64) AppleWebKit/537.36 (KHTML, like Gecko) Chrome/114.0.0.0 Safari/537.36"
151.244.111.202 - - [20/Apr/2026:16:41:31 +0300] "GET /craft-your-perfect-token-with-customizable-smart-12/ HTTP/1.1" 200 25931 "-" "Screaming Frog SEO Spider/16.7"
223.165.69.55 - - [20/Apr/2026:16:41:48 +0300] "POST /xmlrpc.php HTTP/1.1" 200 14772 "-" "Mozilla/5.0 (Windows NT 10.0; Win64; x64) AppleWebKit/537.36 (KHTML, like Gecko) Chrome/114.0.0.0 Safari/537.36"
223.165.69.55 - - [20/Apr/2026:16:42:06 +0300] "GET /fans-sportsbook-local-casino-on-the-web-you-s-playing/ HTTP/1.1" 200 75507 "-" "Mozilla/5.0 (Windows NT 10.0; Win64; x64) AppleWebKit/537.36 (KHTML, like Gecko) Chrome/123.0.0.0 Safari/537.36"
185.216.113.70 - - [20/Apr/2026:16:45:31 +0300] "POST /wp-cron.php?doing_wp_cron=1776692731.5088579654693603515625 HTTP/1.1" 200 448 "-" "WordPress/6.3.8; https://serhatburke.miroglu.net"
223.165.69.55 - - [20/Apr/2026:16:45:18 +0300] "POST /xmlrpc.php HTTP/1.1" 200 630 "-" "Mozilla/5.0 (Windows NT 10.0; Win64; x64) AppleWebKit/537.36 (KHTML, like Gecko) Chrome/114.0.0.0 Safari/537.36"
223.165.69.55 - - [20/Apr/2026:16:45:38 +0300] "POST /xmlrpc.php HTTP/1.1" 200 14369 "-" "Mozilla/5.0 (Windows NT 10.0; Win64; x64) AppleWebKit/537.36 (KHTML, like Gecko) Chrome/114.0.0.0 Safari/537.36"
223.165.69.55 - - [20/Apr/2026:16:45:54 +0300] "GET /gunsbet-recensione-scopri-le-caratteristiche-di-questo-bookmaker/ HTTP/1.1" 200 75386 "-" "Mozilla/5.0 (Windows NT 10.0; Win64; x64; rv:125.0) Gecko/20100101 Firefox/125.0"
185.216.113.70 - - [20/Apr/2026:16:49:49 +0300] "POST /wp-cron.php?doing_wp_cron=1776692989.8166759014129638671875 HTTP/1.1" 200 448 "-" "WordPress/6.3.8; https://serhatburke.miroglu.net"
223.165.69.55 - - [20/Apr/2026:16:49:16 +0300] "POST /xmlrpc.php HTTP/1.1" 200 630 "-" "Mozilla/5.0 (Windows NT 10.0; Win64; x64) AppleWebKit/537.36 (KHTML, like Gecko) Chrome/114.0.0.0 Safari/537.36"
223.165.69.55 - - [20/Apr/2026:16:49:57 +0300] "POST /xmlrpc.php HTTP/1.1" 200 11798 "-" "Mozilla/5.0 (Windows NT 10.0; Win64; x64) AppleWebKit/537.36 (KHTML, like Gecko) Chrome/114.0.0.0 Safari/537.36"
185.216.113.70 - - [20/Apr/2026:16:50:46 +0300] "POST /wp-cron.php?doing_wp_cron=1776693046.0813610553741455078125 HTTP/1.1" 200 448 "-" "WordPress/6.3.8; https://serhatburke.miroglu.net"
223.165.69.55 - - [20/Apr/2026:16:50:28 +0300] "GET /a-hundred-local-casino-no-deposit-incentive-codes-noted-looked/ HTTP/1.1" 200 72958 "-" "Mozilla/5.0 (Windows NT 10.0; Win64; x64) AppleWebKit/537.36 (KHTML, like Gecko) Chrome/122.0.0.0 Safari/537.36"
179.8.18.226 - - [20/Apr/2026:16:50:58 +0300] "POST /xmlrpc.php HTTP/2" 200 140 "-" "WordPress/XMLRPC Client"
66.249.73.1 - - [20/Apr/2026:16:51:14 +0300] "GET /wp-content/themes/toppic/js/jquery.magnific-popup.min.js?ver=4.2 HTTP/1.1" 200 7906 "https://serhatburke.miroglu.net/donbet-casino-review-for-uk-players/" "Mozilla/5.0 (Linux; Android 6.0.1; Nexus 5X Build/MMB29P) AppleWebKit/537.36 (KHTML, like Gecko) Chrome/146.0.7680.177 Mobile Safari/537.36 (compatible; Googlebot/2.1; +http://www.google.com/bot.html)"
66.249.73.15 - - [20/Apr/2026:16:51:15 +0300] "GET /wp-content/plugins/contact-form-7/includes/css/styles.css?ver=5.8 HTTP/1.1" 200 1490 "https://serhatburke.miroglu.net/donbet-casino-review-for-uk-players/" "Mozilla/5.0 (Linux; Android 6.0.1; Nexus 5X Build/MMB29P) AppleWebKit/537.36 (KHTML, like Gecko) Chrome/146.0.7680.177 Mobile Safari/537.36 (compatible; Googlebot/2.1; +http://www.google.com/bot.html)"
66.249.73.15 - - [20/Apr/2026:16:51:16 +0300] "GET /donbet-casino-review-for-uk-players/undefined?ts=1775520000 HTTP/1.1" 200 0 "https://serhatburke.miroglu.net/donbet-casino-review-for-uk-players/" "Mozilla/5.0 (Linux; Android 6.0.1; Nexus 5X Build/MMB29P) AppleWebKit/537.36 (KHTML, like Gecko) Chrome/146.0.7680.177 Mobile Safari/537.36 (compatible; Googlebot/2.1; +http://www.google.com/bot.html)"
66.249.73.15 - - [20/Apr/2026:16:51:12 +0300] "GET /robots.txt HTTP/1.1" 200 719 "-" "Mozilla/5.0 (compatible; Googlebot/2.1; +http://www.google.com/bot.html)"
179.8.18.226 - - [20/Apr/2026:16:51:12 +0300] "GET /?p=123231 HTTP/2" 301 0 "-" "Mozilla/5.0 (Windows NT 10.0; Win64; x64) AppleWebKit/537.36 (KHTML, like Gecko) Chrome/120.0.0.0 Safari/537.36"
66.249.73.14 - - [20/Apr/2026:16:51:29 +0300] "GET /donbet-casino-review-for-uk-players/undefined?ts=1775520000 HTTP/1.1" 200 0 "https://serhatburke.miroglu.net/donbet-casino-review-for-uk-players/" "Mozilla/5.0 (Linux; Android 6.0.1; Nexus 5X Build/MMB29P) AppleWebKit/537.36 (KHTML, like Gecko) Chrome/146.0.7680.177 Mobile Safari/537.36 (compatible; Googlebot/2.1; +http://www.google.com/bot.html)"
66.249.73.14 - - [20/Apr/2026:16:51:42 +0300] "GET /donbet-casino-review-for-uk-players/undefined?ts=1775520000 HTTP/1.1" 200 0 "https://serhatburke.miroglu.net/donbet-casino-review-for-uk-players/" "Mozilla/5.0 (Linux; Android 6.0.1; Nexus 5X Build/MMB29P) AppleWebKit/537.36 (KHTML, like Gecko) Chrome/146.0.7680.177 Mobile Safari/537.36 (compatible; Googlebot/2.1; +http://www.google.com/bot.html)"
185.216.113.70 - - [20/Apr/2026:16:51:55 +0300] "POST /wp-cron.php?doing_wp_cron=1776693115.1973159313201904296875 HTTP/1.1" 200 448 "-" "WordPress/6.3.8; https://serhatburke.miroglu.net"
66.249.73.14 - - [20/Apr/2026:16:51:55 +0300] "GET /donbet-casino-review-for-uk-players/undefined?ts=1775520000 HTTP/1.1" 200 0 "https://serhatburke.miroglu.net/donbet-casino-review-for-uk-players/" "Mozilla/5.0 (Linux; Android 6.0.1; Nexus 5X Build/MMB29P) AppleWebKit/537.36 (KHTML, like Gecko) Chrome/146.0.7680.177 Mobile Safari/537.36 (compatible; Googlebot/2.1; +http://www.google.com/bot.html)"
185.216.113.70 - - [20/Apr/2026:16:53:22 +0300] "POST /wp-cron.php?doing_wp_cron=1776693202.7231550216674804687500 HTTP/1.1" 200 448 "-" "WordPress/6.3.8; https://serhatburke.miroglu.net"
223.165.69.55 - - [20/Apr/2026:16:53:10 +0300] "POST /xmlrpc.php HTTP/1.1" 200 630 "-" "Mozilla/5.0 (Windows NT 10.0; Win64; x64) AppleWebKit/537.36 (KHTML, like Gecko) Chrome/114.0.0.0 Safari/537.36"
223.165.69.55 - - [20/Apr/2026:16:53:29 +0300] "POST /xmlrpc.php HTTP/1.1" 200 14054 "-" "Mozilla/5.0 (Windows NT 10.0; Win64; x64) AppleWebKit/537.36 (KHTML, like Gecko) Chrome/114.0.0.0 Safari/537.36"
223.165.69.55 - - [20/Apr/2026:16:53:44 +0300] "GET /20-gambling-enterprise-websites-inside-the-feburary/ HTTP/1.1" 200 74885 "-" "Mozilla/5.0 (Windows NT 10.0; Win64; x64) AppleWebKit/537.36 (KHTML, like Gecko) Chrome/124.0.0.0 Safari/537.36 Edg/124.0.0.0"
185.216.113.70 - - [20/Apr/2026:16:57:34 +0300] "POST /wp-cron.php?doing_wp_cron=1776693454.4684491157531738281250 HTTP/1.1" 200 448 "-" "WordPress/6.3.8; https://serhatburke.miroglu.net"
223.165.69.55 - - [20/Apr/2026:16:57:19 +0300] "POST /xmlrpc.php HTTP/1.1" 200 630 "-" "Mozilla/5.0 (Windows NT 10.0; Win64; x64) AppleWebKit/537.36 (KHTML, like Gecko) Chrome/114.0.0.0 Safari/537.36"
223.165.69.55 - - [20/Apr/2026:16:57:44 +0300] "POST /xmlrpc.php HTTP/1.1" 200 14761 "-" "Mozilla/5.0 (Windows NT 10.0; Win64; x64) AppleWebKit/537.36 (KHTML, like Gecko) Chrome/114.0.0.0 Safari/537.36"
223.165.69.55 - - [20/Apr/2026:16:58:00 +0300] "GET /kingbit-casino-very-first-deposit-incentive-110-no-deposit-canada/ HTTP/1.1" 200 75779 "-" "Mozilla/5.0 (Windows NT 10.0; Win64; x64) AppleWebKit/537.36 (KHTML, like Gecko) Chrome/124.0.0.0 Safari/537.36 Edg/124.0.0.0"
185.216.113.70 - - [20/Apr/2026:17:01:24 +0300] "POST /wp-cron.php?doing_wp_cron=1776693683.8001060485839843750000 HTTP/1.1" 200 448 "-" "WordPress/6.3.8; https://serhatburke.miroglu.net"
223.165.69.55 - - [20/Apr/2026:17:01:09 +0300] "POST /xmlrpc.php HTTP/1.1" 200 630 "-" "Mozilla/5.0 (Windows NT 10.0; Win64; x64) AppleWebKit/537.36 (KHTML, like Gecko) Chrome/114.0.0.0 Safari/537.36"
223.165.69.55 - - [20/Apr/2026:17:01:31 +0300] "POST /xmlrpc.php HTTP/1.1" 200 14853 "-" "Mozilla/5.0 (Windows NT 10.0; Win64; x64) AppleWebKit/537.36 (KHTML, like Gecko) Chrome/114.0.0.0 Safari/537.36"
185.216.113.70 - - [20/Apr/2026:17:01:59 +0300] "POST /wp-cron.php?doing_wp_cron=1776693719.0831971168518066406250 HTTP/1.1" 200 448 "-" "WordPress/6.3.8; https://serhatburke.miroglu.net"
200.25.47.132 - - [20/Apr/2026:17:01:42 +0300] "POST /xmlrpc.php HTTP/1.1" 200 630 "-" "Mozilla/5.0 (Windows NT 10.0; Win64; x64) AppleWebKit/537.36 (KHTML, like Gecko) Chrome/114.0.0.0 Safari/537.36"
223.165.69.55 - - [20/Apr/2026:17:01:47 +0300] "GET /leovegas-high-roller-added-bonus-big-matches-vip-perks/ HTTP/1.1" 200 75852 "-" "Mozilla/5.0 (Windows NT 10.0; Win64; x64) AppleWebKit/537.36 (KHTML, like Gecko) Chrome/109.0.0.0 Safari/537.36"
200.25.47.132 - - [20/Apr/2026:17:02:06 +0300] "POST /xmlrpc.php HTTP/1.1" 200 10996 "-" "Mozilla/5.0 (Windows NT 10.0; Win64; x64) AppleWebKit/537.36 (KHTML, like Gecko) Chrome/114.0.0.0 Safari/537.36"
200.25.47.132 - - [20/Apr/2026:17:02:21 +0300] "GET /christmas-time-offers-during-the-best-internet-casino-in-the-2026-acg/ HTTP/1.1" 200 72354 "-" "Mozilla/5.0 (Windows NT 10.0; Win64; x64) AppleWebKit/537.36 (KHTML, like Gecko) Chrome/124.0.0.0 Safari/537.36 Edg/124.0.0.0"
185.216.113.70 - - [20/Apr/2026:17:04:05 +0300] "POST /wp-cron.php?doing_wp_cron=1776693845.5843520164489746093750 HTTP/1.1" 200 448 "-" "WordPress/6.3.8; https://serhatburke.miroglu.net"
223.165.69.55 - - [20/Apr/2026:17:03:51 +0300] "POST /xmlrpc.php HTTP/1.1" 200 630 "-" "Mozilla/5.0 (Windows NT 10.0; Win64; x64) AppleWebKit/537.36 (KHTML, like Gecko) Chrome/114.0.0.0 Safari/537.36"
223.165.69.55 - - [20/Apr/2026:17:04:12 +0300] "POST /xmlrpc.php HTTP/1.1" 200 14349 "-" "Mozilla/5.0 (Windows NT 10.0; Win64; x64) AppleWebKit/537.36 (KHTML, like Gecko) Chrome/114.0.0.0 Safari/537.36"
185.216.113.70 - - [20/Apr/2026:17:04:40 +0300] "POST /wp-cron.php?doing_wp_cron=1776693880.5912139415740966796875 HTTP/1.1" 200 448 "-" "WordPress/6.3.8; https://serhatburke.miroglu.net"
223.165.69.55 - - [20/Apr/2026:17:04:28 +0300] "GET /gamble-online-slots-alive-gambling-enterprise-earn-real-cash/ HTTP/1.1" 200 75420 "-" "Mozilla/5.0 (Windows NT 10.0; Win64; x64) AppleWebKit/537.36 (KHTML, like Gecko) Chrome/123.0.0.0 Safari/537.36 OPR/109.0.0.0"
84.200.80.218 - - [20/Apr/2026:17:05:10 +0300] "POST /xmlrpc.php HTTP/1.1" 200 117683 "-" "Mozilla/5.0 (Windows NT 10.0; Win64; x64; Xbox; Xbox One) AppleWebKit/537.36 (KHTML, like Gecko) Chrome/114.0.0.0 Safari/537.36 Edge/44.18363.8131"
84.200.80.218 - - [20/Apr/2026:17:05:23 +0300] "POST /xmlrpc.php HTTP/1.1" 200 489 "-" "Mozilla/5.0 (Windows NT 10.0; Win64; x64; Xbox; Xbox One) AppleWebKit/537.36 (KHTML, like Gecko) Chrome/114.0.0.0 Safari/537.36 Edge/44.18363.8131"
185.216.113.70 - - [20/Apr/2026:17:05:47 +0300] "POST /wp-cron.php?doing_wp_cron=1776693947.9237658977508544921875 HTTP/1.1" 200 448 "-" "WordPress/6.3.8; https://serhatburke.miroglu.net"
84.200.80.218 - - [20/Apr/2026:17:05:36 +0300] "POST /xmlrpc.php HTTP/1.1" 200 191813 "-" "Mozilla/5.0 (Windows NT 10.0; Win64; x64; Xbox; Xbox One) AppleWebKit/537.36 (KHTML, like Gecko) Chrome/114.0.0.0 Safari/537.36 Edge/44.18363.8131"
185.216.113.70 - - [20/Apr/2026:17:07:59 +0300] "POST /wp-cron.php?doing_wp_cron=1776694078.9588348865509033203125 HTTP/1.1" 200 448 "-" "WordPress/6.3.8; https://serhatburke.miroglu.net"
151.244.111.202 - - [20/Apr/2026:17:07:46 +0300] "GET /craft-your-perfect-token-with-customizable-smart-12/ HTTP/1.1" 200 25931 "-" "Screaming Frog SEO Spider/16.7"
185.216.113.70 - - [20/Apr/2026:17:11:01 +0300] "POST /wp-cron.php?doing_wp_cron=1776694261.5392689704895019531250 HTTP/1.1" 200 448 "-" "WordPress/6.3.8; https://serhatburke.miroglu.net"
116.202.50.35 - - [20/Apr/2026:17:10:45 +0300] "POST /xmlrpc.php HTTP/1.1" 200 117683 "-" "Mozilla/5.0 (Windows NT 10.0; Win64; x64) AppleWebKit/537.36 (KHTML, like Gecko) Chrome/64.0.3282.140 Safari/537.36 Edge/18.17763"
116.202.50.35 - - [20/Apr/2026:17:11:02 +0300] "POST /xmlrpc.php HTTP/1.1" 200 489 "-" "Mozilla/5.0 (Windows NT 10.0; Win64; x64) AppleWebKit/537.36 (KHTML, like Gecko) Chrome/64.0.3282.140 Safari/537.36 Edge/18.17763"
185.216.113.70 - - [20/Apr/2026:17:11:31 +0300] "POST /wp-cron.php?doing_wp_cron=1776694291.3475279808044433593750 HTTP/1.1" 200 448 "-" "WordPress/6.3.8; https://serhatburke.miroglu.net"
116.202.50.35 - - [20/Apr/2026:17:11:19 +0300] "POST /xmlrpc.php HTTP/1.1" 200 7438 "-" "Mozilla/5.0 (Windows NT 10.0; Win64; x64) AppleWebKit/537.36 (KHTML, like Gecko) Chrome/64.0.3282.140 Safari/537.36 Edge/18.17763"
200.25.47.132 - - [20/Apr/2026:17:11:32 +0300] "POST /xmlrpc.php HTTP/1.1" 200 630 "-" "Mozilla/5.0 (Windows NT 10.0; Win64; x64) AppleWebKit/537.36 (KHTML, like Gecko) Chrome/114.0.0.0 Safari/537.36"
200.25.47.132 - - [20/Apr/2026:17:11:53 +0300] "POST /xmlrpc.php HTTP/1.1" 200 11240 "-" "Mozilla/5.0 (Windows NT 10.0; Win64; x64) AppleWebKit/537.36 (KHTML, like Gecko) Chrome/114.0.0.0 Safari/537.36"
200.25.47.132 - - [20/Apr/2026:17:12:07 +0300] "GET /play-trendy-fruits-out-of-playtech-having-bitcoin/ HTTP/1.1" 200 71867 "-" "Mozilla/5.0 (Windows NT 10.0; Win64; x64) AppleWebKit/537.36 (KHTML, like Gecko) Chrome/122.0.0.0 Safari/537.36"
185.216.113.70 - - [20/Apr/2026:17:13:59 +0300] "POST /wp-cron.php?doing_wp_cron=1776694439.2588870525360107421875 HTTP/1.1" 200 448 "-" "WordPress/6.3.8; https://serhatburke.miroglu.net"
196.51.50.45 - - [20/Apr/2026:17:13:46 +0300] "GET /zotabet-casino-bonus-premier-depot-2026/ HTTP/1.1" 200 18530 "-" "Mozilla/5.0 (compatible; Googlebot/2.1; +http://www.google.com/bot.html)"
223.165.69.55 - - [20/Apr/2026:17:13:57 +0300] "POST /xmlrpc.php HTTP/1.1" 200 630 "-" "Mozilla/5.0 (Windows NT 10.0; Win64; x64) AppleWebKit/537.36 (KHTML, like Gecko) Chrome/114.0.0.0 Safari/537.36"
223.165.69.55 - - [20/Apr/2026:17:14:18 +0300] "POST /xmlrpc.php HTTP/1.1" 200 14131 "-" "Mozilla/5.0 (Windows NT 10.0; Win64; x64) AppleWebKit/537.36 (KHTML, like Gecko) Chrome/114.0.0.0 Safari/537.36"
185.216.113.70 - - [20/Apr/2026:17:14:44 +0300] "POST /wp-cron.php?doing_wp_cron=1776694484.4298839569091796875000 HTTP/1.1" 200 448 "-" "WordPress/6.3.8; https://serhatburke.miroglu.net"
200.25.47.132 - - [20/Apr/2026:17:14:31 +0300] "POST /xmlrpc.php HTTP/1.1" 200 630 "-" "Mozilla/5.0 (Windows NT 10.0; Win64; x64) AppleWebKit/537.36 (KHTML, like Gecko) Chrome/114.0.0.0 Safari/537.36"
223.165.69.55 - - [20/Apr/2026:17:14:33 +0300] "GET /lord-lucky-gambling-establishment-no-deposit-added-bonus-rules-february-2026/ HTTP/1.1" 200 75445 "-" "Mozilla/5.0 (Windows NT 10.0; Win64; x64) AppleWebKit/537.36 (KHTML, like Gecko) Chrome/123.0.0.0 Safari/537.36 OPR/109.0.0.0"
200.25.47.132 - - [20/Apr/2026:17:14:51 +0300] "POST /xmlrpc.php HTTP/1.1" 200 11265 "-" "Mozilla/5.0 (Windows NT 10.0; Win64; x64) AppleWebKit/537.36 (KHTML, like Gecko) Chrome/114.0.0.0 Safari/537.36"
200.25.47.132 - - [20/Apr/2026:17:15:06 +0300] "GET /fifty-free-spins-no-deposit-nz-2026-100-percent-free-fifty-revolves/ HTTP/1.1" 200 72561 "-" "Mozilla/5.0 (Windows NT 10.0; Win64; x64) AppleWebKit/537.36 (KHTML, like Gecko) Chrome/124.0.0.0 Safari/537.36"
185.216.113.70 - - [20/Apr/2026:17:16:01 +0300] "POST /wp-cron.php?doing_wp_cron=1776694561.3452661037445068359375 HTTP/1.1" 200 448 "-" "WordPress/6.3.8; https://serhatburke.miroglu.net"
192.142.53.92 - - [20/Apr/2026:17:15:46 +0300] "GET /hitta-det-perfekta-online-casinot-for-din-101/ HTTP/2" 200 104837 "-" "Mozilla/5.0 (Windows NT 10.0; Win64; x64) AppleWebKit/537.36 (KHTML, like Gecko) Chrome/124.0.0.0 Safari/537.36"
192.142.53.92 - - [20/Apr/2026:17:16:09 +0300] "GET /hitta-det-perfekta-online-casinot-for-din-101/ HTTP/2" 200 191655 "-" "Mozilla/5.0 (Windows NT 10.0; Win64; x64) AppleWebKit/537.36 (KHTML, like Gecko) Chrome/124.0.0.0 Safari/537.36"
185.216.113.70 - - [20/Apr/2026:17:18:19 +0300] "POST /wp-cron.php?doing_wp_cron=1776694699.3368270397186279296875 HTTP/1.1" 200 448 "-" "WordPress/6.3.8; https://serhatburke.miroglu.net"
178.159.37.142 - - [20/Apr/2026:17:18:00 +0300] "POST /xmlrpc.php HTTP/1.1" 200 117698 "-" "Mozilla/5.0 (Windows NT 10.0; Win64; x64; Xbox; Xbox One) AppleWebKit/537.36 (KHTML, like Gecko) Chrome/114.0.0.0 Safari/537.36 Edge/44.18363.8131"
200.25.47.132 - - [20/Apr/2026:17:18:11 +0300] "POST /xmlrpc.php HTTP/1.1" 200 630 "-" "Mozilla/5.0 (Windows NT 10.0; Win64; x64) AppleWebKit/537.36 (KHTML, like Gecko) Chrome/114.0.0.0 Safari/537.36"
178.159.37.142 - - [20/Apr/2026:17:18:23 +0300] "POST /xmlrpc.php HTTP/1.1" 200 664 "-" "Mozilla/5.0 (Windows NT 10.0; Win64; x64; Xbox; Xbox One) AppleWebKit/537.36 (KHTML, like Gecko) Chrome/114.0.0.0 Safari/537.36 Edge/44.18363.8131"
200.25.47.132 - - [20/Apr/2026:17:18:40 +0300] "POST /xmlrpc.php HTTP/1.1" 200 11745 "-" "Mozilla/5.0 (Windows NT 10.0; Win64; x64) AppleWebKit/537.36 (KHTML, like Gecko) Chrome/114.0.0.0 Safari/537.36"
178.159.37.142 - - [20/Apr/2026:17:18:45 +0300] "POST /xmlrpc.php HTTP/1.1" 200 884 "-" "Mozilla/5.0 (Windows NT 10.0; Win64; x64; Xbox; Xbox One) AppleWebKit/537.36 (KHTML, like Gecko) Chrome/114.0.0.0 Safari/537.36 Edge/44.18363.8131"
200.25.47.132 - - [20/Apr/2026:17:18:56 +0300] "GET /greatest-real-money-casinos-online-enjoy-game-for-real-currency/ HTTP/1.1" 200 72604 "-" "Mozilla/5.0 (Windows NT 10.0; Win64; x64) AppleWebKit/537.36 (KHTML, like Gecko) Chrome/122.0.0.0 Safari/537.36"
181.52.138.64 - - [20/Apr/2026:17:19:09 +0300] "GET /avantages-des-solutions-anti-surchauffe-dans-le-milieu-sportif/ HTTP/1.1" 200 68054 "-" "GuzzleHttp/7"
185.216.113.70 - - [20/Apr/2026:17:20:58 +0300] "POST /wp-cron.php?doing_wp_cron=1776694857.9775359630584716796875 HTTP/1.1" 200 448 "-" "WordPress/6.3.8; https://serhatburke.miroglu.net"
223.165.69.55 - - [20/Apr/2026:17:20:43 +0300] "POST /xmlrpc.php HTTP/1.1" 200 630 "-" "Mozilla/5.0 (Windows NT 10.0; Win64; x64) AppleWebKit/537.36 (KHTML, like Gecko) Chrome/114.0.0.0 Safari/537.36"
223.165.69.55 - - [20/Apr/2026:17:21:05 +0300] "POST /xmlrpc.php HTTP/1.1" 200 12031 "-" "Mozilla/5.0 (Windows NT 10.0; Win64; x64) AppleWebKit/537.36 (KHTML, like Gecko) Chrome/114.0.0.0 Safari/537.36"
223.165.69.55 - - [20/Apr/2026:17:21:20 +0300] "GET /happy-bird-gambling-establishment-remark-specialist-user-analysis-2026/ HTTP/1.1" 200 73352 "-" "Mozilla/5.0 (Windows NT 10.0; rv:125.0) Gecko/20100101 Firefox/125.0"
185.216.113.70 - - [20/Apr/2026:17:21:54 +0300] "POST /wp-cron.php?doing_wp_cron=1776694914.6152091026306152343750 HTTP/1.1" 200 448 "-" "WordPress/6.3.8; https://serhatburke.miroglu.net"
200.25.47.132 - - [20/Apr/2026:17:21:42 +0300] "POST /xmlrpc.php HTTP/1.1" 200 630 "-" "Mozilla/5.0 (Windows NT 10.0; Win64; x64) AppleWebKit/537.36 (KHTML, like Gecko) Chrome/114.0.0.0 Safari/537.36"
200.25.47.132 - - [20/Apr/2026:17:22:01 +0300] "POST /xmlrpc.php HTTP/1.1" 200 11563 "-" "Mozilla/5.0 (Windows NT 10.0; Win64; x64) AppleWebKit/537.36 (KHTML, like Gecko) Chrome/114.0.0.0 Safari/537.36"
200.25.47.132 - - [20/Apr/2026:17:22:16 +0300] "GET /internet-casino-welcome-bonuses-2026-gambling-establishment-register-also-offers/ HTTP/1.1" 200 73025 "-" "Mozilla/5.0 (Windows NT 10.0; Win64; x64; rv:124.0) Gecko/20100101 Firefox/124.0"
185.216.113.70 - - [20/Apr/2026:17:25:12 +0300] "POST /wp-cron.php?doing_wp_cron=1776695112.5715589523315429687500 HTTP/1.1" 200 448 "-" "WordPress/6.3.8; https://serhatburke.miroglu.net"
200.25.47.132 - - [20/Apr/2026:17:24:58 +0300] "POST /xmlrpc.php HTTP/1.1" 200 630 "-" "Mozilla/5.0 (Windows NT 10.0; Win64; x64) AppleWebKit/537.36 (KHTML, like Gecko) Chrome/114.0.0.0 Safari/537.36"
178.159.37.44 - - [20/Apr/2026:17:25:18 +0300] "POST /xmlrpc.php HTTP/1.1" 200 118392 "-" "Mozilla/5.0 (Macintosh; Intel Mac OS X 10_15_7) AppleWebKit/537.36 (KHTML, like Gecko) Chrome/131.0.0.0 Safari/537.36"
200.25.47.132 - - [20/Apr/2026:17:25:19 +0300] "POST /xmlrpc.php HTTP/1.1" 200 11394 "-" "Mozilla/5.0 (Windows NT 10.0; Win64; x64) AppleWebKit/537.36 (KHTML, like Gecko) Chrome/114.0.0.0 Safari/537.36"
223.165.69.55 - - [20/Apr/2026:17:25:24 +0300] "POST /xmlrpc.php HTTP/1.1" 200 630 "-" "Mozilla/5.0 (Windows NT 10.0; Win64; x64) AppleWebKit/537.36 (KHTML, like Gecko) Chrome/114.0.0.0 Safari/537.36"
216.73.217.121 - - [20/Apr/2026:17:25:26 +0300] "GET /robots.txt HTTP/2" 200 110 "-" "Mozilla/5.0 AppleWebKit/537.36 (KHTML, like Gecko; compatible; ClaudeBot/1.0; +claudebot@anthropic.com)"
216.73.217.121 - - [20/Apr/2026:17:25:52 +0300] "GET /sitemap.rss HTTP/2" 200 0 "-" "Mozilla/5.0 AppleWebKit/537.36 (KHTML, like Gecko; compatible; ClaudeBot/1.0; +claudebot@anthropic.com)"
216.73.217.121 - - [20/Apr/2026:17:25:52 +0300] "GET /sitemap.xml HTTP/2" 200 0 "-" "Mozilla/5.0 AppleWebKit/537.36 (KHTML, like Gecko; compatible; ClaudeBot/1.0; +claudebot@anthropic.com)"
185.216.113.70 - - [20/Apr/2026:17:26:17 +0300] "POST /wp-cron.php?doing_wp_cron=1776695175.0184400081634521484375 HTTP/1.1" 200 448 "-" "WordPress/6.3.8; https://serhatburke.miroglu.net"
178.159.37.44 - - [20/Apr/2026:17:25:43 +0300] "POST /xmlrpc.php HTTP/1.1" 200 664 "-" "Mozilla/5.0 (Macintosh; Intel Mac OS X 10_15_7) AppleWebKit/537.36 (KHTML, like Gecko) Chrome/131.0.0.0 Safari/537.36"
200.25.47.132 - - [20/Apr/2026:17:25:49 +0300] "GET /better-gambling-enterprises-recognizing-neteller-costs-february-2026/ HTTP/1.1" 200 72626 "-" "Mozilla/5.0 (Windows NT 10.0; rv:125.0) Gecko/20100101 Firefox/125.0"
223.165.69.55 - - [20/Apr/2026:17:25:57 +0300] "POST /xmlrpc.php HTTP/1.1" 200 11368 "-" "Mozilla/5.0 (Windows NT 10.0; Win64; x64) AppleWebKit/537.36 (KHTML, like Gecko) Chrome/114.0.0.0 Safari/537.36"
178.159.37.44 - - [20/Apr/2026:17:26:19 +0300] "POST /xmlrpc.php HTTP/1.1" 200 667 "-" "Mozilla/5.0 (Macintosh; Intel Mac OS X 10_15_7) AppleWebKit/537.36 (KHTML, like Gecko) Chrome/131.0.0.0 Safari/537.36"
223.165.69.55 - - [20/Apr/2026:17:26:29 +0300] "GET /bonus-as-much-as-a-hundred-in-the-lucky-emperor/ HTTP/1.1" 200 72166 "-" "Mozilla/5.0 (Windows NT 10.0; Win64; x64; rv:125.0) Gecko/20100101 Firefox/125.0"
185.216.113.70 - - [20/Apr/2026:17:26:53 +0300] "POST /wp-cron.php?doing_wp_cron=1776695213.1769149303436279296875 HTTP/1.1" 200 448 "-" "WordPress/6.3.8; https://serhatburke.miroglu.net"
178.159.37.44 - - [20/Apr/2026:17:26:40 +0300] "POST /xmlrpc.php HTTP/1.1" 200 13421 "-" "Mozilla/5.0 (Macintosh; Intel Mac OS X 10_15_7) AppleWebKit/537.36 (KHTML, like Gecko) Chrome/131.0.0.0 Safari/537.36"
185.216.113.70 - - [20/Apr/2026:17:28:27 +0300] "POST /wp-cron.php?doing_wp_cron=1776695307.6348710060119628906250 HTTP/1.1" 200 448 "-" "WordPress/6.3.8; https://serhatburke.miroglu.net"
201.92.225.167 - - [20/Apr/2026:17:28:14 +0300] "POST /xmlrpc.php HTTP/2" 200 141 "-" "WordPress/XMLRPC Client"
201.92.225.167 - - [20/Apr/2026:17:28:28 +0300] "GET /?p=123265 HTTP/2" 301 0 "-" "Mozilla/5.0 (Windows NT 10.0; Win64; x64) AppleWebKit/537.36 (KHTML, like Gecko) Chrome/120.0.0.0 Safari/537.36"
200.25.47.132 - - [20/Apr/2026:17:28:47 +0300] "POST /xmlrpc.php HTTP/1.1" 200 630 "-" "Mozilla/5.0 (Windows NT 10.0; Win64; x64) AppleWebKit/537.36 (KHTML, like Gecko) Chrome/114.0.0.0 Safari/537.36"
185.216.113.70 - - [20/Apr/2026:17:29:20 +0300] "POST /wp-cron.php?doing_wp_cron=1776695359.9449150562286376953125 HTTP/1.1" 200 448 "-" "WordPress/6.3.8; https://serhatburke.miroglu.net"
200.25.47.132 - - [20/Apr/2026:17:29:07 +0300] "POST /xmlrpc.php HTTP/1.1" 200 11876 "-" "Mozilla/5.0 (Windows NT 10.0; Win64; x64) AppleWebKit/537.36 (KHTML, like Gecko) Chrome/114.0.0.0 Safari/537.36"
200.25.47.132 - - [20/Apr/2026:17:29:21 +0300] "GET /greatest-visa-casinos-2026-prompt-places-and-you-will-secure-withdrawals/ HTTP/1.1" 200 73408 "-" "Mozilla/5.0 (Windows NT 10.0; Win64; x64) AppleWebKit/537.36 (KHTML, like Gecko) Chrome/124.0.0.0 Safari/537.36"
185.216.113.70 - - [20/Apr/2026:17:30:42 +0300] "POST /wp-cron.php?doing_wp_cron=1776695442.6368880271911621093750 HTTP/1.1" 200 448 "-" "WordPress/6.3.8; https://serhatburke.miroglu.net"
223.165.69.55 - - [20/Apr/2026:17:30:30 +0300] "POST /xmlrpc.php HTTP/1.1" 200 630 "-" "Mozilla/5.0 (Windows NT 10.0; Win64; x64) AppleWebKit/537.36 (KHTML, like Gecko) Chrome/114.0.0.0 Safari/537.36"
223.165.69.55 - - [20/Apr/2026:17:30:49 +0300] "POST /xmlrpc.php HTTP/1.1" 200 14173 "-" "Mozilla/5.0 (Windows NT 10.0; Win64; x64) AppleWebKit/537.36 (KHTML, like Gecko) Chrome/114.0.0.0 Safari/537.36"
223.165.69.55 - - [20/Apr/2026:17:31:05 +0300] "GET /finest-internet-casino-incentives-2026-directory-of-greatest-extra-now-offers/ HTTP/1.1" 200 75523 "-" "Mozilla/5.0 (Windows NT 10.0; Win64; x64) AppleWebKit/537.36 (KHTML, like Gecko) Chrome/124.0.0.0 Safari/537.36"
185.216.113.70 - - [20/Apr/2026:17:32:04 +0300] "POST /wp-cron.php?doing_wp_cron=1776695524.6885540485382080078125 HTTP/1.1" 200 448 "-" "WordPress/6.3.8; https://serhatburke.miroglu.net"
95.216.244.46 - - [20/Apr/2026:17:31:50 +0300] "GET /aktsii-kazino-vavada-i-azartnye-igry-do-novogo-goda/ HTTP/1.1" 200 23061 "-" "Screaming Frog SEO Spider/19.1"
200.25.47.132 - - [20/Apr/2026:17:32:06 +0300] "POST /xmlrpc.php HTTP/1.1" 200 630 "-" "Mozilla/5.0 (Windows NT 10.0; Win64; x64) AppleWebKit/537.36 (KHTML, like Gecko) Chrome/114.0.0.0 Safari/537.36"
185.216.113.70 - - [20/Apr/2026:17:32:40 +0300] "POST /wp-cron.php?doing_wp_cron=1776695560.1822149753570556640625 HTTP/1.1" 200 448 "-" "WordPress/6.3.8; https://serhatburke.miroglu.net"
200.25.47.132 - - [20/Apr/2026:17:32:26 +0300] "POST /xmlrpc.php HTTP/1.1" 200 11435 "-" "Mozilla/5.0 (Windows NT 10.0; Win64; x64) AppleWebKit/537.36 (KHTML, like Gecko) Chrome/114.0.0.0 Safari/537.36"
200.25.47.132 - - [20/Apr/2026:17:32:41 +0300] "GET /on-line-casino-websites-you-to-take-on-siru-mobile/ HTTP/1.1" 200 72116 "-" "Mozilla/5.0 (Windows NT 10.0; rv:109.0) Gecko/20100101 Firefox/115.0"
185.216.113.70 - - [20/Apr/2026:17:35:39 +0300] "POST /wp-cron.php?doing_wp_cron=1776695739.6474781036376953125000 HTTP/1.1" 200 448 "-" "WordPress/6.3.8; https://serhatburke.miroglu.net"
200.25.47.132 - - [20/Apr/2026:17:35:24 +0300] "POST /xmlrpc.php HTTP/1.1" 200 630 "-" "Mozilla/5.0 (Windows NT 10.0; Win64; x64) AppleWebKit/537.36 (KHTML, like Gecko) Chrome/114.0.0.0 Safari/537.36"
223.165.69.55 - - [20/Apr/2026:17:35:26 +0300] "POST /xmlrpc.php HTTP/1.1" 200 630 "-" "Mozilla/5.0 (Windows NT 10.0; Win64; x64) AppleWebKit/537.36 (KHTML, like Gecko) Chrome/114.0.0.0 Safari/537.36"
200.25.47.132 - - [20/Apr/2026:17:35:46 +0300] "POST /xmlrpc.php HTTP/1.1" 200 11010 "-" "Mozilla/5.0 (Windows NT 10.0; Win64; x64) AppleWebKit/537.36 (KHTML, like Gecko) Chrome/114.0.0.0 Safari/537.36"
223.165.69.55 - - [20/Apr/2026:17:35:47 +0300] "POST /xmlrpc.php HTTP/1.1" 200 14395 "-" "Mozilla/5.0 (Windows NT 10.0; Win64; x64) AppleWebKit/537.36 (KHTML, like Gecko) Chrome/114.0.0.0 Safari/537.36"
200.25.47.132 - - [20/Apr/2026:17:36:03 +0300] "GET /real-cash-jackpot-video-game/ HTTP/1.1" 200 71062 "-" "Mozilla/5.0 (Windows NT 10.0; Win64; x64) AppleWebKit/537.36 (KHTML, like Gecko) Chrome/122.0.0.0 Safari/537.36"
223.165.69.55 - - [20/Apr/2026:17:36:05 +0300] "GET /maneki-local-casino-opinion-better-no-deposit-and-you-can-free-spins-extra-review/ HTTP/1.1" 200 75923 "-" "Mozilla/5.0 (Windows NT 10.0; Win64; x64) AppleWebKit/537.36 (KHTML, like Gecko) Chrome/122.0.0.0 Safari/537.36"
185.216.113.70 - - [20/Apr/2026:17:36:49 +0300] "POST /wp-cron.php?doing_wp_cron=1776695809.7914009094238281250000 HTTP/1.1" 200 448 "-" "WordPress/6.3.8; https://serhatburke.miroglu.net"
41.141.243.170 - - [20/Apr/2026:17:36:37 +0300] "GET /digital-fairness-in-the-age-of-big-tech-3/ HTTP/1.1" 200 18108 "-" "Mozilla/5.0 (Macintosh; Intel Mac OS X 10_15_7) AppleWebKit/537.36 (KHTML, like Gecko) Chrome/144.0.0.0 Safari/537.36"
185.216.113.70 - - [20/Apr/2026:17:38:39 +0300] "POST /wp-cron.php?doing_wp_cron=1776695919.8560869693756103515625 HTTP/1.1" 200 448 "-" "WordPress/6.3.8; https://serhatburke.miroglu.net"
14.191.134.5 - - [20/Apr/2026:17:38:24 +0300] "POST /xmlrpc.php HTTP/2" 200 141 "-" "WordPress/XMLRPC Client"
200.25.47.132 - - [20/Apr/2026:17:38:32 +0300] "POST /xmlrpc.php HTTP/1.1" 200 630 "-" "Mozilla/5.0 (Windows NT 10.0; Win64; x64) AppleWebKit/537.36 (KHTML, like Gecko) Chrome/114.0.0.0 Safari/537.36"
14.191.134.5 - - [20/Apr/2026:17:38:40 +0300] "GET /?p=123277 HTTP/2" 301 0 "-" "Mozilla/5.0 (Windows NT 10.0; Win64; x64) AppleWebKit/537.36 (KHTML, like Gecko) Chrome/120.0.0.0 Safari/537.36"
200.25.47.132 - - [20/Apr/2026:17:38:58 +0300] "POST /xmlrpc.php HTTP/1.1" 200 11732 "-" "Mozilla/5.0 (Windows NT 10.0; Win64; x64) AppleWebKit/537.36 (KHTML, like Gecko) Chrome/114.0.0.0 Safari/537.36"
66.249.73.14 - - [20/Apr/2026:17:39:12 +0300] "GET /unveiling-fortunecasinouk-promotions-at-drake-casino-a-comprehensive-review-for-uk-players/undefined?ts=1775520000 HTTP/1.1" 200 0 "https://serhatburke.miroglu.net/unveiling-fortunecasinouk-promotions-at-drake-casino-a-comprehensive-review-for-uk-players/" "Mozilla/5.0 (Linux; Android 6.0.1; Nexus 5X Build/MMB29P) AppleWebKit/537.36 (KHTML, like Gecko) Chrome/146.0.7680.177 Mobile Safari/537.36 (compatible; Googlebot/2.1; +http://www.google.com/bot.html)"
200.25.47.132 - - [20/Apr/2026:17:39:12 +0300] "GET /funky-fruits-frenzy-slot-play-100-percent-free-demonstration-on-the-internet/ HTTP/1.1" 200 73221 "-" "Mozilla/5.0 (Windows NT 10.0; Win64; x64) AppleWebKit/537.36 (KHTML, like Gecko) Chrome/124.0.0.0 Safari/537.36"
66.249.73.14 - - [20/Apr/2026:17:39:24 +0300] "GET /unveiling-fortunecasinouk-promotions-at-drake-casino-a-comprehensive-review-for-uk-players/undefined?ts=1775520000 HTTP/1.1" 404 14409 "https://serhatburke.miroglu.net/unveiling-fortunecasinouk-promotions-at-drake-casino-a-comprehensive-review-for-uk-players/" "Mozilla/5.0 (Linux; Android 6.0.1; Nexus 5X Build/MMB29P) AppleWebKit/537.36 (KHTML, like Gecko) Chrome/146.0.7680.177 Mobile Safari/537.36 (compatible; Googlebot/2.1; +http://www.google.com/bot.html)"
66.249.73.14 - - [20/Apr/2026:17:39:36 +0300] "GET /unveiling-fortunecasinouk-promotions-at-drake-casino-a-comprehensive-review-for-uk-players/undefined?ts=1775520000 HTTP/1.1" 200 0 "https://serhatburke.miroglu.net/unveiling-fortunecasinouk-promotions-at-drake-casino-a-comprehensive-review-for-uk-players/" "Mozilla/5.0 (Linux; Android 6.0.1; Nexus 5X Build/MMB29P) AppleWebKit/537.36 (KHTML, like Gecko) Chrome/146.0.7680.177 Mobile Safari/537.36 (compatible; Googlebot/2.1; +http://www.google.com/bot.html)"
185.216.113.70 - - [20/Apr/2026:17:39:48 +0300] "POST /wp-cron.php?doing_wp_cron=1776695988.2402310371398925781250 HTTP/1.1" 200 448 "-" "WordPress/6.3.8; https://serhatburke.miroglu.net"
66.249.73.14 - - [20/Apr/2026:17:39:48 +0300] "GET /unveiling-fortunecasinouk-promotions-at-drake-casino-a-comprehensive-review-for-uk-players/undefined?ts=1775520000 HTTP/1.1" 200 0 "https://serhatburke.miroglu.net/unveiling-fortunecasinouk-promotions-at-drake-casino-a-comprehensive-review-for-uk-players/" "Mozilla/5.0 (Linux; Android 6.0.1; Nexus 5X Build/MMB29P) AppleWebKit/537.36 (KHTML, like Gecko) Chrome/146.0.7680.177 Mobile Safari/537.36 (compatible; Googlebot/2.1; +http://www.google.com/bot.html)"
66.249.73.14 - - [20/Apr/2026:17:40:00 +0300] "GET /unveiling-fortunecasinouk-promotions-at-drake-casino-a-comprehensive-review-for-uk-players/undefined?ts=1775520000 HTTP/1.1" 200 0 "https://serhatburke.miroglu.net/unveiling-fortunecasinouk-promotions-at-drake-casino-a-comprehensive-review-for-uk-players/" "Mozilla/5.0 (Linux; Android 6.0.1; Nexus 5X Build/MMB29P) AppleWebKit/537.36 (KHTML, like Gecko) Chrome/146.0.7680.177 Mobile Safari/537.36 (compatible; Googlebot/2.1; +http://www.google.com/bot.html)"
223.165.69.55 - - [20/Apr/2026:17:40:04 +0300] "POST /xmlrpc.php HTTP/1.1" 200 630 "-" "Mozilla/5.0 (Windows NT 10.0; Win64; x64) AppleWebKit/537.36 (KHTML, like Gecko) Chrome/114.0.0.0 Safari/537.36"
185.216.113.70 - - [20/Apr/2026:17:40:36 +0300] "POST /wp-cron.php?doing_wp_cron=1776696036.3654029369354248046875 HTTP/1.1" 200 448 "-" "WordPress/6.3.8; https://serhatburke.miroglu.net"
223.165.69.55 - - [20/Apr/2026:17:40:24 +0300] "POST /xmlrpc.php HTTP/1.1" 200 12004 "-" "Mozilla/5.0 (Windows NT 10.0; Win64; x64) AppleWebKit/537.36 (KHTML, like Gecko) Chrome/114.0.0.0 Safari/537.36"
223.165.69.55 - - [20/Apr/2026:17:40:38 +0300] "GET /maneki-gambling-enterprise-remark-best-casinos-on-the-internet-examined-ranked/ HTTP/1.1" 200 73402 "-" "Mozilla/5.0 (Windows NT 10.0; Win64; x64; rv:124.0) Gecko/20100101 Firefox/124.0"
185.216.113.70 - - [20/Apr/2026:17:41:49 +0300] "POST /wp-cron.php?doing_wp_cron=1776696109.0115299224853515625000 HTTP/1.1" 200 448 "-" "WordPress/6.3.8; https://serhatburke.miroglu.net"
200.25.47.132 - - [20/Apr/2026:17:41:35 +0300] "POST /xmlrpc.php HTTP/1.1" 200 630 "-" "Mozilla/5.0 (Windows NT 10.0; Win64; x64) AppleWebKit/537.36 (KHTML, like Gecko) Chrome/114.0.0.0 Safari/537.36"
200.25.47.132 - - [20/Apr/2026:17:41:56 +0300] "POST /xmlrpc.php HTTP/1.1" 200 11293 "-" "Mozilla/5.0 (Windows NT 10.0; Win64; x64) AppleWebKit/537.36 (KHTML, like Gecko) Chrome/114.0.0.0 Safari/537.36"
200.25.47.132 - - [20/Apr/2026:17:42:13 +0300] "GET /free-harbors-on-the-web-gamble-10000-ports-for-free/ HTTP/1.1" 200 72089 "-" "Mozilla/5.0 (Windows NT 10.0; Win64; x64) AppleWebKit/537.36 (KHTML, like Gecko) Chrome/124.0.0.0 Safari/537.36 Edg/124.0.0.0"
185.216.113.70 - - [20/Apr/2026:17:44:08 +0300] "POST /wp-cron.php?doing_wp_cron=1776696248.5991940498352050781250 HTTP/1.1" 200 448 "-" "WordPress/6.3.8; https://serhatburke.miroglu.net"
223.165.69.55 - - [20/Apr/2026:17:43:48 +0300] "POST /xmlrpc.php HTTP/1.1" 200 630 "-" "Mozilla/5.0 (Windows NT 10.0; Win64; x64) AppleWebKit/537.36 (KHTML, like Gecko) Chrome/114.0.0.0 Safari/537.36"
223.165.69.55 - - [20/Apr/2026:17:44:16 +0300] "POST /xmlrpc.php HTTP/1.1" 200 14460 "-" "Mozilla/5.0 (Windows NT 10.0; Win64; x64) AppleWebKit/537.36 (KHTML, like Gecko) Chrome/114.0.0.0 Safari/537.36"
185.216.113.70 - - [20/Apr/2026:17:44:47 +0300] "POST /wp-cron.php?doing_wp_cron=1776696287.3951339721679687500000 HTTP/1.1" 200 448 "-" "WordPress/6.3.8; https://serhatburke.miroglu.net"
200.25.47.132 - - [20/Apr/2026:17:44:31 +0300] "POST /xmlrpc.php HTTP/1.1" 200 630 "-" "Mozilla/5.0 (Windows NT 10.0; Win64; x64) AppleWebKit/537.36 (KHTML, like Gecko) Chrome/114.0.0.0 Safari/537.36"
223.165.69.55 - - [20/Apr/2026:17:44:32 +0300] "GET /top-10-online-casinos-2026-7000-a-real-income-web-sites-checked-out/ HTTP/1.1" 200 75446 "-" "Mozilla/5.0 (Windows NT 10.0; Win64; x64; rv:125.0) Gecko/20100101 Firefox/125.0"
200.25.47.132 - - [20/Apr/2026:17:44:56 +0300] "POST /xmlrpc.php HTTP/1.1" 200 11448 "-" "Mozilla/5.0 (Windows NT 10.0; Win64; x64) AppleWebKit/537.36 (KHTML, like Gecko) Chrome/114.0.0.0 Safari/537.36"
200.25.47.132 - - [20/Apr/2026:17:45:12 +0300] "GET /free-online-ports-gamble-2400-video-slot-with-no-down-load/ HTTP/1.1" 200 72418 "-" "Mozilla/5.0 (Windows NT 10.0; Win64; x64) AppleWebKit/537.36 (KHTML, like Gecko) Chrome/122.0.0.0 Safari/537.36"
91.99.6.95 - - [20/Apr/2026:17:45:58 +0300] "GET /robots.txt HTTP/1.1" 200 0 "-" "Mozilla/5.0 (Windows NT 10.0; Win64; x64) AppleWebKit/537.36 (KHTML, like Gecko) Chrome/145.0.0.0 Safari/537.36"
66.249.73.1 - - [20/Apr/2026:17:46:13 +0300] "GET /unveiling-fortunecasinouk-promotions-at-drake-casino-a-comprehensive-review-for-uk-players/ HTTP/1.1" 200 0 "https://ybsagez.driftlogic-games.biz/" "Mozilla/5.0 (Linux; Android 6.0.1; Nexus 5X Build/MMB29P) AppleWebKit/537.36 (KHTML, like Gecko) Chrome/146.0.7680.177 Mobile Safari/537.36 (compatible; Googlebot/2.1; +http://www.google.com/bot.html)"
185.216.113.70 - - [20/Apr/2026:17:46:29 +0300] "POST /wp-cron.php?doing_wp_cron=1776696389.3214221000671386718750 HTTP/1.1" 200 448 "-" "WordPress/6.3.8; https://serhatburke.miroglu.net"
91.99.6.95 - - [20/Apr/2026:17:46:14 +0300] "GET /craft-your-perfect-token-with-customizable-smart-12/ HTTP/1.1" 200 0 "-" "Mozilla/5.0 (Windows NT 10.0; Win64; x64) AppleWebKit/537.36 (KHTML, like Gecko) Chrome/145.0.0.0 Safari/537.36"
174.138.16.211 - - [20/Apr/2026:17:46:39 +0300] "GET /casino-online-skrill-prelievo-veloce/ HTTP/1.1" 200 18092 "https://serhatburke.miroglu.net/" "Mozilla/5.0 (Macintosh; Intel Mac OS X 12_5) AppleWebKit/537.36 (KHTML, like Gecko) Chrome/114.0.0.0 Safari/537.36 Vivaldi/5.3.2679.68"
174.138.16.211 - - [20/Apr/2026:17:47:04 +0300] "GET /wp-login.php?action=register HTTP/1.1" 302 702 "https://serhatburke.miroglu.net/casino-online-skrill-prelievo-veloce/" "Mozilla/5.0 (Windows NT 6.3; Win64; x64) AppleWebKit/537.36 (KHTML, like Gecko) Chrome/103.0.0.0 Safari/537.36"
174.138.16.211 - - [20/Apr/2026:17:47:18 +0300] "GET /wp-login.php?registration=disabled HTTP/1.1" 200 3805 "https://serhatburke.miroglu.net/wp-login.php?action=register" "Mozilla/5.0 (Windows NT 6.3; Win64; x64) AppleWebKit/537.36 (KHTML, like Gecko) Chrome/103.0.0.0 Safari/537.36"
185.216.113.70 - - [20/Apr/2026:17:47:49 +0300] "POST /wp-cron.php?doing_wp_cron=1776696469.1480300426483154296875 HTTP/1.1" 200 448 "-" "WordPress/6.3.8; https://serhatburke.miroglu.net"
223.165.69.55 - - [20/Apr/2026:17:47:36 +0300] "POST /xmlrpc.php HTTP/1.1" 200 630 "-" "Mozilla/5.0 (Windows NT 10.0; Win64; x64) AppleWebKit/537.36 (KHTML, like Gecko) Chrome/114.0.0.0 Safari/537.36"
223.165.69.55 - - [20/Apr/2026:17:47:56 +0300] "POST /xmlrpc.php HTTP/1.1" 200 15036 "-" "Mozilla/5.0 (Windows NT 10.0; Win64; x64) AppleWebKit/537.36 (KHTML, like Gecko) Chrome/114.0.0.0 Safari/537.36"
223.165.69.55 - - [20/Apr/2026:17:48:15 +0300] "GET /melbet-comment-sportsbook-casino-2026-can-it-be-safe-and-legit/ HTTP/1.1" 200 75857 "-" "Mozilla/5.0 (Windows NT 10.0; Win64; x64) AppleWebKit/537.36 (KHTML, like Gecko) Chrome/124.0.0.0 Safari/537.36 Edg/124.0.0.0"
200.25.47.132 - - [20/Apr/2026:17:47:36 +0300] "POST /xmlrpc.php HTTP/1.1" 503 386 "-" "Mozilla/5.0 (Windows NT 10.0; Win64; x64) AppleWebKit/537.36 (KHTML, like Gecko) Chrome/114.0.0.0 Safari/537.36"
185.216.113.70 - - [20/Apr/2026:17:48:50 +0300] "POST /wp-cron.php?doing_wp_cron=1776696530.1299850940704345703125 HTTP/1.1" 200 448 "-" "WordPress/6.3.8; https://serhatburke.miroglu.net"
200.25.47.132 - - [20/Apr/2026:17:48:38 +0300] "POST /xmlrpc.php HTTP/1.1" 500 1102 "-" "Mozilla/5.0 (Windows NT 10.0; Win64; x64) AppleWebKit/537.36 (KHTML, like Gecko) Chrome/114.0.0.0 Safari/537.36"
185.216.113.70 - - [20/Apr/2026:17:50:15 +0300] "POST /wp-cron.php?doing_wp_cron=1776696615.7308089733123779296875 HTTP/1.1" 200 448 "-" "WordPress/6.3.8; https://serhatburke.miroglu.net"
107.152.46.202 - - [20/Apr/2026:17:50:03 +0300] "GET /automaty-hazard-online/ HTTP/1.1" 200 17664 "-" "Mozilla/5.0 (Windows NT 10.0; Win64; x64) AppleWebKit/537.36 (KHTML, like Gecko) Chrome/114.0.0.0 YaBrowser/22.7.0 Yowser/2.5 Safari/537.36"
185.216.113.70 - - [20/Apr/2026:17:51:28 +0300] "POST /wp-cron.php?doing_wp_cron=1776696688.0445530414581298828125 HTTP/1.1" 200 448 "-" "WordPress/6.3.8; https://serhatburke.miroglu.net"
223.165.69.55 - - [20/Apr/2026:17:51:15 +0300] "POST /xmlrpc.php HTTP/1.1" 200 630 "-" "Mozilla/5.0 (Windows NT 10.0; Win64; x64) AppleWebKit/537.36 (KHTML, like Gecko) Chrome/114.0.0.0 Safari/537.36"
223.165.69.55 - - [20/Apr/2026:17:51:35 +0300] "POST /xmlrpc.php HTTP/1.1" 200 14478 "-" "Mozilla/5.0 (Windows NT 10.0; Win64; x64) AppleWebKit/537.36 (KHTML, like Gecko) Chrome/114.0.0.0 Safari/537.36"
223.165.69.55 - - [20/Apr/2026:17:51:50 +0300] "GET /trump-retail-center-lodge-and-you-may-gambling-establishment-wikipedia/ HTTP/1.1" 200 75722 "-" "Mozilla/5.0 (Windows NT 10.0; Win64; x64) AppleWebKit/537.36 (KHTML, like Gecko) Chrome/123.0.0.0 Safari/537.36 OPR/109.0.0.0"
185.216.113.70 - - [20/Apr/2026:17:55:04 +0300] "POST /wp-cron.php?doing_wp_cron=1776696904.3658690452575683593750 HTTP/1.1" 200 448 "-" "WordPress/6.3.8; https://serhatburke.miroglu.net"
223.165.69.55 - - [20/Apr/2026:17:54:50 +0300] "POST /xmlrpc.php HTTP/1.1" 200 630 "-" "Mozilla/5.0 (Windows NT 10.0; Win64; x64) AppleWebKit/537.36 (KHTML, like Gecko) Chrome/114.0.0.0 Safari/537.36"
223.165.69.55 - - [20/Apr/2026:17:55:11 +0300] "POST /xmlrpc.php HTTP/1.1" 200 14366 "-" "Mozilla/5.0 (Windows NT 10.0; Win64; x64) AppleWebKit/537.36 (KHTML, like Gecko) Chrome/114.0.0.0 Safari/537.36"
185.216.113.70 - - [20/Apr/2026:17:55:39 +0300] "POST /wp-cron.php?doing_wp_cron=1776696939.3145470619201660156250 HTTP/1.1" 200 448 "-" "WordPress/6.3.8; https://serhatburke.miroglu.net"
66.249.73.15 - - [20/Apr/2026:17:55:33 +0300] "GET /robots.txt HTTP/1.1" 200 719 "-" "Mozilla/5.0 (compatible; Googlebot/2.1; +http://www.google.com/bot.html)"
223.165.69.55 - - [20/Apr/2026:17:55:26 +0300] "GET /step-one-greatest-united-states-online-casinos-2026-confirmed-real-cash-web-sites/ HTTP/1.1" 200 75708 "-" "Mozilla/5.0 (Windows NT 10.0; Win64; x64) AppleWebKit/537.36 (KHTML, like Gecko) Chrome/123.0.0.0 Safari/537.36 OPR/109.0.0.0"
185.216.113.70 - - [20/Apr/2026:17:57:00 +0300] "POST /wp-cron.php?doing_wp_cron=1776697020.0093300342559814453125 HTTP/1.1" 200 448 "-" "WordPress/6.3.8; https://serhatburke.miroglu.net"
158.69.22.136 - - [20/Apr/2026:17:56:47 +0300] "GET /beste-casino-site-belgie-hoge-inzet/ HTTP/1.1" 200 18669 "-" "Mozilla/5.0 (compatible; Googlebot/2.1; +http://www.google.com/bot.html)"
185.216.113.70 - - [20/Apr/2026:17:58:36 +0300] "POST /wp-cron.php?doing_wp_cron=1776697116.4236268997192382812500 HTTP/1.1" 200 448 "-" "WordPress/6.3.8; https://serhatburke.miroglu.net"
223.165.69.55 - - [20/Apr/2026:17:58:22 +0300] "POST /xmlrpc.php HTTP/1.1" 200 630 "-" "Mozilla/5.0 (Windows NT 10.0; Win64; x64) AppleWebKit/537.36 (KHTML, like Gecko) Chrome/114.0.0.0 Safari/537.36"
223.165.69.55 - - [20/Apr/2026:17:58:43 +0300] "POST /xmlrpc.php HTTP/1.1" 200 14628 "-" "Mozilla/5.0 (Windows NT 10.0; Win64; x64) AppleWebKit/537.36 (KHTML, like Gecko) Chrome/114.0.0.0 Safari/537.36"
223.165.69.55 - - [20/Apr/2026:17:59:04 +0300] "GET /real-cash-and-social-2026/ HTTP/1.1" 200 74693 "-" "Mozilla/5.0 (Windows NT 10.0; Win64; x64) AppleWebKit/537.36 (KHTML, like Gecko) Chrome/123.0.0.0 Safari/537.36"
