66.249.73.14 - - [21/Apr/2026:01:02:23 +0300] "GET /donbet-casino-review-for-uk-players/undefined?ts=1775520000 HTTP/1.1" 200 0 "https://serhatburke.miroglu.net/donbet-casino-review-for-uk-players/" "Mozilla/5.0 (Linux; Android 6.0.1; Nexus 5X Build/MMB29P) AppleWebKit/537.36 (KHTML, like Gecko) Chrome/146.0.7680.177 Mobile Safari/537.36 (compatible; Googlebot/2.1; +http://www.google.com/bot.html)"
66.249.73.14 - - [21/Apr/2026:01:02:35 +0300] "GET /donbet-casino-review-for-uk-players/undefined?ts=1775520000 HTTP/1.1" 200 0 "https://serhatburke.miroglu.net/donbet-casino-review-for-uk-players/" "Mozilla/5.0 (Linux; Android 6.0.1; Nexus 5X Build/MMB29P) AppleWebKit/537.36 (KHTML, like Gecko) Chrome/146.0.7680.177 Mobile Safari/537.36 (compatible; Googlebot/2.1; +http://www.google.com/bot.html)"
185.216.113.70 - - [21/Apr/2026:01:02:49 +0300] "POST /wp-cron.php?doing_wp_cron=1776722569.2920711040496826171875 HTTP/1.1" 200 448 "-" "WordPress/6.3.8; https://serhatburke.miroglu.net"
66.249.73.14 - - [21/Apr/2026:01:02:47 +0300] "GET /donbet-casino-review-for-uk-players/undefined?ts=1775520000 HTTP/1.1" 200 0 "https://serhatburke.miroglu.net/donbet-casino-review-for-uk-players/" "Mozilla/5.0 (Linux; Android 6.0.1; Nexus 5X Build/MMB29P) AppleWebKit/537.36 (KHTML, like Gecko) Chrome/146.0.7680.177 Mobile Safari/537.36 (compatible; Googlebot/2.1; +http://www.google.com/bot.html)"
45.92.28.173 - - [21/Apr/2026:01:03:12 +0300] "GET /28563-2/ HTTP/1.1" 200 18715 "-" "Mozilla/5.0 (compatible; Googlebot/2.1; +http://www.google.com/bot.html)"
185.216.113.70 - - [21/Apr/2026:01:04:15 +0300] "POST /wp-cron.php?doing_wp_cron=1776722655.6121571063995361328125 HTTP/1.1" 200 448 "-" "WordPress/6.3.8; https://serhatburke.miroglu.net"
66.249.73.14 - - [21/Apr/2026:01:04:15 +0300] "GET /wp-includes/js/jquery/jquery-migrate.min.js?ver=3.4.1 HTTP/1.1" 200 5306 "https://serhatburke.miroglu.net/donbet-casino-review-for-uk-players/" "Mozilla/5.0 (Linux; Android 6.0.1; Nexus 5X Build/MMB29P) AppleWebKit/537.36 (KHTML, like Gecko) Chrome/146.0.7680.177 Mobile Safari/537.36 (compatible; Googlebot/2.1; +http://www.google.com/bot.html)"
223.165.69.55 - - [21/Apr/2026:01:04:03 +0300] "POST /xmlrpc.php HTTP/1.1" 200 630 "-" "Mozilla/5.0 (Windows NT 10.0; Win64; x64) AppleWebKit/537.36 (KHTML, like Gecko) Chrome/114.0.0.0 Safari/537.36"
223.165.69.55 - - [21/Apr/2026:01:04:23 +0300] "POST /xmlrpc.php HTTP/1.1" 200 15121 "-" "Mozilla/5.0 (Windows NT 10.0; Win64; x64) AppleWebKit/537.36 (KHTML, like Gecko) Chrome/114.0.0.0 Safari/537.36"
185.216.113.70 - - [21/Apr/2026:01:04:52 +0300] "POST /wp-cron.php?doing_wp_cron=1776722692.3067359924316406250000 HTTP/1.1" 200 448 "-" "WordPress/6.3.8; https://serhatburke.miroglu.net"
223.165.69.55 - - [21/Apr/2026:01:04:40 +0300] "GET /trendy-good-fresh-fruit-position-on-the-redstone-completely-beetle-celebrity-slot-machine-real-cash-free-demonstration-delight-in-%E5%8F%B0%E7%81%A3%E5%8D%80%E8%A3%BD%E8%8C%B6%E5%B7%A5%E6%A5%AD/ HTTP/1.1" 200 79299 "-" "Mozilla/5.0 (Windows NT 10.0; rv:109.0) Gecko/20100101 Firefox/115.0"
146.66.10.116 - - [21/Apr/2026:01:05:17 +0300] "POST /xmlrpc.php HTTP/2" 200 141 "-" "WordPress/XMLRPC Client"
185.216.113.70 - - [21/Apr/2026:01:05:41 +0300] "POST /wp-cron.php?doing_wp_cron=1776722741.8316910266876220703125 HTTP/1.1" 200 448 "-" "WordPress/6.3.8; https://serhatburke.miroglu.net"
146.66.10.116 - - [21/Apr/2026:01:05:29 +0300] "GET /?p=123861 HTTP/2" 301 0 "-" "Mozilla/5.0 (Windows NT 10.0; Win64; x64) AppleWebKit/537.36 (KHTML, like Gecko) Chrome/120.0.0.0 Safari/537.36"
186.139.201.223 - - [21/Apr/2026:01:05:54 +0300] "POST /xmlrpc.php HTTP/2" 200 141 "-" "WordPress/XMLRPC Client"
5.78.159.87 - - [21/Apr/2026:01:06:04 +0300] "POST /xmlrpc.php HTTP/1.1" 200 602 "-" "Mozilla/5.0 (Windows NT 10.0; Win64; x64) AppleWebKit/537.36 (KHTML, like Gecko) Chrome/108.0.0.0 Safari/537.36"
185.216.113.70 - - [21/Apr/2026:01:06:25 +0300] "POST /wp-cron.php?doing_wp_cron=1776722785.5432450771331787109375 HTTP/1.1" 200 448 "-" "WordPress/6.3.8; https://serhatburke.miroglu.net"
186.139.201.223 - - [21/Apr/2026:01:06:10 +0300] "GET /?p=123863 HTTP/2" 301 0 "-" "Mozilla/5.0 (Windows NT 10.0; Win64; x64) AppleWebKit/537.36 (KHTML, like Gecko) Chrome/120.0.0.0 Safari/537.36"
5.78.159.87 - - [21/Apr/2026:01:06:22 +0300] "POST /xmlrpc.php HTTP/1.1" 200 594 "-" "Mozilla/5.0 (Windows NT 10.0; Win64; x64) AppleWebKit/537.36 (KHTML, like Gecko) Chrome/108.0.0.0 Safari/537.36"
185.216.113.70 - - [21/Apr/2026:01:10:16 +0300] "POST /wp-cron.php?doing_wp_cron=1776723016.5858719348907470703125 HTTP/1.1" 200 448 "-" "WordPress/6.3.8; https://serhatburke.miroglu.net"
46.224.140.177 - - [21/Apr/2026:01:10:02 +0300] "POST /xmlrpc.php HTTP/1.1" 200 602 "-" "Mozilla/5.0 (Windows NT 10.0; Win64; x64) AppleWebKit/537.36 (KHTML, like Gecko) Chrome/108.0.0.0 Safari/537.36"
66.249.73.14 - - [21/Apr/2026:01:10:13 +0300] "GET /donbet-casino-review-for-uk-players/undefined?ts=1775520000 HTTP/1.1" 200 0 "https://serhatburke.miroglu.net/donbet-casino-review-for-uk-players/" "Mozilla/5.0 (Linux; Android 6.0.1; Nexus 5X Build/MMB29P) AppleWebKit/537.36 (KHTML, like Gecko) Chrome/146.0.7680.177 Mobile Safari/537.36 (compatible; Googlebot/2.1; +http://www.google.com/bot.html)"
46.224.140.177 - - [21/Apr/2026:01:10:18 +0300] "POST /xmlrpc.php HTTP/1.1" 200 0 "-" "Mozilla/5.0 (Windows NT 10.0; Win64; x64) AppleWebKit/537.36 (KHTML, like Gecko) Chrome/108.0.0.0 Safari/537.36"
66.249.73.14 - - [21/Apr/2026:01:10:25 +0300] "GET /donbet-casino-review-for-uk-players/undefined?ts=1775520000 HTTP/1.1" 200 0 "https://serhatburke.miroglu.net/donbet-casino-review-for-uk-players/" "Mozilla/5.0 (Linux; Android 6.0.1; Nexus 5X Build/MMB29P) AppleWebKit/537.36 (KHTML, like Gecko) Chrome/146.0.7680.177 Mobile Safari/537.36 (compatible; Googlebot/2.1; +http://www.google.com/bot.html)"
89.167.59.5 - - [21/Apr/2026:01:10:33 +0300] "POST /xmlrpc.php HTTP/1.1" 200 602 "-" "Mozilla/5.0 (Windows NT 10.0; Win64; x64) AppleWebKit/537.36 (KHTML, like Gecko) Chrome/108.0.0.0 Safari/537.36"
66.249.73.14 - - [21/Apr/2026:01:10:37 +0300] "GET /donbet-casino-review-for-uk-players/undefined?ts=1775520000 HTTP/1.1" 200 0 "https://serhatburke.miroglu.net/donbet-casino-review-for-uk-players/" "Mozilla/5.0 (Linux; Android 6.0.1; Nexus 5X Build/MMB29P) AppleWebKit/537.36 (KHTML, like Gecko) Chrome/146.0.7680.177 Mobile Safari/537.36 (compatible; Googlebot/2.1; +http://www.google.com/bot.html)"
185.216.113.70 - - [21/Apr/2026:01:10:49 +0300] "POST /wp-cron.php?doing_wp_cron=1776723049.5195839405059814453125 HTTP/1.1" 200 448 "-" "WordPress/6.3.8; https://serhatburke.miroglu.net"
66.249.73.14 - - [21/Apr/2026:01:10:49 +0300] "GET /donbet-casino-review-for-uk-players/undefined?ts=1775520000 HTTP/1.1" 200 0 "https://serhatburke.miroglu.net/donbet-casino-review-for-uk-players/" "Mozilla/5.0 (Linux; Android 6.0.1; Nexus 5X Build/MMB29P) AppleWebKit/537.36 (KHTML, like Gecko) Chrome/146.0.7680.177 Mobile Safari/537.36 (compatible; Googlebot/2.1; +http://www.google.com/bot.html)"
89.167.59.5 - - [21/Apr/2026:01:10:48 +0300] "POST /xmlrpc.php HTTP/1.1" 200 3097 "-" "Mozilla/5.0 (Windows NT 10.0; Win64; x64) AppleWebKit/537.36 (KHTML, like Gecko) Chrome/108.0.0.0 Safari/537.36"
66.249.73.14 - - [21/Apr/2026:01:11:01 +0300] "GET /donbet-casino-review-for-uk-players/undefined?ts=1775520000 HTTP/1.1" 200 0 "https://serhatburke.miroglu.net/donbet-casino-review-for-uk-players/" "Mozilla/5.0 (Linux; Android 6.0.1; Nexus 5X Build/MMB29P) AppleWebKit/537.36 (KHTML, like Gecko) Chrome/146.0.7680.177 Mobile Safari/537.36 (compatible; Googlebot/2.1; +http://www.google.com/bot.html)"
200.25.47.119 - - [21/Apr/2026:01:11:07 +0300] "POST /xmlrpc.php HTTP/1.1" 200 630 "-" "Mozilla/5.0 (Windows NT 10.0; Win64; x64) AppleWebKit/537.36 (KHTML, like Gecko) Chrome/114.0.0.0 Safari/537.36"
89.167.59.5 - - [21/Apr/2026:01:11:09 +0300] "GET /casino-peaches-review-5-bonus-zonder-storting-2/ HTTP/1.1" 200 0 "-" "Mozilla/5.0 (Windows NT 10.0; Win64; x64) AppleWebKit/537.36 (KHTML, like Gecko) Chrome/108.0.0.0 Safari/537.36"
185.216.113.70 - - [21/Apr/2026:01:11:44 +0300] "POST /wp-cron.php?doing_wp_cron=1776723104.2564949989318847656250 HTTP/1.1" 200 448 "-" "WordPress/6.3.8; https://serhatburke.miroglu.net"
89.167.59.5 - - [21/Apr/2026:01:11:25 +0300] "POST /xmlrpc.php HTTP/1.1" 200 594 "-" "Mozilla/5.0 (Windows NT 10.0; Win64; x64) AppleWebKit/537.36 (KHTML, like Gecko) Chrome/108.0.0.0 Safari/537.36"
98.98.197.212 - - [21/Apr/2026:01:11:27 +0300] "POST /xmlrpc.php HTTP/1.1" 200 630 "-" "Mozilla/5.0 (Windows NT 10.0; Win64; x64) AppleWebKit/537.36 (KHTML, like Gecko) Chrome/114.0.0.0 Safari/537.36"
200.25.47.119 - - [21/Apr/2026:01:11:28 +0300] "POST /xmlrpc.php HTTP/1.1" 200 11109 "-" "Mozilla/5.0 (Windows NT 10.0; Win64; x64) AppleWebKit/537.36 (KHTML, like Gecko) Chrome/114.0.0.0 Safari/537.36"
5.78.159.87 - - [21/Apr/2026:01:11:33 +0300] "POST /xmlrpc.php HTTP/1.1" 200 602 "-" "Mozilla/5.0 (Windows NT 10.0; Win64; x64) AppleWebKit/537.36 (KHTML, like Gecko) Chrome/108.0.0.0 Safari/537.36"
200.25.47.119 - - [21/Apr/2026:01:11:52 +0300] "GET /set-of-gambling-games-preferred-online-casino-games-brands-with-meanings/ HTTP/1.1" 200 72624 "-" "Mozilla/5.0 (Windows NT 10.0; Win64; x64) AppleWebKit/537.36 (KHTML, like Gecko) Chrome/122.0.0.0 Safari/537.36"
98.98.197.212 - - [21/Apr/2026:01:11:55 +0300] "POST /xmlrpc.php HTTP/1.1" 200 12032 "-" "Mozilla/5.0 (Windows NT 10.0; Win64; x64) AppleWebKit/537.36 (KHTML, like Gecko) Chrome/114.0.0.0 Safari/537.36"
5.78.159.87 - - [21/Apr/2026:01:11:56 +0300] "POST /xmlrpc.php HTTP/1.1" 200 3100 "-" "Mozilla/5.0 (Windows NT 10.0; Win64; x64) AppleWebKit/537.36 (KHTML, like Gecko) Chrome/108.0.0.0 Safari/537.36"
98.98.197.212 - - [21/Apr/2026:01:12:16 +0300] "GET /totally-free-spins-honor-multipliers/ HTTP/1.1" 200 72631 "-" "Mozilla/5.0 (Windows NT 10.0; Win64; x64) AppleWebKit/537.36 (KHTML, like Gecko) Chrome/122.0.0.0 Safari/537.36"
5.78.159.87 - - [21/Apr/2026:01:12:20 +0300] "GET /casino-peaches-review-5-bonus-zonder-storting-2/ HTTP/1.1" 200 17678 "-" "Mozilla/5.0 (Windows NT 10.0; Win64; x64) AppleWebKit/537.36 (KHTML, like Gecko) Chrome/108.0.0.0 Safari/537.36"
185.216.113.70 - - [21/Apr/2026:01:15:15 +0300] "POST /wp-cron.php?doing_wp_cron=1776723315.3081889152526855468750 HTTP/1.1" 200 448 "-" "WordPress/6.3.8; https://serhatburke.miroglu.net"
223.165.69.55 - - [21/Apr/2026:01:15:01 +0300] "POST /xmlrpc.php HTTP/1.1" 200 630 "-" "Mozilla/5.0 (Windows NT 10.0; Win64; x64) AppleWebKit/537.36 (KHTML, like Gecko) Chrome/114.0.0.0 Safari/537.36"
223.165.69.55 - - [21/Apr/2026:01:15:22 +0300] "POST /xmlrpc.php HTTP/1.1" 200 14938 "-" "Mozilla/5.0 (Windows NT 10.0; Win64; x64) AppleWebKit/537.36 (KHTML, like Gecko) Chrome/114.0.0.0 Safari/537.36"
185.216.113.70 - - [21/Apr/2026:01:15:52 +0300] "POST /wp-cron.php?doing_wp_cron=1776723352.2532169818878173828125 HTTP/1.1" 200 448 "-" "WordPress/6.3.8; https://serhatburke.miroglu.net"
200.25.47.119 - - [21/Apr/2026:01:15:38 +0300] "POST /xmlrpc.php HTTP/1.1" 200 630 "-" "Mozilla/5.0 (Windows NT 10.0; Win64; x64) AppleWebKit/537.36 (KHTML, like Gecko) Chrome/114.0.0.0 Safari/537.36"
223.165.69.55 - - [21/Apr/2026:01:15:43 +0300] "GET /have-the-limitation-out-of-playing-with-cool-fruits-position-added-bonus/ HTTP/1.1" 200 76099 "-" "Mozilla/5.0 (Windows NT 10.0; Win64; x64) AppleWebKit/537.36 (KHTML, like Gecko) Chrome/123.0.0.0 Safari/537.36 OPR/109.0.0.0"
200.25.47.119 - - [21/Apr/2026:01:15:59 +0300] "POST /xmlrpc.php HTTP/1.1" 200 11801 "-" "Mozilla/5.0 (Windows NT 10.0; Win64; x64) AppleWebKit/537.36 (KHTML, like Gecko) Chrome/114.0.0.0 Safari/537.36"
200.25.47.119 - - [21/Apr/2026:01:16:19 +0300] "GET /totally-free-gambling-games-no-install-expected/ HTTP/1.1" 200 72593 "-" "Mozilla/5.0 (Windows NT 10.0; Win64; x64) AppleWebKit/537.36 (KHTML, like Gecko) Chrome/123.0.0.0 Safari/537.36"
185.216.113.70 - - [21/Apr/2026:01:16:57 +0300] "POST /wp-cron.php?doing_wp_cron=1776723417.1295719146728515625000 HTTP/1.1" 200 448 "-" "WordPress/6.3.8; https://serhatburke.miroglu.net"
98.98.197.212 - - [21/Apr/2026:01:16:45 +0300] "POST /xmlrpc.php HTTP/1.1" 200 630 "-" "Mozilla/5.0 (Windows NT 10.0; Win64; x64) AppleWebKit/537.36 (KHTML, like Gecko) Chrome/114.0.0.0 Safari/537.36"
98.98.197.212 - - [21/Apr/2026:01:17:03 +0300] "POST /xmlrpc.php HTTP/1.1" 200 12394 "-" "Mozilla/5.0 (Windows NT 10.0; Win64; x64) AppleWebKit/537.36 (KHTML, like Gecko) Chrome/114.0.0.0 Safari/537.36"
185.216.113.70 - - [21/Apr/2026:01:17:46 +0300] "POST /wp-cron.php?doing_wp_cron=1776723466.1568279266357421875000 HTTP/1.1" 200 448 "-" "WordPress/6.3.8; https://serhatburke.miroglu.net"
98.98.197.212 - - [21/Apr/2026:01:17:25 +0300] "GET /thunderstruck-pokies-opinion-2026s-finest-totally-free-pokie-video-game/ HTTP/1.1" 200 73883 "-" "Mozilla/5.0 (Windows NT 10.0; rv:109.0) Gecko/20100101 Firefox/115.0"
185.216.113.70 - - [21/Apr/2026:01:20:00 +0300] "POST /wp-cron.php?doing_wp_cron=1776723600.6076490879058837890625 HTTP/1.1" 200 448 "-" "WordPress/6.3.8; https://serhatburke.miroglu.net"
78.56.133.112 - - [21/Apr/2026:01:19:47 +0300] "POST /xmlrpc.php HTTP/2" 200 140 "-" "WordPress/XMLRPC Client"
78.56.133.112 - - [21/Apr/2026:01:20:01 +0300] "GET /?p=123883 HTTP/2" 301 0 "-" "Mozilla/5.0 (Windows NT 10.0; Win64; x64) AppleWebKit/537.36 (KHTML, like Gecko) Chrome/120.0.0.0 Safari/537.36"
185.216.113.70 - - [21/Apr/2026:01:20:52 +0300] "POST /wp-cron.php?doing_wp_cron=1776723652.3789660930633544921875 HTTP/1.1" 200 448 "-" "WordPress/6.3.8; https://serhatburke.miroglu.net"
200.25.47.119 - - [21/Apr/2026:01:20:40 +0300] "POST /xmlrpc.php HTTP/1.1" 200 630 "-" "Mozilla/5.0 (Windows NT 10.0; Win64; x64) AppleWebKit/537.36 (KHTML, like Gecko) Chrome/114.0.0.0 Safari/537.36"
200.25.47.119 - - [21/Apr/2026:01:20:59 +0300] "POST /xmlrpc.php HTTP/1.1" 200 11074 "-" "Mozilla/5.0 (Windows NT 10.0; Win64; x64) AppleWebKit/537.36 (KHTML, like Gecko) Chrome/114.0.0.0 Safari/537.36"
200.25.47.119 - - [21/Apr/2026:01:21:13 +0300] "GET /some-other-cracker-microgaming-slot-s-the-insane-orient-game/ HTTP/1.1" 200 72109 "-" "Mozilla/5.0 (Windows NT 10.0; Win64; x64) AppleWebKit/537.36 (KHTML, like Gecko) Chrome/122.0.0.0 Safari/537.36"
223.165.69.55 - - [21/Apr/2026:01:21:15 +0300] "POST /xmlrpc.php HTTP/1.1" 200 630 "-" "Mozilla/5.0 (Windows NT 10.0; Win64; x64) AppleWebKit/537.36 (KHTML, like Gecko) Chrome/114.0.0.0 Safari/537.36"
185.216.113.70 - - [21/Apr/2026:01:21:49 +0300] "POST /wp-cron.php?doing_wp_cron=1776723709.7958240509033203125000 HTTP/1.1" 200 448 "-" "WordPress/6.3.8; https://serhatburke.miroglu.net"
223.165.69.55 - - [21/Apr/2026:01:21:35 +0300] "POST /xmlrpc.php HTTP/1.1" 200 14473 "-" "Mozilla/5.0 (Windows NT 10.0; Win64; x64) AppleWebKit/537.36 (KHTML, like Gecko) Chrome/114.0.0.0 Safari/537.36"
98.98.197.212 - - [21/Apr/2026:01:21:36 +0300] "POST /xmlrpc.php HTTP/1.1" 200 630 "-" "Mozilla/5.0 (Windows NT 10.0; Win64; x64) AppleWebKit/537.36 (KHTML, like Gecko) Chrome/114.0.0.0 Safari/537.36"
223.165.69.55 - - [21/Apr/2026:01:21:55 +0300] "GET /the-new-legality-of-ones-gaming-globe-around-australia-2024/ HTTP/1.1" 200 75314 "-" "Mozilla/5.0 (Windows NT 10.0; rv:109.0) Gecko/20100101 Firefox/115.0"
98.98.197.212 - - [21/Apr/2026:01:21:56 +0300] "POST /xmlrpc.php HTTP/1.1" 200 11714 "-" "Mozilla/5.0 (Windows NT 10.0; Win64; x64) AppleWebKit/537.36 (KHTML, like Gecko) Chrome/114.0.0.0 Safari/537.36"
98.98.197.212 - - [21/Apr/2026:01:22:14 +0300] "GET /thunderstruck-ii-slot-opinion-2/ HTTP/1.1" 200 72036 "-" "Mozilla/5.0 (Windows NT 10.0; Win64; x64) AppleWebKit/537.36 (KHTML, like Gecko) Chrome/124.0.0.0 Safari/537.36"
185.216.113.70 - - [21/Apr/2026:01:24:04 +0300] "POST /wp-cron.php?doing_wp_cron=1776723844.0620849132537841796875 HTTP/1.1" 200 448 "-" "WordPress/6.3.8; https://serhatburke.miroglu.net"
98.98.197.212 - - [21/Apr/2026:01:23:46 +0300] "POST /xmlrpc.php HTTP/1.1" 200 630 "-" "Mozilla/5.0 (Windows NT 10.0; Win64; x64) AppleWebKit/537.36 (KHTML, like Gecko) Chrome/114.0.0.0 Safari/537.36"
98.98.197.212 - - [21/Apr/2026:01:24:10 +0300] "POST /xmlrpc.php HTTP/1.1" 200 11730 "-" "Mozilla/5.0 (Windows NT 10.0; Win64; x64) AppleWebKit/537.36 (KHTML, like Gecko) Chrome/114.0.0.0 Safari/537.36"
98.98.197.212 - - [21/Apr/2026:01:24:24 +0300] "GET /thunderstruck-ukulele-chords-from-the-ac-dc-discover-enjoy/ HTTP/1.1" 200 72518 "-" "Mozilla/5.0 (Windows NT 10.0; Win64; x64; rv:125.0) Gecko/20100101 Firefox/125.0"
185.216.113.70 - - [21/Apr/2026:01:25:14 +0300] "POST /wp-cron.php?doing_wp_cron=1776723914.3412790298461914062500 HTTP/1.1" 200 448 "-" "WordPress/6.3.8; https://serhatburke.miroglu.net"
223.165.69.55 - - [21/Apr/2026:01:25:02 +0300] "POST /xmlrpc.php HTTP/1.1" 200 630 "-" "Mozilla/5.0 (Windows NT 10.0; Win64; x64) AppleWebKit/537.36 (KHTML, like Gecko) Chrome/114.0.0.0 Safari/537.36"
200.25.47.119 - - [21/Apr/2026:01:25:20 +0300] "POST /xmlrpc.php HTTP/1.1" 200 630 "-" "Mozilla/5.0 (Windows NT 10.0; Win64; x64) AppleWebKit/537.36 (KHTML, like Gecko) Chrome/114.0.0.0 Safari/537.36"
223.165.69.55 - - [21/Apr/2026:01:25:21 +0300] "POST /xmlrpc.php HTTP/1.1" 200 12091 "-" "Mozilla/5.0 (Windows NT 10.0; Win64; x64) AppleWebKit/537.36 (KHTML, like Gecko) Chrome/114.0.0.0 Safari/537.36"
185.216.113.70 - - [21/Apr/2026:01:25:43 +0300] "POST /wp-cron.php?doing_wp_cron=1776723943.6435329914093017578125 HTTP/1.1" 200 448 "-" "WordPress/6.3.8; https://serhatburke.miroglu.net"
157.55.39.13 - - [21/Apr/2026:01:25:29 +0300] "GET /sitemap.xml HTTP/2" 200 1103 "-" "Mozilla/5.0 AppleWebKit/537.36 (KHTML, like Gecko; compatible; bingbot/2.0; +http://www.bing.com/bingbot.htm) Chrome/116.0.1938.76 Safari/537.36"
223.165.69.55 - - [21/Apr/2026:01:25:40 +0300] "GET /no-deposit-bonus-rules-100-percent-free-revolves-up-to-date-everyday/ HTTP/1.1" 200 73229 "-" "Mozilla/5.0 (Windows NT 10.0; Win64; x64) AppleWebKit/537.36 (KHTML, like Gecko) Chrome/124.0.0.0 Safari/537.36"
200.25.47.119 - - [21/Apr/2026:01:25:43 +0300] "POST /xmlrpc.php HTTP/1.1" 200 11621 "-" "Mozilla/5.0 (Windows NT 10.0; Win64; x64) AppleWebKit/537.36 (KHTML, like Gecko) Chrome/114.0.0.0 Safari/537.36"
98.98.197.212 - - [21/Apr/2026:01:25:51 +0300] "POST /xmlrpc.php HTTP/1.1" 200 630 "-" "Mozilla/5.0 (Windows NT 10.0; Win64; x64) AppleWebKit/537.36 (KHTML, like Gecko) Chrome/114.0.0.0 Safari/537.36"
200.25.47.119 - - [21/Apr/2026:01:26:04 +0300] "GET /totally-free-coins/ HTTP/1.1" 200 71430 "-" "Mozilla/5.0 (Windows NT 10.0; Win64; x64) AppleWebKit/537.36 (KHTML, like Gecko) Chrome/109.0.0.0 Safari/537.36"
185.216.113.70 - - [21/Apr/2026:01:26:27 +0300] "POST /wp-cron.php?doing_wp_cron=1776723987.8618910312652587890625 HTTP/1.1" 200 448 "-" "WordPress/6.3.8; https://serhatburke.miroglu.net"
98.98.197.212 - - [21/Apr/2026:01:26:16 +0300] "POST /xmlrpc.php HTTP/1.1" 200 11687 "-" "Mozilla/5.0 (Windows NT 10.0; Win64; x64) AppleWebKit/537.36 (KHTML, like Gecko) Chrome/114.0.0.0 Safari/537.36"
98.98.197.212 - - [21/Apr/2026:01:26:28 +0300] "GET /free-mugler-alien-pulp-aroma-eco-friendly-people-springtime-bundle-feb-25-2026/ HTTP/1.1" 200 73062 "-" "Mozilla/5.0 (Windows NT 10.0; Win64; x64; rv:124.0) Gecko/20100101 Firefox/124.0"
185.216.113.70 - - [21/Apr/2026:01:28:23 +0300] "POST /wp-cron.php?doing_wp_cron=1776724103.7624840736389160156250 HTTP/1.1" 200 448 "-" "WordPress/6.3.8; https://serhatburke.miroglu.net"
98.98.197.212 - - [21/Apr/2026:01:28:09 +0300] "POST /xmlrpc.php HTTP/1.1" 200 630 "-" "Mozilla/5.0 (Windows NT 10.0; Win64; x64) AppleWebKit/537.36 (KHTML, like Gecko) Chrome/114.0.0.0 Safari/537.36"
98.98.197.212 - - [21/Apr/2026:01:28:30 +0300] "POST /xmlrpc.php HTTP/1.1" 200 12432 "-" "Mozilla/5.0 (Windows NT 10.0; Win64; x64) AppleWebKit/537.36 (KHTML, like Gecko) Chrome/114.0.0.0 Safari/537.36"
98.98.197.212 - - [21/Apr/2026:01:28:46 +0300] "GET /feel-quality-slots-which-have-thor/ HTTP/1.1" 200 72704 "-" "Mozilla/5.0 (Windows NT 10.0; rv:125.0) Gecko/20100101 Firefox/125.0"
223.165.69.55 - - [21/Apr/2026:01:29:05 +0300] "POST /xmlrpc.php HTTP/1.1" 200 630 "-" "Mozilla/5.0 (Windows NT 10.0; Win64; x64) AppleWebKit/537.36 (KHTML, like Gecko) Chrome/114.0.0.0 Safari/537.36"
185.216.113.70 - - [21/Apr/2026:01:29:37 +0300] "POST /wp-cron.php?doing_wp_cron=1776724177.6086440086364746093750 HTTP/1.1" 200 448 "-" "WordPress/6.3.8; https://serhatburke.miroglu.net"
223.165.69.55 - - [21/Apr/2026:01:29:25 +0300] "POST /xmlrpc.php HTTP/1.1" 200 14926 "-" "Mozilla/5.0 (Windows NT 10.0; Win64; x64) AppleWebKit/537.36 (KHTML, like Gecko) Chrome/114.0.0.0 Safari/537.36"
223.165.69.55 - - [21/Apr/2026:01:29:46 +0300] "GET /best-gambling-games-in-the-2026/ HTTP/1.1" 200 75131 "-" "Mozilla/5.0 (Windows NT 10.0; Win64; x64; rv:125.0) Gecko/20100101 Firefox/125.0"
200.25.47.119 - - [21/Apr/2026:01:29:50 +0300] "POST /xmlrpc.php HTTP/1.1" 200 630 "-" "Mozilla/5.0 (Windows NT 10.0; Win64; x64) AppleWebKit/537.36 (KHTML, like Gecko) Chrome/114.0.0.0 Safari/537.36"
185.216.113.70 - - [21/Apr/2026:01:30:19 +0300] "POST /wp-cron.php?doing_wp_cron=1776724219.0352940559387207031250 HTTP/1.1" 200 448 "-" "WordPress/6.3.8; https://serhatburke.miroglu.net"
98.98.197.212 - - [21/Apr/2026:01:30:07 +0300] "POST /xmlrpc.php HTTP/1.1" 200 630 "-" "Mozilla/5.0 (Windows NT 10.0; Win64; x64) AppleWebKit/537.36 (KHTML, like Gecko) Chrome/114.0.0.0 Safari/537.36"
200.25.47.119 - - [21/Apr/2026:01:30:08 +0300] "POST /xmlrpc.php HTTP/1.1" 200 11771 "-" "Mozilla/5.0 (Windows NT 10.0; Win64; x64) AppleWebKit/537.36 (KHTML, like Gecko) Chrome/114.0.0.0 Safari/537.36"
200.25.47.119 - - [21/Apr/2026:01:30:23 +0300] "GET /20-of-wolverine-deals-and-discount-codes-mar-2026/ HTTP/1.1" 200 72378 "-" "Mozilla/5.0 (Windows NT 10.0; Win64; x64; rv:125.0) Gecko/20100101 Firefox/125.0"
98.98.197.212 - - [21/Apr/2026:01:30:25 +0300] "POST /xmlrpc.php HTTP/1.1" 200 12037 "-" "Mozilla/5.0 (Windows NT 10.0; Win64; x64) AppleWebKit/537.36 (KHTML, like Gecko) Chrome/114.0.0.0 Safari/537.36"
185.216.113.70 - - [21/Apr/2026:01:30:54 +0300] "POST /wp-cron.php?doing_wp_cron=1776724254.5836150646209716796875 HTTP/1.1" 200 448 "-" "WordPress/6.3.8; https://serhatburke.miroglu.net"
98.98.197.212 - - [21/Apr/2026:01:30:42 +0300] "GET /enjoy-thunderstruck-dos-position-100percent-free-or-real-money-now/ HTTP/1.1" 200 73314 "-" "Mozilla/5.0 (Windows NT 10.0; Win64; x64) AppleWebKit/537.36 (KHTML, like Gecko) Chrome/124.0.0.0 Safari/537.36 Edg/124.0.0.0"
185.216.113.70 - - [21/Apr/2026:01:32:09 +0300] "POST /wp-cron.php?doing_wp_cron=1776724329.4492499828338623046875 HTTP/1.1" 200 448 "-" "WordPress/6.3.8; https://serhatburke.miroglu.net"
98.98.197.212 - - [21/Apr/2026:01:31:57 +0300] "POST /xmlrpc.php HTTP/1.1" 200 630 "-" "Mozilla/5.0 (Windows NT 10.0; Win64; x64) AppleWebKit/537.36 (KHTML, like Gecko) Chrome/114.0.0.0 Safari/537.36"
98.98.197.212 - - [21/Apr/2026:01:32:15 +0300] "POST /xmlrpc.php HTTP/1.1" 200 11857 "-" "Mozilla/5.0 (Windows NT 10.0; Win64; x64) AppleWebKit/537.36 (KHTML, like Gecko) Chrome/114.0.0.0 Safari/537.36"
185.216.113.70 - - [21/Apr/2026:01:32:40 +0300] "POST /wp-cron.php?doing_wp_cron=1776724360.2469871044158935546875 HTTP/1.1" 200 448 "-" "WordPress/6.3.8; https://serhatburke.miroglu.net"
98.98.197.212 - - [21/Apr/2026:01:32:28 +0300] "GET /pokies-reviewshow-to-experience-pokies-and-you-can-winnings-tips-steps-actual-stories/ HTTP/1.1" 200 73424 "-" "Mozilla/5.0 (Windows NT 10.0; Win64; x64) AppleWebKit/537.36 (KHTML, like Gecko) Chrome/123.0.0.0 Safari/537.36"
223.165.69.55 - - [21/Apr/2026:01:32:59 +0300] "POST /xmlrpc.php HTTP/1.1" 200 630 "-" "Mozilla/5.0 (Windows NT 10.0; Win64; x64) AppleWebKit/537.36 (KHTML, like Gecko) Chrome/114.0.0.0 Safari/537.36"
185.216.113.70 - - [21/Apr/2026:01:33:30 +0300] "POST /wp-cron.php?doing_wp_cron=1776724410.8537049293518066406250 HTTP/1.1" 200 448 "-" "WordPress/6.3.8; https://serhatburke.miroglu.net"
223.165.69.55 - - [21/Apr/2026:01:33:18 +0300] "POST /xmlrpc.php HTTP/1.1" 200 14244 "-" "Mozilla/5.0 (Windows NT 10.0; Win64; x64) AppleWebKit/537.36 (KHTML, like Gecko) Chrome/114.0.0.0 Safari/537.36"
223.165.69.55 - - [21/Apr/2026:01:33:33 +0300] "GET /better-free-twist-incentives-to-have-2026-all-of-the-totally-free-spin-offer/ HTTP/1.1" 200 75550 "-" "Mozilla/5.0 (Windows NT 10.0; Win64; x64) AppleWebKit/537.36 (KHTML, like Gecko) Chrome/123.0.0.0 Safari/537.36"
98.98.197.212 - - [21/Apr/2026:01:33:45 +0300] "POST /xmlrpc.php HTTP/1.1" 200 630 "-" "Mozilla/5.0 (Windows NT 10.0; Win64; x64) AppleWebKit/537.36 (KHTML, like Gecko) Chrome/114.0.0.0 Safari/537.36"
200.25.47.119 - - [21/Apr/2026:01:33:54 +0300] "POST /xmlrpc.php HTTP/1.1" 200 630 "-" "Mozilla/5.0 (Windows NT 10.0; Win64; x64) AppleWebKit/537.36 (KHTML, like Gecko) Chrome/114.0.0.0 Safari/537.36"
185.216.113.70 - - [21/Apr/2026:01:34:15 +0300] "POST /wp-cron.php?doing_wp_cron=1776724455.8006610870361328125000 HTTP/1.1" 200 448 "-" "WordPress/6.3.8; https://serhatburke.miroglu.net"
98.98.197.212 - - [21/Apr/2026:01:34:04 +0300] "POST /xmlrpc.php HTTP/1.1" 200 12401 "-" "Mozilla/5.0 (Windows NT 10.0; Win64; x64) AppleWebKit/537.36 (KHTML, like Gecko) Chrome/114.0.0.0 Safari/537.36"
200.25.47.119 - - [21/Apr/2026:01:34:13 +0300] "POST /xmlrpc.php HTTP/1.1" 200 12134 "-" "Mozilla/5.0 (Windows NT 10.0; Win64; x64) AppleWebKit/537.36 (KHTML, like Gecko) Chrome/114.0.0.0 Safari/537.36"
98.98.197.212 - - [21/Apr/2026:01:34:16 +0300] "GET /tomb-raider-position-on-line-casino-position-online-game/ HTTP/1.1" 200 73315 "-" "Mozilla/5.0 (Windows NT 10.0; Win64; x64) AppleWebKit/537.36 (KHTML, like Gecko) Chrome/122.0.0.0 Safari/537.36"
200.25.47.119 - - [21/Apr/2026:01:34:31 +0300] "GET /zeus-slot-remark-2026-free-enjoy-95-97-rtp/ HTTP/1.1" 200 72586 "-" "Mozilla/5.0 (Windows NT 10.0; rv:109.0) Gecko/20100101 Firefox/115.0"
185.216.113.70 - - [21/Apr/2026:01:35:48 +0300] "POST /wp-cron.php?doing_wp_cron=1776724548.0336608886718750000000 HTTP/1.1" 200 448 "-" "WordPress/6.3.8; https://serhatburke.miroglu.net"
98.98.197.212 - - [21/Apr/2026:01:35:33 +0300] "POST /xmlrpc.php HTTP/1.1" 200 630 "-" "Mozilla/5.0 (Windows NT 10.0; Win64; x64) AppleWebKit/537.36 (KHTML, like Gecko) Chrome/114.0.0.0 Safari/537.36"
98.98.197.212 - - [21/Apr/2026:01:35:54 +0300] "POST /xmlrpc.php HTTP/1.1" 200 11945 "-" "Mozilla/5.0 (Windows NT 10.0; Win64; x64) AppleWebKit/537.36 (KHTML, like Gecko) Chrome/114.0.0.0 Safari/537.36"
98.98.197.212 - - [21/Apr/2026:01:36:07 +0300] "GET /better-casinos-on-the-internet-real-currency-local-casino-websites-in-the-march-2026/ HTTP/1.1" 200 73559 "-" "Mozilla/5.0 (Windows NT 10.0; Win64; x64) AppleWebKit/537.36 (KHTML, like Gecko) Chrome/122.0.0.0 Safari/537.36"
185.216.113.70 - - [21/Apr/2026:01:36:52 +0300] "POST /wp-cron.php?doing_wp_cron=1776724612.4369559288024902343750 HTTP/1.1" 200 448 "-" "WordPress/6.3.8; https://serhatburke.miroglu.net"
223.165.69.55 - - [21/Apr/2026:01:36:40 +0300] "POST /xmlrpc.php HTTP/1.1" 200 630 "-" "Mozilla/5.0 (Windows NT 10.0; Win64; x64) AppleWebKit/537.36 (KHTML, like Gecko) Chrome/114.0.0.0 Safari/537.36"
223.165.69.55 - - [21/Apr/2026:01:37:00 +0300] "POST /xmlrpc.php HTTP/1.1" 200 14449 "-" "Mozilla/5.0 (Windows NT 10.0; Win64; x64) AppleWebKit/537.36 (KHTML, like Gecko) Chrome/114.0.0.0 Safari/537.36"
223.165.69.55 - - [21/Apr/2026:01:37:15 +0300] "GET /best-geisha-pokie-baccarat-no-put-bonuses-2025-nj-the-new-play-bill-and-you-may-teds-expert-thrill-jersey-queenex/ HTTP/1.1" 200 76666 "-" "Mozilla/5.0 (Windows NT 10.0; rv:125.0) Gecko/20100101 Firefox/125.0"
190.183.247.165 - - [21/Apr/2026:01:37:23 +0300] "POST /xmlrpc.php HTTP/2" 200 140 "-" "WordPress/XMLRPC Client"
185.216.113.70 - - [21/Apr/2026:01:37:40 +0300] "POST /wp-cron.php?doing_wp_cron=1776724660.0019659996032714843750 HTTP/1.1" 200 448 "-" "WordPress/6.3.8; https://serhatburke.miroglu.net"
98.98.197.212 - - [21/Apr/2026:01:37:27 +0300] "POST /xmlrpc.php HTTP/1.1" 200 630 "-" "Mozilla/5.0 (Windows NT 10.0; Win64; x64) AppleWebKit/537.36 (KHTML, like Gecko) Chrome/114.0.0.0 Safari/537.36"
190.183.247.165 - - [21/Apr/2026:01:37:37 +0300] "GET /?p=123919 HTTP/2" 301 0 "-" "Mozilla/5.0 (Windows NT 10.0; Win64; x64) AppleWebKit/537.36 (KHTML, like Gecko) Chrome/120.0.0.0 Safari/537.36"
200.25.47.119 - - [21/Apr/2026:01:37:45 +0300] "POST /xmlrpc.php HTTP/1.1" 200 630 "-" "Mozilla/5.0 (Windows NT 10.0; Win64; x64) AppleWebKit/537.36 (KHTML, like Gecko) Chrome/114.0.0.0 Safari/537.36"
98.98.197.212 - - [21/Apr/2026:01:37:46 +0300] "POST /xmlrpc.php HTTP/1.1" 200 11767 "-" "Mozilla/5.0 (Windows NT 10.0; Win64; x64) AppleWebKit/537.36 (KHTML, like Gecko) Chrome/114.0.0.0 Safari/537.36"
98.98.197.212 - - [21/Apr/2026:01:38:07 +0300] "GET /2-hundred-totally-free-revolves-no-deposit-now-offers-2026/ HTTP/1.1" 200 72793 "-" "Mozilla/5.0 (Windows NT 10.0; Win64; x64; rv:125.0) Gecko/20100101 Firefox/125.0"
200.25.47.119 - - [21/Apr/2026:01:38:12 +0300] "POST /xmlrpc.php HTTP/1.1" 200 11401 "-" "Mozilla/5.0 (Windows NT 10.0; Win64; x64) AppleWebKit/537.36 (KHTML, like Gecko) Chrome/114.0.0.0 Safari/537.36"
200.25.47.119 - - [21/Apr/2026:01:38:26 +0300] "GET /best-welcome-added-bonus-gambling-internet-sites-2026-put-matches-free-wagers/ HTTP/1.1" 200 72765 "-" "Mozilla/5.0 (Windows NT 10.0; Win64; x64) AppleWebKit/537.36 (KHTML, like Gecko) Chrome/122.0.0.0 Safari/537.36"
185.216.113.70 - - [21/Apr/2026:01:39:30 +0300] "POST /wp-cron.php?doing_wp_cron=1776724770.4984769821166992187500 HTTP/1.1" 200 448 "-" "WordPress/6.3.8; https://serhatburke.miroglu.net"
98.98.197.212 - - [21/Apr/2026:01:39:19 +0300] "POST /xmlrpc.php HTTP/1.1" 200 630 "-" "Mozilla/5.0 (Windows NT 10.0; Win64; x64) AppleWebKit/537.36 (KHTML, like Gecko) Chrome/114.0.0.0 Safari/537.36"
98.98.197.212 - - [21/Apr/2026:01:39:36 +0300] "POST /xmlrpc.php HTTP/1.1" 200 11446 "-" "Mozilla/5.0 (Windows NT 10.0; Win64; x64) AppleWebKit/537.36 (KHTML, like Gecko) Chrome/114.0.0.0 Safari/537.36"
98.98.197.212 - - [21/Apr/2026:01:39:50 +0300] "GET /greatest-cellular-casinos-on-the-internet-real-cash-2026/ HTTP/1.1" 200 72360 "-" "Mozilla/5.0 (Windows NT 10.0; Win64; x64) AppleWebKit/537.36 (KHTML, like Gecko) Chrome/124.0.0.0 Safari/537.36 Edg/124.0.0.0"
185.216.113.70 - - [21/Apr/2026:01:40:26 +0300] "POST /wp-cron.php?doing_wp_cron=1776724826.7061920166015625000000 HTTP/1.1" 200 448 "-" "WordPress/6.3.8; https://serhatburke.miroglu.net"
223.165.69.55 - - [21/Apr/2026:01:40:14 +0300] "POST /xmlrpc.php HTTP/1.1" 200 630 "-" "Mozilla/5.0 (Windows NT 10.0; Win64; x64) AppleWebKit/537.36 (KHTML, like Gecko) Chrome/114.0.0.0 Safari/537.36"
66.249.73.15 - - [21/Apr/2026:01:40:27 +0300] "GET /wp-content/themes/toppic/js/jquery.transit.min.js?ver=4.2 HTTP/1.1" 200 3252 "https://serhatburke.miroglu.net/donbet-casino-review-for-uk-players/" "Mozilla/5.0 (Linux; Android 6.0.1; Nexus 5X Build/MMB29P) AppleWebKit/537.36 (KHTML, like Gecko) Chrome/146.0.7680.177 Mobile Safari/537.36 (compatible; Googlebot/2.1; +http://www.google.com/bot.html)"
223.165.69.55 - - [21/Apr/2026:01:40:35 +0300] "POST /xmlrpc.php HTTP/1.1" 200 15080 "-" "Mozilla/5.0 (Windows NT 10.0; Win64; x64) AppleWebKit/537.36 (KHTML, like Gecko) Chrome/114.0.0.0 Safari/537.36"
223.165.69.55 - - [21/Apr/2026:01:40:50 +0300] "GET /thunderstruck-2-comment-wager-100-percent-free-and-also-have-a-bonus-100-percent-free-spins/ HTTP/1.1" 200 76844 "-" "Mozilla/5.0 (Windows NT 10.0; Win64; x64) AppleWebKit/537.36 (KHTML, like Gecko) Chrome/123.0.0.0 Safari/537.36 OPR/109.0.0.0"
98.98.197.212 - - [21/Apr/2026:01:41:18 +0300] "POST /xmlrpc.php HTTP/1.1" 200 630 "-" "Mozilla/5.0 (Windows NT 10.0; Win64; x64) AppleWebKit/537.36 (KHTML, like Gecko) Chrome/114.0.0.0 Safari/537.36"
207.46.13.52 - - [21/Apr/2026:01:41:21 +0300] "GET /post_tag-sitemap.xml HTTP/2" 200 1225 "-" "Mozilla/5.0 AppleWebKit/537.36 (KHTML, like Gecko; compatible; bingbot/2.0; +http://www.bing.com/bingbot.htm) Chrome/116.0.1938.76 Safari/537.36"
185.216.113.70 - - [21/Apr/2026:01:41:49 +0300] "POST /wp-cron.php?doing_wp_cron=1776724909.4521200656890869140625 HTTP/1.1" 200 448 "-" "WordPress/6.3.8; https://serhatburke.miroglu.net"
98.98.197.212 - - [21/Apr/2026:01:41:37 +0300] "POST /xmlrpc.php HTTP/1.1" 200 11793 "-" "Mozilla/5.0 (Windows NT 10.0; Win64; x64) AppleWebKit/537.36 (KHTML, like Gecko) Chrome/114.0.0.0 Safari/537.36"
98.98.197.212 - - [21/Apr/2026:01:41:50 +0300] "GET /triple-diamond-harbors-remark-2026-higher-position-away-from-igt/ HTTP/1.1" 200 72736 "-" "Mozilla/5.0 (Windows NT 10.0; Win64; x64) AppleWebKit/537.36 (KHTML, like Gecko) Chrome/123.0.0.0 Safari/537.36 OPR/109.0.0.0"
66.249.73.15 - - [21/Apr/2026:01:42:06 +0300] "GET /online-nebo-offline-kde-najit-nejlepi-zaitky-z-2/ HTTP/1.1" 200 18900 "-" "Mozilla/5.0 (Linux; Android 6.0.1; Nexus 5X Build/MMB29P) AppleWebKit/537.36 (KHTML, like Gecko) Chrome/146.0.7680.177 Mobile Safari/537.36 (compatible; Googlebot/2.1; +http://www.google.com/bot.html)"
66.249.73.1 - - [21/Apr/2026:01:42:06 +0300] "GET /le-conseguenze-psicologiche-del-gioco-d-x27-4/ HTTP/1.1" 200 18618 "-" "Mozilla/5.0 (Linux; Android 6.0.1; Nexus 5X Build/MMB29P) AppleWebKit/537.36 (KHTML, like Gecko) Chrome/146.0.7680.177 Mobile Safari/537.36 (compatible; Googlebot/2.1; +http://www.google.com/bot.html)"
66.249.73.14 - - [21/Apr/2026:01:42:22 +0300] "GET /online-nebo-offline-kde-najit-nejlepi-zaitky-z-2/undefined?ts=1775520000 HTTP/1.1" 404 14256 "https://serhatburke.miroglu.net/online-nebo-offline-kde-najit-nejlepi-zaitky-z-2/" "Mozilla/5.0 (Linux; Android 6.0.1; Nexus 5X Build/MMB29P) AppleWebKit/537.36 (KHTML, like Gecko) Chrome/146.0.7680.177 Mobile Safari/537.36 (compatible; Googlebot/2.1; +http://www.google.com/bot.html)"
185.216.113.70 - - [21/Apr/2026:01:42:47 +0300] "POST /wp-cron.php?doing_wp_cron=1776724966.9304010868072509765625 HTTP/1.1" 200 448 "-" "WordPress/6.3.8; https://serhatburke.miroglu.net"
66.249.73.14 - - [21/Apr/2026:01:42:35 +0300] "GET /online-nebo-offline-kde-najit-nejlepi-zaitky-z-2/undefined?ts=1775520000 HTTP/1.1" 404 14256 "https://serhatburke.miroglu.net/online-nebo-offline-kde-najit-nejlepi-zaitky-z-2/" "Mozilla/5.0 (Linux; Android 6.0.1; Nexus 5X Build/MMB29P) AppleWebKit/537.36 (KHTML, like Gecko) Chrome/146.0.7680.177 Mobile Safari/537.36 (compatible; Googlebot/2.1; +http://www.google.com/bot.html)"
66.249.73.14 - - [21/Apr/2026:01:42:47 +0300] "GET /online-nebo-offline-kde-najit-nejlepi-zaitky-z-2/undefined?ts=1775520000 HTTP/1.1" 200 0 "https://serhatburke.miroglu.net/online-nebo-offline-kde-najit-nejlepi-zaitky-z-2/" "Mozilla/5.0 (Linux; Android 6.0.1; Nexus 5X Build/MMB29P) AppleWebKit/537.36 (KHTML, like Gecko) Chrome/146.0.7680.177 Mobile Safari/537.36 (compatible; Googlebot/2.1; +http://www.google.com/bot.html)"
66.249.73.14 - - [21/Apr/2026:01:42:59 +0300] "GET /online-nebo-offline-kde-najit-nejlepi-zaitky-z-2/undefined?ts=1775520000 HTTP/1.1" 200 0 "https://serhatburke.miroglu.net/online-nebo-offline-kde-najit-nejlepi-zaitky-z-2/" "Mozilla/5.0 (Linux; Android 6.0.1; Nexus 5X Build/MMB29P) AppleWebKit/537.36 (KHTML, like Gecko) Chrome/146.0.7680.177 Mobile Safari/537.36 (compatible; Googlebot/2.1; +http://www.google.com/bot.html)"
66.249.73.14 - - [21/Apr/2026:01:43:11 +0300] "GET /online-nebo-offline-kde-najit-nejlepi-zaitky-z-2/undefined?ts=1775520000 HTTP/1.1" 200 0 "https://serhatburke.miroglu.net/online-nebo-offline-kde-najit-nejlepi-zaitky-z-2/" "Mozilla/5.0 (Linux; Android 6.0.1; Nexus 5X Build/MMB29P) AppleWebKit/537.36 (KHTML, like Gecko) Chrome/146.0.7680.177 Mobile Safari/537.36 (compatible; Googlebot/2.1; +http://www.google.com/bot.html)"
98.98.197.212 - - [21/Apr/2026:01:43:16 +0300] "POST /xmlrpc.php HTTP/1.1" 200 630 "-" "Mozilla/5.0 (Windows NT 10.0; Win64; x64) AppleWebKit/537.36 (KHTML, like Gecko) Chrome/114.0.0.0 Safari/537.36"
185.216.113.70 - - [21/Apr/2026:01:43:47 +0300] "POST /wp-cron.php?doing_wp_cron=1776725027.3178820610046386718750 HTTP/1.1" 200 448 "-" "WordPress/6.3.8; https://serhatburke.miroglu.net"
98.98.197.212 - - [21/Apr/2026:01:43:34 +0300] "POST /xmlrpc.php HTTP/1.1" 200 11502 "-" "Mozilla/5.0 (Windows NT 10.0; Win64; x64) AppleWebKit/537.36 (KHTML, like Gecko) Chrome/114.0.0.0 Safari/537.36"
98.98.197.212 - - [21/Apr/2026:01:43:48 +0300] "GET /multiple-diamond-slot-machine-game-free-enjoy/ HTTP/1.1" 200 72342 "-" "Mozilla/5.0 (Windows NT 10.0; Win64; x64) AppleWebKit/537.36 (KHTML, like Gecko) Chrome/124.0.0.0 Safari/537.36 Edg/124.0.0.0"
223.165.69.55 - - [21/Apr/2026:01:44:01 +0300] "POST /xmlrpc.php HTTP/1.1" 200 630 "-" "Mozilla/5.0 (Windows NT 10.0; Win64; x64) AppleWebKit/537.36 (KHTML, like Gecko) Chrome/114.0.0.0 Safari/537.36"
185.216.113.70 - - [21/Apr/2026:01:44:33 +0300] "POST /wp-cron.php?doing_wp_cron=1776725073.6063649654388427734375 HTTP/1.1" 200 448 "-" "WordPress/6.3.8; https://serhatburke.miroglu.net"
223.165.69.55 - - [21/Apr/2026:01:44:20 +0300] "POST /xmlrpc.php HTTP/1.1" 200 14020 "-" "Mozilla/5.0 (Windows NT 10.0; Win64; x64) AppleWebKit/537.36 (KHTML, like Gecko) Chrome/114.0.0.0 Safari/537.36"
72.44.26.6 - - [21/Apr/2026:01:44:21 +0300] "GET /wp-login.php HTTP/2" 200 3536 "-" "Mozilla/5.0 (Windows NT 10.0; Win64; x64) AppleWebKit/537.36"
223.165.69.55 - - [21/Apr/2026:01:44:35 +0300] "GET /ghostbusters-pokie-machine-enjoy-now/ HTTP/1.1" 200 74409 "-" "Mozilla/5.0 (Windows NT 10.0; Win64; x64) AppleWebKit/537.36 (KHTML, like Gecko) Chrome/124.0.0.0 Safari/537.36 Edg/124.0.0.0"
72.44.26.6 - - [21/Apr/2026:01:44:38 +0300] "POST /wp-login.php HTTP/2" 302 0 "https://serhatburke.miroglu.net/wp-login.php" "Mozilla/5.0 (Windows NT 10.0; Win64; x64) AppleWebKit/537.36"
98.98.197.212 - - [21/Apr/2026:01:45:11 +0300] "POST /xmlrpc.php HTTP/1.1" 200 630 "-" "Mozilla/5.0 (Windows NT 10.0; Win64; x64) AppleWebKit/537.36 (KHTML, like Gecko) Chrome/114.0.0.0 Safari/537.36"
185.216.113.70 - - [21/Apr/2026:01:45:44 +0300] "POST /wp-cron.php?doing_wp_cron=1776725144.3814630508422851562500 HTTP/1.1" 200 448 "-" "WordPress/6.3.8; https://serhatburke.miroglu.net"
98.98.197.212 - - [21/Apr/2026:01:45:30 +0300] "POST /xmlrpc.php HTTP/1.1" 200 12234 "-" "Mozilla/5.0 (Windows NT 10.0; Win64; x64) AppleWebKit/537.36 (KHTML, like Gecko) Chrome/114.0.0.0 Safari/537.36"
98.98.197.212 - - [21/Apr/2026:01:45:46 +0300] "GET /twin-gambling-establishment-review-2026-punctual-earnings-4000-online-game/ HTTP/1.1" 200 73697 "-" "Mozilla/5.0 (Windows NT 10.0; Win64; x64; rv:124.0) Gecko/20100101 Firefox/124.0"
107.175.76.109 - - [21/Apr/2026:01:46:05 +0300] "GET /casino-online-skrill-prelievo-veloce/ HTTP/1.1" 200 18092 "https://serhatburke.miroglu.net/" "Mozilla/5.0 (Windows NT 10.0; Win64; x64) AppleWebKit/537.36 (KHTML, like Gecko) Chrome/144.0.0.0 Safari/537.36 OPR/128.0.0.0"
107.175.76.109 - - [21/Apr/2026:01:46:24 +0300] "GET /wp-login.php?action=register HTTP/1.1" 302 702 "https://serhatburke.miroglu.net/casino-online-skrill-prelievo-veloce/" "Mozilla/5.0 (Windows NT 6.3; Win64; x64) AppleWebKit/537.36 (KHTML, like Gecko) Chrome/103.0.0.0 Safari/537.36"
185.216.113.70 - - [21/Apr/2026:01:46:49 +0300] "POST /wp-cron.php?doing_wp_cron=1776725209.1921679973602294921875 HTTP/1.1" 200 448 "-" "WordPress/6.3.8; https://serhatburke.miroglu.net"
107.175.76.109 - - [21/Apr/2026:01:46:37 +0300] "GET /wp-login.php?registration=disabled HTTP/1.1" 200 3805 "https://serhatburke.miroglu.net/wp-login.php?action=register" "Mozilla/5.0 (Windows NT 6.3; Win64; x64) AppleWebKit/537.36 (KHTML, like Gecko) Chrome/103.0.0.0 Safari/537.36"
98.98.197.212 - - [21/Apr/2026:01:47:09 +0300] "POST /xmlrpc.php HTTP/1.1" 200 630 "-" "Mozilla/5.0 (Windows NT 10.0; Win64; x64) AppleWebKit/537.36 (KHTML, like Gecko) Chrome/114.0.0.0 Safari/537.36"
185.216.113.70 - - [21/Apr/2026:01:47:38 +0300] "POST /wp-cron.php?doing_wp_cron=1776725258.7479989528656005859375 HTTP/1.1" 200 448 "-" "WordPress/6.3.8; https://serhatburke.miroglu.net"
98.98.197.212 - - [21/Apr/2026:01:47:27 +0300] "POST /xmlrpc.php HTTP/1.1" 200 11654 "-" "Mozilla/5.0 (Windows NT 10.0; Win64; x64) AppleWebKit/537.36 (KHTML, like Gecko) Chrome/114.0.0.0 Safari/537.36"
98.98.197.212 - - [21/Apr/2026:01:47:40 +0300] "GET /casino-gaming/ HTTP/1.1" 200 71341 "-" "Mozilla/5.0 (Windows NT 10.0; Win64; x64) AppleWebKit/537.36 (KHTML, like Gecko) Chrome/109.0.0.0 Safari/537.36"
223.165.69.55 - - [21/Apr/2026:01:47:47 +0300] "POST /xmlrpc.php HTTP/1.1" 200 630 "-" "Mozilla/5.0 (Windows NT 10.0; Win64; x64) AppleWebKit/537.36 (KHTML, like Gecko) Chrome/114.0.0.0 Safari/537.36"
223.165.69.55 - - [21/Apr/2026:01:48:07 +0300] "POST /xmlrpc.php HTTP/1.1" 200 11911 "-" "Mozilla/5.0 (Windows NT 10.0; Win64; x64) AppleWebKit/537.36 (KHTML, like Gecko) Chrome/114.0.0.0 Safari/537.36"
223.165.69.55 - - [21/Apr/2026:01:48:22 +0300] "GET /greatest-ports-sites-us-2026-gamble-online-slots-for-real-money/ HTTP/1.1" 200 72975 "-" "Mozilla/5.0 (Windows NT 10.0; Win64; x64) AppleWebKit/537.36 (KHTML, like Gecko) Chrome/109.0.0.0 Safari/537.36"
185.216.113.70 - - [21/Apr/2026:01:49:14 +0300] "POST /wp-cron.php?doing_wp_cron=1776725353.9780879020690917968750 HTTP/1.1" 200 448 "-" "WordPress/6.3.8; https://serhatburke.miroglu.net"
98.98.197.212 - - [21/Apr/2026:01:49:02 +0300] "POST /xmlrpc.php HTTP/1.1" 200 630 "-" "Mozilla/5.0 (Windows NT 10.0; Win64; x64) AppleWebKit/537.36 (KHTML, like Gecko) Chrome/114.0.0.0 Safari/537.36"
98.98.197.212 - - [21/Apr/2026:01:49:20 +0300] "POST /xmlrpc.php HTTP/1.1" 200 11404 "-" "Mozilla/5.0 (Windows NT 10.0; Win64; x64) AppleWebKit/537.36 (KHTML, like Gecko) Chrome/114.0.0.0 Safari/537.36"
185.216.113.70 - - [21/Apr/2026:01:49:46 +0300] "POST /wp-cron.php?doing_wp_cron=1776725386.0426089763641357421875 HTTP/1.1" 200 448 "-" "WordPress/6.3.8; https://serhatburke.miroglu.net"
98.98.197.212 - - [21/Apr/2026:01:49:33 +0300] "GET /gamble-100-percent-free-the-fresh-ports-inside-2026/ HTTP/1.1" 200 72357 "-" "Mozilla/5.0 (Windows NT 10.0; Win64; x64; rv:125.0) Gecko/20100101 Firefox/125.0"
185.216.113.70 - - [21/Apr/2026:01:50:43 +0300] "POST /wp-cron.php?doing_wp_cron=1776725443.8219480514526367187500 HTTP/1.1" 200 448 "-" "WordPress/6.3.8; https://serhatburke.miroglu.net"
157.22.74.23 - - [21/Apr/2026:01:50:32 +0300] "POST /xmlrpc.php HTTP/2" 200 141 "-" "WordPress/XMLRPC Client"
157.22.74.23 - - [21/Apr/2026:01:50:44 +0300] "GET /?p=123943 HTTP/2" 301 0 "-" "Mozilla/5.0 (Windows NT 10.0; Win64; x64) AppleWebKit/537.36 (KHTML, like Gecko) Chrome/120.0.0.0 Safari/537.36"
98.98.197.212 - - [21/Apr/2026:01:50:51 +0300] "POST /xmlrpc.php HTTP/1.1" 200 630 "-" "Mozilla/5.0 (Windows NT 10.0; Win64; x64) AppleWebKit/537.36 (KHTML, like Gecko) Chrome/114.0.0.0 Safari/537.36"
223.165.69.55 - - [21/Apr/2026:01:51:10 +0300] "POST /xmlrpc.php HTTP/1.1" 200 630 "-" "Mozilla/5.0 (Windows NT 10.0; Win64; x64) AppleWebKit/537.36 (KHTML, like Gecko) Chrome/114.0.0.0 Safari/537.36"
98.98.197.212 - - [21/Apr/2026:01:51:13 +0300] "POST /xmlrpc.php HTTP/1.1" 200 11141 "-" "Mozilla/5.0 (Windows NT 10.0; Win64; x64) AppleWebKit/537.36 (KHTML, like Gecko) Chrome/114.0.0.0 Safari/537.36"
185.216.113.70 - - [21/Apr/2026:01:51:44 +0300] "POST /wp-cron.php?doing_wp_cron=1776725504.1411290168762207031250 HTTP/1.1" 200 448 "-" "WordPress/6.3.8; https://serhatburke.miroglu.net"
98.98.197.212 - - [21/Apr/2026:01:51:32 +0300] "GET /greatest-step-one-minimum-put-gambling-establishment-web-sites-2026-better-picks/ HTTP/1.1" 200 72750 "-" "Mozilla/5.0 (Windows NT 10.0; Win64; x64) AppleWebKit/537.36 (KHTML, like Gecko) Chrome/123.0.0.0 Safari/537.36"
185.216.113.70 - - [21/Apr/2026:01:51:49 +0300] "POST /wp-cron.php?doing_wp_cron=1776725508.9552459716796875000000 HTTP/1.1" 200 448 "-" "WordPress/6.3.8; https://serhatburke.miroglu.net"
223.165.69.55 - - [21/Apr/2026:01:51:36 +0300] "POST /xmlrpc.php HTTP/1.1" 200 12519 "-" "Mozilla/5.0 (Windows NT 10.0; Win64; x64) AppleWebKit/537.36 (KHTML, like Gecko) Chrome/114.0.0.0 Safari/537.36"
223.165.69.55 - - [21/Apr/2026:01:51:51 +0300] "GET /clover-rush-5-position-because-of-the-redstone-100-percent-free-demo-enjoy/ HTTP/1.1" 200 73703 "-" "Mozilla/5.0 (Windows NT 10.0; rv:109.0) Gecko/20100101 Firefox/115.0"
185.216.113.70 - - [21/Apr/2026:01:52:39 +0300] "POST /wp-cron.php?doing_wp_cron=1776725559.1059179306030273437500 HTTP/1.1" 200 448 "-" "WordPress/6.3.8; https://serhatburke.miroglu.net"
98.98.197.212 - - [21/Apr/2026:01:52:27 +0300] "POST /xmlrpc.php HTTP/1.1" 200 630 "-" "Mozilla/5.0 (Windows NT 10.0; Win64; x64) AppleWebKit/537.36 (KHTML, like Gecko) Chrome/114.0.0.0 Safari/537.36"
98.98.197.212 - - [21/Apr/2026:01:52:45 +0300] "POST /xmlrpc.php HTTP/1.1" 200 12069 "-" "Mozilla/5.0 (Windows NT 10.0; Win64; x64) AppleWebKit/537.36 (KHTML, like Gecko) Chrome/114.0.0.0 Safari/537.36"
98.98.197.212 - - [21/Apr/2026:01:52:58 +0300] "GET /gamble-penny-slots-100-percent-free-125-100-percent-free-spins-incentive/ HTTP/1.1" 200 73456 "-" "Mozilla/5.0 (Windows NT 10.0; Win64; x64) AppleWebKit/537.36 (KHTML, like Gecko) Chrome/123.0.0.0 Safari/537.36 OPR/109.0.0.0"
185.216.113.70 - - [21/Apr/2026:01:54:25 +0300] "POST /wp-cron.php?doing_wp_cron=1776725665.1179499626159667968750 HTTP/1.1" 200 448 "-" "WordPress/6.3.8; https://serhatburke.miroglu.net"
98.98.197.212 - - [21/Apr/2026:01:54:11 +0300] "POST /xmlrpc.php HTTP/1.1" 200 630 "-" "Mozilla/5.0 (Windows NT 10.0; Win64; x64) AppleWebKit/537.36 (KHTML, like Gecko) Chrome/114.0.0.0 Safari/537.36"
98.98.197.212 - - [21/Apr/2026:01:54:32 +0300] "POST /xmlrpc.php HTTP/1.1" 200 11870 "-" "Mozilla/5.0 (Windows NT 10.0; Win64; x64) AppleWebKit/537.36 (KHTML, like Gecko) Chrome/114.0.0.0 Safari/537.36"
223.165.69.55 - - [21/Apr/2026:01:54:33 +0300] "POST /xmlrpc.php HTTP/1.1" 200 630 "-" "Mozilla/5.0 (Windows NT 10.0; Win64; x64) AppleWebKit/537.36 (KHTML, like Gecko) Chrome/114.0.0.0 Safari/537.36"
98.98.197.212 - - [21/Apr/2026:01:54:48 +0300] "GET /beta-uk-minimal-overview-come-across-and-update-organization-guidance-gov-uk/ HTTP/1.1" 200 73416 "-" "Mozilla/5.0 (Windows NT 10.0; Win64; x64) AppleWebKit/537.36 (KHTML, like Gecko) Chrome/123.0.0.0 Safari/537.36 OPR/109.0.0.0"
223.165.69.55 - - [21/Apr/2026:01:54:55 +0300] "POST /xmlrpc.php HTTP/1.1" 200 12076 "-" "Mozilla/5.0 (Windows NT 10.0; Win64; x64) AppleWebKit/537.36 (KHTML, like Gecko) Chrome/114.0.0.0 Safari/537.36"
223.165.69.55 - - [21/Apr/2026:01:55:16 +0300] "GET /100-spins-no-deposit/ HTTP/1.1" 200 71958 "-" "Mozilla/5.0 (Windows NT 10.0; Win64; x64) AppleWebKit/537.36 (KHTML, like Gecko) Chrome/123.0.0.0 Safari/537.36"
185.216.113.70 - - [21/Apr/2026:01:56:14 +0300] "POST /wp-cron.php?doing_wp_cron=1776725774.1193768978118896484375 HTTP/1.1" 200 448 "-" "WordPress/6.3.8; https://serhatburke.miroglu.net"
98.98.197.212 - - [21/Apr/2026:01:56:02 +0300] "POST /xmlrpc.php HTTP/1.1" 200 630 "-" "Mozilla/5.0 (Windows NT 10.0; Win64; x64) AppleWebKit/537.36 (KHTML, like Gecko) Chrome/114.0.0.0 Safari/537.36"
98.98.197.212 - - [21/Apr/2026:01:56:20 +0300] "POST /xmlrpc.php HTTP/1.1" 200 11869 "-" "Mozilla/5.0 (Windows NT 10.0; Win64; x64) AppleWebKit/537.36 (KHTML, like Gecko) Chrome/114.0.0.0 Safari/537.36"
185.216.113.70 - - [21/Apr/2026:01:56:45 +0300] "POST /wp-cron.php?doing_wp_cron=1776725805.6648468971252441406250 HTTP/1.1" 200 448 "-" "WordPress/6.3.8; https://serhatburke.miroglu.net"
98.98.197.212 - - [21/Apr/2026:01:56:34 +0300] "GET /wild-panda-slot-free-aristocrat-slots-on-the-web/ HTTP/1.1" 200 72350 "-" "Mozilla/5.0 (Windows NT 10.0; Win64; x64; rv:125.0) Gecko/20100101 Firefox/125.0"
185.216.113.70 - - [21/Apr/2026:01:57:46 +0300] "POST /wp-cron.php?doing_wp_cron=1776725866.2356660366058349609375 HTTP/1.1" 200 448 "-" "WordPress/6.3.8; https://serhatburke.miroglu.net"
98.98.197.212 - - [21/Apr/2026:01:57:34 +0300] "POST /xmlrpc.php HTTP/1.1" 200 630 "-" "Mozilla/5.0 (Windows NT 10.0; Win64; x64) AppleWebKit/537.36 (KHTML, like Gecko) Chrome/114.0.0.0 Safari/537.36"
98.98.197.212 - - [21/Apr/2026:01:57:52 +0300] "POST /xmlrpc.php HTTP/1.1" 200 12028 "-" "Mozilla/5.0 (Windows NT 10.0; Win64; x64) AppleWebKit/537.36 (KHTML, like Gecko) Chrome/114.0.0.0 Safari/537.36"
98.98.197.212 - - [21/Apr/2026:01:58:06 +0300] "GET /prompt-commission-gambling-enterprises-australian-continent-2026-%EF%B8%8F-instantaneous-withdrawal/ HTTP/1.1" 200 74028 "-" "Mozilla/5.0 (Windows NT 10.0; Win64; x64; rv:125.0) Gecko/20100101 Firefox/125.0"
223.165.69.55 - - [21/Apr/2026:01:58:08 +0300] "POST /xmlrpc.php HTTP/1.1" 200 630 "-" "Mozilla/5.0 (Windows NT 10.0; Win64; x64) AppleWebKit/537.36 (KHTML, like Gecko) Chrome/114.0.0.0 Safari/537.36"
185.216.113.70 - - [21/Apr/2026:01:58:39 +0300] "POST /wp-cron.php?doing_wp_cron=1776725919.7252380847930908203125 HTTP/1.1" 200 448 "-" "WordPress/6.3.8; https://serhatburke.miroglu.net"
223.165.69.55 - - [21/Apr/2026:01:58:27 +0300] "POST /xmlrpc.php HTTP/1.1" 200 14856 "-" "Mozilla/5.0 (Windows NT 10.0; Win64; x64) AppleWebKit/537.36 (KHTML, like Gecko) Chrome/114.0.0.0 Safari/537.36"
223.165.69.55 - - [21/Apr/2026:01:58:42 +0300] "GET /demeter-wikipedia/ HTTP/1.1" 200 74636 "-" "Mozilla/5.0 (Windows NT 10.0; Win64; x64) AppleWebKit/537.36 (KHTML, like Gecko) Chrome/109.0.0.0 Safari/537.36"
185.216.113.70 - - [21/Apr/2026:02:00:16 +0300] "POST /wp-cron.php?doing_wp_cron=1776726016.3198859691619873046875 HTTP/1.1" 200 448 "-" "WordPress/6.3.8; https://serhatburke.miroglu.net"
200.25.47.111 - - [21/Apr/2026:02:00:03 +0300] "POST /xmlrpc.php HTTP/1.1" 200 630 "-" "Mozilla/5.0 (Windows NT 10.0; Win64; x64) AppleWebKit/537.36 (KHTML, like Gecko) Chrome/114.0.0.0 Safari/537.36"
200.25.47.111 - - [21/Apr/2026:02:00:24 +0300] "POST /xmlrpc.php HTTP/1.1" 200 12428 "-" "Mozilla/5.0 (Windows NT 10.0; Win64; x64) AppleWebKit/537.36 (KHTML, like Gecko) Chrome/114.0.0.0 Safari/537.36"
185.216.113.70 - - [21/Apr/2026:02:00:51 +0300] "POST /wp-cron.php?doing_wp_cron=1776726051.0427899360656738281250 HTTP/1.1" 200 448 "-" "WordPress/6.3.8; https://serhatburke.miroglu.net"
