216.26.224.81 - - [20/Apr/2026:13:03:51 +0300] "GET /wp-login.php HTTP/1.1" 200 0 "-" "Mozilla/5.0 (Windows NT 10.0; Win64; x64) AppleWebKit/537.36 (KHTML, like Gecko) Chrome/143.0.0.0 Safari/537.36"
216.26.250.58 - - [20/Apr/2026:13:03:54 +0300] "GET /wp-login.php HTTP/1.1" 200 4197 "-" "Mozilla/5.0 (Windows NT 10.0; Win64; x64) AppleWebKit/537.36 (KHTML, like Gecko) Chrome/143.0.0.0 Safari/537.36"
34.9.116.1 - - [20/Apr/2026:13:04:46 +0300] "GET //wordpress/wp-includes/wlwmanifest.xml HTTP/1.1" 301 429 "-" "Mozilla/5.0 (Windows NT 10.0; Win64; x64) AppleWebKit/537.36 (KHTML, like Gecko) Chrome/78.0.3904.108 Safari/537.36"
151.123.177.70 - - [20/Apr/2026:13:04:48 +0300] "POST /wp-login.php HTTP/1.1" 302 1359 "https://serhatburke.miroglu.net/wp-login.php" "Mozilla/5.0 (Windows NT 10.0; Win64; x64) AppleWebKit/537.36 (KHTML, like Gecko) Chrome/143.0.0.0 Safari/537.36"
216.26.250.58 - - [20/Apr/2026:13:04:52 +0300] "POST /wp-login.php HTTP/1.1" 302 1365 "https://serhatburke.miroglu.net/wp-login.php" "Mozilla/5.0 (Windows NT 10.0; Win64; x64) AppleWebKit/537.36 (KHTML, like Gecko) Chrome/143.0.0.0 Safari/537.36"
104.207.54.4 - - [20/Apr/2026:13:04:51 +0300] "GET /wp-login.php HTTP/1.1" 200 4197 "-" "Mozilla/5.0 (Windows NT 10.0; Win64; x64) AppleWebKit/537.36 (KHTML, like Gecko) Chrome/143.0.0.0 Safari/537.36"
200.25.47.132 - - [20/Apr/2026:13:04:55 +0300] "POST /xmlrpc.php HTTP/1.1" 200 10751 "-" "Mozilla/5.0 (Windows NT 10.0; Win64; x64) AppleWebKit/537.36 (KHTML, like Gecko) Chrome/114.0.0.0 Safari/537.36"
185.216.113.70 - - [20/Apr/2026:13:06:15 +0300] "POST /wp-cron.php?doing_wp_cron=1776679575.4812150001525878906250 HTTP/1.1" 200 448 "-" "WordPress/6.3.8; https://serhatburke.miroglu.net"
34.9.116.1 - - [20/Apr/2026:13:05:42 +0300] "GET //website/wp-includes/wlwmanifest.xml HTTP/1.1" 301 427 "-" "Mozilla/5.0 (Windows NT 10.0; Win64; x64) AppleWebKit/537.36 (KHTML, like Gecko) Chrome/78.0.3904.108 Safari/537.36"
104.207.54.4 - - [20/Apr/2026:13:05:45 +0300] "POST /wp-login.php HTTP/1.1" 302 1359 "https://serhatburke.miroglu.net/wp-login.php" "Mozilla/5.0 (Windows NT 10.0; Win64; x64) AppleWebKit/537.36 (KHTML, like Gecko) Chrome/143.0.0.0 Safari/537.36"
151.123.177.70 - - [20/Apr/2026:13:05:45 +0300] "GET /wp-admin/ HTTP/1.1" 200 245796 "https://serhatburke.miroglu.net/wp-login.php" "Mozilla/5.0 (Windows NT 10.0; Win64; x64) AppleWebKit/537.36 (KHTML, like Gecko) Chrome/143.0.0.0 Safari/537.36"
216.26.250.58 - - [20/Apr/2026:13:05:46 +0300] "GET /wp-admin/ HTTP/1.1" 200 245117 "https://serhatburke.miroglu.net/wp-login.php" "Mozilla/5.0 (Windows NT 10.0; Win64; x64) AppleWebKit/537.36 (KHTML, like Gecko) Chrome/143.0.0.0 Safari/537.36"
151.123.177.70 - - [20/Apr/2026:13:06:19 +0300] "GET /wp-admin/plugin-install.php HTTP/1.1" 403 233 "https://serhatburke.miroglu.net/wp-login.php" "Mozilla/5.0 (Windows NT 10.0; Win64; x64) AppleWebKit/537.36 (KHTML, like Gecko) Chrome/143.0.0.0 Safari/537.36"
151.123.177.70 - - [20/Apr/2026:13:06:19 +0300] "GET /wp-admin/plugin-install.php HTTP/1.1" 403 233 "https://serhatburke.miroglu.net/wp-login.php" "Mozilla/5.0 (Windows NT 10.0; Win64; x64) AppleWebKit/537.36 (KHTML, like Gecko) Chrome/143.0.0.0 Safari/537.36"
216.26.250.58 - - [20/Apr/2026:13:06:19 +0300] "GET /wp-admin/plugin-install.php HTTP/1.1" 403 233 "https://serhatburke.miroglu.net/wp-login.php" "Mozilla/5.0 (Windows NT 10.0; Win64; x64) AppleWebKit/537.36 (KHTML, like Gecko) Chrome/143.0.0.0 Safari/537.36"
216.26.250.58 - - [20/Apr/2026:13:06:20 +0300] "GET /wp-admin/plugin-install.php HTTP/1.1" 403 233 "https://serhatburke.miroglu.net/wp-login.php" "Mozilla/5.0 (Windows NT 10.0; Win64; x64) AppleWebKit/537.36 (KHTML, like Gecko) Chrome/143.0.0.0 Safari/537.36"
200.25.47.132 - - [20/Apr/2026:13:05:52 +0300] "GET /immortal-relationship-status-comment-gamble-immortal-love-demonstration/ HTTP/1.1" 200 72664 "-" "Mozilla/5.0 (Windows NT 10.0; rv:109.0) Gecko/20100101 Firefox/115.0"
34.9.116.1 - - [20/Apr/2026:13:06:16 +0300] "GET //wp/wp-includes/wlwmanifest.xml HTTP/1.1" 301 422 "-" "Mozilla/5.0 (Windows NT 10.0; Win64; x64) AppleWebKit/537.36 (KHTML, like Gecko) Chrome/78.0.3904.108 Safari/537.36"
104.207.54.4 - - [20/Apr/2026:13:06:18 +0300] "GET /wp-admin/ HTTP/1.1" 200 245856 "https://serhatburke.miroglu.net/wp-login.php" "Mozilla/5.0 (Windows NT 10.0; Win64; x64) AppleWebKit/537.36 (KHTML, like Gecko) Chrome/143.0.0.0 Safari/537.36"
104.207.54.4 - - [20/Apr/2026:13:06:37 +0300] "GET /wp-admin/plugin-install.php HTTP/1.1" 403 233 "https://serhatburke.miroglu.net/wp-login.php" "Mozilla/5.0 (Windows NT 10.0; Win64; x64) AppleWebKit/537.36 (KHTML, like Gecko) Chrome/143.0.0.0 Safari/537.36"
104.207.54.4 - - [20/Apr/2026:13:06:37 +0300] "GET /wp-admin/plugin-install.php HTTP/1.1" 403 233 "https://serhatburke.miroglu.net/wp-login.php" "Mozilla/5.0 (Windows NT 10.0; Win64; x64) AppleWebKit/537.36 (KHTML, like Gecko) Chrome/143.0.0.0 Safari/537.36"
185.216.113.70 - - [20/Apr/2026:13:06:50 +0300] "POST /wp-cron.php?doing_wp_cron=1776679610.4157559871673583984375 HTTP/1.1" 200 448 "-" "WordPress/6.3.8; https://serhatburke.miroglu.net"
34.9.116.1 - - [20/Apr/2026:13:06:37 +0300] "GET //news/wp-includes/wlwmanifest.xml HTTP/1.1" 301 424 "-" "Mozilla/5.0 (Windows NT 10.0; Win64; x64) AppleWebKit/537.36 (KHTML, like Gecko) Chrome/78.0.3904.108 Safari/537.36"
34.9.116.1 - - [20/Apr/2026:13:06:51 +0300] "GET //2018/wp-includes/wlwmanifest.xml HTTP/1.1" 301 424 "-" "Mozilla/5.0 (Windows NT 10.0; Win64; x64) AppleWebKit/537.36 (KHTML, like Gecko) Chrome/78.0.3904.108 Safari/537.36"
34.9.116.1 - - [20/Apr/2026:13:07:07 +0300] "GET //2019/wp-includes/wlwmanifest.xml HTTP/1.1" 301 424 "-" "Mozilla/5.0 (Windows NT 10.0; Win64; x64) AppleWebKit/537.36 (KHTML, like Gecko) Chrome/78.0.3904.108 Safari/537.36"
34.9.116.1 - - [20/Apr/2026:13:07:19 +0300] "GET //shop/wp-includes/wlwmanifest.xml HTTP/1.1" 301 424 "-" "Mozilla/5.0 (Windows NT 10.0; Win64; x64) AppleWebKit/537.36 (KHTML, like Gecko) Chrome/78.0.3904.108 Safari/537.36"
185.216.113.70 - - [20/Apr/2026:13:07:45 +0300] "POST /wp-cron.php?doing_wp_cron=1776679665.1112871170043945312500 HTTP/1.1" 200 448 "-" "WordPress/6.3.8; https://serhatburke.miroglu.net"
34.9.116.1 - - [20/Apr/2026:13:07:32 +0300] "GET //wp1/wp-includes/wlwmanifest.xml HTTP/1.1" 301 423 "-" "Mozilla/5.0 (Windows NT 10.0; Win64; x64) AppleWebKit/537.36 (KHTML, like Gecko) Chrome/78.0.3904.108 Safari/537.36"
34.9.116.1 - - [20/Apr/2026:13:07:45 +0300] "GET //test/wp-includes/wlwmanifest.xml HTTP/1.1" 301 424 "-" "Mozilla/5.0 (Windows NT 10.0; Win64; x64) AppleWebKit/537.36 (KHTML, like Gecko) Chrome/78.0.3904.108 Safari/537.36"
107.152.46.202 - - [20/Apr/2026:13:07:52 +0300] "GET /beste-casino-site-belgie-hoge-inzet/ HTTP/1.1" 200 18613 "-" "Mozilla/5.0 (Windows NT 10.0; Win64; x64) AppleWebKit/537.36 (KHTML, like Gecko) Chrome/114.0.0.0 YaBrowser/22.7.0 Yowser/2.5 Safari/537.36"
34.9.116.1 - - [20/Apr/2026:13:08:01 +0300] "GET //media/wp-includes/wlwmanifest.xml HTTP/1.1" 301 425 "-" "Mozilla/5.0 (Windows NT 10.0; Win64; x64) AppleWebKit/537.36 (KHTML, like Gecko) Chrome/78.0.3904.108 Safari/537.36"
34.9.116.1 - - [20/Apr/2026:13:08:13 +0300] "GET //wp2/wp-includes/wlwmanifest.xml HTTP/1.1" 301 423 "-" "Mozilla/5.0 (Windows NT 10.0; Win64; x64) AppleWebKit/537.36 (KHTML, like Gecko) Chrome/78.0.3904.108 Safari/537.36"
185.216.113.70 - - [20/Apr/2026:13:08:39 +0300] "POST /wp-cron.php?doing_wp_cron=1776679719.5635809898376464843750 HTTP/1.1" 200 448 "-" "WordPress/6.3.8; https://serhatburke.miroglu.net"
34.9.116.1 - - [20/Apr/2026:13:08:26 +0300] "GET //site/wp-includes/wlwmanifest.xml HTTP/1.1" 301 424 "-" "Mozilla/5.0 (Windows NT 10.0; Win64; x64) AppleWebKit/537.36 (KHTML, like Gecko) Chrome/78.0.3904.108 Safari/537.36"
34.9.116.1 - - [20/Apr/2026:13:08:40 +0300] "GET //cms/wp-includes/wlwmanifest.xml HTTP/1.1" 301 423 "-" "Mozilla/5.0 (Windows NT 10.0; Win64; x64) AppleWebKit/537.36 (KHTML, like Gecko) Chrome/78.0.3904.108 Safari/537.36"
34.9.116.1 - - [20/Apr/2026:13:08:55 +0300] "GET //sito/wp-includes/wlwmanifest.xml HTTP/1.1" 301 424 "-" "Mozilla/5.0 (Windows NT 10.0; Win64; x64) AppleWebKit/537.36 (KHTML, like Gecko) Chrome/78.0.3904.108 Safari/537.36"
185.216.113.70 - - [20/Apr/2026:13:10:15 +0300] "POST /wp-cron.php?doing_wp_cron=1776679815.4921729564666748046875 HTTP/1.1" 200 448 "-" "WordPress/6.3.8; https://serhatburke.miroglu.net"
54.147.105.71 - - [20/Apr/2026:13:10:03 +0300] "GET /robots.txt HTTP/1.1" 200 605 "-" "UMichSearchEngineCrawler/1.0"
185.216.113.70 - - [20/Apr/2026:13:11:35 +0300] "POST /wp-cron.php?doing_wp_cron=1776679895.0150279998779296875000 HTTP/1.1" 200 448 "-" "WordPress/6.3.8; https://serhatburke.miroglu.net"
158.69.22.136 - - [20/Apr/2026:13:11:19 +0300] "GET /beste-casino-site-belgie-hoge-inzet/ HTTP/1.1" 200 18669 "-" "Mozilla/5.0 (compatible; Googlebot/2.1; +http://www.google.com/bot.html)"
185.216.113.70 - - [20/Apr/2026:13:13:30 +0300] "POST /wp-cron.php?doing_wp_cron=1776680010.8353040218353271484375 HTTP/1.1" 200 448 "-" "WordPress/6.3.8; https://serhatburke.miroglu.net"
98.98.43.146 - - [20/Apr/2026:13:13:17 +0300] "POST /xmlrpc.php HTTP/1.1" 200 630 "-" "Mozilla/5.0 (Windows NT 10.0; Win64; x64) AppleWebKit/537.36 (KHTML, like Gecko) Chrome/114.0.0.0 Safari/537.36"
98.98.43.146 - - [20/Apr/2026:13:13:37 +0300] "POST /xmlrpc.php HTTP/1.1" 200 14505 "-" "Mozilla/5.0 (Windows NT 10.0; Win64; x64) AppleWebKit/537.36 (KHTML, like Gecko) Chrome/114.0.0.0 Safari/537.36"
98.98.43.146 - - [20/Apr/2026:13:13:52 +0300] "GET /rated-because-of-the-real-professionals/ HTTP/1.1" 200 74856 "-" "Mozilla/5.0 (Windows NT 10.0; rv:125.0) Gecko/20100101 Firefox/125.0"
216.73.217.121 - - [20/Apr/2026:13:14:11 +0300] "GET /robots.txt HTTP/2" 200 110 "-" "Mozilla/5.0 AppleWebKit/537.36 (KHTML, like Gecko; compatible; ClaudeBot/1.0; +claudebot@anthropic.com)"
216.73.217.121 - - [20/Apr/2026:13:14:27 +0300] "GET /sitemap.rss HTTP/2" 200 0 "-" "Mozilla/5.0 AppleWebKit/537.36 (KHTML, like Gecko; compatible; ClaudeBot/1.0; +claudebot@anthropic.com)"
185.216.113.70 - - [20/Apr/2026:13:14:41 +0300] "POST /wp-cron.php?doing_wp_cron=1776680080.9952239990234375000000 HTTP/1.1" 200 448 "-" "WordPress/6.3.8; https://serhatburke.miroglu.net"
216.73.217.121 - - [20/Apr/2026:13:14:34 +0300] "GET /sitemap.xml HTTP/2" 200 0 "-" "Mozilla/5.0 AppleWebKit/537.36 (KHTML, like Gecko; compatible; ClaudeBot/1.0; +claudebot@anthropic.com)"
185.216.113.70 - - [20/Apr/2026:13:20:39 +0300] "POST /wp-cron.php?doing_wp_cron=1776680439.2188570499420166015625 HTTP/1.1" 200 448 "-" "WordPress/6.3.8; https://serhatburke.miroglu.net"
98.98.43.146 - - [20/Apr/2026:13:20:24 +0300] "POST /xmlrpc.php HTTP/1.1" 200 630 "-" "Mozilla/5.0 (Windows NT 10.0; Win64; x64) AppleWebKit/537.36 (KHTML, like Gecko) Chrome/114.0.0.0 Safari/537.36"
98.98.43.146 - - [20/Apr/2026:13:20:46 +0300] "POST /xmlrpc.php HTTP/1.1" 200 14341 "-" "Mozilla/5.0 (Windows NT 10.0; Win64; x64) AppleWebKit/537.36 (KHTML, like Gecko) Chrome/114.0.0.0 Safari/537.36"
98.98.43.146 - - [20/Apr/2026:13:21:00 +0300] "GET /gamble-in-the-top-ports-on-line-the-real-deal-currency-gambling-enterprises-2026/ HTTP/1.1" 200 75749 "-" "Mozilla/5.0 (Windows NT 10.0; Win64; x64) AppleWebKit/537.36 (KHTML, like Gecko) Chrome/109.0.0.0 Safari/537.36"
185.216.113.70 - - [20/Apr/2026:13:21:58 +0300] "POST /wp-cron.php?doing_wp_cron=1776680517.9696750640869140625000 HTTP/1.1" 200 448 "-" "WordPress/6.3.8; https://serhatburke.miroglu.net"
84.200.80.218 - - [20/Apr/2026:13:21:40 +0300] "POST /xmlrpc.php HTTP/1.1" 200 108901 "-" "Mozilla/5.0 (Macintosh; Intel Mac OS X 12_5) AppleWebKit/537.36 (KHTML, like Gecko) Chrome/114.0.0.0 Safari/537.36 Edg/114.0.1264.71"
84.200.80.218 - - [20/Apr/2026:13:21:58 +0300] "POST /xmlrpc.php HTTP/1.1" 200 486 "-" "Mozilla/5.0 (Macintosh; Intel Mac OS X 12_5) AppleWebKit/537.36 (KHTML, like Gecko) Chrome/114.0.0.0 Safari/537.36 Edg/114.0.1264.71"
84.200.80.218 - - [20/Apr/2026:13:22:12 +0300] "POST /xmlrpc.php HTTP/1.1" 200 489 "-" "Mozilla/5.0 (Macintosh; Intel Mac OS X 12_5) AppleWebKit/537.36 (KHTML, like Gecko) Chrome/114.0.0.0 Safari/537.36 Edg/114.0.1264.71"
185.216.113.70 - - [20/Apr/2026:13:22:37 +0300] "POST /wp-cron.php?doing_wp_cron=1776680556.9028689861297607421875 HTTP/1.1" 200 448 "-" "WordPress/6.3.8; https://serhatburke.miroglu.net"
84.200.80.218 - - [20/Apr/2026:13:22:25 +0300] "POST /xmlrpc.php HTTP/1.1" 200 158719 "-" "Mozilla/5.0 (Macintosh; Intel Mac OS X 12_5) AppleWebKit/537.36 (KHTML, like Gecko) Chrome/114.0.0.0 Safari/537.36 Edg/114.0.1264.71"
84.200.80.218 - - [20/Apr/2026:13:22:39 +0300] "POST /xmlrpc.php HTTP/1.1" 200 489 "-" "Mozilla/5.0 (Macintosh; Intel Mac OS X 12_5) AppleWebKit/537.36 (KHTML, like Gecko) Chrome/114.0.0.0 Safari/537.36 Edg/114.0.1264.71"
84.200.80.218 - - [20/Apr/2026:13:22:54 +0300] "POST /xmlrpc.php HTTP/1.1" 200 159314 "-" "Mozilla/5.0 (Macintosh; Intel Mac OS X 12_5) AppleWebKit/537.36 (KHTML, like Gecko) Chrome/114.0.0.0 Safari/537.36 Edg/114.0.1264.71"
171.5.4.229 - - [20/Apr/2026:13:23:36 +0300] "GET /wp-config-sample.php?callzlswp HTTP/1.1" 200 595 "-" "Mozilla/5.0 (Windows NT 6.1; Win64; x64; Trident/7.0; managedpc; rv:11.0) like Gecko"
185.216.113.70 - - [20/Apr/2026:13:24:00 +0300] "POST /wp-cron.php?doing_wp_cron=1776680639.9405019283294677734375 HTTP/1.1" 200 448 "-" "WordPress/6.3.8; https://serhatburke.miroglu.net"
66.249.73.14 - - [20/Apr/2026:13:23:47 +0300] "GET /robots.txt HTTP/1.1" 200 719 "-" "Mozilla/5.0 (compatible; Googlebot/2.1; +http://www.google.com/bot.html)"
98.98.43.146 - - [20/Apr/2026:13:23:54 +0300] "POST /xmlrpc.php HTTP/1.1" 200 630 "-" "Mozilla/5.0 (Windows NT 10.0; Win64; x64) AppleWebKit/537.36 (KHTML, like Gecko) Chrome/114.0.0.0 Safari/537.36"
192.155.87.154 - - [20/Apr/2026:13:24:15 +0300] "POST /wp-config-sample.php?callzlswp HTTP/1.1" 200 595 "-" "Mozilla/4.0 (compatible; MSIE 7.0; Windows NT 6.1; WOW64; Trident/7.0; SLCC2; .NET CLR 2.0.50727; .NET CLR 3.5.30729; .NET CLR 3.0.30729; Media Center PC 6.0; .NET4.0C; .NET4.0E; MS-RTC LM 8)"
192.155.87.154 - - [20/Apr/2026:13:24:17 +0300] "POST /wp-config-sample.php?callzlswp HTTP/1.1" 200 503 "-" "Mozilla/4.0 (compatible; MSIE 7.0; Windows NT 6.1; WOW64; Trident/7.0; SLCC2; .NET CLR 2.0.50727; .NET4.0C; .NET4.0E; FBViewer-6.0.4.0)"
98.98.43.146 - - [20/Apr/2026:13:24:14 +0300] "POST /xmlrpc.php HTTP/1.1" 200 14521 "-" "Mozilla/5.0 (Windows NT 10.0; Win64; x64) AppleWebKit/537.36 (KHTML, like Gecko) Chrome/114.0.0.0 Safari/537.36"
185.216.113.70 - - [20/Apr/2026:13:24:40 +0300] "POST /wp-cron.php?doing_wp_cron=1776680680.6523799896240234375000 HTTP/1.1" 200 448 "-" "WordPress/6.3.8; https://serhatburke.miroglu.net"
98.98.43.146 - - [20/Apr/2026:13:24:28 +0300] "GET /better-online-casinos-in-the-us-2026-real-money-internet-sites-ranked/ HTTP/1.1" 200 75596 "-" "Mozilla/5.0 (Windows NT 10.0; Win64; x64) AppleWebKit/537.36 (KHTML, like Gecko) Chrome/124.0.0.0 Safari/537.36 Edg/124.0.0.0"
185.216.113.70 - - [20/Apr/2026:13:26:38 +0300] "POST /wp-cron.php?doing_wp_cron=1776680798.6407439708709716796875 HTTP/1.1" 200 448 "-" "WordPress/6.3.8; https://serhatburke.miroglu.net"
179.49.226.43 - - [20/Apr/2026:13:26:21 +0300] "GET /methylstenbolon-dosierung-ein-leitfaden-fur-sportler/ HTTP/1.1" 200 68226 "-" "GuzzleHttp/7"
98.98.43.146 - - [20/Apr/2026:13:26:35 +0300] "POST /xmlrpc.php HTTP/1.1" 200 630 "-" "Mozilla/5.0 (Windows NT 10.0; Win64; x64) AppleWebKit/537.36 (KHTML, like Gecko) Chrome/114.0.0.0 Safari/537.36"
98.98.43.146 - - [20/Apr/2026:13:26:54 +0300] "POST /xmlrpc.php HTTP/1.1" 200 14382 "-" "Mozilla/5.0 (Windows NT 10.0; Win64; x64) AppleWebKit/537.36 (KHTML, like Gecko) Chrome/114.0.0.0 Safari/537.36"
98.98.43.146 - - [20/Apr/2026:13:27:08 +0300] "GET /5-put-casinos-uk-2026-finest-5-minimum-deposit-web-based-casinos-onlinecasinopulse/ HTTP/1.1" 200 75851 "-" "Mozilla/5.0 (Windows NT 10.0; Win64; x64) AppleWebKit/537.36 (KHTML, like Gecko) Chrome/122.0.0.0 Safari/537.36"
185.216.113.70 - - [20/Apr/2026:13:29:34 +0300] "POST /wp-cron.php?doing_wp_cron=1776680974.0478730201721191406250 HTTP/1.1" 200 448 "-" "WordPress/6.3.8; https://serhatburke.miroglu.net"
98.98.43.146 - - [20/Apr/2026:13:29:21 +0300] "POST /xmlrpc.php HTTP/1.1" 200 630 "-" "Mozilla/5.0 (Windows NT 10.0; Win64; x64) AppleWebKit/537.36 (KHTML, like Gecko) Chrome/114.0.0.0 Safari/537.36"
98.98.43.146 - - [20/Apr/2026:13:29:41 +0300] "POST /xmlrpc.php HTTP/1.1" 200 14405 "-" "Mozilla/5.0 (Windows NT 10.0; Win64; x64) AppleWebKit/537.36 (KHTML, like Gecko) Chrome/114.0.0.0 Safari/537.36"
98.98.43.146 - - [20/Apr/2026:13:30:01 +0300] "GET /great-bluish-slot-local-casino-number-%EF%B8%8F-best-high-bluish-free-spin-offers/ HTTP/1.1" 200 75756 "-" "Mozilla/5.0 (Windows NT 10.0; Win64; x64; rv:124.0) Gecko/20100101 Firefox/124.0"
179.1.73.93 - - [20/Apr/2026:13:30:12 +0300] "GET /was-sind-steroide-ihre-anwendung-und-wirkung-im-bodybuilding/ HTTP/1.1" 200 69100 "-" "GuzzleHttp/7"
185.216.113.70 - - [20/Apr/2026:13:30:52 +0300] "POST /wp-cron.php?doing_wp_cron=1776681051.8730309009552001953125 HTTP/1.1" 200 448 "-" "WordPress/6.3.8; https://serhatburke.miroglu.net"
130.51.20.151 - - [20/Apr/2026:13:30:34 +0300] "GET /beste-casino-site-belgie-hoge-inzet/ HTTP/1.1" 200 18699 "https://serhatburke.miroglu.net/" "Mozilla/5.0 (Macintosh; Intel Mac OS X 12_5) AppleWebKit/537.36 (KHTML, like Gecko) Chrome/114.0.0.0 Safari/537.36 Vivaldi/5.3.2679.68"
130.51.20.151 - - [20/Apr/2026:13:30:58 +0300] "GET /wp-includes/css/dist/block-library/style.min.css?ver=6.3.8 HTTP/1.1" 200 13578 "https://serhatburke.miroglu.net/beste-casino-site-belgie-hoge-inzet/" "Mozilla/5.0 (Windows NT 10.0; Win64; x64) AppleWebKit/537.36 (KHTML, like Gecko) Chrome/143.0.0.0 Safari/537.36"
130.51.20.151 - - [20/Apr/2026:13:30:59 +0300] "GET /wp-content/plugins/contact-form-7/includes/css/styles.css?ver=5.8 HTTP/1.1" 200 1490 "https://serhatburke.miroglu.net/beste-casino-site-belgie-hoge-inzet/" "Mozilla/5.0 (Windows NT 10.0; Win64; x64) AppleWebKit/537.36 (KHTML, like Gecko) Chrome/143.0.0.0 Safari/537.36"
130.51.20.151 - - [20/Apr/2026:13:31:00 +0300] "GET /wp-content/themes/toppic/css/fontello.css?ver=4.2 HTTP/1.1" 200 1802 "https://serhatburke.miroglu.net/beste-casino-site-belgie-hoge-inzet/" "Mozilla/5.0 (Windows NT 10.0; Win64; x64) AppleWebKit/537.36 (KHTML, like Gecko) Chrome/143.0.0.0 Safari/537.36"
130.51.20.151 - - [20/Apr/2026:13:31:01 +0300] "GET /wp-content/themes/toppic/css/reset.css?ver=4.2 HTTP/1.1" 200 1178 "https://serhatburke.miroglu.net/beste-casino-site-belgie-hoge-inzet/" "Mozilla/5.0 (Windows NT 10.0; Win64; x64) AppleWebKit/537.36 (KHTML, like Gecko) Chrome/143.0.0.0 Safari/537.36"
130.51.20.151 - - [20/Apr/2026:13:31:02 +0300] "GET /wp-content/themes/toppic/css/default.css?ver=4.2 HTTP/1.1" 200 1811 "https://serhatburke.miroglu.net/beste-casino-site-belgie-hoge-inzet/" "Mozilla/5.0 (Windows NT 10.0; Win64; x64) AppleWebKit/537.36 (KHTML, like Gecko) Chrome/143.0.0.0 Safari/537.36"
130.51.20.151 - - [20/Apr/2026:13:31:02 +0300] "GET /wp-content/themes/toppic/style.css?ver=4.2 HTTP/1.1" 200 23398 "https://serhatburke.miroglu.net/beste-casino-site-belgie-hoge-inzet/" "Mozilla/5.0 (Windows NT 10.0; Win64; x64) AppleWebKit/537.36 (KHTML, like Gecko) Chrome/143.0.0.0 Safari/537.36"
130.51.20.151 - - [20/Apr/2026:13:31:04 +0300] "GET /wp-content/themes/toppic/css/royalslider.css?ver=4.2 HTTP/1.1" 200 1887 "https://serhatburke.miroglu.net/beste-casino-site-belgie-hoge-inzet/" "Mozilla/5.0 (Windows NT 10.0; Win64; x64) AppleWebKit/537.36 (KHTML, like Gecko) Chrome/143.0.0.0 Safari/537.36"
130.51.20.151 - - [20/Apr/2026:13:31:05 +0300] "GET /wp-content/themes/toppic/css/rs-default.css?ver=4.2 HTTP/1.1" 200 2625 "https://serhatburke.miroglu.net/beste-casino-site-belgie-hoge-inzet/" "Mozilla/5.0 (Windows NT 10.0; Win64; x64) AppleWebKit/537.36 (KHTML, like Gecko) Chrome/143.0.0.0 Safari/537.36"
130.51.20.151 - - [20/Apr/2026:13:31:06 +0300] "GET /wp-content/themes/toppic/css/lightbox.css?ver=4.2 HTTP/1.1" 200 2956 "https://serhatburke.miroglu.net/beste-casino-site-belgie-hoge-inzet/" "Mozilla/5.0 (Windows NT 10.0; Win64; x64) AppleWebKit/537.36 (KHTML, like Gecko) Chrome/143.0.0.0 Safari/537.36"
130.51.20.151 - - [20/Apr/2026:13:31:06 +0300] "GET /wp-content/themes/toppic/css/woocommerce.css?ver=4.2 HTTP/1.1" 200 2848 "https://serhatburke.miroglu.net/beste-casino-site-belgie-hoge-inzet/" "Mozilla/5.0 (Windows NT 10.0; Win64; x64) AppleWebKit/537.36 (KHTML, like Gecko) Chrome/143.0.0.0 Safari/537.36"
130.51.20.151 - - [20/Apr/2026:13:31:07 +0300] "GET /wp-content/themes/toppic/css/responsive.css?ver=4.2 HTTP/1.1" 200 2796 "https://serhatburke.miroglu.net/beste-casino-site-belgie-hoge-inzet/" "Mozilla/5.0 (Windows NT 10.0; Win64; x64) AppleWebKit/537.36 (KHTML, like Gecko) Chrome/143.0.0.0 Safari/537.36"
130.51.20.151 - - [20/Apr/2026:13:31:09 +0300] "POST /wp-comments-post.php HTTP/1.1" 302 1083 "https://serhatburke.miroglu.net/beste-casino-site-belgie-hoge-inzet/" "Mozilla/5.0 (Macintosh; Intel Mac OS X 12_5) AppleWebKit/537.36 (KHTML, like Gecko) Chrome/114.0.0.0 Safari/537.36 Vivaldi/5.3.2679.68"
130.51.20.151 - - [20/Apr/2026:13:31:27 +0300] "GET /beste-casino-site-belgie-hoge-inzet/?unapproved=520&moderation-hash=290050ea270b7763179d9578fbd510e8 HTTP/1.1" 200 19040 "https://serhatburke.miroglu.net/wp-comments-post.php" "Mozilla/5.0 (Macintosh; Intel Mac OS X 12_5) AppleWebKit/537.36 (KHTML, like Gecko) Chrome/114.0.0.0 Safari/537.36 Vivaldi/5.3.2679.68"
185.216.113.70 - - [20/Apr/2026:13:31:51 +0300] "POST /wp-cron.php?doing_wp_cron=1776681111.5605599880218505859375 HTTP/1.1" 200 448 "-" "WordPress/6.3.8; https://serhatburke.miroglu.net"
130.51.20.151 - - [20/Apr/2026:13:31:40 +0300] "GET /beste-casino-site-belgie-hoge-inzet/ HTTP/1.1" 200 18613 "-" "Mozilla/5.0 (compatible; Googlebot/2.1; +http://www.google.com/bot.html)"
216.73.217.121 - - [20/Apr/2026:13:31:54 +0300] "GET /sitemap.xml HTTP/2" 200 0 "-" "Mozilla/5.0 AppleWebKit/537.36 (KHTML, like Gecko; compatible; ClaudeBot/1.0; +claudebot@anthropic.com)"
185.216.113.70 - - [20/Apr/2026:13:32:51 +0300] "POST /wp-cron.php?doing_wp_cron=1776681171.0813550949096679687500 HTTP/1.1" 200 448 "-" "WordPress/6.3.8; https://serhatburke.miroglu.net"
98.98.43.146 - - [20/Apr/2026:13:32:35 +0300] "POST /xmlrpc.php HTTP/1.1" 200 630 "-" "Mozilla/5.0 (Windows NT 10.0; Win64; x64) AppleWebKit/537.36 (KHTML, like Gecko) Chrome/114.0.0.0 Safari/537.36"
130.51.20.151 - - [20/Apr/2026:13:32:55 +0300] "GET /beste-casino-site-belgie-hoge-inzet/ HTTP/1.1" 200 18613 "-" "Mozilla/5.0 (compatible; Googlebot/2.1; +http://www.google.com/bot.html)"
98.98.43.146 - - [20/Apr/2026:13:32:57 +0300] "POST /xmlrpc.php HTTP/1.1" 200 12168 "-" "Mozilla/5.0 (Windows NT 10.0; Win64; x64) AppleWebKit/537.36 (KHTML, like Gecko) Chrome/114.0.0.0 Safari/537.36"
98.98.43.146 - - [20/Apr/2026:13:33:15 +0300] "GET /best-casinos-on-the-internet-for-real-money-in-march-2026/ HTTP/1.1" 200 72902 "-" "Mozilla/5.0 (Windows NT 10.0; Win64; x64) AppleWebKit/537.36 (KHTML, like Gecko) Chrome/123.0.0.0 Safari/537.36 OPR/109.0.0.0"
216.73.217.121 - - [20/Apr/2026:13:36:07 +0300] "GET /sitemap.rss HTTP/2" 200 0 "-" "Mozilla/5.0 AppleWebKit/537.36 (KHTML, like Gecko; compatible; ClaudeBot/1.0; +claudebot@anthropic.com)"
185.216.113.70 - - [20/Apr/2026:13:36:26 +0300] "POST /wp-cron.php?doing_wp_cron=1776681386.7287819385528564453125 HTTP/1.1" 200 448 "-" "WordPress/6.3.8; https://serhatburke.miroglu.net"
98.98.43.146 - - [20/Apr/2026:13:36:13 +0300] "POST /xmlrpc.php HTTP/1.1" 200 630 "-" "Mozilla/5.0 (Windows NT 10.0; Win64; x64) AppleWebKit/537.36 (KHTML, like Gecko) Chrome/114.0.0.0 Safari/537.36"
98.98.43.146 - - [20/Apr/2026:13:36:33 +0300] "POST /xmlrpc.php HTTP/1.1" 200 14759 "-" "Mozilla/5.0 (Windows NT 10.0; Win64; x64) AppleWebKit/537.36 (KHTML, like Gecko) Chrome/114.0.0.0 Safari/537.36"
185.216.113.70 - - [20/Apr/2026:13:36:59 +0300] "POST /wp-cron.php?doing_wp_cron=1776681419.6073670387268066406250 HTTP/1.1" 200 448 "-" "WordPress/6.3.8; https://serhatburke.miroglu.net"
98.98.43.146 - - [20/Apr/2026:13:36:47 +0300] "GET /5-put-bingo-sites-score-bonuses-once-you-put-5/ HTTP/1.1" 200 75347 "-" "Mozilla/5.0 (Windows NT 10.0; Win64; x64) AppleWebKit/537.36 (KHTML, like Gecko) Chrome/122.0.0.0 Safari/537.36"
192.142.53.92 - - [20/Apr/2026:13:37:13 +0300] "GET /your-guide-to-safe-and-fun-online-gambling-in-the-57/ HTTP/2" 200 150427 "-" "Mozilla/5.0 (Windows NT 10.0; Win64; x64) AppleWebKit/537.36 (KHTML, like Gecko) Chrome/124.0.0.0 Safari/537.36"
185.216.113.70 - - [20/Apr/2026:13:38:13 +0300] "POST /wp-cron.php?doing_wp_cron=1776681493.4881820678710937500000 HTTP/1.1" 200 448 "-" "WordPress/6.3.8; https://serhatburke.miroglu.net"
192.142.53.92 - - [20/Apr/2026:13:38:00 +0300] "GET /discover-the-best-uk-casino-sites-for-secure-2/ HTTP/2" 200 144441 "-" "Mozilla/5.0 (Windows NT 10.0; Win64; x64) AppleWebKit/537.36 (KHTML, like Gecko) Chrome/124.0.0.0 Safari/537.36"
185.216.113.70 - - [20/Apr/2026:13:40:06 +0300] "POST /wp-cron.php?doing_wp_cron=1776681606.0869309902191162109375 HTTP/1.1" 200 448 "-" "WordPress/6.3.8; https://serhatburke.miroglu.net"
98.98.43.146 - - [20/Apr/2026:13:39:51 +0300] "POST /xmlrpc.php HTTP/1.1" 200 630 "-" "Mozilla/5.0 (Windows NT 10.0; Win64; x64) AppleWebKit/537.36 (KHTML, like Gecko) Chrome/114.0.0.0 Safari/537.36"
98.98.43.146 - - [20/Apr/2026:13:40:13 +0300] "POST /xmlrpc.php HTTP/1.1" 200 12222 "-" "Mozilla/5.0 (Windows NT 10.0; Win64; x64) AppleWebKit/537.36 (KHTML, like Gecko) Chrome/114.0.0.0 Safari/537.36"
185.216.113.70 - - [20/Apr/2026:13:40:40 +0300] "POST /wp-cron.php?doing_wp_cron=1776681639.8690280914306640625000 HTTP/1.1" 200 448 "-" "WordPress/6.3.8; https://serhatburke.miroglu.net"
98.98.43.146 - - [20/Apr/2026:13:40:28 +0300] "GET /greatest-5-put-casino-put-5-rating-totally-free-revolves-to-your-ports/ HTTP/1.1" 200 73439 "-" "Mozilla/5.0 (Windows NT 10.0; Win64; x64) AppleWebKit/537.36 (KHTML, like Gecko) Chrome/124.0.0.0 Safari/537.36"
185.216.113.70 - - [20/Apr/2026:13:41:59 +0300] "POST /wp-cron.php?doing_wp_cron=1776681718.9535799026489257812500 HTTP/1.1" 200 448 "-" "WordPress/6.3.8; https://serhatburke.miroglu.net"
158.69.22.136 - - [20/Apr/2026:13:41:46 +0300] "GET /beste-casino-site-belgie-hoge-inzet/ HTTP/1.1" 200 18613 "-" "Mozilla/5.0 (compatible; Googlebot/2.1; +http://www.google.com/bot.html)"
185.153.197.137 - - [20/Apr/2026:13:41:51 +0300] "POST /xmlrpc.php HTTP/1.1" 200 630 "-" "Mozilla/5.0 (Windows NT 10.0; Win64; x64) AppleWebKit/537.36 (KHTML, like Gecko) Chrome/114.0.0.0 Safari/537.36"
185.153.197.137 - - [20/Apr/2026:13:42:11 +0300] "POST /xmlrpc.php HTTP/1.1" 200 13705 "-" "Mozilla/5.0 (Windows NT 10.0; Win64; x64) AppleWebKit/537.36 (KHTML, like Gecko) Chrome/114.0.0.0 Safari/537.36"
185.153.197.137 - - [20/Apr/2026:13:42:23 +0300] "GET /cellular-harbors-2026-have-fun-with-the-better-mobile-slot-online-game-on-the-internet/ HTTP/1.1" 200 75453 "-" "Mozilla/5.0 (Windows NT 10.0; Win64; x64; rv:125.0) Gecko/20100101 Firefox/125.0"
185.216.113.70 - - [20/Apr/2026:13:42:49 +0300] "POST /wp-cron.php?doing_wp_cron=1776681769.6011669635772705078125 HTTP/1.1" 200 448 "-" "WordPress/6.3.8; https://serhatburke.miroglu.net"
185.153.197.137 - - [20/Apr/2026:13:42:37 +0300] "POST /xmlrpc.php HTTP/1.1" 200 630 "-" "Mozilla/5.0 (Windows NT 10.0; Win64; x64) AppleWebKit/537.36 (KHTML, like Gecko) Chrome/114.0.0.0 Safari/537.36"
185.153.197.137 - - [20/Apr/2026:13:42:55 +0300] "POST /xmlrpc.php HTTP/1.1" 200 14198 "-" "Mozilla/5.0 (Windows NT 10.0; Win64; x64) AppleWebKit/537.36 (KHTML, like Gecko) Chrome/114.0.0.0 Safari/537.36"
185.153.197.137 - - [20/Apr/2026:13:43:08 +0300] "GET /better-5-minimum-deposit-casinos-2024-rating-bonuses/ HTTP/1.1" 200 74878 "-" "Mozilla/5.0 (Windows NT 10.0; Win64; x64) AppleWebKit/537.36 (KHTML, like Gecko) Chrome/109.0.0.0 Safari/537.36"
185.216.113.70 - - [20/Apr/2026:13:43:47 +0300] "POST /wp-cron.php?doing_wp_cron=1776681826.9225299358367919921875 HTTP/1.1" 200 448 "-" "WordPress/6.3.8; https://serhatburke.miroglu.net"
185.153.197.137 - - [20/Apr/2026:13:43:35 +0300] "POST /xmlrpc.php HTTP/1.1" 200 630 "-" "Mozilla/5.0 (Windows NT 10.0; Win64; x64) AppleWebKit/537.36 (KHTML, like Gecko) Chrome/114.0.0.0 Safari/537.36"
185.153.197.137 - - [20/Apr/2026:13:43:52 +0300] "POST /xmlrpc.php HTTP/1.1" 200 14275 "-" "Mozilla/5.0 (Windows NT 10.0; Win64; x64) AppleWebKit/537.36 (KHTML, like Gecko) Chrome/114.0.0.0 Safari/537.36"
185.153.197.137 - - [20/Apr/2026:13:44:03 +0300] "GET /greatest-online-slots-united-states-of-america-step-1-best-a-real-income-harbors-on-line-2026/ HTTP/1.1" 200 76092 "-" "Mozilla/5.0 (Windows NT 10.0; Win64; x64) AppleWebKit/537.36 (KHTML, like Gecko) Chrome/122.0.0.0 Safari/537.36"
185.216.113.70 - - [20/Apr/2026:13:44:41 +0300] "POST /wp-cron.php?doing_wp_cron=1776681881.6926229000091552734375 HTTP/1.1" 200 448 "-" "WordPress/6.3.8; https://serhatburke.miroglu.net"
185.153.197.137 - - [20/Apr/2026:13:44:29 +0300] "POST /xmlrpc.php HTTP/1.1" 200 630 "-" "Mozilla/5.0 (Windows NT 10.0; Win64; x64) AppleWebKit/537.36 (KHTML, like Gecko) Chrome/114.0.0.0 Safari/537.36"
185.153.197.137 - - [20/Apr/2026:13:44:47 +0300] "POST /xmlrpc.php HTTP/1.1" 200 14460 "-" "Mozilla/5.0 (Windows NT 10.0; Win64; x64) AppleWebKit/537.36 (KHTML, like Gecko) Chrome/114.0.0.0 Safari/537.36"
185.153.197.137 - - [20/Apr/2026:13:44:59 +0300] "GET /better-online-slots-games-incentives-inside-2026-better-harbors-promotions/ HTTP/1.1" 200 76032 "-" "Mozilla/5.0 (Windows NT 10.0; Win64; x64) AppleWebKit/537.36 (KHTML, like Gecko) Chrome/122.0.0.0 Safari/537.36"
185.216.113.70 - - [20/Apr/2026:13:45:41 +0300] "POST /wp-cron.php?doing_wp_cron=1776681941.4505100250244140625000 HTTP/1.1" 200 448 "-" "WordPress/6.3.8; https://serhatburke.miroglu.net"
185.153.197.137 - - [20/Apr/2026:13:45:27 +0300] "POST /xmlrpc.php HTTP/1.1" 200 630 "-" "Mozilla/5.0 (Windows NT 10.0; Win64; x64) AppleWebKit/537.36 (KHTML, like Gecko) Chrome/114.0.0.0 Safari/537.36"
185.153.197.137 - - [20/Apr/2026:13:45:47 +0300] "POST /xmlrpc.php HTTP/1.1" 200 14677 "-" "Mozilla/5.0 (Windows NT 10.0; Win64; x64) AppleWebKit/537.36 (KHTML, like Gecko) Chrome/114.0.0.0 Safari/537.36"
185.153.197.137 - - [20/Apr/2026:13:46:02 +0300] "GET /video-slots-2026-discover-the-greatest-slot-machine-game-machines/ HTTP/1.1" 200 75520 "-" "Mozilla/5.0 (Windows NT 10.0; Win64; x64) AppleWebKit/537.36 (KHTML, like Gecko) Chrome/122.0.0.0 Safari/537.36"
185.153.197.137 - - [20/Apr/2026:13:46:19 +0300] "POST /xmlrpc.php HTTP/1.1" 200 630 "-" "Mozilla/5.0 (Windows NT 10.0; Win64; x64) AppleWebKit/537.36 (KHTML, like Gecko) Chrome/114.0.0.0 Safari/537.36"
185.216.113.70 - - [20/Apr/2026:13:46:52 +0300] "POST /wp-cron.php?doing_wp_cron=1776682012.2423100471496582031250 HTTP/1.1" 200 448 "-" "WordPress/6.3.8; https://serhatburke.miroglu.net"
185.153.197.137 - - [20/Apr/2026:13:46:38 +0300] "POST /xmlrpc.php HTTP/1.1" 200 15262 "-" "Mozilla/5.0 (Windows NT 10.0; Win64; x64) AppleWebKit/537.36 (KHTML, like Gecko) Chrome/114.0.0.0 Safari/537.36"
185.153.197.137 - - [20/Apr/2026:13:46:52 +0300] "GET /best-on-the-internet-pokies-australia-2024-higher-earnings-genuine-bucks-video-game/ HTTP/1.1" 200 76663 "-" "Mozilla/5.0 (Windows NT 10.0; rv:125.0) Gecko/20100101 Firefox/125.0"
185.153.197.137 - - [20/Apr/2026:13:47:11 +0300] "POST /xmlrpc.php HTTP/1.1" 200 630 "-" "Mozilla/5.0 (Windows NT 10.0; Win64; x64) AppleWebKit/537.36 (KHTML, like Gecko) Chrome/114.0.0.0 Safari/537.36"
185.153.197.137 - - [20/Apr/2026:13:47:30 +0300] "POST /xmlrpc.php HTTP/1.1" 200 14436 "-" "Mozilla/5.0 (Windows NT 10.0; Win64; x64) AppleWebKit/537.36 (KHTML, like Gecko) Chrome/114.0.0.0 Safari/537.36"
185.216.113.70 - - [20/Apr/2026:13:47:55 +0300] "POST /wp-cron.php?doing_wp_cron=1776682075.0676300525665283203125 HTTP/1.1" 200 448 "-" "WordPress/6.3.8; https://serhatburke.miroglu.net"
185.153.197.137 - - [20/Apr/2026:13:47:42 +0300] "GET /better-paypal-gambling-enterprises-in-the-u-s-for-2025/ HTTP/1.1" 200 75209 "-" "Mozilla/5.0 (Windows NT 10.0; rv:109.0) Gecko/20100101 Firefox/115.0"
185.153.197.137 - - [20/Apr/2026:13:48:08 +0300] "POST /xmlrpc.php HTTP/1.1" 200 630 "-" "Mozilla/5.0 (Windows NT 10.0; Win64; x64) AppleWebKit/537.36 (KHTML, like Gecko) Chrome/114.0.0.0 Safari/537.36"
185.108.135.248 - - [20/Apr/2026:13:48:18 +0300] "GET /test-p-100-hvordan-skal-det-indtages/ HTTP/1.1" 200 66566 "-" "GuzzleHttp/7"
185.216.113.70 - - [20/Apr/2026:13:48:41 +0300] "POST /wp-cron.php?doing_wp_cron=1776682121.8968861103057861328125 HTTP/1.1" 200 448 "-" "WordPress/6.3.8; https://serhatburke.miroglu.net"
185.153.197.137 - - [20/Apr/2026:13:48:27 +0300] "POST /xmlrpc.php HTTP/1.1" 200 14210 "-" "Mozilla/5.0 (Windows NT 10.0; Win64; x64) AppleWebKit/537.36 (KHTML, like Gecko) Chrome/114.0.0.0 Safari/537.36"
185.153.197.137 - - [20/Apr/2026:13:48:42 +0300] "GET /best-online-casinos-inside-the-canada-best-local-casino-sites-with-real-money-and-you-can-license/ HTTP/1.1" 200 76199 "-" "Mozilla/5.0 (Windows NT 10.0; rv:109.0) Gecko/20100101 Firefox/115.0"
185.153.197.137 - - [20/Apr/2026:13:49:05 +0300] "POST /xmlrpc.php HTTP/1.1" 200 630 "-" "Mozilla/5.0 (Windows NT 10.0; Win64; x64) AppleWebKit/537.36 (KHTML, like Gecko) Chrome/114.0.0.0 Safari/537.36"
185.216.113.70 - - [20/Apr/2026:13:49:44 +0300] "POST /wp-cron.php?doing_wp_cron=1776682183.5992469787597656250000 HTTP/1.1" 200 448 "-" "WordPress/6.3.8; https://serhatburke.miroglu.net"
185.153.197.137 - - [20/Apr/2026:13:49:23 +0300] "POST /xmlrpc.php HTTP/1.1" 200 11858 "-" "Mozilla/5.0 (Windows NT 10.0; Win64; x64) AppleWebKit/537.36 (KHTML, like Gecko) Chrome/114.0.0.0 Safari/537.36"
148.135.195.139 - - [20/Apr/2026:13:49:29 +0300] "POST /xmlrpc.php HTTP/1.1" 200 109680 "-" "Mozilla/5.0 (Windows NT 10.0; Win64; x64) AppleWebKit/537.36 (KHTML, like Gecko) Chrome/114.0.0.0 Safari/537.36 Edg/114.0.1264.71"
148.135.195.139 - - [20/Apr/2026:13:49:45 +0300] "POST /xmlrpc.php HTTP/1.1" 200 489 "-" "Mozilla/5.0 (Windows NT 10.0; Win64; x64) AppleWebKit/537.36 (KHTML, like Gecko) Chrome/114.0.0.0 Safari/537.36 Edg/114.0.1264.71"
185.153.197.137 - - [20/Apr/2026:13:49:44 +0300] "GET /better-on-line-cent-ports-and-you-can-where-you-should-gamble-february-2026/ HTTP/1.1" 200 73264 "-" "Mozilla/5.0 (Windows NT 10.0; Win64; x64; rv:125.0) Gecko/20100101 Firefox/125.0"
185.153.197.137 - - [20/Apr/2026:13:49:51 +0300] "POST /xmlrpc.php HTTP/1.1" 200 630 "-" "Mozilla/5.0 (Windows NT 10.0; Win64; x64) AppleWebKit/537.36 (KHTML, like Gecko) Chrome/114.0.0.0 Safari/537.36"
148.135.195.139 - - [20/Apr/2026:13:50:17 +0300] "POST /xmlrpc.php HTTP/1.1" 200 118985 "-" "Mozilla/5.0 (Windows NT 10.0; Win64; x64) AppleWebKit/537.36 (KHTML, like Gecko) Chrome/114.0.0.0 Safari/537.36 Edg/114.0.1264.71"
185.216.113.70 - - [20/Apr/2026:13:50:39 +0300] "POST /wp-cron.php?doing_wp_cron=1776682239.6856288909912109375000 HTTP/1.1" 200 448 "-" "WordPress/6.3.8; https://serhatburke.miroglu.net"
185.153.197.137 - - [20/Apr/2026:13:50:25 +0300] "POST /xmlrpc.php HTTP/1.1" 200 12276 "-" "Mozilla/5.0 (Windows NT 10.0; Win64; x64) AppleWebKit/537.36 (KHTML, like Gecko) Chrome/114.0.0.0 Safari/537.36"
185.153.197.137 - - [20/Apr/2026:13:50:39 +0300] "GET /best-pokies-programs-for-real-gamblers-pley/ HTTP/1.1" 200 72951 "-" "Mozilla/5.0 (Windows NT 10.0; rv:125.0) Gecko/20100101 Firefox/125.0"
185.153.197.137 - - [20/Apr/2026:13:50:42 +0300] "POST /xmlrpc.php HTTP/1.1" 200 630 "-" "Mozilla/5.0 (Windows NT 10.0; Win64; x64) AppleWebKit/537.36 (KHTML, like Gecko) Chrome/114.0.0.0 Safari/537.36"
185.153.197.137 - - [20/Apr/2026:13:51:24 +0300] "POST /xmlrpc.php HTTP/1.1" 200 12002 "-" "Mozilla/5.0 (Windows NT 10.0; Win64; x64) AppleWebKit/537.36 (KHTML, like Gecko) Chrome/114.0.0.0 Safari/537.36"
185.216.113.70 - - [20/Apr/2026:13:51:44 +0300] "POST /wp-cron.php?doing_wp_cron=1776682304.2513949871063232421875 HTTP/1.1" 200 448 "-" "WordPress/6.3.8; https://serhatburke.miroglu.net"
185.153.197.137 - - [20/Apr/2026:13:51:30 +0300] "POST /xmlrpc.php HTTP/1.1" 200 630 "-" "Mozilla/5.0 (Windows NT 10.0; Win64; x64) AppleWebKit/537.36 (KHTML, like Gecko) Chrome/114.0.0.0 Safari/537.36"
185.216.113.70 - - [20/Apr/2026:13:51:51 +0300] "POST /wp-cron.php?doing_wp_cron=1776682311.8780701160430908203125 HTTP/1.1" 200 448 "-" "WordPress/6.3.8; https://serhatburke.miroglu.net"
185.153.197.137 - - [20/Apr/2026:13:51:36 +0300] "GET /enjoy-online-on-the-cellular/ HTTP/1.1" 200 71945 "-" "Mozilla/5.0 (Windows NT 10.0; rv:125.0) Gecko/20100101 Firefox/125.0"
185.153.197.137 - - [20/Apr/2026:13:51:49 +0300] "POST /xmlrpc.php HTTP/1.1" 200 12322 "-" "Mozilla/5.0 (Windows NT 10.0; Win64; x64) AppleWebKit/537.36 (KHTML, like Gecko) Chrome/114.0.0.0 Safari/537.36"
185.153.197.137 - - [20/Apr/2026:13:52:16 +0300] "POST /xmlrpc.php HTTP/1.1" 200 630 "-" "Mozilla/5.0 (Windows NT 10.0; Win64; x64) AppleWebKit/537.36 (KHTML, like Gecko) Chrome/114.0.0.0 Safari/537.36"
185.153.197.137 - - [20/Apr/2026:13:52:14 +0300] "GET /greatest-real-cash-pokies-gambling-enterprise-websites/ HTTP/1.1" 200 73216 "-" "Mozilla/5.0 (Windows NT 10.0; Win64; x64) AppleWebKit/537.36 (KHTML, like Gecko) Chrome/124.0.0.0 Safari/537.36 Edg/124.0.0.0"
185.216.113.70 - - [20/Apr/2026:13:53:27 +0300] "POST /wp-cron.php?doing_wp_cron=1776682407.1321229934692382812500 HTTP/1.1" 200 448 "-" "WordPress/6.3.8; https://serhatburke.miroglu.net"
185.153.197.137 - - [20/Apr/2026:13:52:55 +0300] "POST /xmlrpc.php HTTP/1.1" 200 13899 "-" "Mozilla/5.0 (Windows NT 10.0; Win64; x64) AppleWebKit/537.36 (KHTML, like Gecko) Chrome/114.0.0.0 Safari/537.36"
185.216.113.70 - - [20/Apr/2026:13:53:27 +0300] "POST /wp-cron.php?doing_wp_cron=1776682407.1941010951995849609375 HTTP/1.1" 200 448 "-" "WordPress/6.3.8; https://serhatburke.miroglu.net"
185.153.197.137 - - [20/Apr/2026:13:53:01 +0300] "POST /xmlrpc.php HTTP/1.1" 200 630 "-" "Mozilla/5.0 (Windows NT 10.0; Win64; x64) AppleWebKit/537.36 (KHTML, like Gecko) Chrome/114.0.0.0 Safari/537.36"
185.153.197.137 - - [20/Apr/2026:13:53:27 +0300] "GET /better-sweepstakes-gambling-enterprise-no-deposit-incentive-100-percent-free-south-carolina-2026/ HTTP/1.1" 200 75721 "-" "Mozilla/5.0 (Windows NT 10.0; Win64; x64; rv:124.0) Gecko/20100101 Firefox/124.0"
185.153.197.137 - - [20/Apr/2026:13:53:32 +0300] "POST /xmlrpc.php HTTP/1.1" 200 14940 "-" "Mozilla/5.0 (Windows NT 10.0; Win64; x64) AppleWebKit/537.36 (KHTML, like Gecko) Chrome/114.0.0.0 Safari/537.36"
185.153.197.137 - - [20/Apr/2026:13:53:42 +0300] "POST /xmlrpc.php HTTP/1.1" 200 630 "-" "Mozilla/5.0 (Windows NT 10.0; Win64; x64) AppleWebKit/537.36 (KHTML, like Gecko) Chrome/114.0.0.0 Safari/537.36"
185.216.113.70 - - [20/Apr/2026:13:54:41 +0300] "POST /wp-cron.php?doing_wp_cron=1776682480.8837909698486328125000 HTTP/1.1" 200 448 "-" "WordPress/6.3.8; https://serhatburke.miroglu.net"
185.153.197.137 - - [20/Apr/2026:13:54:24 +0300] "GET /viperwin-local-casino-no-deposit-extra-2026-fifty-totally-free-spins/ HTTP/1.1" 200 76102 "-" "Mozilla/5.0 (Windows NT 10.0; Win64; x64) AppleWebKit/537.36 (KHTML, like Gecko) Chrome/122.0.0.0 Safari/537.36"
185.216.113.70 - - [20/Apr/2026:13:54:53 +0300] "POST /wp-cron.php?doing_wp_cron=1776682493.8723759651184082031250 HTTP/1.1" 200 448 "-" "WordPress/6.3.8; https://serhatburke.miroglu.net"
185.153.197.137 - - [20/Apr/2026:13:54:30 +0300] "POST /xmlrpc.php HTTP/1.1" 200 11975 "-" "Mozilla/5.0 (Windows NT 10.0; Win64; x64) AppleWebKit/537.36 (KHTML, like Gecko) Chrome/114.0.0.0 Safari/537.36"
185.153.197.137 - - [20/Apr/2026:13:54:30 +0300] "POST /xmlrpc.php HTTP/1.1" 200 630 "-" "Mozilla/5.0 (Windows NT 10.0; Win64; x64) AppleWebKit/537.36 (KHTML, like Gecko) Chrome/114.0.0.0 Safari/537.36"
185.153.197.137 - - [20/Apr/2026:13:54:54 +0300] "GET /casinos-on-the-internet-canada-examine-finest-40-gambling-enterprise-websites-2026/ HTTP/1.1" 200 73525 "-" "Mozilla/5.0 (Windows NT 10.0; Win64; x64) AppleWebKit/537.36 (KHTML, like Gecko) Chrome/122.0.0.0 Safari/537.36"
185.153.197.137 - - [20/Apr/2026:13:54:59 +0300] "POST /xmlrpc.php HTTP/1.1" 200 14537 "-" "Mozilla/5.0 (Windows NT 10.0; Win64; x64) AppleWebKit/537.36 (KHTML, like Gecko) Chrome/114.0.0.0 Safari/537.36"
216.73.217.121 - - [20/Apr/2026:13:55:27 +0300] "GET /sitemap.xml HTTP/2" 200 0 "-" "Mozilla/5.0 AppleWebKit/537.36 (KHTML, like Gecko; compatible; ClaudeBot/1.0; +claudebot@anthropic.com)"
185.153.197.137 - - [20/Apr/2026:13:55:19 +0300] "POST /xmlrpc.php HTTP/1.1" 200 630 "-" "Mozilla/5.0 (Windows NT 10.0; Win64; x64) AppleWebKit/537.36 (KHTML, like Gecko) Chrome/114.0.0.0 Safari/537.36"
185.216.113.70 - - [20/Apr/2026:13:55:45 +0300] "POST /wp-cron.php?doing_wp_cron=1776682545.2090458869934082031250 HTTP/1.1" 200 448 "-" "WordPress/6.3.8; https://serhatburke.miroglu.net"
185.153.197.137 - - [20/Apr/2026:13:55:24 +0300] "GET /better-on-the-internet-pokies-around-australia-gamble-pokies-for-real-currency/ HTTP/1.1" 200 75921 "-" "Mozilla/5.0 (Windows NT 10.0; Win64; x64) AppleWebKit/537.36 (KHTML, like Gecko) Chrome/124.0.0.0 Safari/537.36"
185.153.197.137 - - [20/Apr/2026:13:55:44 +0300] "POST /xmlrpc.php HTTP/1.1" 200 12296 "-" "Mozilla/5.0 (Windows NT 10.0; Win64; x64) AppleWebKit/537.36 (KHTML, like Gecko) Chrome/114.0.0.0 Safari/537.36"
185.153.197.137 - - [20/Apr/2026:13:56:08 +0300] "POST /xmlrpc.php HTTP/1.1" 200 630 "-" "Mozilla/5.0 (Windows NT 10.0; Win64; x64) AppleWebKit/537.36 (KHTML, like Gecko) Chrome/114.0.0.0 Safari/537.36"
185.216.113.70 - - [20/Apr/2026:13:56:56 +0300] "POST /wp-cron.php?doing_wp_cron=1776682616.3125669956207275390625 HTTP/1.1" 200 448 "-" "WordPress/6.3.8; https://serhatburke.miroglu.net"
185.153.197.137 - - [20/Apr/2026:13:56:32 +0300] "GET /free-online-slot-machines-3/ HTTP/1.1" 200 72541 "-" "Mozilla/5.0 (Windows NT 10.0; Win64; x64) AppleWebKit/537.36 (KHTML, like Gecko) Chrome/123.0.0.0 Safari/537.36 OPR/109.0.0.0"
185.216.113.70 - - [20/Apr/2026:13:57:17 +0300] "POST /wp-cron.php?doing_wp_cron=1776682637.7228200435638427734375 HTTP/1.1" 200 448 "-" "WordPress/6.3.8; https://serhatburke.miroglu.net"
185.153.197.137 - - [20/Apr/2026:13:56:43 +0300] "POST /xmlrpc.php HTTP/1.1" 200 14939 "-" "Mozilla/5.0 (Windows NT 10.0; Win64; x64) AppleWebKit/537.36 (KHTML, like Gecko) Chrome/114.0.0.0 Safari/537.36"
185.153.197.137 - - [20/Apr/2026:13:56:53 +0300] "POST /xmlrpc.php HTTP/1.1" 200 630 "-" "Mozilla/5.0 (Windows NT 10.0; Win64; x64) AppleWebKit/537.36 (KHTML, like Gecko) Chrome/114.0.0.0 Safari/537.36"
185.153.197.137 - - [20/Apr/2026:13:57:18 +0300] "GET /the-fresh-online-slots-united-kingdom-real-money-%D9%85%D8%AC%D9%84%D8%A9-%D8%B9%D9%84%D9%88%D9%85-%D8%A7%D9%84%D8%B5%D9%8A%D8%AF%D9%84%D8%A9/ HTTP/1.1" 200 77763 "-" "Mozilla/5.0 (Windows NT 10.0; Win64; x64) AppleWebKit/537.36 (KHTML, like Gecko) Chrome/124.0.0.0 Safari/537.36 Edg/124.0.0.0"
185.153.197.137 - - [20/Apr/2026:13:57:32 +0300] "POST /xmlrpc.php HTTP/1.1" 200 15076 "-" "Mozilla/5.0 (Windows NT 10.0; Win64; x64) AppleWebKit/537.36 (KHTML, like Gecko) Chrome/114.0.0.0 Safari/537.36"
185.153.197.137 - - [20/Apr/2026:13:57:44 +0300] "POST /xmlrpc.php HTTP/1.1" 200 630 "-" "Mozilla/5.0 (Windows NT 10.0; Win64; x64) AppleWebKit/537.36 (KHTML, like Gecko) Chrome/114.0.0.0 Safari/537.36"
185.153.197.137 - - [20/Apr/2026:13:58:02 +0300] "GET /online-slots-games-means-better-on-line-slot-machine-game-steps-resources/ HTTP/1.1" 200 76365 "-" "Mozilla/5.0 (Windows NT 10.0; Win64; x64) AppleWebKit/537.36 (KHTML, like Gecko) Chrome/109.0.0.0 Safari/537.36"
185.216.113.70 - - [20/Apr/2026:13:58:48 +0300] "POST /wp-cron.php?doing_wp_cron=1776682728.8594899177551269531250 HTTP/1.1" 200 448 "-" "WordPress/6.3.8; https://serhatburke.miroglu.net"
185.153.197.137 - - [20/Apr/2026:13:58:17 +0300] "POST /xmlrpc.php HTTP/1.1" 200 14439 "-" "Mozilla/5.0 (Windows NT 10.0; Win64; x64) AppleWebKit/537.36 (KHTML, like Gecko) Chrome/114.0.0.0 Safari/537.36"
185.153.197.137 - - [20/Apr/2026:13:58:28 +0300] "POST /xmlrpc.php HTTP/1.1" 200 630 "-" "Mozilla/5.0 (Windows NT 10.0; Win64; x64) AppleWebKit/537.36 (KHTML, like Gecko) Chrome/114.0.0.0 Safari/537.36"
185.153.197.137 - - [20/Apr/2026:13:58:49 +0300] "GET /20-no-deposit-bonus-nz-2026/ HTTP/1.1" 200 74460 "-" "Mozilla/5.0 (Windows NT 10.0; Win64; x64; rv:125.0) Gecko/20100101 Firefox/125.0"
185.153.197.137 - - [20/Apr/2026:13:59:02 +0300] "POST /xmlrpc.php HTTP/1.1" 200 11558 "-" "Mozilla/5.0 (Windows NT 10.0; Win64; x64) AppleWebKit/537.36 (KHTML, like Gecko) Chrome/114.0.0.0 Safari/537.36"
185.153.197.137 - - [20/Apr/2026:13:59:07 +0300] "POST /xmlrpc.php HTTP/1.1" 200 630 "-" "Mozilla/5.0 (Windows NT 10.0; Win64; x64) AppleWebKit/537.36 (KHTML, like Gecko) Chrome/114.0.0.0 Safari/537.36"
185.216.113.70 - - [20/Apr/2026:13:59:59 +0300] "POST /wp-cron.php?doing_wp_cron=1776682799.5027530193328857421875 HTTP/1.1" 200 448 "-" "WordPress/6.3.8; https://serhatburke.miroglu.net"
185.153.197.137 - - [20/Apr/2026:13:59:31 +0300] "GET /ideas-on-how-to-earn-during-the-online-slots-games-tips-and-tricks-so-you-can-victory-inside-2026/ HTTP/1.1" 200 73460 "-" "Mozilla/5.0 (Windows NT 10.0; Win64; x64) AppleWebKit/537.36 (KHTML, like Gecko) Chrome/124.0.0.0 Safari/537.36"
185.153.197.137 - - [20/Apr/2026:13:59:41 +0300] "POST /xmlrpc.php HTTP/1.1" 200 14401 "-" "Mozilla/5.0 (Windows NT 10.0; Win64; x64) AppleWebKit/537.36 (KHTML, like Gecko) Chrome/114.0.0.0 Safari/537.36"
185.153.197.137 - - [20/Apr/2026:13:59:57 +0300] "POST /xmlrpc.php HTTP/1.1" 200 630 "-" "Mozilla/5.0 (Windows NT 10.0; Win64; x64) AppleWebKit/537.36 (KHTML, like Gecko) Chrome/114.0.0.0 Safari/537.36"
185.153.197.137 - - [20/Apr/2026:14:00:17 +0300] "GET /better-5-casino-poker-on-line-for-real-money-gaming-websites-within-the-2026/ HTTP/1.1" 200 75719 "-" "Mozilla/5.0 (Windows NT 10.0; Win64; x64) AppleWebKit/537.36 (KHTML, like Gecko) Chrome/123.0.0.0 Safari/537.36"
185.216.113.70 - - [20/Apr/2026:14:01:04 +0300] "POST /wp-cron.php?doing_wp_cron=1776682864.7911489009857177734375 HTTP/1.1" 200 448 "-" "WordPress/6.3.8; https://serhatburke.miroglu.net"
185.153.197.137 - - [20/Apr/2026:14:00:38 +0300] "POST /xmlrpc.php HTTP/1.1" 200 14716 "-" "Mozilla/5.0 (Windows NT 10.0; Win64; x64) AppleWebKit/537.36 (KHTML, like Gecko) Chrome/114.0.0.0 Safari/537.36"
185.216.113.70 - - [20/Apr/2026:14:01:06 +0300] "POST /wp-cron.php?doing_wp_cron=1776682866.6856799125671386718750 HTTP/1.1" 200 448 "-" "WordPress/6.3.8; https://serhatburke.miroglu.net"
185.153.197.137 - - [20/Apr/2026:14:00:41 +0300] "POST /xmlrpc.php HTTP/1.1" 200 630 "-" "Mozilla/5.0 (Windows NT 10.0; Win64; x64) AppleWebKit/537.36 (KHTML, like Gecko) Chrome/114.0.0.0 Safari/537.36"
37.40.227.194 - - [20/Apr/2026:14:01:00 +0300] "GET /a-thorough-guide-to-pdf-accessibility-standards/ HTTP/1.1" 200 0 "-" "Mozilla/5.0 (Macintosh; Intel Mac OS X 10_15_7) AppleWebKit/537.36 (KHTML, like Gecko) Chrome/144.0.0.0 Safari/537.36"
91.218.45.25 - - [20/Apr/2026:14:01:25 +0300] "GET /a-thorough-guide-to-pdf-accessibility-standards/ HTTP/1.1" 200 0 "-" "Mozilla/5.0 (Macintosh; Intel Mac OS X 10_15_7) AppleWebKit/537.36 (KHTML, like Gecko) Chrome/144.0.0.0 Safari/537.36"
185.216.113.70 - - [20/Apr/2026:14:02:09 +0300] "POST /wp-cron.php?doing_wp_cron=1776682929.7896571159362792968750 HTTP/1.1" 200 448 "-" "WordPress/6.3.8; https://serhatburke.miroglu.net"
185.216.113.70 - - [20/Apr/2026:14:02:13 +0300] "POST /wp-cron.php?doing_wp_cron=1776682933.4632170200347900390625 HTTP/1.1" 200 448 "-" "WordPress/6.3.8; https://serhatburke.miroglu.net"
185.153.197.137 - - [20/Apr/2026:14:01:09 +0300] "GET /betsson-local-casino-no-deposit-bonus-inside-the-uk-enjoy-100-percent-free-victory-genuine/ HTTP/1.1" 200 76423 "-" "Mozilla/5.0 (Windows NT 10.0; Win64; x64) AppleWebKit/537.36 (KHTML, like Gecko) Chrome/109.0.0.0 Safari/537.36"
185.216.113.70 - - [20/Apr/2026:14:02:14 +0300] "POST /wp-cron.php?doing_wp_cron=1776682934.8479769229888916015625 HTTP/1.1" 200 448 "-" "WordPress/6.3.8; https://serhatburke.miroglu.net"
185.153.197.137 - - [20/Apr/2026:14:01:12 +0300] "POST /xmlrpc.php HTTP/1.1" 200 14583 "-" "Mozilla/5.0 (Windows NT 10.0; Win64; x64) AppleWebKit/537.36 (KHTML, like Gecko) Chrome/114.0.0.0 Safari/537.36"
98.98.43.150 - - [20/Apr/2026:14:01:06 +0300] "GET /betsson-local-casino-no-deposit-bonus-inside-the-uk-enjoy-100-percent-free-victory-genuine/ HTTP/1.1" 200 76423 "-" "Mozilla/5.0 (Windows NT 10.0; Win64; x64) AppleWebKit/537.36 (KHTML, like Gecko) Chrome/109.0.0.0 Safari/537.36"
85.108.124.42 - - [20/Apr/2026:14:01:51 +0300] "GET /a-thorough-guide-to-pdf-accessibility-standards/ HTTP/1.1" 200 0 "-" "Mozilla/5.0 (Macintosh; Intel Mac OS X 10_15_7) AppleWebKit/537.36 (KHTML, like Gecko) Chrome/144.0.0.0 Safari/537.36"
185.216.113.70 - - [20/Apr/2026:14:02:27 +0300] "POST /wp-cron.php?doing_wp_cron=1776682946.9801900386810302734375 HTTP/1.1" 200 448 "-" "WordPress/6.3.8; https://serhatburke.miroglu.net"
185.153.197.137 - - [20/Apr/2026:14:01:22 +0300] "POST /xmlrpc.php HTTP/1.1" 200 630 "-" "Mozilla/5.0 (Windows NT 10.0; Win64; x64) AppleWebKit/537.36 (KHTML, like Gecko) Chrome/114.0.0.0 Safari/537.36"
102.213.251.70 - - [20/Apr/2026:14:02:18 +0300] "GET /a-thorough-guide-to-pdf-accessibility-standards/ HTTP/1.1" 200 0 "-" "Mozilla/5.0 (Macintosh; Intel Mac OS X 10_15_7) AppleWebKit/537.36 (KHTML, like Gecko) Chrome/144.0.0.0 Safari/537.36"
185.216.113.70 - - [20/Apr/2026:14:02:41 +0300] "POST /wp-cron.php?doing_wp_cron=1776682961.7551479339599609375000 HTTP/1.1" 200 448 "-" "WordPress/6.3.8; https://serhatburke.miroglu.net"
200.25.47.132 - - [20/Apr/2026:14:01:38 +0300] "POST /xmlrpc.php HTTP/1.1" 200 630 "-" "Mozilla/5.0 (Windows NT 10.0; Win64; x64) AppleWebKit/537.36 (KHTML, like Gecko) Chrome/114.0.0.0 Safari/537.36"
