223.165.69.55 - - [20/Apr/2026:20:52:23 +0300] "POST /xmlrpc.php HTTP/1.1" 200 630 "-" "Mozilla/5.0 (Windows NT 10.0; Win64; x64) AppleWebKit/537.36 (KHTML, like Gecko) Chrome/114.0.0.0 Safari/537.36"
223.165.69.55 - - [20/Apr/2026:20:52:44 +0300] "POST /xmlrpc.php HTTP/1.1" 200 14676 "-" "Mozilla/5.0 (Windows NT 10.0; Win64; x64) AppleWebKit/537.36 (KHTML, like Gecko) Chrome/114.0.0.0 Safari/537.36"
223.165.69.55 - - [20/Apr/2026:20:53:02 +0300] "GET /fairy-door-demo-enjoy-free-reputation-on-the-web-%E0%B8%A7%E0%B8%B4%E0%B8%97%E0%B8%A2%E0%B8%B2%E0%B8%A5%E0%B8%B1%E0%B8%A2%E0%B8%81%E0%B8%B2%E0%B8%A3%E0%B8%AD%E0%B8%B2%E0%B8%8A%E0%B8%B5%E0%B8%9E/ HTTP/1.1" 200 78625 "-" "Mozilla/5.0 (Windows NT 10.0; Win64; x64) AppleWebKit/537.36 (KHTML, like Gecko) Chrome/122.0.0.0 Safari/537.36"
185.216.113.70 - - [20/Apr/2026:20:55:18 +0300] "POST /wp-cron.php?doing_wp_cron=1776707718.1821289062500000000000 HTTP/1.1" 200 448 "-" "WordPress/6.3.8; https://serhatburke.miroglu.net"
192.142.53.92 - - [20/Apr/2026:20:55:05 +0300] "GET /upptack-sveriges-basta-casinon-och-din-nya-5/ HTTP/2" 200 174085 "-" "Mozilla/5.0 (Windows NT 10.0; Win64; x64) AppleWebKit/537.36 (KHTML, like Gecko) Chrome/124.0.0.0 Safari/537.36"
185.216.113.70 - - [20/Apr/2026:20:56:19 +0300] "POST /wp-cron.php?doing_wp_cron=1776707779.1375460624694824218750 HTTP/1.1" 200 448 "-" "WordPress/6.3.8; https://serhatburke.miroglu.net"
223.165.69.55 - - [20/Apr/2026:20:56:02 +0300] "POST /xmlrpc.php HTTP/1.1" 200 630 "-" "Mozilla/5.0 (Windows NT 10.0; Win64; x64) AppleWebKit/537.36 (KHTML, like Gecko) Chrome/114.0.0.0 Safari/537.36"
223.165.69.55 - - [20/Apr/2026:20:56:26 +0300] "POST /xmlrpc.php HTTP/1.1" 200 14362 "-" "Mozilla/5.0 (Windows NT 10.0; Win64; x64) AppleWebKit/537.36 (KHTML, like Gecko) Chrome/114.0.0.0 Safari/537.36"
185.216.113.70 - - [20/Apr/2026:20:56:59 +0300] "POST /wp-cron.php?doing_wp_cron=1776707819.0426869392395019531250 HTTP/1.1" 200 448 "-" "WordPress/6.3.8; https://serhatburke.miroglu.net"
223.165.69.55 - - [20/Apr/2026:20:56:44 +0300] "GET /best-no-deposit-bonuses-totally-free-revolves-casinos-2026/ HTTP/1.1" 200 75224 "-" "Mozilla/5.0 (Windows NT 10.0; Win64; x64; rv:124.0) Gecko/20100101 Firefox/124.0"
185.216.113.70 - - [20/Apr/2026:20:59:14 +0300] "POST /wp-cron.php?doing_wp_cron=1776707954.8475480079650878906250 HTTP/1.1" 200 448 "-" "WordPress/6.3.8; https://serhatburke.miroglu.net"
178.159.37.4 - - [20/Apr/2026:20:59:01 +0300] "GET /laki-world-casino-s-bonusami-za-registraciju-i-37/ HTTP/1.1" 200 27040 "-" "Screaming Frog SEO Spider/19.8"
185.216.113.70 - - [20/Apr/2026:20:59:47 +0300] "POST /wp-cron.php?doing_wp_cron=1776707987.1003720760345458984375 HTTP/1.1" 200 448 "-" "WordPress/6.3.8; https://serhatburke.miroglu.net"
223.165.69.55 - - [20/Apr/2026:20:59:32 +0300] "POST /xmlrpc.php HTTP/1.1" 200 630 "-" "Mozilla/5.0 (Windows NT 10.0; Win64; x64) AppleWebKit/537.36 (KHTML, like Gecko) Chrome/114.0.0.0 Safari/537.36"
223.165.69.55 - - [20/Apr/2026:20:59:54 +0300] "POST /xmlrpc.php HTTP/1.1" 200 14619 "-" "Mozilla/5.0 (Windows NT 10.0; Win64; x64) AppleWebKit/537.36 (KHTML, like Gecko) Chrome/114.0.0.0 Safari/537.36"
223.165.69.55 - - [20/Apr/2026:21:00:09 +0300] "GET /licenses-away-from-put-dvds/ HTTP/1.1" 200 74618 "-" "Mozilla/5.0 (Windows NT 10.0; Win64; x64) AppleWebKit/537.36 (KHTML, like Gecko) Chrome/109.0.0.0 Safari/537.36"
185.216.113.70 - - [20/Apr/2026:21:01:47 +0300] "POST /wp-cron.php?doing_wp_cron=1776708107.7102899551391601562500 HTTP/1.1" 200 448 "-" "WordPress/6.3.8; https://serhatburke.miroglu.net"
200.25.47.132 - - [20/Apr/2026:21:01:34 +0300] "POST /xmlrpc.php HTTP/1.1" 200 630 "-" "Mozilla/5.0 (Windows NT 10.0; Win64; x64) AppleWebKit/537.36 (KHTML, like Gecko) Chrome/114.0.0.0 Safari/537.36"
200.25.47.132 - - [20/Apr/2026:21:01:54 +0300] "POST /xmlrpc.php HTTP/1.1" 200 11495 "-" "Mozilla/5.0 (Windows NT 10.0; Win64; x64) AppleWebKit/537.36 (KHTML, like Gecko) Chrome/114.0.0.0 Safari/537.36"
200.25.47.132 - - [20/Apr/2026:21:02:08 +0300] "GET /nile-cruises-2026-book-your-dream-egypt-river-sail-today/ HTTP/1.1" 200 72433 "-" "Mozilla/5.0 (Windows NT 10.0; Win64; x64) AppleWebKit/537.36 (KHTML, like Gecko) Chrome/124.0.0.0 Safari/537.36 Edg/124.0.0.0"
185.216.113.70 - - [20/Apr/2026:21:02:58 +0300] "POST /wp-cron.php?doing_wp_cron=1776708177.8489990234375000000000 HTTP/1.1" 200 448 "-" "WordPress/6.3.8; https://serhatburke.miroglu.net"
52.167.144.215 - - [20/Apr/2026:21:02:46 +0300] "GET /post-sitemap3.xml HTTP/2" 200 92588 "-" "Mozilla/5.0 AppleWebKit/537.36 (KHTML, like Gecko; compatible; bingbot/2.0; +http://www.bing.com/bingbot.htm) Chrome/116.0.1938.76 Safari/537.36"
223.165.69.55 - - [20/Apr/2026:21:02:54 +0300] "POST /xmlrpc.php HTTP/1.1" 200 630 "-" "Mozilla/5.0 (Windows NT 10.0; Win64; x64) AppleWebKit/537.36 (KHTML, like Gecko) Chrome/114.0.0.0 Safari/537.36"
185.216.113.70 - - [20/Apr/2026:21:03:31 +0300] "POST /wp-cron.php?doing_wp_cron=1776708210.9536700248718261718750 HTTP/1.1" 200 448 "-" "WordPress/6.3.8; https://serhatburke.miroglu.net"
223.165.69.55 - - [20/Apr/2026:21:03:18 +0300] "POST /xmlrpc.php HTTP/1.1" 200 14439 "-" "Mozilla/5.0 (Windows NT 10.0; Win64; x64) AppleWebKit/537.36 (KHTML, like Gecko) Chrome/114.0.0.0 Safari/537.36"
223.165.69.55 - - [20/Apr/2026:21:03:33 +0300] "GET /fat-santa-position-on-the-internet-%EF%B8%8F-prezentare-generala-si-unde-sa-joci/ HTTP/1.1" 200 75755 "-" "Mozilla/5.0 (Windows NT 10.0; Win64; x64) AppleWebKit/537.36 (KHTML, like Gecko) Chrome/123.0.0.0 Safari/537.36"
185.216.113.70 - - [20/Apr/2026:21:07:51 +0300] "POST /wp-cron.php?doing_wp_cron=1776708471.6874580383300781250000 HTTP/1.1" 200 448 "-" "WordPress/6.3.8; https://serhatburke.miroglu.net"
47.128.51.187 - - [20/Apr/2026:21:07:28 +0300] "GET /altin-cagi-deneme-goldbet-casino-ucretsiz-promosyon-kodlari-ve-gorussuz-pratik-limanlarin-keyfini-cikarin/ HTTP/2" 200 16105 "-" "Mozilla/5.0 (Linux; Android 5.0) AppleWebKit/537.36 (KHTML, like Gecko) Mobile Safari/537.36 (compatible; Bytespider; spider-feedback@bytedance.com)"
47.128.51.187 - - [20/Apr/2026:21:07:52 +0300] "GET /wp-includes/css/dist/block-library/style.min.css?ver=6.3.8 HTTP/2" 200 12962 "https://serhatburke.miroglu.net/altin-cagi-deneme-goldbet-casino-ucretsiz-promosyon-kodlari-ve-gorussuz-pratik-limanlarin-keyfini-cikarin/" "Mozilla/5.0 (Linux; Android 5.0) AppleWebKit/537.36 (KHTML, like Gecko) Mobile Safari/537.36 (compatible; Bytespider; spider-feedback@bytedance.com)"
47.128.51.187 - - [20/Apr/2026:21:07:52 +0300] "GET /wp-content/themes/toppic/css/reset.css?ver=4.2 HTTP/2" 200 566 "https://serhatburke.miroglu.net/altin-cagi-deneme-goldbet-casino-ucretsiz-promosyon-kodlari-ve-gorussuz-pratik-limanlarin-keyfini-cikarin/" "Mozilla/5.0 (Linux; Android 5.0) AppleWebKit/537.36 (KHTML, like Gecko) Mobile Safari/537.36 (compatible; Bytespider; spider-feedback@bytedance.com)"
216.73.217.121 - - [20/Apr/2026:21:07:45 +0300] "GET /sitemap.xml HTTP/2" 200 0 "-" "Mozilla/5.0 AppleWebKit/537.36 (KHTML, like Gecko; compatible; ClaudeBot/1.0; +claudebot@anthropic.com)"
185.216.113.70 - - [20/Apr/2026:21:12:13 +0300] "POST /wp-cron.php?doing_wp_cron=1776708732.9040629863739013671875 HTTP/1.1" 200 448 "-" "WordPress/6.3.8; https://serhatburke.miroglu.net"
200.25.47.132 - - [20/Apr/2026:21:11:59 +0300] "POST /xmlrpc.php HTTP/1.1" 200 630 "-" "Mozilla/5.0 (Windows NT 10.0; Win64; x64) AppleWebKit/537.36 (KHTML, like Gecko) Chrome/114.0.0.0 Safari/537.36"
200.25.47.132 - - [20/Apr/2026:21:12:20 +0300] "POST /xmlrpc.php HTTP/1.1" 200 11919 "-" "Mozilla/5.0 (Windows NT 10.0; Win64; x64) AppleWebKit/537.36 (KHTML, like Gecko) Chrome/114.0.0.0 Safari/537.36"
185.216.113.70 - - [20/Apr/2026:21:12:45 +0300] "POST /wp-cron.php?doing_wp_cron=1776708765.7840859889984130859375 HTTP/1.1" 200 448 "-" "WordPress/6.3.8; https://serhatburke.miroglu.net"
200.25.47.132 - - [20/Apr/2026:21:12:33 +0300] "GET /queen-of-your-nile-free-casino-slot-games-online-enjoy-games-greentube/ HTTP/1.1" 200 73459 "-" "Mozilla/5.0 (Windows NT 10.0; Win64; x64) AppleWebKit/537.36 (KHTML, like Gecko) Chrome/109.0.0.0 Safari/537.36"
185.216.113.70 - - [20/Apr/2026:21:14:16 +0300] "POST /wp-cron.php?doing_wp_cron=1776708856.4139289855957031250000 HTTP/1.1" 200 448 "-" "WordPress/6.3.8; https://serhatburke.miroglu.net"
200.25.47.132 - - [20/Apr/2026:21:14:04 +0300] "POST /xmlrpc.php HTTP/1.1" 200 630 "-" "Mozilla/5.0 (Windows NT 10.0; Win64; x64) AppleWebKit/537.36 (KHTML, like Gecko) Chrome/114.0.0.0 Safari/537.36"
66.249.73.14 - - [20/Apr/2026:21:14:35 +0300] "GET /unveiling-fortunecasinouk-promotions-at-drake-casino-a-comprehensive-review-for-uk-players/undefined?ts=1775520000 HTTP/1.1" 200 0 "https://serhatburke.miroglu.net/unveiling-fortunecasinouk-promotions-at-drake-casino-a-comprehensive-review-for-uk-players/" "Mozilla/5.0 (Linux; Android 6.0.1; Nexus 5X Build/MMB29P) AppleWebKit/537.36 (KHTML, like Gecko) Chrome/146.0.7680.177 Mobile Safari/537.36 (compatible; Googlebot/2.1; +http://www.google.com/bot.html)"
200.25.47.132 - - [20/Apr/2026:21:14:23 +0300] "POST /xmlrpc.php HTTP/1.1" 200 11595 "-" "Mozilla/5.0 (Windows NT 10.0; Win64; x64) AppleWebKit/537.36 (KHTML, like Gecko) Chrome/114.0.0.0 Safari/537.36"
185.216.113.70 - - [20/Apr/2026:21:14:51 +0300] "POST /wp-cron.php?doing_wp_cron=1776708891.4393260478973388671875 HTTP/1.1" 200 448 "-" "WordPress/6.3.8; https://serhatburke.miroglu.net"
66.249.73.14 - - [20/Apr/2026:21:14:47 +0300] "GET /unveiling-fortunecasinouk-promotions-at-drake-casino-a-comprehensive-review-for-uk-players/undefined?ts=1775520000 HTTP/1.1" 200 0 "https://serhatburke.miroglu.net/unveiling-fortunecasinouk-promotions-at-drake-casino-a-comprehensive-review-for-uk-players/" "Mozilla/5.0 (Linux; Android 6.0.1; Nexus 5X Build/MMB29P) AppleWebKit/537.36 (KHTML, like Gecko) Chrome/146.0.7680.177 Mobile Safari/537.36 (compatible; Googlebot/2.1; +http://www.google.com/bot.html)"
66.249.73.14 - - [20/Apr/2026:21:14:59 +0300] "GET /unveiling-fortunecasinouk-promotions-at-drake-casino-a-comprehensive-review-for-uk-players/undefined?ts=1775520000 HTTP/1.1" 200 0 "https://serhatburke.miroglu.net/unveiling-fortunecasinouk-promotions-at-drake-casino-a-comprehensive-review-for-uk-players/" "Mozilla/5.0 (Linux; Android 6.0.1; Nexus 5X Build/MMB29P) AppleWebKit/537.36 (KHTML, like Gecko) Chrome/146.0.7680.177 Mobile Safari/537.36 (compatible; Googlebot/2.1; +http://www.google.com/bot.html)"
200.25.47.132 - - [20/Apr/2026:21:14:52 +0300] "GET /queen-of-the-nile-aristocrat-slot-opinion-gamble-on-the-web-pokies-to-own-real-cash-nz/ HTTP/1.1" 200 73188 "-" "Mozilla/5.0 (Windows NT 10.0; Win64; x64) AppleWebKit/537.36 (KHTML, like Gecko) Chrome/124.0.0.0 Safari/537.36"
66.249.73.14 - - [20/Apr/2026:21:15:15 +0300] "GET /unveiling-fortunecasinouk-promotions-at-drake-casino-a-comprehensive-review-for-uk-players/undefined?ts=1775520000 HTTP/1.1" 200 0 "https://serhatburke.miroglu.net/unveiling-fortunecasinouk-promotions-at-drake-casino-a-comprehensive-review-for-uk-players/" "Mozilla/5.0 (Linux; Android 6.0.1; Nexus 5X Build/MMB29P) AppleWebKit/537.36 (KHTML, like Gecko) Chrome/146.0.7680.177 Mobile Safari/537.36 (compatible; Googlebot/2.1; +http://www.google.com/bot.html)"
66.249.73.14 - - [20/Apr/2026:21:15:23 +0300] "GET /unveiling-fortunecasinouk-promotions-at-drake-casino-a-comprehensive-review-for-uk-players/undefined?ts=1775520000 HTTP/1.1" 200 0 "https://serhatburke.miroglu.net/unveiling-fortunecasinouk-promotions-at-drake-casino-a-comprehensive-review-for-uk-players/" "Mozilla/5.0 (Linux; Android 6.0.1; Nexus 5X Build/MMB29P) AppleWebKit/537.36 (KHTML, like Gecko) Chrome/146.0.7680.177 Mobile Safari/537.36 (compatible; Googlebot/2.1; +http://www.google.com/bot.html)"
223.165.69.55 - - [20/Apr/2026:21:15:23 +0300] "POST /xmlrpc.php HTTP/1.1" 200 630 "-" "Mozilla/5.0 (Windows NT 10.0; Win64; x64) AppleWebKit/537.36 (KHTML, like Gecko) Chrome/114.0.0.0 Safari/537.36"
185.216.113.70 - - [20/Apr/2026:21:15:56 +0300] "POST /wp-cron.php?doing_wp_cron=1776708956.7489750385284423828125 HTTP/1.1" 200 448 "-" "WordPress/6.3.8; https://serhatburke.miroglu.net"
223.165.69.55 - - [20/Apr/2026:21:15:44 +0300] "POST /xmlrpc.php HTTP/1.1" 200 15030 "-" "Mozilla/5.0 (Windows NT 10.0; Win64; x64) AppleWebKit/537.36 (KHTML, like Gecko) Chrome/114.0.0.0 Safari/537.36"
115.195.222.15 - - [20/Apr/2026:21:15:54 +0300] "POST /xmlrpc.php HTTP/2" 200 234 "https://serhatburke.miroglu.net/xmlrpc.php" "Mozilla/5.0 (Windows NT 10.0; Win64; x64) AppleWebKit/537.36 (KHTML, like Gecko) Chrome/131.0.0.0 Safari/537.36"
223.165.69.55 - - [20/Apr/2026:21:15:58 +0300] "GET /societal-slots-competitions-wager-totally-free-victory-awards/ HTTP/1.1" 200 76170 "-" "Mozilla/5.0 (Windows NT 10.0; rv:125.0) Gecko/20100101 Firefox/125.0"
93.66.127.86 - - [20/Apr/2026:21:16:16 +0300] "POST /xmlrpc.php HTTP/2" 200 254 "https://serhatburke.miroglu.net/xmlrpc.php" "Mozilla/5.0 (Linux; Android 13; Infinix X6816D) AppleWebKit/537.36 (KHTML, like Gecko) Chrome/130.0.6723.86 Mobile Safari/537.36"
185.216.113.70 - - [20/Apr/2026:21:16:48 +0300] "POST /wp-cron.php?doing_wp_cron=1776709008.4236540794372558593750 HTTP/1.1" 200 448 "-" "WordPress/6.3.8; https://serhatburke.miroglu.net"
186.225.181.125 - - [20/Apr/2026:21:16:35 +0300] "POST /xmlrpc.php HTTP/2" 200 254 "https://serhatburke.miroglu.net/xmlrpc.php" "Mozilla/5.0 (Windows NT 10.0; Win64; x64) AppleWebKit/537.36 (KHTML, like Gecko) Chrome/132.0.0.0 Safari/537.36"
200.25.47.132 - - [20/Apr/2026:21:16:40 +0300] "POST /xmlrpc.php HTTP/1.1" 200 630 "-" "Mozilla/5.0 (Windows NT 10.0; Win64; x64) AppleWebKit/537.36 (KHTML, like Gecko) Chrome/114.0.0.0 Safari/537.36"
103.52.245.60 - - [20/Apr/2026:21:16:51 +0300] "GET / HTTP/2" 200 0 "https://serhatburke.miroglu.net/xmlrpc.php" "Mozilla/5.0 (Windows NT 10.0; Win64; x64; rv:133.0) Gecko/20100101 Firefox/133.0"
200.25.47.132 - - [20/Apr/2026:21:17:04 +0300] "POST /xmlrpc.php HTTP/1.1" 200 11116 "-" "Mozilla/5.0 (Windows NT 10.0; Win64; x64) AppleWebKit/537.36 (KHTML, like Gecko) Chrome/114.0.0.0 Safari/537.36"
177.104.13.157 - - [20/Apr/2026:21:17:16 +0300] "GET / HTTP/1.1" 200 19551 "https://serhatburke.miroglu.net/xmlrpc.php" "Mozilla/5.0 (Windows NT 10.0; Win64; x64; rv:133.0) Gecko/20100101 Firefox/133.0"
200.25.47.132 - - [20/Apr/2026:21:17:19 +0300] "GET /king-of-your-own-nile-slot-machine-on-the-web-for-free-gamble-aristocrat-games/ HTTP/1.1" 200 65804 "-" "Mozilla/5.0 (Windows NT 10.0; Win64; x64; rv:124.0) Gecko/20100101 Firefox/124.0"
185.216.113.70 - - [20/Apr/2026:21:17:45 +0300] "POST /wp-cron.php?doing_wp_cron=1776709065.1325669288635253906250 HTTP/1.1" 200 448 "-" "WordPress/6.3.8; https://serhatburke.miroglu.net"
158.173.242.246 - - [20/Apr/2026:21:17:27 +0300] "GET /casino-online-skrill-prelievo-veloce/ HTTP/1.1" 200 15938 "https://serhatburke.miroglu.net/" "Mozilla/5.0 (X11; Ubuntu; Linux i686; rv:114.0) Gecko/20100101 Firefox/114.0"
88.19.40.77 - - [20/Apr/2026:21:17:32 +0300] "POST /xmlrpc.php HTTP/2" 200 3595 "https://serhatburke.miroglu.net/xmlrpc.php" "Mozilla/5.0 (Linux; Android 14; SM-A546B) AppleWebKit/537.36 (KHTML, like Gecko) Chrome/132.0.6834.163 Mobile Safari/537.36 SamsungBrowser/26.0"
158.173.242.237 - - [20/Apr/2026:21:17:50 +0300] "GET /wp-login.php?action=register HTTP/1.1" 302 702 "https://serhatburke.miroglu.net/casino-online-skrill-prelievo-veloce/" "Mozilla/5.0 (Windows NT 6.3; Win64; x64) AppleWebKit/537.36 (KHTML, like Gecko) Chrome/103.0.0.0 Safari/537.36"
165.101.132.50 - - [20/Apr/2026:21:17:51 +0300] "POST /xmlrpc.php HTTP/2" 200 136 "https://serhatburke.miroglu.net/xmlrpc.php" "Mozilla/5.0 (Windows NT 10.0; Win64; x64; rv:132.0) Gecko/20100101 Firefox/132.0"
178.159.37.49 - - [20/Apr/2026:21:18:09 +0300] "POST /xmlrpc.php HTTP/1.1" 200 122029 "-" "Mozilla/5.0 (Macintosh; Intel Mac OS X 10_15_7) AppleWebKit/537.36 (KHTML, like Gecko) Chrome/131.0.0.0 Safari/537.36"
158.173.242.95 - - [20/Apr/2026:21:18:17 +0300] "GET /wp-login.php?registration=disabled HTTP/1.1" 200 3805 "https://serhatburke.miroglu.net/wp-login.php?action=register" "Mozilla/5.0 (Windows NT 6.3; Win64; x64) AppleWebKit/537.36 (KHTML, like Gecko) Chrome/103.0.0.0 Safari/537.36"
185.216.113.70 - - [20/Apr/2026:21:18:45 +0300] "POST /wp-cron.php?doing_wp_cron=1776709125.5736820697784423828125 HTTP/1.1" 200 448 "-" "WordPress/6.3.8; https://serhatburke.miroglu.net"
109.177.113.45 - - [20/Apr/2026:21:18:25 +0300] "POST /xmlrpc.php HTTP/2" 200 3652 "https://serhatburke.miroglu.net/xmlrpc.php" "Mozilla/5.0 (Windows NT 10.0; Win64; x64; rv:133.0) Gecko/20100101 Firefox/133.0"
5.9.76.166 - - [20/Apr/2026:21:18:31 +0300] "GET /melbet-apk-maroc-comment-tlcharger-lapplication-de-casino-en/ HTTP/1.0" 200 67088 "-" "Mozilla/5.0 (Windows NT 6.3; Win64; x64) AppleWebKit/537.36 (KHTML, like Gecko) Chrome/75.0.3770.100 Safari/537.36"
178.159.37.49 - - [20/Apr/2026:21:18:33 +0300] "POST /xmlrpc.php HTTP/1.1" 200 664 "-" "Mozilla/5.0 (Macintosh; Intel Mac OS X 10_15_7) AppleWebKit/537.36 (KHTML, like Gecko) Chrome/131.0.0.0 Safari/537.36"
38.61.167.49 - - [20/Apr/2026:21:18:48 +0300] "GET /?_v=1776708976&_r=0 HTTP/2" 200 0 "https://serhatburke.miroglu.net/xmlrpc.php" "Mozilla/5.0 (Macintosh; Intel Mac OS X 15_2) AppleWebKit/605.1.15 (KHTML, like Gecko) Version/18.2 Safari/605.1.15"
178.159.37.49 - - [20/Apr/2026:21:18:58 +0300] "POST /xmlrpc.php HTTP/1.1" 200 664 "-" "Mozilla/5.0 (Macintosh; Intel Mac OS X 10_15_7) AppleWebKit/537.36 (KHTML, like Gecko) Chrome/131.0.0.0 Safari/537.36"
200.25.47.132 - - [20/Apr/2026:21:18:58 +0300] "POST /xmlrpc.php HTTP/1.1" 200 630 "-" "Mozilla/5.0 (Windows NT 10.0; Win64; x64) AppleWebKit/537.36 (KHTML, like Gecko) Chrome/114.0.0.0 Safari/537.36"
185.216.113.70 - - [20/Apr/2026:21:19:31 +0300] "POST /wp-cron.php?doing_wp_cron=1776709171.7261400222778320312500 HTTP/1.1" 200 448 "-" "WordPress/6.3.8; https://serhatburke.miroglu.net"
1.159.133.130 - - [20/Apr/2026:21:19:15 +0300] "GET /?_v=1776708976&_r=0 HTTP/1.1" 200 19738 "https://serhatburke.miroglu.net/xmlrpc.php" "Mozilla/5.0 (Macintosh; Intel Mac OS X 15_2) AppleWebKit/605.1.15 (KHTML, like Gecko) Version/18.2 Safari/605.1.15"
200.25.47.132 - - [20/Apr/2026:21:18:59 +0300] "POST /xmlrpc.php HTTP/1.1" 200 627 "-" "Mozilla/5.0 (Windows NT 10.0; Win64; x64) AppleWebKit/537.36 (KHTML, like Gecko) Chrome/114.0.0.0 Safari/537.36"
200.25.47.132 - - [20/Apr/2026:21:19:32 +0300] "POST /xmlrpc.php HTTP/1.1" 200 11408 "-" "Mozilla/5.0 (Windows NT 10.0; Win64; x64) AppleWebKit/537.36 (KHTML, like Gecko) Chrome/114.0.0.0 Safari/537.36"
178.159.37.49 - - [20/Apr/2026:21:19:34 +0300] "POST /xmlrpc.php HTTP/1.1" 200 667 "-" "Mozilla/5.0 (Macintosh; Intel Mac OS X 10_15_7) AppleWebKit/537.36 (KHTML, like Gecko) Chrome/131.0.0.0 Safari/537.36"
65.21.110.111 - - [20/Apr/2026:21:20:12 +0300] "POST /xmlrpc.php HTTP/1.1" 200 604 "-" "Mozilla/5.0 (Windows NT 10.0; Win64; x64) AppleWebKit/537.36 (KHTML, like Gecko) Chrome/108.0.0.0 Safari/537.36"
178.159.37.49 - - [20/Apr/2026:21:20:12 +0300] "POST /xmlrpc.php HTTP/1.1" 200 23443 "-" "Mozilla/5.0 (Macintosh; Intel Mac OS X 10_15_7) AppleWebKit/537.36 (KHTML, like Gecko) Chrome/131.0.0.0 Safari/537.36"
200.25.47.132 - - [20/Apr/2026:21:19:53 +0300] "GET /greatest-on-the-web-pokies-australia-a-real-income-pokies-february-2026/ HTTP/1.1" 200 65692 "-" "Mozilla/5.0 (Windows NT 10.0; Win64; x64) AppleWebKit/537.36 (KHTML, like Gecko) Chrome/122.0.0.0 Safari/537.36"
185.216.113.70 - - [20/Apr/2026:21:20:44 +0300] "POST /wp-cron.php?doing_wp_cron=1776709244.5081999301910400390625 HTTP/1.1" 200 448 "-" "WordPress/6.3.8; https://serhatburke.miroglu.net"
65.21.110.111 - - [20/Apr/2026:21:20:27 +0300] "POST /xmlrpc.php HTTP/1.1" 200 4629 "-" "Mozilla/5.0 (Windows NT 10.0; Win64; x64) AppleWebKit/537.36 (KHTML, like Gecko) Chrome/108.0.0.0 Safari/537.36"
65.21.110.111 - - [20/Apr/2026:21:20:47 +0300] "GET /bonus-5000-50-fs/ HTTP/1.1" 200 19366 "-" "Mozilla/5.0 (Windows NT 10.0; Win64; x64) AppleWebKit/537.36 (KHTML, like Gecko) Chrome/108.0.0.0 Safari/537.36"
223.165.69.55 - - [20/Apr/2026:21:21:20 +0300] "POST /xmlrpc.php HTTP/1.1" 200 630 "-" "Mozilla/5.0 (Windows NT 10.0; Win64; x64) AppleWebKit/537.36 (KHTML, like Gecko) Chrome/114.0.0.0 Safari/537.36"
185.216.113.70 - - [20/Apr/2026:21:21:58 +0300] "POST /wp-cron.php?doing_wp_cron=1776709318.4343678951263427734375 HTTP/1.1" 200 448 "-" "WordPress/6.3.8; https://serhatburke.miroglu.net"
223.165.69.55 - - [20/Apr/2026:21:21:41 +0300] "POST /xmlrpc.php HTTP/1.1" 200 14525 "-" "Mozilla/5.0 (Windows NT 10.0; Win64; x64) AppleWebKit/537.36 (KHTML, like Gecko) Chrome/114.0.0.0 Safari/537.36"
66.249.73.15 - - [20/Apr/2026:21:22:07 +0300] "GET /donbet-casino-review-for-uk-players/ HTTP/1.1" 200 0 "https://ceksx.driftlogic-games.biz/" "Mozilla/5.0 (Linux; Android 6.0.1; Nexus 5X Build/MMB29P) AppleWebKit/537.36 (KHTML, like Gecko) Chrome/146.0.7680.177 Mobile Safari/537.36 (compatible; Googlebot/2.1; +http://www.google.com/bot.html)"
90.154.198.169 - - [20/Apr/2026:21:21:57 +0300] "GET /was-sind-steroide-ihre-anwendung-und-wirkung-im-bodybuilding/ HTTP/1.1" 200 17304 "https://serhatburke.miroglu.net/" "Mozilla/5.0 (Windows NT 10.0; Win64; x64) AppleWebKit/537.36 (KHTML, like Gecko) Chrome/133.0.6943.127 ADG/11.1.4805 Safari/537.36"
223.165.69.55 - - [20/Apr/2026:21:22:00 +0300] "GET /atlanta-bites-where-and-you-will-what-you-should-eat-it-week-in-the-metro-atlanta-february-2025/ HTTP/1.1" 200 69170 "-" "Mozilla/5.0 (Windows NT 10.0; rv:109.0) Gecko/20100101 Firefox/115.0"
185.216.113.70 - - [20/Apr/2026:21:23:26 +0300] "POST /wp-cron.php?doing_wp_cron=1776709406.4559330940246582031250 HTTP/1.1" 200 448 "-" "WordPress/6.3.8; https://serhatburke.miroglu.net"
178.159.37.156 - - [20/Apr/2026:21:23:14 +0300] "POST /xmlrpc.php HTTP/1.1" 200 123433 "-" "Mozilla/5.0 (Macintosh; Intel Mac OS X 10_15_7) AppleWebKit/537.36 (KHTML, like Gecko) Chrome/131.0.0.0 Safari/537.36"
178.159.37.156 - - [20/Apr/2026:21:23:37 +0300] "POST /xmlrpc.php HTTP/1.1" 200 664 "-" "Mozilla/5.0 (Macintosh; Intel Mac OS X 10_15_7) AppleWebKit/537.36 (KHTML, like Gecko) Chrome/131.0.0.0 Safari/537.36"
185.216.113.70 - - [20/Apr/2026:21:24:04 +0300] "POST /wp-cron.php?doing_wp_cron=1776709444.2037200927734375000000 HTTP/1.1" 200 448 "-" "WordPress/6.3.8; https://serhatburke.miroglu.net"
178.159.37.156 - - [20/Apr/2026:21:23:52 +0300] "POST /xmlrpc.php HTTP/1.1" 200 664 "-" "Mozilla/5.0 (Macintosh; Intel Mac OS X 10_15_7) AppleWebKit/537.36 (KHTML, like Gecko) Chrome/131.0.0.0 Safari/537.36"
178.159.37.156 - - [20/Apr/2026:21:24:12 +0300] "POST /xmlrpc.php HTTP/1.1" 200 884 "-" "Mozilla/5.0 (Macintosh; Intel Mac OS X 10_15_7) AppleWebKit/537.36 (KHTML, like Gecko) Chrome/131.0.0.0 Safari/537.36"
185.216.113.70 - - [20/Apr/2026:21:25:07 +0300] "POST /wp-cron.php?doing_wp_cron=1776709507.7645070552825927734375 HTTP/1.1" 200 448 "-" "WordPress/6.3.8; https://serhatburke.miroglu.net"
104.194.153.222 - - [20/Apr/2026:21:24:30 +0300] "GET /zotabet-casino-bonus-premier-depot-2026/ HTTP/1.1" 200 16296 "https://serhatburke.miroglu.net/" "Mozilla/5.0 (Windows NT 10.0; Win64; x64) AppleWebKit/537.36 (KHTML, like Gecko) Chrome/114.0.0.0 Safari/537.36 Edg/114.0.1264.71"
104.194.153.222 - - [20/Apr/2026:21:25:01 +0300] "GET /zotabet-casino-bonus-premier-depot-2026/ HTTP/1.1" 200 16296 "https://serhatburke.miroglu.net/" "Mozilla/5.0 (Windows NT 10.0; Win64; x64) AppleWebKit/537.36 (KHTML, like Gecko) Chrome/114.0.0.0 Safari/537.36 Edg/114.0.1264.71"
104.194.153.222 - - [20/Apr/2026:21:25:20 +0300] "GET /wp-includes/css/dist/block-library/style.min.css?ver=6.3.8 HTTP/1.1" 200 13578 "https://serhatburke.miroglu.net/zotabet-casino-bonus-premier-depot-2026/" "Mozilla/5.0 (Windows NT 10.0; Win64; x64) AppleWebKit/537.36 (KHTML, like Gecko) Chrome/143.0.0.0 Safari/537.36"
104.194.153.222 - - [20/Apr/2026:21:25:20 +0300] "GET /wp-content/plugins/contact-form-7/includes/css/styles.css?ver=5.8 HTTP/1.1" 200 1490 "https://serhatburke.miroglu.net/zotabet-casino-bonus-premier-depot-2026/" "Mozilla/5.0 (Windows NT 10.0; Win64; x64) AppleWebKit/537.36 (KHTML, like Gecko) Chrome/143.0.0.0 Safari/537.36"
104.194.153.222 - - [20/Apr/2026:21:25:21 +0300] "GET /wp-content/themes/toppic/css/fontello.css?ver=4.2 HTTP/1.1" 200 1802 "https://serhatburke.miroglu.net/zotabet-casino-bonus-premier-depot-2026/" "Mozilla/5.0 (Windows NT 10.0; Win64; x64) AppleWebKit/537.36 (KHTML, like Gecko) Chrome/143.0.0.0 Safari/537.36"
104.194.153.222 - - [20/Apr/2026:21:25:22 +0300] "GET /wp-content/themes/toppic/css/reset.css?ver=4.2 HTTP/1.1" 200 1178 "https://serhatburke.miroglu.net/zotabet-casino-bonus-premier-depot-2026/" "Mozilla/5.0 (Windows NT 10.0; Win64; x64) AppleWebKit/537.36 (KHTML, like Gecko) Chrome/143.0.0.0 Safari/537.36"
104.194.153.222 - - [20/Apr/2026:21:25:23 +0300] "GET /wp-content/themes/toppic/css/default.css?ver=4.2 HTTP/1.1" 200 1811 "https://serhatburke.miroglu.net/zotabet-casino-bonus-premier-depot-2026/" "Mozilla/5.0 (Windows NT 10.0; Win64; x64) AppleWebKit/537.36 (KHTML, like Gecko) Chrome/143.0.0.0 Safari/537.36"
104.194.153.222 - - [20/Apr/2026:21:25:23 +0300] "GET /wp-content/themes/toppic/style.css?ver=4.2 HTTP/1.1" 200 23398 "https://serhatburke.miroglu.net/zotabet-casino-bonus-premier-depot-2026/" "Mozilla/5.0 (Windows NT 10.0; Win64; x64) AppleWebKit/537.36 (KHTML, like Gecko) Chrome/143.0.0.0 Safari/537.36"
104.194.153.222 - - [20/Apr/2026:21:25:24 +0300] "GET /wp-content/themes/toppic/css/royalslider.css?ver=4.2 HTTP/1.1" 200 1887 "https://serhatburke.miroglu.net/zotabet-casino-bonus-premier-depot-2026/" "Mozilla/5.0 (Windows NT 10.0; Win64; x64) AppleWebKit/537.36 (KHTML, like Gecko) Chrome/143.0.0.0 Safari/537.36"
104.194.153.222 - - [20/Apr/2026:21:25:25 +0300] "GET /wp-content/themes/toppic/css/rs-default.css?ver=4.2 HTTP/1.1" 200 2625 "https://serhatburke.miroglu.net/zotabet-casino-bonus-premier-depot-2026/" "Mozilla/5.0 (Windows NT 10.0; Win64; x64) AppleWebKit/537.36 (KHTML, like Gecko) Chrome/143.0.0.0 Safari/537.36"
104.194.153.222 - - [20/Apr/2026:21:25:26 +0300] "GET /wp-content/themes/toppic/css/lightbox.css?ver=4.2 HTTP/1.1" 200 2956 "https://serhatburke.miroglu.net/zotabet-casino-bonus-premier-depot-2026/" "Mozilla/5.0 (Windows NT 10.0; Win64; x64) AppleWebKit/537.36 (KHTML, like Gecko) Chrome/143.0.0.0 Safari/537.36"
104.194.153.222 - - [20/Apr/2026:21:25:27 +0300] "GET /wp-content/themes/toppic/css/woocommerce.css?ver=4.2 HTTP/1.1" 200 2848 "https://serhatburke.miroglu.net/zotabet-casino-bonus-premier-depot-2026/" "Mozilla/5.0 (Windows NT 10.0; Win64; x64) AppleWebKit/537.36 (KHTML, like Gecko) Chrome/143.0.0.0 Safari/537.36"
104.194.153.222 - - [20/Apr/2026:21:25:27 +0300] "GET /wp-content/themes/toppic/css/responsive.css?ver=4.2 HTTP/1.1" 200 2796 "https://serhatburke.miroglu.net/zotabet-casino-bonus-premier-depot-2026/" "Mozilla/5.0 (Windows NT 10.0; Win64; x64) AppleWebKit/537.36 (KHTML, like Gecko) Chrome/143.0.0.0 Safari/537.36"
185.216.113.70 - - [20/Apr/2026:21:25:42 +0300] "POST /wp-cron.php?doing_wp_cron=1776709542.8208129405975341796875 HTTP/1.1" 200 448 "-" "WordPress/6.3.8; https://serhatburke.miroglu.net"
223.165.69.55 - - [20/Apr/2026:21:25:30 +0300] "POST /xmlrpc.php HTTP/1.1" 200 630 "-" "Mozilla/5.0 (Windows NT 10.0; Win64; x64) AppleWebKit/537.36 (KHTML, like Gecko) Chrome/114.0.0.0 Safari/537.36"
104.194.153.222 - - [20/Apr/2026:21:25:28 +0300] "POST /wp-comments-post.php HTTP/1.1" 302 1087 "https://serhatburke.miroglu.net/zotabet-casino-bonus-premier-depot-2026/" "Mozilla/5.0 (Windows NT 10.0; Win64; x64) AppleWebKit/537.36 (KHTML, like Gecko) Chrome/114.0.0.0 Safari/537.36 Edg/114.0.1264.71"
104.194.153.222 - - [20/Apr/2026:21:25:52 +0300] "GET /zotabet-casino-bonus-premier-depot-2026/?unapproved=523&moderation-hash=ebbd95a95b829136dc471ccdf581f835 HTTP/1.1" 200 18976 "https://serhatburke.miroglu.net/wp-comments-post.php" "Mozilla/5.0 (Windows NT 10.0; Win64; x64) AppleWebKit/537.36 (KHTML, like Gecko) Chrome/114.0.0.0 Safari/537.36 Edg/114.0.1264.71"
223.165.69.55 - - [20/Apr/2026:21:25:50 +0300] "POST /xmlrpc.php HTTP/1.1" 200 14937 "-" "Mozilla/5.0 (Windows NT 10.0; Win64; x64) AppleWebKit/537.36 (KHTML, like Gecko) Chrome/114.0.0.0 Safari/537.36"
104.194.153.222 - - [20/Apr/2026:21:26:06 +0300] "GET /zotabet-casino-bonus-premier-depot-2026/ HTTP/1.1" 200 18505 "-" "Mozilla/5.0 (compatible; Googlebot/2.1; +http://www.google.com/bot.html)"
223.165.69.55 - - [20/Apr/2026:21:26:11 +0300] "GET /fish-ascii-art-copy-insert/ HTTP/1.1" 200 68259 "-" "Mozilla/5.0 (Windows NT 10.0; Win64; x64) AppleWebKit/537.36 (KHTML, like Gecko) Chrome/122.0.0.0 Safari/537.36"
104.194.153.222 - - [20/Apr/2026:21:29:01 +0300] "GET /zotabet-casino-bonus-premier-depot-2026/ HTTP/1.1" 200 0 "-" "Mozilla/5.0 (compatible; Googlebot/2.1; +http://www.google.com/bot.html)"
185.216.113.70 - - [20/Apr/2026:21:30:05 +0300] "POST /wp-cron.php?doing_wp_cron=1776709805.6194140911102294921875 HTTP/1.1" 200 448 "-" "WordPress/6.3.8; https://serhatburke.miroglu.net"
223.165.69.55 - - [20/Apr/2026:21:29:44 +0300] "POST /xmlrpc.php HTTP/1.1" 200 630 "-" "Mozilla/5.0 (Windows NT 10.0; Win64; x64) AppleWebKit/537.36 (KHTML, like Gecko) Chrome/114.0.0.0 Safari/537.36"
223.165.69.55 - - [20/Apr/2026:21:30:13 +0300] "POST /xmlrpc.php HTTP/1.1" 200 11914 "-" "Mozilla/5.0 (Windows NT 10.0; Win64; x64) AppleWebKit/537.36 (KHTML, like Gecko) Chrome/114.0.0.0 Safari/537.36"
185.216.113.70 - - [20/Apr/2026:21:30:42 +0300] "POST /wp-cron.php?doing_wp_cron=1776709842.4021561145782470703125 HTTP/1.1" 200 448 "-" "WordPress/6.3.8; https://serhatburke.miroglu.net"
223.165.69.55 - - [20/Apr/2026:21:30:27 +0300] "GET /free-internet-games-during-the-poki-enjoy-now/ HTTP/1.1" 200 72373 "-" "Mozilla/5.0 (Windows NT 10.0; Win64; x64; rv:124.0) Gecko/20100101 Firefox/124.0"
5.78.159.87 - - [20/Apr/2026:21:30:28 +0300] "POST /xmlrpc.php HTTP/1.1" 200 602 "-" "Mozilla/5.0 (Windows NT 10.0; Win64; x64) AppleWebKit/537.36 (KHTML, like Gecko) Chrome/108.0.0.0 Safari/537.36"
5.78.159.87 - - [20/Apr/2026:21:30:48 +0300] "POST /xmlrpc.php HTTP/1.1" 200 3413 "-" "Mozilla/5.0 (Windows NT 10.0; Win64; x64) AppleWebKit/537.36 (KHTML, like Gecko) Chrome/108.0.0.0 Safari/537.36"
5.78.159.87 - - [20/Apr/2026:21:31:04 +0300] "GET /spin-panda-casino-review-safe-or-scam/ HTTP/1.1" 200 0 "-" "Mozilla/5.0 (Windows NT 10.0; Win64; x64) AppleWebKit/537.36 (KHTML, like Gecko) Chrome/108.0.0.0 Safari/537.36"
5.78.159.87 - - [20/Apr/2026:21:31:19 +0300] "POST /xmlrpc.php HTTP/1.1" 200 594 "-" "Mozilla/5.0 (Windows NT 10.0; Win64; x64) AppleWebKit/537.36 (KHTML, like Gecko) Chrome/108.0.0.0 Safari/537.36"
185.216.113.70 - - [20/Apr/2026:21:31:40 +0300] "POST /wp-cron.php?doing_wp_cron=1776709899.9354391098022460937500 HTTP/1.1" 200 448 "-" "WordPress/6.3.8; https://serhatburke.miroglu.net"
185.216.113.70 - - [20/Apr/2026:21:34:05 +0300] "POST /wp-cron.php?doing_wp_cron=1776710045.1334218978881835937500 HTTP/1.1" 200 448 "-" "WordPress/6.3.8; https://serhatburke.miroglu.net"
178.159.37.83 - - [20/Apr/2026:21:33:47 +0300] "POST /xmlrpc.php HTTP/1.1" 200 124873 "-" "Mozilla/5.0 (Macintosh; Intel Mac OS X 12_5) AppleWebKit/537.36 (KHTML, like Gecko) Chrome/114.0.0.0 Safari/537.36 OPR/89.0.4447.51"
223.165.69.55 - - [20/Apr/2026:21:33:54 +0300] "POST /xmlrpc.php HTTP/1.1" 200 630 "-" "Mozilla/5.0 (Windows NT 10.0; Win64; x64) AppleWebKit/537.36 (KHTML, like Gecko) Chrome/114.0.0.0 Safari/537.36"
223.165.69.55 - - [20/Apr/2026:21:34:13 +0300] "POST /xmlrpc.php HTTP/1.1" 200 15141 "-" "Mozilla/5.0 (Windows NT 10.0; Win64; x64) AppleWebKit/537.36 (KHTML, like Gecko) Chrome/114.0.0.0 Safari/537.36"
178.159.37.83 - - [20/Apr/2026:21:34:20 +0300] "POST /xmlrpc.php HTTP/1.1" 200 869 "-" "Mozilla/5.0 (Macintosh; Intel Mac OS X 12_5) AppleWebKit/537.36 (KHTML, like Gecko) Chrome/114.0.0.0 Safari/537.36 OPR/89.0.4447.51"
185.216.113.70 - - [20/Apr/2026:21:34:58 +0300] "POST /wp-cron.php?doing_wp_cron=1776710098.1068370342254638671875 HTTP/1.1" 200 448 "-" "WordPress/6.3.8; https://serhatburke.miroglu.net"
223.165.69.55 - - [20/Apr/2026:21:34:31 +0300] "GET /paddy-strength-casino-no-deposit-totally-free-spins-february-2026-claim-260-totally-free-spins/ HTTP/1.1" 200 69899 "-" "Mozilla/5.0 (Windows NT 10.0; Win64; x64; rv:125.0) Gecko/20100101 Firefox/125.0"
178.159.37.83 - - [20/Apr/2026:21:34:47 +0300] "POST /xmlrpc.php HTTP/1.1" 200 884 "-" "Mozilla/5.0 (Macintosh; Intel Mac OS X 12_5) AppleWebKit/537.36 (KHTML, like Gecko) Chrome/114.0.0.0 Safari/537.36 OPR/89.0.4447.51"
185.216.113.70 - - [20/Apr/2026:21:36:07 +0300] "POST /wp-cron.php?doing_wp_cron=1776710167.6686680316925048828125 HTTP/1.1" 200 448 "-" "WordPress/6.3.8; https://serhatburke.miroglu.net"
91.107.208.255 - - [20/Apr/2026:21:35:51 +0300] "POST /xmlrpc.php HTTP/1.1" 200 604 "-" "Mozilla/5.0 (Windows NT 10.0; Win64; x64) AppleWebKit/537.36 (KHTML, like Gecko) Chrome/108.0.0.0 Safari/537.36"
91.107.208.255 - - [20/Apr/2026:21:36:09 +0300] "POST /xmlrpc.php HTTP/1.1" 200 3572 "-" "Mozilla/5.0 (Windows NT 10.0; Win64; x64) AppleWebKit/537.36 (KHTML, like Gecko) Chrome/108.0.0.0 Safari/537.36"
91.107.208.255 - - [20/Apr/2026:21:36:25 +0300] "GET /slots-jackpots-spiel-boni-mobil/ HTTP/1.1" 200 0 "-" "Mozilla/5.0 (Windows NT 10.0; Win64; x64) AppleWebKit/537.36 (KHTML, like Gecko) Chrome/108.0.0.0 Safari/537.36"
185.216.113.70 - - [20/Apr/2026:21:36:47 +0300] "POST /wp-cron.php?doing_wp_cron=1776710207.6047940254211425781250 HTTP/1.1" 200 448 "-" "WordPress/6.3.8; https://serhatburke.miroglu.net"
91.107.208.255 - - [20/Apr/2026:21:36:30 +0300] "POST /xmlrpc.php HTTP/1.1" 200 603 "-" "Mozilla/5.0 (Windows NT 10.0; Win64; x64) AppleWebKit/537.36 (KHTML, like Gecko) Chrome/108.0.0.0 Safari/537.36"
91.107.208.255 - - [20/Apr/2026:21:36:40 +0300] "POST /xmlrpc.php HTTP/1.1" 200 594 "-" "Mozilla/5.0 (Windows NT 10.0; Win64; x64) AppleWebKit/537.36 (KHTML, like Gecko) Chrome/108.0.0.0 Safari/537.36"
216.73.217.121 - - [20/Apr/2026:21:36:53 +0300] "GET /robots.txt HTTP/2" 200 110 "-" "Mozilla/5.0 AppleWebKit/537.36 (KHTML, like Gecko; compatible; ClaudeBot/1.0; +claudebot@anthropic.com)"
91.107.208.255 - - [20/Apr/2026:21:36:48 +0300] "POST /xmlrpc.php HTTP/1.1" 200 3951 "-" "Mozilla/5.0 (Windows NT 10.0; Win64; x64) AppleWebKit/537.36 (KHTML, like Gecko) Chrome/108.0.0.0 Safari/537.36"
91.107.208.255 - - [20/Apr/2026:21:37:19 +0300] "GET /offizielle-de-seite-2026/ HTTP/1.1" 200 0 "-" "Mozilla/5.0 (Windows NT 10.0; Win64; x64) AppleWebKit/537.36 (KHTML, like Gecko) Chrome/108.0.0.0 Safari/537.36"
185.216.113.70 - - [20/Apr/2026:21:37:46 +0300] "POST /wp-cron.php?doing_wp_cron=1776710266.1761739253997802734375 HTTP/1.1" 200 448 "-" "WordPress/6.3.8; https://serhatburke.miroglu.net"
91.107.208.255 - - [20/Apr/2026:21:37:35 +0300] "POST /xmlrpc.php HTTP/1.1" 200 594 "-" "Mozilla/5.0 (Windows NT 10.0; Win64; x64) AppleWebKit/537.36 (KHTML, like Gecko) Chrome/108.0.0.0 Safari/537.36"
223.165.69.55 - - [20/Apr/2026:21:37:47 +0300] "POST /xmlrpc.php HTTP/1.1" 200 630 "-" "Mozilla/5.0 (Windows NT 10.0; Win64; x64) AppleWebKit/537.36 (KHTML, like Gecko) Chrome/114.0.0.0 Safari/537.36"
185.216.113.70 - - [20/Apr/2026:21:38:21 +0300] "POST /wp-cron.php?doing_wp_cron=1776710301.5736079216003417968750 HTTP/1.1" 200 448 "-" "WordPress/6.3.8; https://serhatburke.miroglu.net"
223.165.69.55 - - [20/Apr/2026:21:38:08 +0300] "POST /xmlrpc.php HTTP/1.1" 200 15082 "-" "Mozilla/5.0 (Windows NT 10.0; Win64; x64) AppleWebKit/537.36 (KHTML, like Gecko) Chrome/114.0.0.0 Safari/537.36"
223.165.69.55 - - [20/Apr/2026:21:38:24 +0300] "GET /enjoy-position-stash-of-your-own-titans-thunderstruck-ii-zero-download-free-trial-politek-vietnam-import-export-services-trading-team-limited/ HTTP/1.1" 200 77883 "-" "Mozilla/5.0 (Windows NT 10.0; Win64; x64) AppleWebKit/537.36 (KHTML, like Gecko) Chrome/124.0.0.0 Safari/537.36"
185.216.113.70 - - [20/Apr/2026:21:41:52 +0300] "POST /wp-cron.php?doing_wp_cron=1776710512.0996260643005371093750 HTTP/1.1" 200 448 "-" "WordPress/6.3.8; https://serhatburke.miroglu.net"
223.165.69.55 - - [20/Apr/2026:21:41:38 +0300] "POST /xmlrpc.php HTTP/1.1" 200 630 "-" "Mozilla/5.0 (Windows NT 10.0; Win64; x64) AppleWebKit/537.36 (KHTML, like Gecko) Chrome/114.0.0.0 Safari/537.36"
223.165.69.55 - - [20/Apr/2026:21:41:59 +0300] "POST /xmlrpc.php HTTP/1.1" 200 14578 "-" "Mozilla/5.0 (Windows NT 10.0; Win64; x64) AppleWebKit/537.36 (KHTML, like Gecko) Chrome/114.0.0.0 Safari/537.36"
223.165.69.55 - - [20/Apr/2026:21:42:14 +0300] "GET /free-ports-live-agent-and-you-can-table-games-in-the-streams-casino4fun/ HTTP/1.1" 200 75900 "-" "Mozilla/5.0 (Windows NT 10.0; Win64; x64) AppleWebKit/537.36 (KHTML, like Gecko) Chrome/124.0.0.0 Safari/537.36 Edg/124.0.0.0"
223.165.69.55 - - [20/Apr/2026:21:45:14 +0300] "POST /xmlrpc.php HTTP/1.1" 200 630 "-" "Mozilla/5.0 (Windows NT 10.0; Win64; x64) AppleWebKit/537.36 (KHTML, like Gecko) Chrome/114.0.0.0 Safari/537.36"
223.165.69.55 - - [20/Apr/2026:21:45:38 +0300] "POST /xmlrpc.php HTTP/1.1" 200 14448 "-" "Mozilla/5.0 (Windows NT 10.0; Win64; x64) AppleWebKit/537.36 (KHTML, like Gecko) Chrome/114.0.0.0 Safari/537.36"
223.165.69.55 - - [20/Apr/2026:21:45:52 +0300] "GET /enjoy-18500-free-online-ports-no-install-zero-registration/ HTTP/1.1" 200 75150 "-" "Mozilla/5.0 (Windows NT 10.0; Win64; x64) AppleWebKit/537.36 (KHTML, like Gecko) Chrome/124.0.0.0 Safari/537.36"
185.216.113.70 - - [20/Apr/2026:21:49:20 +0300] "POST /wp-cron.php?doing_wp_cron=1776710960.5864930152893066406250 HTTP/1.1" 200 448 "-" "WordPress/6.3.8; https://serhatburke.miroglu.net"
223.165.69.55 - - [20/Apr/2026:21:49:07 +0300] "POST /xmlrpc.php HTTP/1.1" 200 630 "-" "Mozilla/5.0 (Windows NT 10.0; Win64; x64) AppleWebKit/537.36 (KHTML, like Gecko) Chrome/114.0.0.0 Safari/537.36"
223.165.69.55 - - [20/Apr/2026:21:49:28 +0300] "POST /xmlrpc.php HTTP/1.1" 200 14774 "-" "Mozilla/5.0 (Windows NT 10.0; Win64; x64) AppleWebKit/537.36 (KHTML, like Gecko) Chrome/114.0.0.0 Safari/537.36"
223.165.69.55 - - [20/Apr/2026:21:49:43 +0300] "GET /online-slots-better-real-time-gambling-games/ HTTP/1.1" 200 75197 "-" "Mozilla/5.0 (Windows NT 10.0; Win64; x64; rv:124.0) Gecko/20100101 Firefox/124.0"
185.216.113.70 - - [20/Apr/2026:21:52:30 +0300] "POST /wp-cron.php?doing_wp_cron=1776711150.5567150115966796875000 HTTP/1.1" 200 448 "-" "WordPress/6.3.8; https://serhatburke.miroglu.net"
89.167.59.5 - - [20/Apr/2026:21:52:16 +0300] "POST /xmlrpc.php HTTP/1.1" 200 601 "-" "Mozilla/5.0 (Windows NT 10.0; Win64; x64) AppleWebKit/537.36 (KHTML, like Gecko) Chrome/108.0.0.0 Safari/537.36"
89.167.59.5 - - [20/Apr/2026:21:52:32 +0300] "POST /xmlrpc.php HTTP/1.1" 200 4551 "-" "Mozilla/5.0 (Windows NT 10.0; Win64; x64) AppleWebKit/537.36 (KHTML, like Gecko) Chrome/108.0.0.0 Safari/537.36"
84.247.181.69 - - [20/Apr/2026:21:52:38 +0300] "GET /casino-online-skrill-prelievo-veloce/ HTTP/1.1" 200 18092 "https://serhatburke.miroglu.net/" "Mozilla/5.0 (Windows NT 10.0; Win64; x64) AppleWebKit/537.36 (KHTML, like Gecko) Chrome/114.0.0.0 Safari/537.36"
89.167.59.5 - - [20/Apr/2026:21:52:50 +0300] "GET /willkommensbonus-100/ HTTP/1.1" 200 0 "-" "Mozilla/5.0 (Windows NT 10.0; Win64; x64) AppleWebKit/537.36 (KHTML, like Gecko) Chrome/108.0.0.0 Safari/537.36"
223.165.69.55 - - [20/Apr/2026:21:52:53 +0300] "POST /xmlrpc.php HTTP/1.1" 200 630 "-" "Mozilla/5.0 (Windows NT 10.0; Win64; x64) AppleWebKit/537.36 (KHTML, like Gecko) Chrome/114.0.0.0 Safari/537.36"
84.247.181.69 - - [20/Apr/2026:21:52:56 +0300] "GET /wp-login.php?action=register HTTP/1.1" 302 702 "https://serhatburke.miroglu.net/casino-online-skrill-prelievo-veloce/" "Mozilla/5.0 (Windows NT 6.3; Win64; x64) AppleWebKit/537.36 (KHTML, like Gecko) Chrome/103.0.0.0 Safari/537.36"
89.167.59.5 - - [20/Apr/2026:21:53:06 +0300] "POST /xmlrpc.php HTTP/1.1" 200 594 "-" "Mozilla/5.0 (Windows NT 10.0; Win64; x64) AppleWebKit/537.36 (KHTML, like Gecko) Chrome/108.0.0.0 Safari/537.36"
84.247.181.69 - - [20/Apr/2026:21:53:13 +0300] "GET /wp-login.php?registration=disabled HTTP/1.1" 200 3805 "https://serhatburke.miroglu.net/wp-login.php?action=register" "Mozilla/5.0 (Windows NT 6.3; Win64; x64) AppleWebKit/537.36 (KHTML, like Gecko) Chrome/103.0.0.0 Safari/537.36"
223.165.69.55 - - [20/Apr/2026:21:53:17 +0300] "POST /xmlrpc.php HTTP/1.1" 200 12480 "-" "Mozilla/5.0 (Windows NT 10.0; Win64; x64) AppleWebKit/537.36 (KHTML, like Gecko) Chrome/114.0.0.0 Safari/537.36"
185.216.113.70 - - [20/Apr/2026:21:53:44 +0300] "POST /wp-cron.php?doing_wp_cron=1776711224.5871260166168212890625 HTTP/1.1" 200 448 "-" "WordPress/6.3.8; https://serhatburke.miroglu.net"
223.165.69.55 - - [20/Apr/2026:21:53:32 +0300] "GET /thunderstruck-ii-reputation-review-appreciate-free-demonstration-2026/ HTTP/1.1" 200 73795 "-" "Mozilla/5.0 (Windows NT 10.0; Win64; x64; rv:124.0) Gecko/20100101 Firefox/124.0"
185.216.113.70 - - [20/Apr/2026:21:56:26 +0300] "POST /wp-cron.php?doing_wp_cron=1776711385.9422380924224853515625 HTTP/1.1" 200 448 "-" "WordPress/6.3.8; https://serhatburke.miroglu.net"
223.165.69.55 - - [20/Apr/2026:21:56:13 +0300] "POST /xmlrpc.php HTTP/1.1" 200 630 "-" "Mozilla/5.0 (Windows NT 10.0; Win64; x64) AppleWebKit/537.36 (KHTML, like Gecko) Chrome/114.0.0.0 Safari/537.36"
223.165.69.55 - - [20/Apr/2026:21:56:33 +0300] "POST /xmlrpc.php HTTP/1.1" 200 15088 "-" "Mozilla/5.0 (Windows NT 10.0; Win64; x64) AppleWebKit/537.36 (KHTML, like Gecko) Chrome/114.0.0.0 Safari/537.36"
185.216.113.70 - - [20/Apr/2026:21:57:00 +0300] "POST /wp-cron.php?doing_wp_cron=1776711420.1531090736389160156250 HTTP/1.1" 200 448 "-" "WordPress/6.3.8; https://serhatburke.miroglu.net"
223.165.69.55 - - [20/Apr/2026:21:56:48 +0300] "GET /enjoy-thunderstruck-slot-100percent-free-or-with-real-cash/ HTTP/1.1" 200 76068 "-" "Mozilla/5.0 (Windows NT 10.0; Win64; x64) AppleWebKit/537.36 (KHTML, like Gecko) Chrome/122.0.0.0 Safari/537.36"
89.151.188.150 - - [20/Apr/2026:21:57:12 +0300] "GET /wp-login.php HTTP/2" 200 3536 "-" "Mozilla/5.0 (Windows NT 10.0; Win64; x64) AppleWebKit/537.36"
89.151.188.150 - - [20/Apr/2026:21:57:25 +0300] "POST /wp-login.php HTTP/2" 302 0 "https://serhatburke.miroglu.net/wp-login.php" "Mozilla/5.0 (Windows NT 10.0; Win64; x64) AppleWebKit/537.36"
185.216.113.70 - - [20/Apr/2026:21:57:54 +0300] "POST /wp-cron.php?doing_wp_cron=1776711474.0719881057739257812500 HTTP/1.1" 200 448 "-" "WordPress/6.3.8; https://serhatburke.miroglu.net"
89.151.188.150 - - [20/Apr/2026:21:57:38 +0300] "GET /wp-admin/ HTTP/2" 200 27725 "https://serhatburke.miroglu.net/wp-login.php" "Mozilla/5.0 (Windows NT 10.0; Win64; x64) AppleWebKit/537.36"
89.151.188.150 - - [20/Apr/2026:21:57:59 +0300] "GET /wp-admin/ HTTP/2" 200 244109 "-" "Mozilla/5.0 (Windows NT 10.0; Win64; x64) AppleWebKit/537.36"
185.216.113.70 - - [20/Apr/2026:21:57:56 +0300] "POST /wp-admin/admin-ajax.php?action=as_async_request_queue_runner&nonce=0c2824e0b7 HTTP/1.1" 200 1039 "-" "WordPress/6.3.8; https://serhatburke.miroglu.net"
193.151.191.15 - - [20/Apr/2026:21:58:04 +0300] "GET /wp-login.php HTTP/2" 200 3091 "-" "Mozilla/5.0 (Windows NT 10.0; Win64; x64) AppleWebKit/537.36 (KHTML, like Gecko) Chrome/124.0.6367.207 Safari/537.36"
89.151.188.150 - - [20/Apr/2026:21:58:20 +0300] "POST /wp-json/wp/v2/posts HTTP/2" 201 3466 "-" "Mozilla/5.0 (Windows NT 10.0; Win64; x64) AppleWebKit/537.36"
193.151.191.15 - - [20/Apr/2026:21:58:22 +0300] "GET /wp-login.php?wp_lang=en_US HTTP/2" 200 2421 "-" "Mozilla/5.0 (Windows NT 10.0; Win64; x64) AppleWebKit/537.36 (KHTML, like Gecko) Chrome/124.0.6367.207 Safari/537.36"
185.216.113.70 - - [20/Apr/2026:21:58:46 +0300] "POST /wp-cron.php?doing_wp_cron=1776711526.1797730922698974609375 HTTP/1.1" 200 448 "-" "WordPress/6.3.8; https://serhatburke.miroglu.net"
193.151.191.15 - - [20/Apr/2026:21:58:34 +0300] "POST /wp-login.php?wp_lang=en_US HTTP/2" 302 0 "https://serhatburke.miroglu.net/wp-login.php?wp_lang=en_US" "Mozilla/5.0 (Windows NT 10.0; Win64; x64) AppleWebKit/537.36 (KHTML, like Gecko) Chrome/124.0.6367.207 Safari/537.36"
193.151.191.15 - - [20/Apr/2026:21:58:46 +0300] "GET /wp-admin/ HTTP/2" 200 213904 "https://serhatburke.miroglu.net/wp-login.php?wp_lang=en_US" "Mozilla/5.0 (Windows NT 10.0; Win64; x64) AppleWebKit/537.36 (KHTML, like Gecko) Chrome/124.0.6367.207 Safari/537.36"
193.151.191.15 - - [20/Apr/2026:21:59:08 +0300] "GET /wp-admin/plugin-install.php HTTP/2" 403 26 "-" "Mozilla/5.0 (Windows NT 10.0; Win64; x64) AppleWebKit/537.36 (KHTML, like Gecko) Chrome/124.0.6367.207 Safari/537.36"
193.151.191.15 - - [20/Apr/2026:21:59:08 +0300] "GET /wp-admin/plugin-install.php HTTP/2" 403 26 "-" "Mozilla/5.0 (Windows NT 10.0; Win64; x64) AppleWebKit/537.36 (KHTML, like Gecko) Chrome/124.0.6367.207 Safari/537.36"
193.151.191.15 - - [20/Apr/2026:21:59:08 +0300] "GET /wp-admin/plugin-install.php HTTP/2" 403 26 "-" "Mozilla/5.0 (Windows NT 10.0; Win64; x64) AppleWebKit/537.36 (KHTML, like Gecko) Chrome/124.0.6367.207 Safari/537.36"
193.151.191.15 - - [20/Apr/2026:21:59:09 +0300] "GET /wp-admin/plugin-install.php HTTP/2" 403 26 "-" "Mozilla/5.0 (Windows NT 10.0; Win64; x64) AppleWebKit/537.36 (KHTML, like Gecko) Chrome/124.0.6367.207 Safari/537.36"
193.151.191.15 - - [20/Apr/2026:21:59:09 +0300] "GET /wp-admin/plugin-install.php HTTP/2" 403 26 "-" "Mozilla/5.0 (Windows NT 10.0; Win64; x64) AppleWebKit/537.36 (KHTML, like Gecko) Chrome/124.0.6367.207 Safari/537.36"
185.216.113.70 - - [20/Apr/2026:21:59:54 +0300] "POST /wp-cron.php?doing_wp_cron=1776711594.1537499427795410156250 HTTP/1.1" 200 448 "-" "WordPress/6.3.8; https://serhatburke.miroglu.net"
223.165.69.55 - - [20/Apr/2026:21:59:37 +0300] "POST /xmlrpc.php HTTP/1.1" 200 630 "-" "Mozilla/5.0 (Windows NT 10.0; Win64; x64) AppleWebKit/537.36 (KHTML, like Gecko) Chrome/114.0.0.0 Safari/537.36"
223.165.69.55 - - [20/Apr/2026:22:00:01 +0300] "POST /xmlrpc.php HTTP/1.1" 200 15087 "-" "Mozilla/5.0 (Windows NT 10.0; Win64; x64) AppleWebKit/537.36 (KHTML, like Gecko) Chrome/114.0.0.0 Safari/537.36"
223.165.69.55 - - [20/Apr/2026:22:00:16 +0300] "GET /on-line-pokies-the-newest-zealand/ HTTP/1.1" 200 75265 "-" "Mozilla/5.0 (Windows NT 10.0; Win64; x64) AppleWebKit/537.36 (KHTML, like Gecko) Chrome/122.0.0.0 Safari/537.36"
185.216.113.70 - - [20/Apr/2026:22:01:05 +0300] "POST /wp-cron.php?doing_wp_cron=1776711665.1838769912719726562500 HTTP/1.1" 200 448 "-" "WordPress/6.3.8; https://serhatburke.miroglu.net"
91.21.100.57 - - [20/Apr/2026:22:00:52 +0300] "POST /wp-login.php HTTP/2" 302 0 "-" "Mozilla/5.0 (Windows NT 10.0; Win64; x64; rv:135.0) Gecko/20100101 Firefox/135.0"
91.21.100.57 - - [20/Apr/2026:22:01:06 +0300] "GET /wp-admin HTTP/2" 301 795 "https://serhatburke.miroglu.net/wp-login.php" "Mozilla/5.0 (Windows NT 10.0; Win64; x64; rv:135.0) Gecko/20100101 Firefox/135.0"
200.25.47.132 - - [20/Apr/2026:22:01:00 +0300] "POST /xmlrpc.php HTTP/1.1" 200 630 "-" "Mozilla/5.0 (Windows NT 10.0; Win64; x64) AppleWebKit/537.36 (KHTML, like Gecko) Chrome/114.0.0.0 Safari/537.36"
91.21.100.57 - - [20/Apr/2026:22:01:06 +0300] "GET /wp-admin/ HTTP/2" 200 0 "https://serhatburke.miroglu.net/wp-admin" "Mozilla/5.0 (Windows NT 10.0; Win64; x64; rv:135.0) Gecko/20100101 Firefox/135.0"
200.25.47.132 - - [20/Apr/2026:22:01:23 +0300] "POST /xmlrpc.php HTTP/1.1" 200 11848 "-" "Mozilla/5.0 (Windows NT 10.0; Win64; x64) AppleWebKit/537.36 (KHTML, like Gecko) Chrome/114.0.0.0 Safari/537.36"
87.164.58.223 - - [20/Apr/2026:22:01:22 +0300] "POST /wp-login.php HTTP/2" 302 0 "-" "Mozilla/5.0 (Windows NT 10.0; Win64; x64; rv:135.0) Gecko/20100101 Firefox/135.0"
87.164.58.223 - - [20/Apr/2026:22:01:48 +0300] "GET /wp-admin HTTP/2" 301 795 "https://serhatburke.miroglu.net/wp-login.php" "Mozilla/5.0 (Windows NT 10.0; Win64; x64; rv:135.0) Gecko/20100101 Firefox/135.0"
87.164.58.223 - - [20/Apr/2026:22:01:48 +0300] "GET /wp-admin/ HTTP/2" 200 0 "https://serhatburke.miroglu.net/wp-admin" "Mozilla/5.0 (Windows NT 10.0; Win64; x64; rv:135.0) Gecko/20100101 Firefox/135.0"
79.223.35.173 - - [20/Apr/2026:22:01:29 +0300] "POST /wp-login.php HTTP/2" 302 0 "-" "Mozilla/5.0 (Windows NT 10.0; Win64; x64; rv:135.0) Gecko/20100101 Firefox/135.0"
79.223.35.173 - - [20/Apr/2026:22:01:54 +0300] "GET /wp-admin HTTP/2" 301 795 "https://serhatburke.miroglu.net/wp-login.php" "Mozilla/5.0 (Windows NT 10.0; Win64; x64; rv:135.0) Gecko/20100101 Firefox/135.0"
79.223.35.173 - - [20/Apr/2026:22:01:55 +0300] "GET /wp-admin/ HTTP/2" 200 0 "https://serhatburke.miroglu.net/wp-admin" "Mozilla/5.0 (Windows NT 10.0; Win64; x64; rv:135.0) Gecko/20100101 Firefox/135.0"
59.153.161.7 - - [20/Apr/2026:22:01:53 +0300] "POST /wp-login.php HTTP/2" 200 0 "-" "Mozilla/5.0 (Windows NT 10.0; Win64; x64; rv:135.0) Gecko/20100101 Firefox/135.0"
200.25.47.132 - - [20/Apr/2026:22:01:47 +0300] "GET /finest-no-deposit-incentives-jan-2026-50-totally-free-turisticka-organizacija-opstine-teslic/ HTTP/1.1" 200 74188 "-" "Mozilla/5.0 (Windows NT 10.0; Win64; x64; rv:125.0) Gecko/20100101 Firefox/125.0"
54.152.143.107 - - [20/Apr/2026:22:01:58 +0300] "POST /wp-login.php HTTP/2" 200 0 "-" "Mozilla/5.0 (Windows NT 10.0; Win64; x64; rv:135.0) Gecko/20100101 Firefox/135.0"
66.249.73.15 - - [20/Apr/2026:22:02:07 +0300] "GET /robots.txt HTTP/1.1" 200 719 "-" "Mozilla/5.0 (compatible; Googlebot/2.1; +http://www.google.com/bot.html)"
198.37.118.165 - - [20/Apr/2026:22:02:29 +0300] "POST /wp-login.php HTTP/2" 302 0 "-" "Mozilla/5.0 (Windows NT 10.0; Win64; x64; rv:135.0) Gecko/20100101 Firefox/135.0"
198.37.118.165 - - [20/Apr/2026:22:02:42 +0300] "GET /wp-admin HTTP/2" 301 795 "https://serhatburke.miroglu.net/wp-login.php" "Mozilla/5.0 (Windows NT 10.0; Win64; x64; rv:135.0) Gecko/20100101 Firefox/135.0"
185.216.113.70 - - [20/Apr/2026:22:02:27 +0300] "POST /wp-admin/admin-ajax.php?action=as_async_request_queue_runner&nonce=99a60c4442 HTTP/1.1" 200 1039 "-" "WordPress/6.3.8; https://serhatburke.miroglu.net"
185.216.113.70 - - [20/Apr/2026:22:02:55 +0300] "POST /wp-cron.php?doing_wp_cron=1776711775.4062740802764892578125 HTTP/1.1" 200 448 "-" "WordPress/6.3.8; https://serhatburke.miroglu.net"
