198.37.118.165 - - [20/Apr/2026:22:02:43 +0300] "GET /wp-admin/ HTTP/2" 200 144802 "https://serhatburke.miroglu.net/wp-admin" "Mozilla/5.0 (Windows NT 10.0; Win64; x64; rv:135.0) Gecko/20100101 Firefox/135.0"
223.165.69.55 - - [20/Apr/2026:22:02:56 +0300] "POST /xmlrpc.php HTTP/1.1" 200 630 "-" "Mozilla/5.0 (Windows NT 10.0; Win64; x64) AppleWebKit/537.36 (KHTML, like Gecko) Chrome/114.0.0.0 Safari/537.36"
185.216.113.70 - - [20/Apr/2026:22:03:28 +0300] "POST /wp-cron.php?doing_wp_cron=1776711808.3553910255432128906250 HTTP/1.1" 200 448 "-" "WordPress/6.3.8; https://serhatburke.miroglu.net"
223.165.69.55 - - [20/Apr/2026:22:03:16 +0300] "POST /xmlrpc.php HTTP/1.1" 200 11662 "-" "Mozilla/5.0 (Windows NT 10.0; Win64; x64) AppleWebKit/537.36 (KHTML, like Gecko) Chrome/114.0.0.0 Safari/537.36"
223.165.69.55 - - [20/Apr/2026:22:03:30 +0300] "GET /finest-position-software-2026-finest-mobile-slot-machine-game-applications/ HTTP/1.1" 200 72950 "-" "Mozilla/5.0 (Windows NT 10.0; rv:109.0) Gecko/20100101 Firefox/115.0"
162.252.53.195 - - [20/Apr/2026:22:03:44 +0300] "POST /wp-login.php HTTP/2" 302 0 "-" "Mozilla/5.0 (Windows NT 10.0; Win64; x64; rv:135.0) Gecko/20100101 Firefox/135.0"
162.252.53.195 - - [20/Apr/2026:22:03:57 +0300] "GET /wp-admin HTTP/2" 301 795 "https://serhatburke.miroglu.net/wp-login.php" "Mozilla/5.0 (Windows NT 10.0; Win64; x64; rv:135.0) Gecko/20100101 Firefox/135.0"
162.252.53.195 - - [20/Apr/2026:22:03:57 +0300] "GET /wp-admin/ HTTP/2" 200 27852 "https://serhatburke.miroglu.net/wp-admin" "Mozilla/5.0 (Windows NT 10.0; Win64; x64; rv:135.0) Gecko/20100101 Firefox/135.0"
91.17.218.101 - - [20/Apr/2026:22:04:15 +0300] "POST /wp-login.php HTTP/2" 302 0 "-" "Mozilla/5.0 (Windows NT 10.0; Win64; x64; rv:135.0) Gecko/20100101 Firefox/135.0"
91.17.218.101 - - [20/Apr/2026:22:04:27 +0300] "GET /wp-admin HTTP/2" 301 795 "https://serhatburke.miroglu.net/wp-login.php" "Mozilla/5.0 (Windows NT 10.0; Win64; x64; rv:135.0) Gecko/20100101 Firefox/135.0"
65.111.26.171 - - [20/Apr/2026:22:04:22 +0300] "GET /wp-login.php HTTP/2" 200 3091 "-" "Mozilla/5.0 (Windows NT 10.0; Win64; x64) AppleWebKit/537.36 (KHTML, like Gecko) Chrome/124.0.6367.207 Safari/537.36"
185.216.113.70 - - [20/Apr/2026:22:04:40 +0300] "POST /wp-cron.php?doing_wp_cron=1776711880.2239120006561279296875 HTTP/1.1" 200 448 "-" "WordPress/6.3.8; https://serhatburke.miroglu.net"
91.17.218.101 - - [20/Apr/2026:22:04:28 +0300] "GET /wp-admin/ HTTP/2" 200 204011 "https://serhatburke.miroglu.net/wp-admin" "Mozilla/5.0 (Windows NT 10.0; Win64; x64; rv:135.0) Gecko/20100101 Firefox/135.0"
216.26.246.118 - - [20/Apr/2026:22:04:41 +0300] "POST /xmlrpc.php HTTP/2" 200 108 "-" "Mozilla/5.0 (Windows NT 10.0; Win64; x64) AppleWebKit/537.36 (KHTML, like Gecko) Chrome/124.0.6367.207 Safari/537.36"
172.96.5.222 - - [20/Apr/2026:22:04:44 +0300] "POST /wp-login.php HTTP/2" 302 0 "-" "Mozilla/5.0 (Windows NT 10.0; Win64; x64; rv:135.0) Gecko/20100101 Firefox/135.0"
172.96.5.222 - - [20/Apr/2026:22:05:01 +0300] "GET /wp-admin HTTP/2" 301 795 "https://serhatburke.miroglu.net/wp-login.php" "Mozilla/5.0 (Windows NT 10.0; Win64; x64; rv:135.0) Gecko/20100101 Firefox/135.0"
172.96.5.222 - - [20/Apr/2026:22:05:02 +0300] "GET /wp-admin/ HTTP/2" 200 0 "https://serhatburke.miroglu.net/wp-admin" "Mozilla/5.0 (Windows NT 10.0; Win64; x64; rv:135.0) Gecko/20100101 Firefox/135.0"
185.216.113.70 - - [20/Apr/2026:22:05:14 +0300] "POST /wp-cron.php?doing_wp_cron=1776711914.5103130340576171875000 HTTP/1.1" 200 448 "-" "WordPress/6.3.8; https://serhatburke.miroglu.net"
216.26.246.118 - - [20/Apr/2026:22:05:03 +0300] "POST /xmlrpc.php HTTP/2" 200 2646 "-" "Mozilla/5.0 (Windows NT 10.0; Win64; x64; rv:127.0) Gecko/20100101 Firefox/127.0"
185.216.113.70 - - [20/Apr/2026:22:05:49 +0300] "POST /wp-cron.php?doing_wp_cron=1776711948.9579091072082519531250 HTTP/1.1" 200 448 "-" "WordPress/6.3.8; https://serhatburke.miroglu.net"
84.200.80.218 - - [20/Apr/2026:22:05:37 +0300] "POST /xmlrpc.php HTTP/1.1" 200 124873 "-" "Mozilla/5.0 (Windows NT 10.0; Win64; x64) AppleWebKit/537.36 (KHTML, like Gecko) Chrome/79.0.3945.130 Safari/537.36"
84.200.80.218 - - [20/Apr/2026:22:05:49 +0300] "POST /xmlrpc.php HTTP/1.1" 200 489 "-" "Mozilla/5.0 (Windows NT 10.0; Win64; x64) AppleWebKit/537.36 (KHTML, like Gecko) Chrome/79.0.3945.130 Safari/537.36"
185.216.113.70 - - [20/Apr/2026:22:06:20 +0300] "POST /wp-cron.php?doing_wp_cron=1776711980.6714069843292236328125 HTTP/1.1" 200 448 "-" "WordPress/6.3.8; https://serhatburke.miroglu.net"
84.200.80.218 - - [20/Apr/2026:22:06:07 +0300] "POST /xmlrpc.php HTTP/1.1" 200 184494 "-" "Mozilla/5.0 (Windows NT 10.0; Win64; x64) AppleWebKit/537.36 (KHTML, like Gecko) Chrome/79.0.3945.130 Safari/537.36"
185.216.113.70 - - [20/Apr/2026:22:08:34 +0300] "POST /wp-cron.php?doing_wp_cron=1776712114.4413750171661376953125 HTTP/1.1" 200 448 "-" "WordPress/6.3.8; https://serhatburke.miroglu.net"
47.128.51.200 - - [20/Apr/2026:22:08:18 +0300] "GET /slot-makinelerinde-nasil-kazanilir-her-zaman-1king-giris-mobi-esit-zafer-icin-taktikler/ HTTP/2" 200 17755 "-" "Mozilla/5.0 (Linux; Android 5.0) AppleWebKit/537.36 (KHTML, like Gecko) Mobile Safari/537.36 (compatible; Bytespider; spider-feedback@bytedance.com)"
47.128.51.200 - - [20/Apr/2026:22:08:36 +0300] "GET /wp-content/themes/toppic/css/lightbox.css?ver=4.2 HTTP/2" 200 2342 "https://serhatburke.miroglu.net/slot-makinelerinde-nasil-kazanilir-her-zaman-1king-giris-mobi-esit-zafer-icin-taktikler/" "Mozilla/5.0 (Linux; Android 5.0) AppleWebKit/537.36 (KHTML, like Gecko) Mobile Safari/537.36 (compatible; Bytespider; spider-feedback@bytedance.com)"
185.216.113.70 - - [20/Apr/2026:22:09:48 +0300] "POST /wp-cron.php?doing_wp_cron=1776712188.2197279930114746093750 HTTP/1.1" 200 448 "-" "WordPress/6.3.8; https://serhatburke.miroglu.net"
120.140.37.24 - - [20/Apr/2026:22:09:35 +0300] "POST /xmlrpc.php HTTP/2" 200 141 "-" "WordPress/XMLRPC Client"
120.140.37.24 - - [20/Apr/2026:22:09:49 +0300] "GET /?p=123562 HTTP/2" 301 0 "-" "Mozilla/5.0 (Windows NT 10.0; Win64; x64) AppleWebKit/537.36 (KHTML, like Gecko) Chrome/120.0.0.0 Safari/537.36"
185.216.113.70 - - [20/Apr/2026:22:10:49 +0300] "POST /wp-cron.php?doing_wp_cron=1776712249.4338989257812500000000 HTTP/1.1" 200 448 "-" "WordPress/6.3.8; https://serhatburke.miroglu.net"
200.25.47.132 - - [20/Apr/2026:22:10:37 +0300] "POST /xmlrpc.php HTTP/1.1" 200 630 "-" "Mozilla/5.0 (Windows NT 10.0; Win64; x64) AppleWebKit/537.36 (KHTML, like Gecko) Chrome/114.0.0.0 Safari/537.36"
200.25.47.132 - - [20/Apr/2026:22:10:56 +0300] "POST /xmlrpc.php HTTP/1.1" 200 11502 "-" "Mozilla/5.0 (Windows NT 10.0; Win64; x64) AppleWebKit/537.36 (KHTML, like Gecko) Chrome/114.0.0.0 Safari/537.36"
200.25.47.132 - - [20/Apr/2026:22:11:10 +0300] "GET /crypto-gambling-establishment-sportsbook-590-bonus-225-100-percent-free-spins/ HTTP/1.1" 200 73110 "-" "Mozilla/5.0 (Windows NT 10.0; Win64; x64; rv:125.0) Gecko/20100101 Firefox/125.0"
185.216.113.70 - - [20/Apr/2026:22:12:50 +0300] "POST /wp-cron.php?doing_wp_cron=1776712370.8728299140930175781250 HTTP/1.1" 200 448 "-" "WordPress/6.3.8; https://serhatburke.miroglu.net"
200.25.47.132 - - [20/Apr/2026:22:12:38 +0300] "POST /xmlrpc.php HTTP/1.1" 200 630 "-" "Mozilla/5.0 (Windows NT 10.0; Win64; x64) AppleWebKit/537.36 (KHTML, like Gecko) Chrome/114.0.0.0 Safari/537.36"
200.25.47.132 - - [20/Apr/2026:22:12:57 +0300] "POST /xmlrpc.php HTTP/1.1" 200 11799 "-" "Mozilla/5.0 (Windows NT 10.0; Win64; x64) AppleWebKit/537.36 (KHTML, like Gecko) Chrome/114.0.0.0 Safari/537.36"
200.25.47.132 - - [20/Apr/2026:22:13:12 +0300] "GET /dawn-harbors/ HTTP/1.1" 200 71385 "-" "Mozilla/5.0 (Windows NT 10.0; Win64; x64) AppleWebKit/537.36 (KHTML, like Gecko) Chrome/122.0.0.0 Safari/537.36"
65.21.47.11 - - [20/Apr/2026:22:13:15 +0300] "GET / HTTP/1.1" 200 17582 "-" "Mozilla/5.0 (X11; CrOS x86_64 14541.0.0) AppleWebKit/537.36 (KHTML, like Gecko) Chrome/145.0.0.0 Safari/537.36"
27.125.246.145 - - [20/Apr/2026:22:13:21 +0300] "GET /wp-login.php HTTP/2" 200 3536 "-" "Mozilla/5.0 (Windows NT 10.0; Win64; x64) AppleWebKit/537.36"
185.216.113.70 - - [20/Apr/2026:22:13:43 +0300] "POST /wp-cron.php?doing_wp_cron=1776712423.2494459152221679687500 HTTP/1.1" 200 448 "-" "WordPress/6.3.8; https://serhatburke.miroglu.net"
65.21.47.11 - - [20/Apr/2026:22:13:30 +0300] "POST /xmlrpc.php HTTP/1.1" 200 735 "https://serhatburke.miroglu.net" "Mozilla/5.0 (X11; CrOS x86_64 14541.0.0) AppleWebKit/537.36 (KHTML, like Gecko) Chrome/145.0.0.0 Safari/537.36"
27.125.246.145 - - [20/Apr/2026:22:13:36 +0300] "POST /wp-login.php HTTP/2" 302 0 "https://serhatburke.miroglu.net/wp-login.php" "Mozilla/5.0 (Windows NT 10.0; Win64; x64) AppleWebKit/537.36"
27.125.246.145 - - [20/Apr/2026:22:13:49 +0300] "GET /wp-admin/ HTTP/2" 200 31065 "https://serhatburke.miroglu.net/wp-login.php" "Mozilla/5.0 (Windows NT 10.0; Win64; x64) AppleWebKit/537.36"
27.125.246.239 - - [20/Apr/2026:22:14:06 +0300] "GET /wp-admin/ HTTP/2" 200 243893 "-" "Mozilla/5.0 (Windows NT 10.0; Win64; x64) AppleWebKit/537.36"
27.125.246.239 - - [20/Apr/2026:22:14:19 +0300] "POST /wp-json/wp/v2/posts HTTP/2" 201 3133 "-" "Mozilla/5.0 (Windows NT 10.0; Win64; x64) AppleWebKit/537.36"
185.216.113.70 - - [20/Apr/2026:22:14:43 +0300] "POST /wp-cron.php?doing_wp_cron=1776712483.1666400432586669921875 HTTP/1.1" 200 448 "-" "WordPress/6.3.8; https://serhatburke.miroglu.net"
27.125.246.239 - - [20/Apr/2026:22:14:32 +0300] "GET /?p=123568 HTTP/2" 301 0 "-" "Mozilla/5.0 (Windows NT 10.0; Win64; x64) AppleWebKit/537.36 (KHTML, like Gecko) Chrome/120.0.0.0 Safari/537.36"
200.25.47.132 - - [20/Apr/2026:22:14:53 +0300] "POST /xmlrpc.php HTTP/1.1" 200 630 "-" "Mozilla/5.0 (Windows NT 10.0; Win64; x64) AppleWebKit/537.36 (KHTML, like Gecko) Chrome/114.0.0.0 Safari/537.36"
223.165.69.55 - - [20/Apr/2026:22:15:01 +0300] "POST /xmlrpc.php HTTP/1.1" 200 630 "-" "Mozilla/5.0 (Windows NT 10.0; Win64; x64) AppleWebKit/537.36 (KHTML, like Gecko) Chrome/114.0.0.0 Safari/537.36"
185.216.113.70 - - [20/Apr/2026:22:15:34 +0300] "POST /wp-cron.php?doing_wp_cron=1776712534.5398240089416503906250 HTTP/1.1" 200 448 "-" "WordPress/6.3.8; https://serhatburke.miroglu.net"
223.165.69.55 - - [20/Apr/2026:22:15:22 +0300] "POST /xmlrpc.php HTTP/1.1" 200 14442 "-" "Mozilla/5.0 (Windows NT 10.0; Win64; x64) AppleWebKit/537.36 (KHTML, like Gecko) Chrome/114.0.0.0 Safari/537.36"
200.25.47.132 - - [20/Apr/2026:22:15:22 +0300] "POST /xmlrpc.php HTTP/1.1" 200 11665 "-" "Mozilla/5.0 (Windows NT 10.0; Win64; x64) AppleWebKit/537.36 (KHTML, like Gecko) Chrome/114.0.0.0 Safari/537.36"
223.165.69.55 - - [20/Apr/2026:22:15:36 +0300] "GET /fifty-dragons-aristocrat-harbors-on-the-web/ HTTP/1.1" 200 74745 "-" "Mozilla/5.0 (Windows NT 10.0; Win64; x64) AppleWebKit/537.36 (KHTML, like Gecko) Chrome/122.0.0.0 Safari/537.36"
200.25.47.132 - - [20/Apr/2026:22:15:37 +0300] "GET /best-1-lowest-deposit-casinos-2025-start-by-merely-step-one/ HTTP/1.1" 200 72517 "-" "Mozilla/5.0 (Windows NT 10.0; Win64; x64) AppleWebKit/537.36 (KHTML, like Gecko) Chrome/124.0.0.0 Safari/537.36"
185.216.113.70 - - [20/Apr/2026:22:17:51 +0300] "POST /wp-cron.php?doing_wp_cron=1776712671.7455749511718750000000 HTTP/1.1" 200 448 "-" "WordPress/6.3.8; https://serhatburke.miroglu.net"
200.25.47.132 - - [20/Apr/2026:22:16:54 +0300] "POST /xmlrpc.php HTTP/1.1" 200 630 "-" "Mozilla/5.0 (Windows NT 10.0; Win64; x64) AppleWebKit/537.36 (KHTML, like Gecko) Chrome/114.0.0.0 Safari/537.36"
200.25.47.132 - - [20/Apr/2026:22:17:58 +0300] "POST /xmlrpc.php HTTP/1.1" 200 11598 "-" "Mozilla/5.0 (Windows NT 10.0; Win64; x64) AppleWebKit/537.36 (KHTML, like Gecko) Chrome/114.0.0.0 Safari/537.36"
200.25.47.132 - - [20/Apr/2026:22:18:14 +0300] "GET /serenity-english-definition/ HTTP/1.1" 200 71525 "-" "Mozilla/5.0 (Windows NT 10.0; Win64; x64; rv:125.0) Gecko/20100101 Firefox/125.0"
185.216.113.70 - - [20/Apr/2026:22:18:56 +0300] "POST /wp-cron.php?doing_wp_cron=1776712735.9820070266723632812500 HTTP/1.1" 200 448 "-" "WordPress/6.3.8; https://serhatburke.miroglu.net"
200.25.47.132 - - [20/Apr/2026:22:18:44 +0300] "POST /xmlrpc.php HTTP/1.1" 200 630 "-" "Mozilla/5.0 (Windows NT 10.0; Win64; x64) AppleWebKit/537.36 (KHTML, like Gecko) Chrome/114.0.0.0 Safari/537.36"
200.25.47.132 - - [20/Apr/2026:22:19:02 +0300] "POST /xmlrpc.php HTTP/1.1" 200 12325 "-" "Mozilla/5.0 (Windows NT 10.0; Win64; x64) AppleWebKit/537.36 (KHTML, like Gecko) Chrome/114.0.0.0 Safari/537.36"
79.116.239.87 - - [20/Apr/2026:22:19:02 +0300] "GET /uso-di-steroidi-in-italia-cosa-e-consentito/ HTTP/1.1" 200 67498 "-" "GuzzleHttp/7"
200.25.47.132 - - [20/Apr/2026:22:19:19 +0300] "GET /siberian-storm-position-remark-2026-play-for-free/ HTTP/1.1" 200 72910 "-" "Mozilla/5.0 (Windows NT 10.0; Win64; x64; rv:125.0) Gecko/20100101 Firefox/125.0"
185.216.113.70 - - [20/Apr/2026:22:20:44 +0300] "POST /wp-cron.php?doing_wp_cron=1776712844.7047839164733886718750 HTTP/1.1" 200 448 "-" "WordPress/6.3.8; https://serhatburke.miroglu.net"
200.25.47.132 - - [20/Apr/2026:22:20:32 +0300] "POST /xmlrpc.php HTTP/1.1" 200 630 "-" "Mozilla/5.0 (Windows NT 10.0; Win64; x64) AppleWebKit/537.36 (KHTML, like Gecko) Chrome/114.0.0.0 Safari/537.36"
200.25.47.132 - - [20/Apr/2026:22:20:52 +0300] "POST /xmlrpc.php HTTP/1.1" 200 11649 "-" "Mozilla/5.0 (Windows NT 10.0; Win64; x64) AppleWebKit/537.36 (KHTML, like Gecko) Chrome/114.0.0.0 Safari/537.36"
200.25.47.132 - - [20/Apr/2026:22:21:06 +0300] "GET /sizzling-hot-luxury-trial-enjoy-100-percent-free-slot-video-game/ HTTP/1.1" 200 72727 "-" "Mozilla/5.0 (Windows NT 10.0; Win64; x64) AppleWebKit/537.36 (KHTML, like Gecko) Chrome/123.0.0.0 Safari/537.36 OPR/109.0.0.0"
223.165.69.55 - - [20/Apr/2026:22:21:18 +0300] "POST /xmlrpc.php HTTP/1.1" 200 630 "-" "Mozilla/5.0 (Windows NT 10.0; Win64; x64) AppleWebKit/537.36 (KHTML, like Gecko) Chrome/114.0.0.0 Safari/537.36"
185.216.113.70 - - [20/Apr/2026:22:21:51 +0300] "POST /wp-cron.php?doing_wp_cron=1776712911.6571929454803466796875 HTTP/1.1" 200 448 "-" "WordPress/6.3.8; https://serhatburke.miroglu.net"
223.165.69.55 - - [20/Apr/2026:22:21:38 +0300] "POST /xmlrpc.php HTTP/1.1" 200 14688 "-" "Mozilla/5.0 (Windows NT 10.0; Win64; x64) AppleWebKit/537.36 (KHTML, like Gecko) Chrome/114.0.0.0 Safari/537.36"
223.165.69.55 - - [20/Apr/2026:22:21:53 +0300] "GET /greatest-15-penny-ports-on-line-in-the-2025/ HTTP/1.1" 200 75179 "-" "Mozilla/5.0 (Windows NT 10.0; Win64; x64) AppleWebKit/537.36 (KHTML, like Gecko) Chrome/122.0.0.0 Safari/537.36"
200.25.47.132 - - [20/Apr/2026:22:22:18 +0300] "POST /xmlrpc.php HTTP/1.1" 200 630 "-" "Mozilla/5.0 (Windows NT 10.0; Win64; x64) AppleWebKit/537.36 (KHTML, like Gecko) Chrome/114.0.0.0 Safari/537.36"
185.216.113.70 - - [20/Apr/2026:22:22:48 +0300] "POST /wp-cron.php?doing_wp_cron=1776712968.3447489738464355468750 HTTP/1.1" 200 448 "-" "WordPress/6.3.8; https://serhatburke.miroglu.net"
200.25.47.132 - - [20/Apr/2026:22:22:36 +0300] "POST /xmlrpc.php HTTP/1.1" 200 12005 "-" "Mozilla/5.0 (Windows NT 10.0; Win64; x64) AppleWebKit/537.36 (KHTML, like Gecko) Chrome/114.0.0.0 Safari/537.36"
200.25.47.132 - - [20/Apr/2026:22:22:49 +0300] "GET /scorching-luxury-game-opinion-2026-rtp-bonuses-demonstration/ HTTP/1.1" 200 72980 "-" "Mozilla/5.0 (Windows NT 10.0; Win64; x64) AppleWebKit/537.36 (KHTML, like Gecko) Chrome/109.0.0.0 Safari/537.36"
185.216.113.70 - - [20/Apr/2026:22:24:29 +0300] "POST /wp-cron.php?doing_wp_cron=1776713069.8934469223022460937500 HTTP/1.1" 200 448 "-" "WordPress/6.3.8; https://serhatburke.miroglu.net"
200.25.47.132 - - [20/Apr/2026:22:24:16 +0300] "POST /xmlrpc.php HTTP/1.1" 200 630 "-" "Mozilla/5.0 (Windows NT 10.0; Win64; x64) AppleWebKit/537.36 (KHTML, like Gecko) Chrome/114.0.0.0 Safari/537.36"
200.25.47.132 - - [20/Apr/2026:22:24:37 +0300] "POST /xmlrpc.php HTTP/1.1" 200 11535 "-" "Mozilla/5.0 (Windows NT 10.0; Win64; x64) AppleWebKit/537.36 (KHTML, like Gecko) Chrome/114.0.0.0 Safari/537.36"
200.25.47.132 - - [20/Apr/2026:22:24:51 +0300] "GET /step-one-minimum-deposit-casinos-verified-nz-low-deposit-offers/ HTTP/1.1" 200 72692 "-" "Mozilla/5.0 (Windows NT 10.0; Win64; x64) AppleWebKit/537.36 (KHTML, like Gecko) Chrome/123.0.0.0 Safari/537.36"
223.165.69.55 - - [20/Apr/2026:22:25:21 +0300] "POST /xmlrpc.php HTTP/1.1" 200 630 "-" "Mozilla/5.0 (Windows NT 10.0; Win64; x64) AppleWebKit/537.36 (KHTML, like Gecko) Chrome/114.0.0.0 Safari/537.36"
185.216.113.70 - - [20/Apr/2026:22:25:53 +0300] "POST /wp-cron.php?doing_wp_cron=1776713153.7211289405822753906250 HTTP/1.1" 200 448 "-" "WordPress/6.3.8; https://serhatburke.miroglu.net"
223.165.69.55 - - [20/Apr/2026:22:25:41 +0300] "POST /xmlrpc.php HTTP/1.1" 200 12132 "-" "Mozilla/5.0 (Windows NT 10.0; Win64; x64) AppleWebKit/537.36 (KHTML, like Gecko) Chrome/114.0.0.0 Safari/537.36"
223.165.69.55 - - [20/Apr/2026:22:25:55 +0300] "GET /internet-casino-have-fun-with-250-added-bonus-for-the/ HTTP/1.1" 200 72696 "-" "Mozilla/5.0 (Windows NT 10.0; Win64; x64) AppleWebKit/537.36 (KHTML, like Gecko) Chrome/123.0.0.0 Safari/537.36"
200.25.47.132 - - [20/Apr/2026:22:25:56 +0300] "POST /xmlrpc.php HTTP/1.1" 200 630 "-" "Mozilla/5.0 (Windows NT 10.0; Win64; x64) AppleWebKit/537.36 (KHTML, like Gecko) Chrome/114.0.0.0 Safari/537.36"
200.25.47.132 - - [20/Apr/2026:22:26:20 +0300] "POST /xmlrpc.php HTTP/1.1" 200 11850 "-" "Mozilla/5.0 (Windows NT 10.0; Win64; x64) AppleWebKit/537.36 (KHTML, like Gecko) Chrome/114.0.0.0 Safari/537.36"
185.216.113.70 - - [20/Apr/2026:22:26:45 +0300] "POST /wp-cron.php?doing_wp_cron=1776713205.7252519130706787109375 HTTP/1.1" 200 448 "-" "WordPress/6.3.8; https://serhatburke.miroglu.net"
200.25.47.132 - - [20/Apr/2026:22:26:34 +0300] "GET /aztec-slots-gamble-the-better-aztec-inspired-game-online/ HTTP/1.1" 200 72714 "-" "Mozilla/5.0 (Windows NT 10.0; Win64; x64) AppleWebKit/537.36 (KHTML, like Gecko) Chrome/124.0.0.0 Safari/537.36 Edg/124.0.0.0"
45.183.50.215 - - [20/Apr/2026:22:26:41 +0300] "POST /xmlrpc.php HTTP/2" 200 141 "-" "WordPress/XMLRPC Client"
45.183.50.215 - - [20/Apr/2026:22:26:56 +0300] "GET /?p=123589 HTTP/2" 301 0 "-" "Mozilla/5.0 (Windows NT 10.0; Win64; x64) AppleWebKit/537.36 (KHTML, like Gecko) Chrome/120.0.0.0 Safari/537.36"
84.200.80.218 - - [20/Apr/2026:22:27:13 +0300] "GET /descubre-los-mejores-casinos-online-de-chile-para-90/ HTTP/1.1" 200 168918 "-" "Screaming Frog SEO Spider/18.1"
185.216.113.70 - - [20/Apr/2026:22:28:07 +0300] "POST /wp-cron.php?doing_wp_cron=1776713287.3208229541778564453125 HTTP/1.1" 200 448 "-" "WordPress/6.3.8; https://serhatburke.miroglu.net"
200.25.47.132 - - [20/Apr/2026:22:27:49 +0300] "POST /xmlrpc.php HTTP/1.1" 200 630 "-" "Mozilla/5.0 (Windows NT 10.0; Win64; x64) AppleWebKit/537.36 (KHTML, like Gecko) Chrome/114.0.0.0 Safari/537.36"
200.25.47.132 - - [20/Apr/2026:22:28:14 +0300] "POST /xmlrpc.php HTTP/1.1" 200 11430 "-" "Mozilla/5.0 (Windows NT 10.0; Win64; x64) AppleWebKit/537.36 (KHTML, like Gecko) Chrome/114.0.0.0 Safari/537.36"
185.216.113.70 - - [20/Apr/2026:22:28:49 +0300] "POST /wp-cron.php?doing_wp_cron=1776713329.1675701141357421875000 HTTP/1.1" 200 448 "-" "WordPress/6.3.8; https://serhatburke.miroglu.net"
200.25.47.132 - - [20/Apr/2026:22:28:30 +0300] "GET /official-novomatic-position-gameplay-on-line-inside-germany/ HTTP/1.1" 200 72235 "-" "Mozilla/5.0 (Windows NT 10.0; Win64; x64; rv:125.0) Gecko/20100101 Firefox/125.0"
185.216.113.70 - - [20/Apr/2026:22:29:55 +0300] "POST /wp-cron.php?doing_wp_cron=1776713394.9391660690307617187500 HTTP/1.1" 200 448 "-" "WordPress/6.3.8; https://serhatburke.miroglu.net"
200.25.47.132 - - [20/Apr/2026:22:29:42 +0300] "POST /xmlrpc.php HTTP/1.1" 200 630 "-" "Mozilla/5.0 (Windows NT 10.0; Win64; x64) AppleWebKit/537.36 (KHTML, like Gecko) Chrome/114.0.0.0 Safari/537.36"
223.165.69.55 - - [20/Apr/2026:22:29:47 +0300] "POST /xmlrpc.php HTTP/1.1" 200 630 "-" "Mozilla/5.0 (Windows NT 10.0; Win64; x64) AppleWebKit/537.36 (KHTML, like Gecko) Chrome/114.0.0.0 Safari/537.36"
200.25.47.132 - - [20/Apr/2026:22:30:01 +0300] "POST /xmlrpc.php HTTP/1.1" 200 11208 "-" "Mozilla/5.0 (Windows NT 10.0; Win64; x64) AppleWebKit/537.36 (KHTML, like Gecko) Chrome/114.0.0.0 Safari/537.36"
38.180.159.153 - - [20/Apr/2026:22:30:02 +0300] "POST /xmlrpc.php HTTP/2" 200 403 "-" "Mozilla/5.0 (Windows NT 10.0; Win64; x64; rv:121.0) Gecko/20100101 Firefox/121.0"
223.165.69.55 - - [20/Apr/2026:22:30:07 +0300] "POST /xmlrpc.php HTTP/1.1" 200 14784 "-" "Mozilla/5.0 (Windows NT 10.0; Win64; x64) AppleWebKit/537.36 (KHTML, like Gecko) Chrome/114.0.0.0 Safari/537.36"
200.25.47.132 - - [20/Apr/2026:22:30:21 +0300] "GET /dragon-ports-game-a-listing-of-dragon-styled-video-game/ HTTP/1.1" 200 72098 "-" "Mozilla/5.0 (Windows NT 10.0; rv:109.0) Gecko/20100101 Firefox/115.0"
185.216.113.70 - - [20/Apr/2026:22:30:40 +0300] "POST /wp-cron.php?doing_wp_cron=1776713440.2936930656433105468750 HTTP/1.1" 200 448 "-" "WordPress/6.3.8; https://serhatburke.miroglu.net"
223.165.69.55 - - [20/Apr/2026:22:30:26 +0300] "GET /gamble-30000-totally-free-slots-online-game-no-deposit-zero-obtain/ HTTP/1.1" 200 75859 "-" "Mozilla/5.0 (Windows NT 10.0; Win64; x64) AppleWebKit/537.36 (KHTML, like Gecko) Chrome/123.0.0.0 Safari/537.36"
38.180.159.153 - - [20/Apr/2026:22:30:28 +0300] "POST /xmlrpc.php HTTP/2" 200 181 "-" "Mozilla/5.0 (Windows NT 10.0; Win64; x64; rv:121.0) Gecko/20100101 Firefox/121.0"
38.180.159.153 - - [20/Apr/2026:22:30:43 +0300] "POST /xmlrpc.php HTTP/2" 200 406 "-" "Mozilla/5.0 (Macintosh; Intel Mac OS X 10_15_7) AppleWebKit/537.36 (KHTML, like Gecko) Chrome/120.0.0.0 Safari/537.36"
185.216.113.70 - - [20/Apr/2026:22:31:41 +0300] "POST /wp-cron.php?doing_wp_cron=1776713501.0284779071807861328125 HTTP/1.1" 200 448 "-" "WordPress/6.3.8; https://serhatburke.miroglu.net"
200.25.47.132 - - [20/Apr/2026:22:31:24 +0300] "POST /xmlrpc.php HTTP/1.1" 200 630 "-" "Mozilla/5.0 (Windows NT 10.0; Win64; x64) AppleWebKit/537.36 (KHTML, like Gecko) Chrome/114.0.0.0 Safari/537.36"
200.25.47.132 - - [20/Apr/2026:22:31:48 +0300] "POST /xmlrpc.php HTTP/1.1" 200 11766 "-" "Mozilla/5.0 (Windows NT 10.0; Win64; x64) AppleWebKit/537.36 (KHTML, like Gecko) Chrome/114.0.0.0 Safari/537.36"
200.25.47.132 - - [20/Apr/2026:22:32:06 +0300] "GET /100-100-percent-free-spins-no-deposit-sales-inside-the-2026-finest-internet-sites-bonuses/ HTTP/1.1" 200 73803 "-" "Mozilla/5.0 (Windows NT 10.0; Win64; x64) AppleWebKit/537.36 (KHTML, like Gecko) Chrome/124.0.0.0 Safari/537.36"
185.216.113.70 - - [20/Apr/2026:22:33:16 +0300] "POST /wp-cron.php?doing_wp_cron=1776713596.2165219783782958984375 HTTP/1.1" 200 448 "-" "WordPress/6.3.8; https://serhatburke.miroglu.net"
200.25.47.132 - - [20/Apr/2026:22:33:04 +0300] "POST /xmlrpc.php HTTP/1.1" 200 630 "-" "Mozilla/5.0 (Windows NT 10.0; Win64; x64) AppleWebKit/537.36 (KHTML, like Gecko) Chrome/114.0.0.0 Safari/537.36"
200.25.47.132 - - [20/Apr/2026:22:33:23 +0300] "POST /xmlrpc.php HTTP/1.1" 200 12258 "-" "Mozilla/5.0 (Windows NT 10.0; Win64; x64) AppleWebKit/537.36 (KHTML, like Gecko) Chrome/114.0.0.0 Safari/537.36"
185.216.113.70 - - [20/Apr/2026:22:33:48 +0300] "POST /wp-cron.php?doing_wp_cron=1776713628.5281200408935546875000 HTTP/1.1" 200 448 "-" "WordPress/6.3.8; https://serhatburke.miroglu.net"
200.25.47.132 - - [20/Apr/2026:22:33:36 +0300] "GET /enjoy-and-you-can-earn-inside-pretty-cat-internet-casino-position-online-game/ HTTP/1.1" 200 73545 "-" "Mozilla/5.0 (Windows NT 10.0; Win64; x64) AppleWebKit/537.36 (KHTML, like Gecko) Chrome/109.0.0.0 Safari/537.36"
223.165.69.55 - - [20/Apr/2026:22:33:52 +0300] "POST /xmlrpc.php HTTP/1.1" 200 630 "-" "Mozilla/5.0 (Windows NT 10.0; Win64; x64) AppleWebKit/537.36 (KHTML, like Gecko) Chrome/114.0.0.0 Safari/537.36"
185.216.113.70 - - [20/Apr/2026:22:34:28 +0300] "POST /wp-cron.php?doing_wp_cron=1776713668.0185539722442626953125 HTTP/1.1" 200 448 "-" "WordPress/6.3.8; https://serhatburke.miroglu.net"
186.175.173.118 - - [20/Apr/2026:22:34:11 +0300] "GET /wp-login.php HTTP/2" 200 3536 "-" "Mozilla/5.0 (Windows NT 10.0; Win64; x64) AppleWebKit/537.36"
223.165.69.55 - - [20/Apr/2026:22:34:13 +0300] "POST /xmlrpc.php HTTP/1.1" 200 14852 "-" "Mozilla/5.0 (Windows NT 10.0; Win64; x64) AppleWebKit/537.36 (KHTML, like Gecko) Chrome/114.0.0.0 Safari/537.36"
2.83.13.220 - - [20/Apr/2026:22:34:18 +0300] "GET /guida-allapplicazione-del-cialis-20-mg/ HTTP/1.1" 200 66990 "-" "GuzzleHttp/7"
186.175.173.118 - - [20/Apr/2026:22:34:28 +0300] "POST /wp-login.php HTTP/2" 302 0 "https://serhatburke.miroglu.net/wp-login.php" "Mozilla/5.0 (Windows NT 10.0; Win64; x64) AppleWebKit/537.36"
223.165.69.55 - - [20/Apr/2026:22:34:32 +0300] "GET /greatest-online-casino-australia-2026-online-pokies-a-real-income-updated-checklist/ HTTP/1.1" 200 76188 "-" "Mozilla/5.0 (Windows NT 10.0; Win64; x64) AppleWebKit/537.36 (KHTML, like Gecko) Chrome/124.0.0.0 Safari/537.36 Edg/124.0.0.0"
200.25.47.132 - - [20/Apr/2026:22:34:42 +0300] "POST /xmlrpc.php HTTP/1.1" 200 630 "-" "Mozilla/5.0 (Windows NT 10.0; Win64; x64) AppleWebKit/537.36 (KHTML, like Gecko) Chrome/114.0.0.0 Safari/537.36"
200.25.47.132 - - [20/Apr/2026:22:35:05 +0300] "POST /xmlrpc.php HTTP/1.1" 200 11779 "-" "Mozilla/5.0 (Windows NT 10.0; Win64; x64) AppleWebKit/537.36 (KHTML, like Gecko) Chrome/114.0.0.0 Safari/537.36"
200.25.47.132 - - [20/Apr/2026:22:35:19 +0300] "GET /faq-area-changed-gamomat-game-list-zeus-rather-than-hades-slot-solutions-to-possess-united-kingdom/ HTTP/1.1" 200 73733 "-" "Mozilla/5.0 (Windows NT 10.0; Win64; x64) AppleWebKit/537.36 (KHTML, like Gecko) Chrome/124.0.0.0 Safari/537.36 Edg/124.0.0.0"
185.216.113.70 - - [20/Apr/2026:22:36:34 +0300] "POST /wp-cron.php?doing_wp_cron=1776713793.8830060958862304687500 HTTP/1.1" 200 448 "-" "WordPress/6.3.8; https://serhatburke.miroglu.net"
200.25.47.132 - - [20/Apr/2026:22:36:21 +0300] "POST /xmlrpc.php HTTP/1.1" 200 630 "-" "Mozilla/5.0 (Windows NT 10.0; Win64; x64) AppleWebKit/537.36 (KHTML, like Gecko) Chrome/114.0.0.0 Safari/537.36"
200.25.47.132 - - [20/Apr/2026:22:36:41 +0300] "POST /xmlrpc.php HTTP/1.1" 200 11778 "-" "Mozilla/5.0 (Windows NT 10.0; Win64; x64) AppleWebKit/537.36 (KHTML, like Gecko) Chrome/114.0.0.0 Safari/537.36"
200.25.47.132 - - [20/Apr/2026:22:36:58 +0300] "GET /gamble-free-ports-enjoyment/ HTTP/1.1" 200 71980 "-" "Mozilla/5.0 (Windows NT 10.0; Win64; x64) AppleWebKit/537.36 (KHTML, like Gecko) Chrome/123.0.0.0 Safari/537.36"
185.216.113.70 - - [20/Apr/2026:22:38:16 +0300] "POST /wp-cron.php?doing_wp_cron=1776713896.1011719703674316406250 HTTP/1.1" 200 448 "-" "WordPress/6.3.8; https://serhatburke.miroglu.net"
223.165.69.55 - - [20/Apr/2026:22:38:03 +0300] "POST /xmlrpc.php HTTP/1.1" 200 630 "-" "Mozilla/5.0 (Windows NT 10.0; Win64; x64) AppleWebKit/537.36 (KHTML, like Gecko) Chrome/114.0.0.0 Safari/537.36"
200.25.47.132 - - [20/Apr/2026:22:38:05 +0300] "POST /xmlrpc.php HTTP/1.1" 200 630 "-" "Mozilla/5.0 (Windows NT 10.0; Win64; x64) AppleWebKit/537.36 (KHTML, like Gecko) Chrome/114.0.0.0 Safari/537.36"
223.165.69.55 - - [20/Apr/2026:22:38:23 +0300] "POST /xmlrpc.php HTTP/1.1" 200 14338 "-" "Mozilla/5.0 (Windows NT 10.0; Win64; x64) AppleWebKit/537.36 (KHTML, like Gecko) Chrome/114.0.0.0 Safari/537.36"
200.25.47.132 - - [20/Apr/2026:22:38:24 +0300] "POST /xmlrpc.php HTTP/1.1" 200 11718 "-" "Mozilla/5.0 (Windows NT 10.0; Win64; x64) AppleWebKit/537.36 (KHTML, like Gecko) Chrome/114.0.0.0 Safari/537.36"
185.216.113.70 - - [20/Apr/2026:22:38:52 +0300] "POST /wp-cron.php?doing_wp_cron=1776713932.7345468997955322265625 HTTP/1.1" 200 448 "-" "WordPress/6.3.8; https://serhatburke.miroglu.net"
223.165.69.55 - - [20/Apr/2026:22:38:40 +0300] "GET /enjoy-queen-of-your-nile-dos-pokie-totally-free-as-the-of-your-own-aristocrat-costa-rica/ HTTP/1.1" 200 75674 "-" "Mozilla/5.0 (Windows NT 10.0; rv:109.0) Gecko/20100101 Firefox/115.0"
200.25.47.132 - - [20/Apr/2026:22:38:40 +0300] "GET /play-20000-100-percent-free-ports-no-down-load-needed-in-canada/ HTTP/1.1" 200 72535 "-" "Mozilla/5.0 (Windows NT 10.0; Win64; x64) AppleWebKit/537.36 (KHTML, like Gecko) Chrome/124.0.0.0 Safari/537.36"
89.85.201.142 - - [20/Apr/2026:22:39:18 +0300] "GET /vardenafil-e-levitra-generico-i-benefici-delle-pillole-per-lerezione/ HTTP/1.1" 200 68166 "-" "GuzzleHttp/7"
185.216.113.70 - - [20/Apr/2026:22:39:51 +0300] "POST /wp-cron.php?doing_wp_cron=1776713990.8708889484405517578125 HTTP/1.1" 200 448 "-" "WordPress/6.3.8; https://serhatburke.miroglu.net"
200.25.47.132 - - [20/Apr/2026:22:39:39 +0300] "POST /xmlrpc.php HTTP/1.1" 200 630 "-" "Mozilla/5.0 (Windows NT 10.0; Win64; x64) AppleWebKit/537.36 (KHTML, like Gecko) Chrome/114.0.0.0 Safari/537.36"
200.25.47.132 - - [20/Apr/2026:22:39:58 +0300] "POST /xmlrpc.php HTTP/1.1" 200 12107 "-" "Mozilla/5.0 (Windows NT 10.0; Win64; x64) AppleWebKit/537.36 (KHTML, like Gecko) Chrome/114.0.0.0 Safari/537.36"
200.25.47.132 - - [20/Apr/2026:22:40:12 +0300] "GET /arne-position-brings-modify-for-the-alexander-isaks-prospective-go-back-of-injury/ HTTP/1.1" 200 73723 "-" "Mozilla/5.0 (Windows NT 10.0; Win64; x64; rv:125.0) Gecko/20100101 Firefox/125.0"
185.216.113.70 - - [20/Apr/2026:22:41:27 +0300] "POST /wp-cron.php?doing_wp_cron=1776714087.4155409336090087890625 HTTP/1.1" 200 448 "-" "WordPress/6.3.8; https://serhatburke.miroglu.net"
200.25.47.132 - - [20/Apr/2026:22:41:15 +0300] "POST /xmlrpc.php HTTP/1.1" 200 630 "-" "Mozilla/5.0 (Windows NT 10.0; Win64; x64) AppleWebKit/537.36 (KHTML, like Gecko) Chrome/114.0.0.0 Safari/537.36"
200.25.47.132 - - [20/Apr/2026:22:41:34 +0300] "POST /xmlrpc.php HTTP/1.1" 200 10926 "-" "Mozilla/5.0 (Windows NT 10.0; Win64; x64) AppleWebKit/537.36 (KHTML, like Gecko) Chrome/114.0.0.0 Safari/537.36"
200.25.47.132 - - [20/Apr/2026:22:41:48 +0300] "GET /100-free-spins-no-deposit-expected/ HTTP/1.1" 200 71116 "-" "Mozilla/5.0 (Windows NT 10.0; Win64; x64) AppleWebKit/537.36 (KHTML, like Gecko) Chrome/123.0.0.0 Safari/537.36 OPR/109.0.0.0"
223.165.69.55 - - [20/Apr/2026:22:42:14 +0300] "POST /xmlrpc.php HTTP/1.1" 200 630 "-" "Mozilla/5.0 (Windows NT 10.0; Win64; x64) AppleWebKit/537.36 (KHTML, like Gecko) Chrome/114.0.0.0 Safari/537.36"
185.216.113.70 - - [20/Apr/2026:22:42:45 +0300] "POST /wp-cron.php?doing_wp_cron=1776714165.5549259185791015625000 HTTP/1.1" 200 448 "-" "WordPress/6.3.8; https://serhatburke.miroglu.net"
223.165.69.55 - - [20/Apr/2026:22:42:32 +0300] "POST /xmlrpc.php HTTP/1.1" 200 12252 "-" "Mozilla/5.0 (Windows NT 10.0; Win64; x64) AppleWebKit/537.36 (KHTML, like Gecko) Chrome/114.0.0.0 Safari/537.36"
200.25.47.132 - - [20/Apr/2026:22:42:46 +0300] "POST /xmlrpc.php HTTP/1.1" 200 630 "-" "Mozilla/5.0 (Windows NT 10.0; Win64; x64) AppleWebKit/537.36 (KHTML, like Gecko) Chrome/114.0.0.0 Safari/537.36"
223.165.69.55 - - [20/Apr/2026:22:42:47 +0300] "GET /australian-no-deposit-bonus-requirements-2026/ HTTP/1.1" 200 72937 "-" "Mozilla/5.0 (Windows NT 10.0; Win64; x64) AppleWebKit/537.36 (KHTML, like Gecko) Chrome/109.0.0.0 Safari/537.36"
200.25.47.132 - - [20/Apr/2026:22:43:11 +0300] "POST /xmlrpc.php HTTP/1.1" 200 11430 "-" "Mozilla/5.0 (Windows NT 10.0; Win64; x64) AppleWebKit/537.36 (KHTML, like Gecko) Chrome/114.0.0.0 Safari/537.36"
200.25.47.132 - - [20/Apr/2026:22:43:24 +0300] "GET /jocuri-california-la-aparate-pub-bar-black-colored-sheep-5-reels/ HTTP/1.1" 200 72541 "-" "Mozilla/5.0 (Windows NT 10.0; Win64; x64) AppleWebKit/537.36 (KHTML, like Gecko) Chrome/123.0.0.0 Safari/537.36 OPR/109.0.0.0"
185.216.113.70 - - [20/Apr/2026:22:44:08 +0300] "POST /wp-cron.php?doing_wp_cron=1776714248.7241530418395996093750 HTTP/1.1" 200 448 "-" "WordPress/6.3.8; https://serhatburke.miroglu.net"
185.215.60.67 - - [20/Apr/2026:22:43:55 +0300] "POST /xmlrpc.php HTTP/2" 200 141 "-" "WordPress/XMLRPC Client"
185.215.60.67 - - [20/Apr/2026:22:44:09 +0300] "GET /?p=123621 HTTP/2" 301 0 "-" "Mozilla/5.0 (Windows NT 10.0; Win64; x64) AppleWebKit/537.36 (KHTML, like Gecko) Chrome/120.0.0.0 Safari/537.36"
200.25.47.132 - - [20/Apr/2026:22:44:21 +0300] "POST /xmlrpc.php HTTP/1.1" 200 630 "-" "Mozilla/5.0 (Windows NT 10.0; Win64; x64) AppleWebKit/537.36 (KHTML, like Gecko) Chrome/114.0.0.0 Safari/537.36"
185.216.113.70 - - [20/Apr/2026:22:44:54 +0300] "POST /wp-cron.php?doing_wp_cron=1776714294.8354499340057373046875 HTTP/1.1" 200 448 "-" "WordPress/6.3.8; https://serhatburke.miroglu.net"
200.25.47.132 - - [20/Apr/2026:22:44:42 +0300] "POST /xmlrpc.php HTTP/1.1" 200 11878 "-" "Mozilla/5.0 (Windows NT 10.0; Win64; x64) AppleWebKit/537.36 (KHTML, like Gecko) Chrome/114.0.0.0 Safari/537.36"
200.25.47.132 - - [20/Apr/2026:22:44:56 +0300] "GET /bucks-splash-5-reel-ports-grand-bucks-jackpots-watch-for/ HTTP/1.1" 200 72760 "-" "Mozilla/5.0 (Windows NT 10.0; Win64; x64; rv:124.0) Gecko/20100101 Firefox/124.0"
185.216.113.70 - - [20/Apr/2026:22:46:13 +0300] "POST /wp-cron.php?doing_wp_cron=1776714373.4546799659729003906250 HTTP/1.1" 200 448 "-" "WordPress/6.3.8; https://serhatburke.miroglu.net"
200.25.47.132 - - [20/Apr/2026:22:46:01 +0300] "POST /xmlrpc.php HTTP/1.1" 200 630 "-" "Mozilla/5.0 (Windows NT 10.0; Win64; x64) AppleWebKit/537.36 (KHTML, like Gecko) Chrome/114.0.0.0 Safari/537.36"
223.165.69.55 - - [20/Apr/2026:22:46:05 +0300] "POST /xmlrpc.php HTTP/1.1" 200 630 "-" "Mozilla/5.0 (Windows NT 10.0; Win64; x64) AppleWebKit/537.36 (KHTML, like Gecko) Chrome/114.0.0.0 Safari/537.36"
200.25.47.132 - - [20/Apr/2026:22:46:20 +0300] "POST /xmlrpc.php HTTP/1.1" 200 11835 "-" "Mozilla/5.0 (Windows NT 10.0; Win64; x64) AppleWebKit/537.36 (KHTML, like Gecko) Chrome/114.0.0.0 Safari/537.36"
223.165.69.55 - - [20/Apr/2026:22:46:26 +0300] "POST /xmlrpc.php HTTP/1.1" 200 14523 "-" "Mozilla/5.0 (Windows NT 10.0; Win64; x64) AppleWebKit/537.36 (KHTML, like Gecko) Chrome/114.0.0.0 Safari/537.36"
185.216.113.70 - - [20/Apr/2026:22:46:47 +0300] "POST /wp-cron.php?doing_wp_cron=1776714407.4668080806732177734375 HTTP/1.1" 200 448 "-" "WordPress/6.3.8; https://serhatburke.miroglu.net"
200.25.47.132 - - [20/Apr/2026:22:46:35 +0300] "GET /enjoy-fantastic-five-position-within-the-20-otherwise-fifty-range-version/ HTTP/1.1" 200 73122 "-" "Mozilla/5.0 (Windows NT 10.0; Win64; x64) AppleWebKit/537.36 (KHTML, like Gecko) Chrome/122.0.0.0 Safari/537.36"
223.165.69.55 - - [20/Apr/2026:22:46:41 +0300] "GET /gamble-several089-totally-free-slot-games-in-the-canada/ HTTP/1.1" 200 75095 "-" "Mozilla/5.0 (Windows NT 10.0; Win64; x64) AppleWebKit/537.36 (KHTML, like Gecko) Chrome/123.0.0.0 Safari/537.36 OPR/109.0.0.0"
185.216.113.70 - - [20/Apr/2026:22:47:51 +0300] "POST /wp-cron.php?doing_wp_cron=1776714471.5960719585418701171875 HTTP/1.1" 200 448 "-" "WordPress/6.3.8; https://serhatburke.miroglu.net"
200.25.47.132 - - [20/Apr/2026:22:47:39 +0300] "POST /xmlrpc.php HTTP/1.1" 200 630 "-" "Mozilla/5.0 (Windows NT 10.0; Win64; x64) AppleWebKit/537.36 (KHTML, like Gecko) Chrome/114.0.0.0 Safari/537.36"
200.25.47.132 - - [20/Apr/2026:22:47:58 +0300] "POST /xmlrpc.php HTTP/1.1" 200 11400 "-" "Mozilla/5.0 (Windows NT 10.0; Win64; x64) AppleWebKit/537.36 (KHTML, like Gecko) Chrome/114.0.0.0 Safari/537.36"
200.25.47.132 - - [20/Apr/2026:22:48:12 +0300] "GET /dragon-shrine-free-enjoy-and-you-can-game-review-2026/ HTTP/1.1" 200 72271 "-" "Mozilla/5.0 (Windows NT 10.0; Win64; x64; rv:124.0) Gecko/20100101 Firefox/124.0"
185.216.113.70 - - [20/Apr/2026:22:49:23 +0300] "POST /wp-cron.php?doing_wp_cron=1776714563.3204169273376464843750 HTTP/1.1" 200 448 "-" "WordPress/6.3.8; https://serhatburke.miroglu.net"
200.25.47.132 - - [20/Apr/2026:22:49:03 +0300] "POST /xmlrpc.php HTTP/1.1" 200 630 "-" "Mozilla/5.0 (Windows NT 10.0; Win64; x64) AppleWebKit/537.36 (KHTML, like Gecko) Chrome/114.0.0.0 Safari/537.36"
200.25.47.132 - - [20/Apr/2026:22:49:30 +0300] "POST /xmlrpc.php HTTP/1.1" 200 12009 "-" "Mozilla/5.0 (Windows NT 10.0; Win64; x64) AppleWebKit/537.36 (KHTML, like Gecko) Chrome/114.0.0.0 Safari/537.36"
185.216.113.70 - - [20/Apr/2026:22:49:57 +0300] "POST /wp-cron.php?doing_wp_cron=1776714596.9496550559997558593750 HTTP/1.1" 200 448 "-" "WordPress/6.3.8; https://serhatburke.miroglu.net"
200.25.47.132 - - [20/Apr/2026:22:49:44 +0300] "GET /gambling-establishment-cashback-extra-come-across-the-next-cashback-incentive/ HTTP/1.1" 200 73260 "-" "Mozilla/5.0 (Windows NT 10.0; Win64; x64) AppleWebKit/537.36 (KHTML, like Gecko) Chrome/124.0.0.0 Safari/537.36 Edg/124.0.0.0"
223.165.69.55 - - [20/Apr/2026:22:50:03 +0300] "POST /xmlrpc.php HTTP/1.1" 200 630 "-" "Mozilla/5.0 (Windows NT 10.0; Win64; x64) AppleWebKit/537.36 (KHTML, like Gecko) Chrome/114.0.0.0 Safari/537.36"
185.216.113.70 - - [20/Apr/2026:22:50:39 +0300] "POST /wp-cron.php?doing_wp_cron=1776714639.5421919822692871093750 HTTP/1.1" 200 448 "-" "WordPress/6.3.8; https://serhatburke.miroglu.net"
223.165.69.55 - - [20/Apr/2026:22:50:25 +0300] "POST /xmlrpc.php HTTP/1.1" 200 12318 "-" "Mozilla/5.0 (Windows NT 10.0; Win64; x64) AppleWebKit/537.36 (KHTML, like Gecko) Chrome/114.0.0.0 Safari/537.36"
200.25.47.132 - - [20/Apr/2026:22:50:34 +0300] "POST /xmlrpc.php HTTP/1.1" 200 630 "-" "Mozilla/5.0 (Windows NT 10.0; Win64; x64) AppleWebKit/537.36 (KHTML, like Gecko) Chrome/114.0.0.0 Safari/537.36"
223.165.69.55 - - [20/Apr/2026:22:50:41 +0300] "GET /100-percent-free-harbors-enjoy-games-enjoyment-or-without-put-incentives/ HTTP/1.1" 200 73617 "-" "Mozilla/5.0 (Windows NT 10.0; Win64; x64) AppleWebKit/537.36 (KHTML, like Gecko) Chrome/124.0.0.0 Safari/537.36"
200.25.47.132 - - [20/Apr/2026:22:50:56 +0300] "POST /xmlrpc.php HTTP/1.1" 200 11769 "-" "Mozilla/5.0 (Windows NT 10.0; Win64; x64) AppleWebKit/537.36 (KHTML, like Gecko) Chrome/114.0.0.0 Safari/537.36"
200.25.47.132 - - [20/Apr/2026:22:51:11 +0300] "GET /goldfish-gambling-establishment-ports-totally-free-ports-online-casino-games-score-20m-free-gold-coins/ HTTP/1.1" 200 73867 "-" "Mozilla/5.0 (Windows NT 10.0; Win64; x64) AppleWebKit/537.36 (KHTML, like Gecko) Chrome/123.0.0.0 Safari/537.36"
52.167.144.147 - - [20/Apr/2026:22:51:22 +0300] "GET /post-sitemap2.xml HTTP/2" 200 121582 "-" "Mozilla/5.0 AppleWebKit/537.36 (KHTML, like Gecko; compatible; bingbot/2.0; +http://www.bing.com/bingbot.htm) Chrome/116.0.1938.76 Safari/537.36"
66.249.73.1 - - [20/Apr/2026:22:52:00 +0300] "GET /donbet-casino-review-for-uk-players/ HTTP/1.1" 200 0 "https://ybsagez.driftlogic-games.biz/" "Mozilla/5.0 (Linux; Android 6.0.1; Nexus 5X Build/MMB29P) AppleWebKit/537.36 (KHTML, like Gecko) Chrome/146.0.7680.177 Mobile Safari/537.36 (compatible; Googlebot/2.1; +http://www.google.com/bot.html)"
185.216.113.70 - - [20/Apr/2026:22:52:23 +0300] "POST /wp-cron.php?doing_wp_cron=1776714743.5668830871582031250000 HTTP/1.1" 200 448 "-" "WordPress/6.3.8; https://serhatburke.miroglu.net"
200.25.47.132 - - [20/Apr/2026:22:52:11 +0300] "POST /xmlrpc.php HTTP/1.1" 200 630 "-" "Mozilla/5.0 (Windows NT 10.0; Win64; x64) AppleWebKit/537.36 (KHTML, like Gecko) Chrome/114.0.0.0 Safari/537.36"
200.25.47.132 - - [20/Apr/2026:22:52:31 +0300] "POST /xmlrpc.php HTTP/1.1" 200 11856 "-" "Mozilla/5.0 (Windows NT 10.0; Win64; x64) AppleWebKit/537.36 (KHTML, like Gecko) Chrome/114.0.0.0 Safari/537.36"
185.216.113.70 - - [20/Apr/2026:22:53:01 +0300] "POST /wp-cron.php?doing_wp_cron=1776714781.4126369953155517578125 HTTP/1.1" 200 448 "-" "WordPress/6.3.8; https://serhatburke.miroglu.net"
200.25.47.132 - - [20/Apr/2026:22:52:48 +0300] "GET /sphinx-wild-gambling-enterprise-game-opinion-betmgm/ HTTP/1.1" 200 72340 "-" "Mozilla/5.0 (Windows NT 10.0; Win64; x64) AppleWebKit/537.36 (KHTML, like Gecko) Chrome/123.0.0.0 Safari/537.36"
185.216.113.70 - - [20/Apr/2026:22:53:47 +0300] "POST /wp-cron.php?doing_wp_cron=1776714827.7523760795593261718750 HTTP/1.1" 200 448 "-" "WordPress/6.3.8; https://serhatburke.miroglu.net"
200.25.47.132 - - [20/Apr/2026:22:53:35 +0300] "POST /xmlrpc.php HTTP/1.1" 200 630 "-" "Mozilla/5.0 (Windows NT 10.0; Win64; x64) AppleWebKit/537.36 (KHTML, like Gecko) Chrome/114.0.0.0 Safari/537.36"
223.165.69.55 - - [20/Apr/2026:22:53:47 +0300] "POST /xmlrpc.php HTTP/1.1" 200 630 "-" "Mozilla/5.0 (Windows NT 10.0; Win64; x64) AppleWebKit/537.36 (KHTML, like Gecko) Chrome/114.0.0.0 Safari/537.36"
200.25.47.132 - - [20/Apr/2026:22:53:54 +0300] "POST /xmlrpc.php HTTP/1.1" 200 11901 "-" "Mozilla/5.0 (Windows NT 10.0; Win64; x64) AppleWebKit/537.36 (KHTML, like Gecko) Chrome/114.0.0.0 Safari/537.36"
223.165.69.55 - - [20/Apr/2026:22:54:11 +0300] "POST /xmlrpc.php HTTP/1.1" 200 13991 "-" "Mozilla/5.0 (Windows NT 10.0; Win64; x64) AppleWebKit/537.36 (KHTML, like Gecko) Chrome/114.0.0.0 Safari/537.36"
200.25.47.132 - - [20/Apr/2026:22:54:10 +0300] "GET /claim-20-free-revolves/ HTTP/1.1" 200 71728 "-" "Mozilla/5.0 (Windows NT 10.0; Win64; x64) AppleWebKit/537.36 (KHTML, like Gecko) Chrome/123.0.0.0 Safari/537.36 OPR/109.0.0.0"
223.165.69.55 - - [20/Apr/2026:22:54:25 +0300] "GET /better-totally-free-revolves-casino-incentives-in-the-usa-2026/ HTTP/1.1" 200 75075 "-" "Mozilla/5.0 (Windows NT 10.0; Win64; x64; rv:124.0) Gecko/20100101 Firefox/124.0"
185.216.113.70 - - [20/Apr/2026:22:54:47 +0300] "POST /wp-cron.php?doing_wp_cron=1776714887.5644309520721435546875 HTTP/1.1" 200 448 "-" "WordPress/6.3.8; https://serhatburke.miroglu.net"
178.159.37.4 - - [20/Apr/2026:22:54:35 +0300] "POST /xmlrpc.php HTTP/1.1" 200 124873 "-" "Mozilla/5.0 (Windows NT 10.0; Win64; x64) AppleWebKit/537.36 (KHTML, like Gecko) Chrome/140.0.0.0 Safari/537.36"
178.159.37.4 - - [20/Apr/2026:22:55:02 +0300] "POST /xmlrpc.php HTTP/1.1" 200 664 "-" "Mozilla/5.0 (Windows NT 10.0; Win64; x64) AppleWebKit/537.36 (KHTML, like Gecko) Chrome/140.0.0.0 Safari/537.36"
200.25.47.132 - - [20/Apr/2026:22:55:07 +0300] "POST /xmlrpc.php HTTP/1.1" 200 630 "-" "Mozilla/5.0 (Windows NT 10.0; Win64; x64) AppleWebKit/537.36 (KHTML, like Gecko) Chrome/114.0.0.0 Safari/537.36"
178.159.37.4 - - [20/Apr/2026:22:55:17 +0300] "POST /xmlrpc.php HTTP/1.1" 200 664 "-" "Mozilla/5.0 (Windows NT 10.0; Win64; x64) AppleWebKit/537.36 (KHTML, like Gecko) Chrome/140.0.0.0 Safari/537.36"
185.216.113.70 - - [20/Apr/2026:22:55:38 +0300] "POST /wp-cron.php?doing_wp_cron=1776714938.7323160171508789062500 HTTP/1.1" 200 448 "-" "WordPress/6.3.8; https://serhatburke.miroglu.net"
200.25.47.132 - - [20/Apr/2026:22:55:26 +0300] "POST /xmlrpc.php HTTP/1.1" 200 11211 "-" "Mozilla/5.0 (Windows NT 10.0; Win64; x64) AppleWebKit/537.36 (KHTML, like Gecko) Chrome/114.0.0.0 Safari/537.36"
178.159.37.4 - - [20/Apr/2026:22:55:40 +0300] "POST /xmlrpc.php HTTP/1.1" 200 667 "-" "Mozilla/5.0 (Windows NT 10.0; Win64; x64) AppleWebKit/537.36 (KHTML, like Gecko) Chrome/140.0.0.0 Safari/537.36"
200.25.47.132 - - [20/Apr/2026:22:55:40 +0300] "GET /best-paying-on-the-web-pokies-around-australia-2025/ HTTP/1.1" 200 71799 "-" "Mozilla/5.0 (Windows NT 10.0; Win64; x64; rv:124.0) Gecko/20100101 Firefox/124.0"
66.249.73.15 - - [20/Apr/2026:22:56:06 +0300] "GET /donbet-casino-review-for-uk-players/ HTTP/1.1" 200 0 "https://zqmihe.cyberwave-games.digital/" "Mozilla/5.0 (Linux; Android 6.0.1; Nexus 5X Build/MMB29P) AppleWebKit/537.36 (KHTML, like Gecko) Chrome/146.0.7680.177 Mobile Safari/537.36 (compatible; Googlebot/2.1; +http://www.google.com/bot.html)"
178.159.37.4 - - [20/Apr/2026:22:56:10 +0300] "POST /xmlrpc.php HTTP/1.1" 200 25461 "-" "Mozilla/5.0 (Windows NT 10.0; Win64; x64) AppleWebKit/537.36 (KHTML, like Gecko) Chrome/140.0.0.0 Safari/537.36"
185.216.113.70 - - [20/Apr/2026:22:56:45 +0300] "POST /wp-cron.php?doing_wp_cron=1776715005.3406980037689208984375 HTTP/1.1" 200 448 "-" "WordPress/6.3.8; https://serhatburke.miroglu.net"
200.25.47.132 - - [20/Apr/2026:22:56:33 +0300] "POST /xmlrpc.php HTTP/1.1" 200 630 "-" "Mozilla/5.0 (Windows NT 10.0; Win64; x64) AppleWebKit/537.36 (KHTML, like Gecko) Chrome/114.0.0.0 Safari/537.36"
200.25.47.132 - - [20/Apr/2026:22:56:51 +0300] "POST /xmlrpc.php HTTP/1.1" 200 12021 "-" "Mozilla/5.0 (Windows NT 10.0; Win64; x64) AppleWebKit/537.36 (KHTML, like Gecko) Chrome/114.0.0.0 Safari/537.36"
200.25.47.132 - - [20/Apr/2026:22:57:07 +0300] "GET /thunderstruck-dos-online-game-addictive-position-at-the-internet-casino/ HTTP/1.1" 200 73452 "-" "Mozilla/5.0 (Windows NT 10.0; Win64; x64; rv:125.0) Gecko/20100101 Firefox/125.0"
223.165.69.55 - - [20/Apr/2026:22:57:12 +0300] "POST /xmlrpc.php HTTP/1.1" 200 630 "-" "Mozilla/5.0 (Windows NT 10.0; Win64; x64) AppleWebKit/537.36 (KHTML, like Gecko) Chrome/114.0.0.0 Safari/537.36"
185.216.113.70 - - [20/Apr/2026:22:57:44 +0300] "POST /wp-cron.php?doing_wp_cron=1776715064.7412400245666503906250 HTTP/1.1" 200 448 "-" "WordPress/6.3.8; https://serhatburke.miroglu.net"
223.165.69.55 - - [20/Apr/2026:22:57:32 +0300] "POST /xmlrpc.php HTTP/1.1" 200 11526 "-" "Mozilla/5.0 (Windows NT 10.0; Win64; x64) AppleWebKit/537.36 (KHTML, like Gecko) Chrome/114.0.0.0 Safari/537.36"
223.165.69.55 - - [20/Apr/2026:22:57:46 +0300] "GET /500-totally-free-revolves-no-deposit-also-provides-2026/ HTTP/1.1" 200 72302 "-" "Mozilla/5.0 (Windows NT 10.0; rv:125.0) Gecko/20100101 Firefox/125.0"
200.25.47.132 - - [20/Apr/2026:22:58:01 +0300] "POST /xmlrpc.php HTTP/1.1" 200 630 "-" "Mozilla/5.0 (Windows NT 10.0; Win64; x64) AppleWebKit/537.36 (KHTML, like Gecko) Chrome/114.0.0.0 Safari/537.36"
185.216.113.70 - - [20/Apr/2026:22:58:33 +0300] "POST /wp-cron.php?doing_wp_cron=1776715113.3661329746246337890625 HTTP/1.1" 200 448 "-" "WordPress/6.3.8; https://serhatburke.miroglu.net"
200.25.47.132 - - [20/Apr/2026:22:58:21 +0300] "POST /xmlrpc.php HTTP/1.1" 200 11936 "-" "Mozilla/5.0 (Windows NT 10.0; Win64; x64) AppleWebKit/537.36 (KHTML, like Gecko) Chrome/114.0.0.0 Safari/537.36"
200.25.47.132 - - [20/Apr/2026:22:58:34 +0300] "GET /christmas-time-joker-slot/ HTTP/1.1" 200 71977 "-" "Mozilla/5.0 (Windows NT 10.0; rv:109.0) Gecko/20100101 Firefox/115.0"
1.55.112.27 - - [20/Apr/2026:22:59:10 +0300] "GET /wp-login.php HTTP/2" 200 3536 "-" "Mozilla/5.0 (Windows NT 10.0; Win64; x64) AppleWebKit/537.36"
185.216.113.70 - - [20/Apr/2026:22:59:58 +0300] "POST /wp-cron.php?doing_wp_cron=1776715198.5892479419708251953125 HTTP/1.1" 200 448 "-" "WordPress/6.3.8; https://serhatburke.miroglu.net"
1.55.112.27 - - [20/Apr/2026:22:59:34 +0300] "POST /wp-login.php HTTP/2" 302 0 "https://serhatburke.miroglu.net/wp-login.php" "Mozilla/5.0 (Windows NT 10.0; Win64; x64) AppleWebKit/537.36"
185.216.113.70 - - [20/Apr/2026:23:00:48 +0300] "POST /wp-cron.php?doing_wp_cron=1776715248.5631699562072753906250 HTTP/1.1" 200 448 "-" "WordPress/6.3.8; https://serhatburke.miroglu.net"
223.165.69.55 - - [20/Apr/2026:23:00:35 +0300] "POST /xmlrpc.php HTTP/1.1" 200 630 "-" "Mozilla/5.0 (Windows NT 10.0; Win64; x64) AppleWebKit/537.36 (KHTML, like Gecko) Chrome/114.0.0.0 Safari/537.36"
223.165.69.55 - - [20/Apr/2026:23:00:55 +0300] "POST /xmlrpc.php HTTP/1.1" 200 14751 "-" "Mozilla/5.0 (Windows NT 10.0; Win64; x64) AppleWebKit/537.36 (KHTML, like Gecko) Chrome/114.0.0.0 Safari/537.36"
223.165.69.55 - - [20/Apr/2026:23:01:11 +0300] "GET /no-deposit-free-revolves-added-bonus-requirements-inside-february-2026/ HTTP/1.1" 200 76140 "-" "Mozilla/5.0 (Windows NT 10.0; Win64; x64; rv:125.0) Gecko/20100101 Firefox/125.0"
200.25.47.132 - - [20/Apr/2026:23:01:13 +0300] "POST /xmlrpc.php HTTP/1.1" 200 630 "-" "Mozilla/5.0 (Windows NT 10.0; Win64; x64) AppleWebKit/537.36 (KHTML, like Gecko) Chrome/114.0.0.0 Safari/537.36"
185.216.113.70 - - [20/Apr/2026:23:01:45 +0300] "POST /wp-cron.php?doing_wp_cron=1776715305.4528319835662841796875 HTTP/1.1" 200 448 "-" "WordPress/6.3.8; https://serhatburke.miroglu.net"
200.25.47.132 - - [20/Apr/2026:23:01:32 +0300] "POST /xmlrpc.php HTTP/1.1" 200 11817 "-" "Mozilla/5.0 (Windows NT 10.0; Win64; x64) AppleWebKit/537.36 (KHTML, like Gecko) Chrome/114.0.0.0 Safari/537.36"
200.25.47.132 - - [20/Apr/2026:23:01:47 +0300] "GET /higher-rtp-ports-where-you-should-gamble-online-regarding-the-u-s/ HTTP/1.1" 200 72821 "-" "Mozilla/5.0 (Windows NT 10.0; Win64; x64) AppleWebKit/537.36 (KHTML, like Gecko) Chrome/123.0.0.0 Safari/537.36"
185.216.113.70 - - [20/Apr/2026:23:04:29 +0300] "POST /wp-cron.php?doing_wp_cron=1776715469.1495900154113769531250 HTTP/1.1" 200 448 "-" "WordPress/6.3.8; https://serhatburke.miroglu.net"
223.165.69.55 - - [20/Apr/2026:23:04:14 +0300] "POST /xmlrpc.php HTTP/1.1" 200 630 "-" "Mozilla/5.0 (Windows NT 10.0; Win64; x64) AppleWebKit/537.36 (KHTML, like Gecko) Chrome/114.0.0.0 Safari/537.36"
223.165.69.55 - - [20/Apr/2026:23:04:37 +0300] "POST /xmlrpc.php HTTP/1.1" 200 14000 "-" "Mozilla/5.0 (Windows NT 10.0; Win64; x64) AppleWebKit/537.36 (KHTML, like Gecko) Chrome/114.0.0.0 Safari/537.36"
223.165.69.55 - - [20/Apr/2026:23:04:54 +0300] "GET /aztec-costs-research-fundamental-machance-no-deposit-added-bonus-gamble-status-opinion-trial-costa-rica/ HTTP/1.1" 200 76451 "-" "Mozilla/5.0 (Windows NT 10.0; Win64; x64; rv:124.0) Gecko/20100101 Firefox/124.0"
185.216.113.70 - - [20/Apr/2026:23:10:20 +0300] "POST /wp-cron.php?doing_wp_cron=1776715819.9292800426483154296875 HTTP/1.1" 200 448 "-" "WordPress/6.3.8; https://serhatburke.miroglu.net"
200.25.47.132 - - [20/Apr/2026:23:10:06 +0300] "POST /xmlrpc.php HTTP/1.1" 200 630 "-" "Mozilla/5.0 (Windows NT 10.0; Win64; x64) AppleWebKit/537.36 (KHTML, like Gecko) Chrome/114.0.0.0 Safari/537.36"
200.25.47.132 - - [20/Apr/2026:23:10:26 +0300] "POST /xmlrpc.php HTTP/1.1" 200 11435 "-" "Mozilla/5.0 (Windows NT 10.0; Win64; x64) AppleWebKit/537.36 (KHTML, like Gecko) Chrome/114.0.0.0 Safari/537.36"
77.243.91.27 - - [20/Apr/2026:23:10:27 +0300] "POST /xmlrpc.php HTTP/2" 200 141 "-" "WordPress/XMLRPC Client"
77.243.91.27 - - [20/Apr/2026:23:10:43 +0300] "GET /?p=123661 HTTP/2" 301 0 "-" "Mozilla/5.0 (Windows NT 10.0; Win64; x64) AppleWebKit/537.36 (KHTML, like Gecko) Chrome/120.0.0.0 Safari/537.36"
200.25.47.132 - - [20/Apr/2026:23:10:44 +0300] "GET /gamble-burning-attention-slot-opinion-casinos-incentive-movies/ HTTP/1.1" 200 72665 "-" "Mozilla/5.0 (Windows NT 10.0; rv:109.0) Gecko/20100101 Firefox/115.0"
185.216.113.70 - - [20/Apr/2026:23:12:04 +0300] "POST /wp-cron.php?doing_wp_cron=1776715924.8063290119171142578125 HTTP/1.1" 200 448 "-" "WordPress/6.3.8; https://serhatburke.miroglu.net"
