66.249.73.14 - - [21/Apr/2026:07:10:56 +0300] "GET /unveiling-fortunecasinouk-promotions-at-drake-casino-a-comprehensive-review-for-uk-players/undefined?ts=1775520000 HTTP/1.1" 200 0 "https://serhatburke.miroglu.net/unveiling-fortunecasinouk-promotions-at-drake-casino-a-comprehensive-review-for-uk-players/" "Mozilla/5.0 (Linux; Android 6.0.1; Nexus 5X Build/MMB29P) AppleWebKit/537.36 (KHTML, like Gecko) Chrome/146.0.7680.177 Mobile Safari/537.36 (compatible; Googlebot/2.1; +http://www.google.com/bot.html)"
66.249.73.14 - - [21/Apr/2026:07:10:59 +0300] "GET /unveiling-fortunecasinouk-promotions-at-drake-casino-a-comprehensive-review-for-uk-players/undefined?ts=1775520000 HTTP/1.1" 200 0 "https://serhatburke.miroglu.net/unveiling-fortunecasinouk-promotions-at-drake-casino-a-comprehensive-review-for-uk-players/" "Mozilla/5.0 (Linux; Android 6.0.1; Nexus 5X Build/MMB29P) AppleWebKit/537.36 (KHTML, like Gecko) Chrome/146.0.7680.177 Mobile Safari/537.36 (compatible; Googlebot/2.1; +http://www.google.com/bot.html)"
66.249.73.14 - - [21/Apr/2026:07:11:12 +0300] "GET /unveiling-fortunecasinouk-promotions-at-drake-casino-a-comprehensive-review-for-uk-players/undefined?ts=1775520000 HTTP/1.1" 200 0 "https://serhatburke.miroglu.net/unveiling-fortunecasinouk-promotions-at-drake-casino-a-comprehensive-review-for-uk-players/" "Mozilla/5.0 (Linux; Android 6.0.1; Nexus 5X Build/MMB29P) AppleWebKit/537.36 (KHTML, like Gecko) Chrome/146.0.7680.177 Mobile Safari/537.36 (compatible; Googlebot/2.1; +http://www.google.com/bot.html)"
185.216.113.70 - - [21/Apr/2026:07:11:32 +0300] "POST /wp-cron.php?doing_wp_cron=1776744692.3688690662384033203125 HTTP/1.1" 200 448 "-" "WordPress/6.3.8; https://serhatburke.miroglu.net"
104.219.236.16 - - [21/Apr/2026:07:11:19 +0300] "GET /beste-casino-site-belgie-hoge-inzet/ HTTP/1.1" 200 18595 "https://serhatburke.miroglu.net/" "Mozilla/5.0 (Windows NT 10.0; Win64; x64) AppleWebKit/537.36 (KHTML, like Gecko) Chrome/114.0.0.0 Safari/537.36 Edg/114.0.1264.71"
66.249.73.14 - - [21/Apr/2026:07:11:25 +0300] "GET /unveiling-fortunecasinouk-promotions-at-drake-casino-a-comprehensive-review-for-uk-players/undefined?ts=1775520000 HTTP/1.1" 200 0 "https://serhatburke.miroglu.net/unveiling-fortunecasinouk-promotions-at-drake-casino-a-comprehensive-review-for-uk-players/" "Mozilla/5.0 (Linux; Android 6.0.1; Nexus 5X Build/MMB29P) AppleWebKit/537.36 (KHTML, like Gecko) Chrome/146.0.7680.177 Mobile Safari/537.36 (compatible; Googlebot/2.1; +http://www.google.com/bot.html)"
98.98.197.212 - - [21/Apr/2026:07:11:49 +0300] "POST /xmlrpc.php HTTP/1.1" 200 630 "-" "Mozilla/5.0 (Windows NT 10.0; Win64; x64) AppleWebKit/537.36 (KHTML, like Gecko) Chrome/114.0.0.0 Safari/537.36"
185.216.113.70 - - [21/Apr/2026:07:12:21 +0300] "POST /wp-cron.php?doing_wp_cron=1776744740.9738600254058837890625 HTTP/1.1" 200 448 "-" "WordPress/6.3.8; https://serhatburke.miroglu.net"
98.98.197.212 - - [21/Apr/2026:07:12:08 +0300] "POST /xmlrpc.php HTTP/1.1" 200 11797 "-" "Mozilla/5.0 (Windows NT 10.0; Win64; x64) AppleWebKit/537.36 (KHTML, like Gecko) Chrome/114.0.0.0 Safari/537.36"
98.98.197.212 - - [21/Apr/2026:07:12:22 +0300] "GET /webpages-not-available/ HTTP/1.1" 200 71870 "-" "Mozilla/5.0 (Windows NT 10.0; Win64; x64; rv:124.0) Gecko/20100101 Firefox/124.0"
185.216.113.70 - - [21/Apr/2026:07:14:54 +0300] "POST /wp-cron.php?doing_wp_cron=1776744894.8862700462341308593750 HTTP/1.1" 200 448 "-" "WordPress/6.3.8; https://serhatburke.miroglu.net"
223.165.69.55 - - [21/Apr/2026:07:14:35 +0300] "POST /xmlrpc.php HTTP/1.1" 200 630 "-" "Mozilla/5.0 (Windows NT 10.0; Win64; x64) AppleWebKit/537.36 (KHTML, like Gecko) Chrome/114.0.0.0 Safari/537.36"
138.229.108.220 - - [21/Apr/2026:07:14:49 +0300] "GET /zotabet-casino-bonus-premier-depot-2026/ HTTP/1.1" 200 18546 "https://serhatburke.miroglu.net/" "Mozilla/5.0 (Windows NT 10.0; WOW64; x64) AppleWebKit/537.36 (KHTML, like Gecko) Chrome/114.0.0.0 Safari/537.36 OPR/89.0.4447.51"
223.165.69.55 - - [21/Apr/2026:07:15:02 +0300] "POST /xmlrpc.php HTTP/1.1" 200 14339 "-" "Mozilla/5.0 (Windows NT 10.0; Win64; x64) AppleWebKit/537.36 (KHTML, like Gecko) Chrome/114.0.0.0 Safari/537.36"
223.165.69.55 - - [21/Apr/2026:07:15:22 +0300] "GET /g201-offering-pages-advanced-caution-when-opening-a-different-screen-wai/ HTTP/1.1" 200 75516 "-" "Mozilla/5.0 (Windows NT 10.0; Win64; x64) AppleWebKit/537.36 (KHTML, like Gecko) Chrome/123.0.0.0 Safari/537.36"
185.216.113.70 - - [21/Apr/2026:07:16:57 +0300] "POST /wp-cron.php?doing_wp_cron=1776745017.4957189559936523437500 HTTP/1.1" 200 448 "-" "WordPress/6.3.8; https://serhatburke.miroglu.net"
98.98.197.212 - - [21/Apr/2026:07:16:44 +0300] "POST /xmlrpc.php HTTP/1.1" 200 630 "-" "Mozilla/5.0 (Windows NT 10.0; Win64; x64) AppleWebKit/537.36 (KHTML, like Gecko) Chrome/114.0.0.0 Safari/537.36"
98.98.197.212 - - [21/Apr/2026:07:17:04 +0300] "POST /xmlrpc.php HTTP/1.1" 200 11650 "-" "Mozilla/5.0 (Windows NT 10.0; Win64; x64) AppleWebKit/537.36 (KHTML, like Gecko) Chrome/114.0.0.0 Safari/537.36"
98.98.197.212 - - [21/Apr/2026:07:17:18 +0300] "GET /jungles/ HTTP/1.1" 200 71105 "-" "Mozilla/5.0 (Windows NT 10.0; Win64; x64) AppleWebKit/537.36 (KHTML, like Gecko) Chrome/109.0.0.0 Safari/537.36"
185.216.113.70 - - [21/Apr/2026:07:20:36 +0300] "POST /wp-cron.php?doing_wp_cron=1776745236.6378459930419921875000 HTTP/1.1" 200 448 "-" "WordPress/6.3.8; https://serhatburke.miroglu.net"
223.165.69.55 - - [21/Apr/2026:07:20:24 +0300] "POST /xmlrpc.php HTTP/1.1" 200 630 "-" "Mozilla/5.0 (Windows NT 10.0; Win64; x64) AppleWebKit/537.36 (KHTML, like Gecko) Chrome/114.0.0.0 Safari/537.36"
223.165.69.55 - - [21/Apr/2026:07:20:44 +0300] "POST /xmlrpc.php HTTP/1.1" 200 14573 "-" "Mozilla/5.0 (Windows NT 10.0; Win64; x64) AppleWebKit/537.36 (KHTML, like Gecko) Chrome/114.0.0.0 Safari/537.36"
223.165.69.55 - - [21/Apr/2026:07:20:59 +0300] "GET /neteller-gambling-establishment-websites-gambling-enterprises-one-to-undertake-neteller-2026-family/ HTTP/1.1" 200 76453 "-" "Mozilla/5.0 (Windows NT 10.0; Win64; x64) AppleWebKit/537.36 (KHTML, like Gecko) Chrome/123.0.0.0 Safari/537.36 OPR/109.0.0.0"
44.201.66.67 - - [21/Apr/2026:07:21:09 +0300] "GET /beste-casino-site-belgie-hoge-inzet/ HTTP/1.1" 200 20756 "-" "User-Agent: twoogle498@umich.edu (Linux)"
98.98.197.212 - - [21/Apr/2026:07:21:14 +0300] "POST /xmlrpc.php HTTP/1.1" 200 630 "-" "Mozilla/5.0 (Windows NT 10.0; Win64; x64) AppleWebKit/537.36 (KHTML, like Gecko) Chrome/114.0.0.0 Safari/537.36"
185.216.113.70 - - [21/Apr/2026:07:21:46 +0300] "POST /wp-cron.php?doing_wp_cron=1776745305.8845419883728027343750 HTTP/1.1" 200 448 "-" "WordPress/6.3.8; https://serhatburke.miroglu.net"
98.98.197.212 - - [21/Apr/2026:07:21:33 +0300] "POST /xmlrpc.php HTTP/1.1" 200 12284 "-" "Mozilla/5.0 (Windows NT 10.0; Win64; x64) AppleWebKit/537.36 (KHTML, like Gecko) Chrome/114.0.0.0 Safari/537.36"
98.98.197.212 - - [21/Apr/2026:07:21:47 +0300] "GET /red-colored-spins-local-casino-2026-online-slots-and-gambling-enterprise/ HTTP/1.1" 200 73484 "-" "Mozilla/5.0 (Windows NT 10.0; Win64; x64) AppleWebKit/537.36 (KHTML, like Gecko) Chrome/122.0.0.0 Safari/537.36"
44.201.66.67 - - [21/Apr/2026:07:22:19 +0300] "GET /beste-casino-site-belgie-hoge-inzet/ HTTP/1.1" 200 20756 "-" "User-Agent: twoogle498@umich.edu (Linux)"
185.216.113.70 - - [21/Apr/2026:07:23:56 +0300] "POST /wp-cron.php?doing_wp_cron=1776745436.6439421176910400390625 HTTP/1.1" 200 448 "-" "WordPress/6.3.8; https://serhatburke.miroglu.net"
223.165.69.55 - - [21/Apr/2026:07:23:41 +0300] "POST /xmlrpc.php HTTP/1.1" 200 630 "-" "Mozilla/5.0 (Windows NT 10.0; Win64; x64) AppleWebKit/537.36 (KHTML, like Gecko) Chrome/114.0.0.0 Safari/537.36"
223.165.69.55 - - [21/Apr/2026:07:24:04 +0300] "POST /xmlrpc.php HTTP/1.1" 200 14688 "-" "Mozilla/5.0 (Windows NT 10.0; Win64; x64) AppleWebKit/537.36 (KHTML, like Gecko) Chrome/114.0.0.0 Safari/537.36"
223.165.69.55 - - [21/Apr/2026:07:24:26 +0300] "GET /if-you-are-in-the-united-kingdom-european-union-the-big-spot-to-enjoy-today-with-no-deposit-is-paddy-electricity-video-game-in-which-you-can-find-a-huge-directory-of-harbors-jackpot-game-along-wit/ HTTP/1.1" 200 82616 "-" "Mozilla/5.0 (Windows NT 10.0; Win64; x64; rv:124.0) Gecko/20100101 Firefox/124.0"
185.216.113.70 - - [21/Apr/2026:07:25:43 +0300] "POST /wp-cron.php?doing_wp_cron=1776745543.8471341133117675781250 HTTP/1.1" 200 448 "-" "WordPress/6.3.8; https://serhatburke.miroglu.net"
98.98.197.212 - - [21/Apr/2026:07:25:31 +0300] "POST /xmlrpc.php HTTP/1.1" 200 630 "-" "Mozilla/5.0 (Windows NT 10.0; Win64; x64) AppleWebKit/537.36 (KHTML, like Gecko) Chrome/114.0.0.0 Safari/537.36"
98.98.197.212 - - [21/Apr/2026:07:25:50 +0300] "POST /xmlrpc.php HTTP/1.1" 200 11406 "-" "Mozilla/5.0 (Windows NT 10.0; Win64; x64) AppleWebKit/537.36 (KHTML, like Gecko) Chrome/114.0.0.0 Safari/537.36"
98.98.197.212 - - [21/Apr/2026:07:26:05 +0300] "GET /free-spins-to-have-delighted-holidays-position/ HTTP/1.1" 200 72011 "-" "Mozilla/5.0 (Windows NT 10.0; rv:109.0) Gecko/20100101 Firefox/115.0"
185.216.113.70 - - [21/Apr/2026:07:27:15 +0300] "POST /wp-cron.php?doing_wp_cron=1776745635.4959769248962402343750 HTTP/1.1" 200 448 "-" "WordPress/6.3.8; https://serhatburke.miroglu.net"
223.165.69.55 - - [21/Apr/2026:07:27:00 +0300] "POST /xmlrpc.php HTTP/1.1" 200 630 "-" "Mozilla/5.0 (Windows NT 10.0; Win64; x64) AppleWebKit/537.36 (KHTML, like Gecko) Chrome/114.0.0.0 Safari/537.36"
223.165.69.55 - - [21/Apr/2026:07:27:23 +0300] "POST /xmlrpc.php HTTP/1.1" 200 11669 "-" "Mozilla/5.0 (Windows NT 10.0; Win64; x64) AppleWebKit/537.36 (KHTML, like Gecko) Chrome/114.0.0.0 Safari/537.36"
185.216.113.70 - - [21/Apr/2026:07:27:53 +0300] "POST /wp-cron.php?doing_wp_cron=1776745673.2316069602966308593750 HTTP/1.1" 200 448 "-" "WordPress/6.3.8; https://serhatburke.miroglu.net"
223.165.69.55 - - [21/Apr/2026:07:27:41 +0300] "GET /the-newest-ports-caino-desk-game-for-2026/ HTTP/1.1" 200 72251 "-" "Mozilla/5.0 (Windows NT 10.0; rv:109.0) Gecko/20100101 Firefox/115.0"
185.216.113.70 - - [21/Apr/2026:07:28:52 +0300] "POST /wp-cron.php?doing_wp_cron=1776745732.7766370773315429687500 HTTP/1.1" 200 448 "-" "WordPress/6.3.8; https://serhatburke.miroglu.net"
181.160.85.70 - - [21/Apr/2026:07:28:40 +0300] "GET / HTTP/1.1" 200 19765 "-" "Mozilla/5.0 (Windows NT 10.0; Win64; x64) AppleWebKit/537.36 (KHTML, like Gecko) Chrome/120.0.0.0 Safari/537.36"
98.98.197.212 - - [21/Apr/2026:07:29:16 +0300] "POST /xmlrpc.php HTTP/1.1" 200 630 "-" "Mozilla/5.0 (Windows NT 10.0; Win64; x64) AppleWebKit/537.36 (KHTML, like Gecko) Chrome/114.0.0.0 Safari/537.36"
185.216.113.70 - - [21/Apr/2026:07:29:49 +0300] "POST /wp-cron.php?doing_wp_cron=1776745789.3009259700775146484375 HTTP/1.1" 200 448 "-" "WordPress/6.3.8; https://serhatburke.miroglu.net"
98.98.197.212 - - [21/Apr/2026:07:29:36 +0300] "POST /xmlrpc.php HTTP/1.1" 200 11770 "-" "Mozilla/5.0 (Windows NT 10.0; Win64; x64) AppleWebKit/537.36 (KHTML, like Gecko) Chrome/114.0.0.0 Safari/537.36"
98.98.197.212 - - [21/Apr/2026:07:29:50 +0300] "GET /reserve-16-so-you-can-30-visitor-vip-team-collection-put-kamu-karaoke-booking/ HTTP/1.1" 200 73040 "-" "Mozilla/5.0 (Windows NT 10.0; Win64; x64; rv:124.0) Gecko/20100101 Firefox/124.0"
104.194.153.222 - - [21/Apr/2026:07:30:16 +0300] "GET /zotabet-casino-bonus-premier-depot-2026/ HTTP/1.1" 200 18530 "-" "Mozilla/5.0 (compatible; Googlebot/2.1; +http://www.google.com/bot.html)"
223.165.69.55 - - [21/Apr/2026:07:30:24 +0300] "POST /xmlrpc.php HTTP/1.1" 200 630 "-" "Mozilla/5.0 (Windows NT 10.0; Win64; x64) AppleWebKit/537.36 (KHTML, like Gecko) Chrome/114.0.0.0 Safari/537.36"
185.216.113.70 - - [21/Apr/2026:07:30:58 +0300] "POST /wp-cron.php?doing_wp_cron=1776745858.2084820270538330078125 HTTP/1.1" 200 448 "-" "WordPress/6.3.8; https://serhatburke.miroglu.net"
223.165.69.55 - - [21/Apr/2026:07:30:45 +0300] "POST /xmlrpc.php HTTP/1.1" 200 14410 "-" "Mozilla/5.0 (Windows NT 10.0; Win64; x64) AppleWebKit/537.36 (KHTML, like Gecko) Chrome/114.0.0.0 Safari/537.36"
223.165.69.55 - - [21/Apr/2026:07:31:00 +0300] "GET /las-vegas-resort-casino-southern-section-hotel-gambling-enterprise-salon/ HTTP/1.1" 200 76042 "-" "Mozilla/5.0 (Windows NT 10.0; Win64; x64) AppleWebKit/537.36 (KHTML, like Gecko) Chrome/123.0.0.0 Safari/537.36 OPR/109.0.0.0"