158.69.22.136 - - [20/Apr/2026:12:36:19 +0300] "GET /beste-casino-site-belgie-hoge-inzet/ HTTP/1.1" 200 18613 "-" "Mozilla/5.0 (compatible; Googlebot/2.1; +http://www.google.com/bot.html)"
130.49.113.78 - - [20/Apr/2026:12:36:21 +0300] "GET /?p=122972 HTTP/2" 301 0 "-" "Mozilla/5.0 (Windows NT 10.0; Win64; x64) AppleWebKit/537.36 (KHTML, like Gecko) Chrome/120.0.0.0 Safari/537.36"
83.97.117.210 - - [20/Apr/2026:12:36:42 +0300] "GET /wp-admin/ HTTP/2" 200 244038 "-" "Mozilla/5.0 (Windows NT 10.0; Win64; x64) AppleWebKit/537.36"
185.216.113.70 - - [20/Apr/2026:12:36:41 +0300] "POST /wp-admin/admin-ajax.php?action=as_async_request_queue_runner&nonce=9a5a050bce HTTP/1.1" 200 1039 "-" "WordPress/6.3.8; https://serhatburke.miroglu.net"
83.97.117.210 - - [20/Apr/2026:12:37:00 +0300] "POST /wp-json/wp/v2/posts HTTP/2" 201 3810 "-" "Mozilla/5.0 (Windows NT 10.0; Win64; x64) AppleWebKit/537.36"
185.216.113.70 - - [20/Apr/2026:12:37:23 +0300] "POST /wp-cron.php?doing_wp_cron=1776677843.7628729343414306640625 HTTP/1.1" 200 448 "-" "WordPress/6.3.8; https://serhatburke.miroglu.net"
83.97.117.210 - - [20/Apr/2026:12:37:12 +0300] "GET /?p=122974 HTTP/2" 301 0 "-" "Mozilla/5.0 (Windows NT 10.0; Win64; x64) AppleWebKit/537.36 (KHTML, like Gecko) Chrome/120.0.0.0 Safari/537.36"
98.98.43.126 - - [20/Apr/2026:12:37:25 +0300] "POST /xmlrpc.php HTTP/1.1" 200 630 "-" "Mozilla/5.0 (Windows NT 10.0; Win64; x64) AppleWebKit/537.36 (KHTML, like Gecko) Chrome/114.0.0.0 Safari/537.36"
185.216.113.70 - - [20/Apr/2026:12:37:57 +0300] "POST /wp-cron.php?doing_wp_cron=1776677877.8335158824920654296875 HTTP/1.1" 200 448 "-" "WordPress/6.3.8; https://serhatburke.miroglu.net"
98.98.43.126 - - [20/Apr/2026:12:37:45 +0300] "POST /xmlrpc.php HTTP/1.1" 200 12043 "-" "Mozilla/5.0 (Windows NT 10.0; Win64; x64) AppleWebKit/537.36 (KHTML, like Gecko) Chrome/114.0.0.0 Safari/537.36"
200.25.47.132 - - [20/Apr/2026:12:37:58 +0300] "POST /xmlrpc.php HTTP/1.1" 200 630 "-" "Mozilla/5.0 (Windows NT 10.0; Win64; x64) AppleWebKit/537.36 (KHTML, like Gecko) Chrome/114.0.0.0 Safari/537.36"
98.98.43.126 - - [20/Apr/2026:12:37:59 +0300] "GET /best-zeus-styled-harbors-and-you-can-exactly-why-are-them-so-good/ HTTP/1.1" 200 73284 "-" "Mozilla/5.0 (Windows NT 10.0; rv:109.0) Gecko/20100101 Firefox/115.0"
185.216.113.70 - - [20/Apr/2026:12:38:40 +0300] "POST /wp-cron.php?doing_wp_cron=1776677919.9784429073333740234375 HTTP/1.1" 200 448 "-" "WordPress/6.3.8; https://serhatburke.miroglu.net"
200.25.47.132 - - [20/Apr/2026:12:38:24 +0300] "POST /xmlrpc.php HTTP/1.1" 200 11435 "-" "Mozilla/5.0 (Windows NT 10.0; Win64; x64) AppleWebKit/537.36 (KHTML, like Gecko) Chrome/114.0.0.0 Safari/537.36"
200.25.47.132 - - [20/Apr/2026:12:38:41 +0300] "GET /best-5-ways-to-get-free-coins-on-the-house-of-enjoyable-a-full-publication-2026/ HTTP/1.1" 200 73125 "-" "Mozilla/5.0 (Windows NT 10.0; rv:109.0) Gecko/20100101 Firefox/115.0"
98.98.43.126 - - [20/Apr/2026:12:38:53 +0300] "POST /xmlrpc.php HTTP/1.1" 200 630 "-" "Mozilla/5.0 (Windows NT 10.0; Win64; x64) AppleWebKit/537.36 (KHTML, like Gecko) Chrome/114.0.0.0 Safari/537.36"
185.216.113.70 - - [20/Apr/2026:12:39:26 +0300] "POST /wp-cron.php?doing_wp_cron=1776677966.8063220977783203125000 HTTP/1.1" 200 448 "-" "WordPress/6.3.8; https://serhatburke.miroglu.net"
98.98.43.126 - - [20/Apr/2026:12:39:14 +0300] "POST /xmlrpc.php HTTP/1.1" 200 14618 "-" "Mozilla/5.0 (Windows NT 10.0; Win64; x64) AppleWebKit/537.36 (KHTML, like Gecko) Chrome/114.0.0.0 Safari/537.36"
98.98.43.126 - - [20/Apr/2026:12:39:28 +0300] "GET /play-for-100-percent-free-or-a-real-income/ HTTP/1.1" 200 74787 "-" "Mozilla/5.0 (Windows NT 10.0; Win64; x64) AppleWebKit/537.36 (KHTML, like Gecko) Chrome/123.0.0.0 Safari/537.36"
185.216.113.70 - - [20/Apr/2026:12:40:52 +0300] "POST /wp-cron.php?doing_wp_cron=1776678052.2864530086517333984375 HTTP/1.1" 200 448 "-" "WordPress/6.3.8; https://serhatburke.miroglu.net"
98.98.43.146 - - [20/Apr/2026:12:40:40 +0300] "POST /xmlrpc.php HTTP/1.1" 200 630 "-" "Mozilla/5.0 (Windows NT 10.0; Win64; x64) AppleWebKit/537.36 (KHTML, like Gecko) Chrome/114.0.0.0 Safari/537.36"
185.216.113.70 - - [20/Apr/2026:12:41:11 +0300] "POST /wp-cron.php?doing_wp_cron=1776678071.1605150699615478515625 HTTP/1.1" 200 448 "-" "WordPress/6.3.8; https://serhatburke.miroglu.net"
151.244.111.202 - - [20/Apr/2026:12:40:51 +0300] "POST /xmlrpc.php HTTP/1.1" 200 103808 "-" "Mozilla/5.0 (Windows NT 10.0; Win64; x64) AppleWebKit/537.36 (KHTML, like Gecko) Chrome/122.0.0.0 Safari/537.36"
98.98.43.146 - - [20/Apr/2026:12:40:59 +0300] "POST /xmlrpc.php HTTP/1.1" 200 14938 "-" "Mozilla/5.0 (Windows NT 10.0; Win64; x64) AppleWebKit/537.36 (KHTML, like Gecko) Chrome/114.0.0.0 Safari/537.36"
151.244.111.202 - - [20/Apr/2026:12:41:11 +0300] "POST /xmlrpc.php HTTP/1.1" 200 489 "-" "Mozilla/5.0 (Windows NT 10.0; Win64; x64) AppleWebKit/537.36 (KHTML, like Gecko) Chrome/122.0.0.0 Safari/537.36"
98.98.43.146 - - [20/Apr/2026:12:41:16 +0300] "GET /zeus-jesus-from-thunder-slot-review-rtp-provides/ HTTP/1.1" 200 75330 "-" "Mozilla/5.0 (Windows NT 10.0; Win64; x64) AppleWebKit/537.36 (KHTML, like Gecko) Chrome/123.0.0.0 Safari/537.36 OPR/109.0.0.0"
98.98.43.146 - - [20/Apr/2026:12:41:28 +0300] "POST /xmlrpc.php HTTP/1.1" 200 630 "-" "Mozilla/5.0 (Windows NT 10.0; Win64; x64) AppleWebKit/537.36 (KHTML, like Gecko) Chrome/114.0.0.0 Safari/537.36"
151.244.111.202 - - [20/Apr/2026:12:41:30 +0300] "POST /xmlrpc.php HTTP/1.1" 200 17658 "-" "Mozilla/5.0 (Windows NT 10.0; Win64; x64) AppleWebKit/537.36 (KHTML, like Gecko) Chrome/122.0.0.0 Safari/537.36"
200.25.47.132 - - [20/Apr/2026:12:41:39 +0300] "POST /xmlrpc.php HTTP/1.1" 200 630 "-" "Mozilla/5.0 (Windows NT 10.0; Win64; x64) AppleWebKit/537.36 (KHTML, like Gecko) Chrome/114.0.0.0 Safari/537.36"
37.139.53.240 - - [20/Apr/2026:12:41:25 +0300] "POST / HTTP/2" 200 0 "-" "Mozilla/5.0 (Macintosh; Intel Mac OS X 10_15_7) AppleWebKit/537.36 (KHTML, like Gecko) Chrome/131.0.0.0 Safari/537.36"
185.216.113.70 - - [20/Apr/2026:12:42:13 +0300] "POST /wp-cron.php?doing_wp_cron=1776678132.9611430168151855468750 HTTP/1.1" 200 448 "-" "WordPress/6.3.8; https://serhatburke.miroglu.net"
98.98.43.146 - - [20/Apr/2026:12:41:58 +0300] "POST /xmlrpc.php HTTP/1.1" 200 14733 "-" "Mozilla/5.0 (Windows NT 10.0; Win64; x64) AppleWebKit/537.36 (KHTML, like Gecko) Chrome/114.0.0.0 Safari/537.36"
185.216.113.70 - - [20/Apr/2026:12:42:23 +0300] "POST /wp-cron.php?doing_wp_cron=1776678143.8594229221343994140625 HTTP/1.1" 200 448 "-" "WordPress/6.3.8; https://serhatburke.miroglu.net"
37.139.53.240 - - [20/Apr/2026:12:42:00 +0300] "POST / HTTP/2" 200 16851 "-" "Mozilla/5.0 (Macintosh; Intel Mac OS X 10.15; rv:135.0) Gecko/20100101 Firefox/135.0"
185.216.113.70 - - [20/Apr/2026:12:42:33 +0300] "POST /wp-cron.php?doing_wp_cron=1776678153.4746439456939697265625 HTTP/1.1" 200 448 "-" "WordPress/6.3.8; https://serhatburke.miroglu.net"
200.25.47.132 - - [20/Apr/2026:12:42:09 +0300] "POST /xmlrpc.php HTTP/1.1" 200 11571 "-" "Mozilla/5.0 (Windows NT 10.0; Win64; x64) AppleWebKit/537.36 (KHTML, like Gecko) Chrome/114.0.0.0 Safari/537.36"
98.98.43.146 - - [20/Apr/2026:12:42:14 +0300] "GET /greatest-web-based-casinos-you-to-deal-with-fruit-shell-out-february-2026/ HTTP/1.1" 200 75986 "-" "Mozilla/5.0 (Windows NT 10.0; Win64; x64) AppleWebKit/537.36 (KHTML, like Gecko) Chrome/123.0.0.0 Safari/537.36"
98.98.43.146 - - [20/Apr/2026:12:42:23 +0300] "POST /xmlrpc.php HTTP/1.1" 200 630 "-" "Mozilla/5.0 (Windows NT 10.0; Win64; x64) AppleWebKit/537.36 (KHTML, like Gecko) Chrome/114.0.0.0 Safari/537.36"
200.25.47.132 - - [20/Apr/2026:12:42:35 +0300] "GET /googles-search-symbol-alter-for-each-occasion/ HTTP/1.1" 200 72212 "-" "Mozilla/5.0 (Windows NT 10.0; Win64; x64; rv:125.0) Gecko/20100101 Firefox/125.0"
98.98.43.146 - - [20/Apr/2026:12:42:57 +0300] "POST /xmlrpc.php HTTP/1.1" 200 14573 "-" "Mozilla/5.0 (Windows NT 10.0; Win64; x64) AppleWebKit/537.36 (KHTML, like Gecko) Chrome/114.0.0.0 Safari/537.36"
23.108.44.9 - - [20/Apr/2026:12:42:58 +0300] "GET /beste-casino-site-belgie-hoge-inzet/ HTTP/1.1" 200 18613 "-" "Mozilla/5.0 (Windows NT 10.0; Win64; x64) AppleWebKit/537.36 (KHTML, like Gecko) Chrome/114.0.0.0 YaBrowser/22.7.0 Yowser/2.5 Safari/537.36"
98.98.43.146 - - [20/Apr/2026:12:43:12 +0300] "GET /on-line-pokies-video-game-2026-play-the-greatest-pokies/ HTTP/1.1" 200 75468 "-" "Mozilla/5.0 (Windows NT 10.0; rv:109.0) Gecko/20100101 Firefox/115.0"
209.50.184.72 - - [20/Apr/2026:12:43:23 +0300] "GET /wp-login.php HTTP/2" 200 3091 "-" "Mozilla/5.0 (Windows NT 10.0; Win64; x64; rv:127.0) Gecko/20100101 Firefox/127.0"
185.216.113.70 - - [20/Apr/2026:12:43:41 +0300] "POST /wp-cron.php?doing_wp_cron=1776678221.2705299854278564453125 HTTP/1.1" 200 448 "-" "WordPress/6.3.8; https://serhatburke.miroglu.net"
98.98.43.146 - - [20/Apr/2026:12:43:29 +0300] "POST /xmlrpc.php HTTP/1.1" 200 630 "-" "Mozilla/5.0 (Windows NT 10.0; Win64; x64) AppleWebKit/537.36 (KHTML, like Gecko) Chrome/114.0.0.0 Safari/537.36"
98.98.43.146 - - [20/Apr/2026:12:43:48 +0300] "POST /xmlrpc.php HTTP/1.1" 200 14989 "-" "Mozilla/5.0 (Windows NT 10.0; Win64; x64) AppleWebKit/537.36 (KHTML, like Gecko) Chrome/114.0.0.0 Safari/537.36"
104.207.54.139 - - [20/Apr/2026:12:43:53 +0300] "POST /xmlrpc.php HTTP/2" 200 110 "-" "Mozilla/5.0 (Windows NT 10.0; Win64; x64; rv:127.0) Gecko/20100101 Firefox/127.0"
98.98.43.146 - - [20/Apr/2026:12:44:02 +0300] "GET /ariana-position-comment-casinos-microgaming/ HTTP/1.1" 200 75634 "-" "Mozilla/5.0 (Windows NT 10.0; Win64; x64) AppleWebKit/537.36 (KHTML, like Gecko) Chrome/124.0.0.0 Safari/537.36"
185.216.113.70 - - [20/Apr/2026:12:44:26 +0300] "POST /wp-cron.php?doing_wp_cron=1776678266.2274670600891113281250 HTTP/1.1" 200 448 "-" "WordPress/6.3.8; https://serhatburke.miroglu.net"
178.159.37.5 - - [20/Apr/2026:12:44:13 +0300] "POST /xmlrpc.php HTTP/1.1" 200 103808 "-" "Mozilla/5.0 (Macintosh; Intel Mac OS X 10_13_6) AppleWebKit/537.36 (KHTML, like Gecko) Chrome/80.0.3987.122 Safari/537.36"
178.159.37.5 - - [20/Apr/2026:12:44:27 +0300] "POST /xmlrpc.php HTTP/1.1" 200 664 "-" "Mozilla/5.0 (Macintosh; Intel Mac OS X 10_13_6) AppleWebKit/537.36 (KHTML, like Gecko) Chrome/80.0.3987.122 Safari/537.36"
104.207.54.139 - - [20/Apr/2026:12:44:33 +0300] "GET /wp-login.php?wp_lang=en_US HTTP/2" 200 0 "-" "Mozilla/5.0 (Windows NT 10.0; Win64; x64) AppleWebKit/537.36 (KHTML, like Gecko) Chrome/124.0.6367.207 Safari/537.36"
98.98.43.146 - - [20/Apr/2026:12:44:33 +0300] "POST /xmlrpc.php HTTP/1.1" 200 630 "-" "Mozilla/5.0 (Windows NT 10.0; Win64; x64) AppleWebKit/537.36 (KHTML, like Gecko) Chrome/114.0.0.0 Safari/537.36"
104.207.57.39 - - [20/Apr/2026:12:44:40 +0300] "GET /wp-login.php HTTP/2" 200 0 "-" "Mozilla/5.0 (Windows NT 10.0; Win64; x64) AppleWebKit/537.36 (KHTML, like Gecko) Chrome/124.0.6367.207 Safari/537.36"
178.159.37.5 - - [20/Apr/2026:12:44:45 +0300] "POST /xmlrpc.php HTTP/1.1" 200 664 "-" "Mozilla/5.0 (Macintosh; Intel Mac OS X 10_13_6) AppleWebKit/537.36 (KHTML, like Gecko) Chrome/80.0.3987.122 Safari/537.36"
178.159.37.5 - - [20/Apr/2026:12:45:03 +0300] "POST /xmlrpc.php HTTP/1.1" 200 667 "-" "Mozilla/5.0 (Macintosh; Intel Mac OS X 10_13_6) AppleWebKit/537.36 (KHTML, like Gecko) Chrome/80.0.3987.122 Safari/537.36"
98.98.43.146 - - [20/Apr/2026:12:45:03 +0300] "POST /xmlrpc.php HTTP/1.1" 200 11910 "-" "Mozilla/5.0 (Windows NT 10.0; Win64; x64) AppleWebKit/537.36 (KHTML, like Gecko) Chrome/114.0.0.0 Safari/537.36"
200.25.47.132 - - [20/Apr/2026:12:45:07 +0300] "POST /xmlrpc.php HTTP/1.1" 200 630 "-" "Mozilla/5.0 (Windows NT 10.0; Win64; x64) AppleWebKit/537.36 (KHTML, like Gecko) Chrome/114.0.0.0 Safari/537.36"
192.186.174.172 - - [20/Apr/2026:12:45:08 +0300] "GET /casino-online-skrill-prelievo-veloce/ HTTP/1.1" 200 18092 "https://serhatburke.miroglu.net/" "Mozilla/5.0 (Macintosh; Intel Mac OS X 10_15_7) AppleWebKit/605.1.15 (KHTML, like Gecko) Version/18.6 Safari/605.1.15"
185.216.113.70 - - [20/Apr/2026:12:45:41 +0300] "POST /wp-cron.php?doing_wp_cron=1776678341.6903429031372070312500 HTTP/1.1" 200 448 "-" "WordPress/6.3.8; https://serhatburke.miroglu.net"
178.159.37.5 - - [20/Apr/2026:12:45:24 +0300] "POST /xmlrpc.php HTTP/1.1" 200 23437 "-" "Mozilla/5.0 (Macintosh; Intel Mac OS X 10_13_6) AppleWebKit/537.36 (KHTML, like Gecko) Chrome/80.0.3987.122 Safari/537.36"
98.98.43.146 - - [20/Apr/2026:12:45:25 +0300] "GET /review-of-ariana-online-slots-games-2026-objective-unbiased-advice/ HTTP/1.1" 200 73167 "-" "Mozilla/5.0 (Windows NT 10.0; rv:109.0) Gecko/20100101 Firefox/115.0"
200.25.47.132 - - [20/Apr/2026:12:45:37 +0300] "POST /xmlrpc.php HTTP/1.1" 200 11845 "-" "Mozilla/5.0 (Windows NT 10.0; Win64; x64) AppleWebKit/537.36 (KHTML, like Gecko) Chrome/114.0.0.0 Safari/537.36"
192.186.174.172 - - [20/Apr/2026:12:45:40 +0300] "GET /wp-login.php?action=register HTTP/1.1" 302 702 "https://serhatburke.miroglu.net/casino-online-skrill-prelievo-veloce/" "Mozilla/5.0 (Windows NT 6.3; Win64; x64) AppleWebKit/537.36 (KHTML, like Gecko) Chrome/103.0.0.0 Safari/537.36"
98.98.43.146 - - [20/Apr/2026:12:45:39 +0300] "POST /xmlrpc.php HTTP/1.1" 200 630 "-" "Mozilla/5.0 (Windows NT 10.0; Win64; x64) AppleWebKit/537.36 (KHTML, like Gecko) Chrome/114.0.0.0 Safari/537.36"
192.186.174.172 - - [20/Apr/2026:12:46:06 +0300] "GET /wp-login.php?registration=disabled HTTP/1.1" 200 3806 "https://serhatburke.miroglu.net/wp-login.php?action=register" "Mozilla/5.0 (Windows NT 6.3; Win64; x64) AppleWebKit/537.36 (KHTML, like Gecko) Chrome/103.0.0.0 Safari/537.36"
200.25.47.132 - - [20/Apr/2026:12:46:03 +0300] "GET /funky-fresh-fruit-frenzy-slot-comment-juicy-gains-loose-time-waiting-for/ HTTP/1.1" 200 73094 "-" "Mozilla/5.0 (Windows NT 10.0; Win64; x64) AppleWebKit/537.36 (KHTML, like Gecko) Chrome/124.0.0.0 Safari/537.36 Edg/124.0.0.0"
98.98.43.146 - - [20/Apr/2026:12:46:11 +0300] "POST /xmlrpc.php HTTP/1.1" 200 14286 "-" "Mozilla/5.0 (Windows NT 10.0; Win64; x64) AppleWebKit/537.36 (KHTML, like Gecko) Chrome/114.0.0.0 Safari/537.36"
104.207.52.209 - - [20/Apr/2026:12:46:15 +0300] "GET /wp-login.php HTTP/2" 200 3091 "-" "Mozilla/5.0 (Windows NT 10.0; Win64; x64) AppleWebKit/537.36 (KHTML, like Gecko) Chrome/124.0.6367.207 Safari/537.36"
185.216.113.70 - - [20/Apr/2026:12:46:45 +0300] "POST /wp-cron.php?doing_wp_cron=1776678404.9844980239868164062500 HTTP/1.1" 200 448 "-" "WordPress/6.3.8; https://serhatburke.miroglu.net"
98.98.43.146 - - [20/Apr/2026:12:46:29 +0300] "GET /finest-online-pokies-australian-continent-2025-top-bien-au-pokie-web-sites/ HTTP/1.1" 200 75623 "-" "Mozilla/5.0 (Windows NT 10.0; Win64; x64; rv:124.0) Gecko/20100101 Firefox/124.0"
98.98.43.146 - - [20/Apr/2026:12:46:36 +0300] "POST /xmlrpc.php HTTP/1.1" 200 630 "-" "Mozilla/5.0 (Windows NT 10.0; Win64; x64) AppleWebKit/537.36 (KHTML, like Gecko) Chrome/114.0.0.0 Safari/537.36"
65.111.22.104 - - [20/Apr/2026:12:46:41 +0300] "POST /xmlrpc.php HTTP/2" 200 110 "-" "Mozilla/5.0 (Windows NT 10.0; Win64; x64; rv:127.0) Gecko/20100101 Firefox/127.0"
216.26.253.124 - - [20/Apr/2026:12:46:59 +0300] "GET /wp-login.php HTTP/2" 200 3091 "-" "Mozilla/5.0 (Macintosh; Intel Mac OS X 13_5) AppleWebKit/605.1.15 (KHTML, like Gecko) Version/17.5 Safari/605.1.15"
98.98.43.146 - - [20/Apr/2026:12:47:02 +0300] "POST /xmlrpc.php HTTP/1.1" 200 14719 "-" "Mozilla/5.0 (Windows NT 10.0; Win64; x64) AppleWebKit/537.36 (KHTML, like Gecko) Chrome/114.0.0.0 Safari/537.36"
98.98.43.146 - - [20/Apr/2026:12:47:17 +0300] "GET /thepokies-on-the-internet-opinion-australias-finest-real-cash-gambling-enterprise/ HTTP/1.1" 200 76156 "-" "Mozilla/5.0 (Windows NT 10.0; Win64; x64) AppleWebKit/537.36 (KHTML, like Gecko) Chrome/124.0.0.0 Safari/537.36 Edg/124.0.0.0"
209.50.180.22 - - [20/Apr/2026:12:47:24 +0300] "POST /xmlrpc.php HTTP/2" 200 110 "-" "Mozilla/5.0 (Macintosh; Intel Mac OS X 13_5) AppleWebKit/605.1.15 (KHTML, like Gecko) Version/17.5 Safari/605.1.15"
185.216.113.70 - - [20/Apr/2026:12:47:46 +0300] "POST /wp-cron.php?doing_wp_cron=1776678466.5655078887939453125000 HTTP/1.1" 200 448 "-" "WordPress/6.3.8; https://serhatburke.miroglu.net"
98.98.43.146 - - [20/Apr/2026:12:47:33 +0300] "POST /xmlrpc.php HTTP/1.1" 200 630 "-" "Mozilla/5.0 (Windows NT 10.0; Win64; x64) AppleWebKit/537.36 (KHTML, like Gecko) Chrome/114.0.0.0 Safari/537.36"
209.50.180.22 - - [20/Apr/2026:12:47:52 +0300] "POST /xmlrpc.php HTTP/2" 200 0 "-" "Mozilla/5.0 (Macintosh; Intel Mac OS X 13_5) AppleWebKit/605.1.15 (KHTML, like Gecko) Version/17.5 Safari/605.1.15"
98.98.43.146 - - [20/Apr/2026:12:47:53 +0300] "POST /xmlrpc.php HTTP/1.1" 200 14889 "-" "Mozilla/5.0 (Windows NT 10.0; Win64; x64) AppleWebKit/537.36 (KHTML, like Gecko) Chrome/114.0.0.0 Safari/537.36"
193.56.28.66 - - [20/Apr/2026:12:48:04 +0300] "GET /wp-login.php HTTP/2" 200 0 "-" "Mozilla/5.0 (Macintosh; Intel Mac OS X 13_5) AppleWebKit/605.1.15 (KHTML, like Gecko) Version/17.5 Safari/605.1.15"
209.50.180.22 - - [20/Apr/2026:12:48:12 +0300] "POST /xmlrpc.php HTTP/2" 200 2508 "-" "Mozilla/5.0 (Windows NT 10.0; Win64; x64) AppleWebKit/537.36 (KHTML, like Gecko) Chrome/124.0.6367.207 Safari/537.36"
98.98.43.146 - - [20/Apr/2026:12:48:17 +0300] "GET /thepokies-internet-australia-platform-organization-review-thank-you-for-visiting-parveen-markets-pvt-ltd/ HTTP/1.1" 200 76945 "-" "Mozilla/5.0 (Windows NT 10.0; rv:125.0) Gecko/20100101 Firefox/125.0"
216.26.235.118 - - [20/Apr/2026:12:48:25 +0300] "GET /wp-login.php HTTP/2" 200 0 "-" "Mozilla/5.0 (Macintosh; Intel Mac OS X 13_5) AppleWebKit/605.1.15 (KHTML, like Gecko) Version/17.5 Safari/605.1.15"
185.216.113.70 - - [20/Apr/2026:12:48:45 +0300] "POST /wp-cron.php?doing_wp_cron=1776678525.3193709850311279296875 HTTP/1.1" 200 448 "-" "WordPress/6.3.8; https://serhatburke.miroglu.net"
98.98.43.146 - - [20/Apr/2026:12:48:28 +0300] "POST /xmlrpc.php HTTP/1.1" 200 630 "-" "Mozilla/5.0 (Windows NT 10.0; Win64; x64) AppleWebKit/537.36 (KHTML, like Gecko) Chrome/114.0.0.0 Safari/537.36"
200.25.47.132 - - [20/Apr/2026:12:48:38 +0300] "POST /xmlrpc.php HTTP/1.1" 200 630 "-" "Mozilla/5.0 (Windows NT 10.0; Win64; x64) AppleWebKit/537.36 (KHTML, like Gecko) Chrome/114.0.0.0 Safari/537.36"
98.98.43.146 - - [20/Apr/2026:12:48:54 +0300] "POST /xmlrpc.php HTTP/1.1" 200 14974 "-" "Mozilla/5.0 (Windows NT 10.0; Win64; x64) AppleWebKit/537.36 (KHTML, like Gecko) Chrome/114.0.0.0 Safari/537.36"
200.25.47.132 - - [20/Apr/2026:12:49:01 +0300] "POST /xmlrpc.php HTTP/1.1" 200 11897 "-" "Mozilla/5.0 (Windows NT 10.0; Win64; x64) AppleWebKit/537.36 (KHTML, like Gecko) Chrome/114.0.0.0 Safari/537.36"
178.159.37.156 - - [20/Apr/2026:12:49:13 +0300] "POST /xmlrpc.php HTTP/1.1" 200 105242 "-" "Mozilla/5.0 (Windows NT 10.0; Win64; x64; Xbox; Xbox One) AppleWebKit/537.36 (KHTML, like Gecko) Chrome/114.0.0.0 Safari/537.36 Edge/44.18363.8131"
98.98.43.146 - - [20/Apr/2026:12:49:09 +0300] "GET /best-online-casinos-australia-2026/ HTTP/1.1" 200 75311 "-" "Mozilla/5.0 (Windows NT 10.0; Win64; x64; rv:125.0) Gecko/20100101 Firefox/125.0"
200.25.47.132 - - [20/Apr/2026:12:49:16 +0300] "GET /da-vinci-diamonds-slot-free-gamble-on-the-internet-no-down-load/ HTTP/1.1" 200 72907 "-" "Mozilla/5.0 (Windows NT 10.0; Win64; x64) AppleWebKit/537.36 (KHTML, like Gecko) Chrome/124.0.0.0 Safari/537.36"
185.216.113.70 - - [20/Apr/2026:12:49:41 +0300] "POST /wp-cron.php?doing_wp_cron=1776678581.0809159278869628906250 HTTP/1.1" 200 448 "-" "WordPress/6.3.8; https://serhatburke.miroglu.net"
98.98.43.146 - - [20/Apr/2026:12:49:27 +0300] "POST /xmlrpc.php HTTP/1.1" 200 630 "-" "Mozilla/5.0 (Windows NT 10.0; Win64; x64) AppleWebKit/537.36 (KHTML, like Gecko) Chrome/114.0.0.0 Safari/537.36"
178.159.37.156 - - [20/Apr/2026:12:49:30 +0300] "POST /xmlrpc.php HTTP/1.1" 200 664 "-" "Mozilla/5.0 (Windows NT 10.0; Win64; x64; Xbox; Xbox One) AppleWebKit/537.36 (KHTML, like Gecko) Chrome/114.0.0.0 Safari/537.36 Edge/44.18363.8131"
178.159.37.156 - - [20/Apr/2026:12:49:44 +0300] "POST /xmlrpc.php HTTP/1.1" 200 664 "-" "Mozilla/5.0 (Windows NT 10.0; Win64; x64; Xbox; Xbox One) AppleWebKit/537.36 (KHTML, like Gecko) Chrome/114.0.0.0 Safari/537.36 Edge/44.18363.8131"
98.98.43.146 - - [20/Apr/2026:12:49:47 +0300] "POST /xmlrpc.php HTTP/1.1" 200 14095 "-" "Mozilla/5.0 (Windows NT 10.0; Win64; x64) AppleWebKit/537.36 (KHTML, like Gecko) Chrome/114.0.0.0 Safari/537.36"
178.159.37.156 - - [20/Apr/2026:12:49:59 +0300] "POST /xmlrpc.php HTTP/1.1" 200 667 "-" "Mozilla/5.0 (Windows NT 10.0; Win64; x64; Xbox; Xbox One) AppleWebKit/537.36 (KHTML, like Gecko) Chrome/114.0.0.0 Safari/537.36 Edge/44.18363.8131"
98.98.43.146 - - [20/Apr/2026:12:50:05 +0300] "GET /finest-a-real-income-casinos-on-the-internet-around-australia-to-own-2026/ HTTP/1.1" 200 75478 "-" "Mozilla/5.0 (Windows NT 10.0; Win64; x64) AppleWebKit/537.36 (KHTML, like Gecko) Chrome/123.0.0.0 Safari/537.36"
185.216.113.70 - - [20/Apr/2026:12:50:26 +0300] "POST /wp-cron.php?doing_wp_cron=1776678625.8904039859771728515625 HTTP/1.1" 200 448 "-" "WordPress/6.3.8; https://serhatburke.miroglu.net"
178.159.37.156 - - [20/Apr/2026:12:50:13 +0300] "POST /xmlrpc.php HTTP/1.1" 200 19745 "-" "Mozilla/5.0 (Windows NT 10.0; Win64; x64; Xbox; Xbox One) AppleWebKit/537.36 (KHTML, like Gecko) Chrome/114.0.0.0 Safari/537.36 Edge/44.18363.8131"
98.98.43.146 - - [20/Apr/2026:12:50:20 +0300] "POST /xmlrpc.php HTTP/1.1" 200 630 "-" "Mozilla/5.0 (Windows NT 10.0; Win64; x64) AppleWebKit/537.36 (KHTML, like Gecko) Chrome/114.0.0.0 Safari/537.36"
98.98.43.146 - - [20/Apr/2026:12:50:39 +0300] "POST /xmlrpc.php HTTP/1.1" 200 12272 "-" "Mozilla/5.0 (Windows NT 10.0; Win64; x64) AppleWebKit/537.36 (KHTML, like Gecko) Chrome/114.0.0.0 Safari/537.36"
98.98.43.146 - - [20/Apr/2026:12:50:52 +0300] "GET /the-fresh-web-based-casinos-around-australia-to-have-2025-top-10-the-newest-selections/ HTTP/1.1" 200 74143 "-" "Mozilla/5.0 (Windows NT 10.0; Win64; x64; rv:125.0) Gecko/20100101 Firefox/125.0"
185.216.113.70 - - [20/Apr/2026:12:51:33 +0300] "POST /wp-cron.php?doing_wp_cron=1776678693.3907690048217773437500 HTTP/1.1" 200 448 "-" "WordPress/6.3.8; https://serhatburke.miroglu.net"
158.69.22.136 - - [20/Apr/2026:12:51:20 +0300] "GET /beste-casino-site-belgie-hoge-inzet/ HTTP/1.1" 200 18613 "-" "Mozilla/5.0 (compatible; Googlebot/2.1; +http://www.google.com/bot.html)"
185.216.113.70 - - [20/Apr/2026:12:51:34 +0300] "POST /wp-cron.php?doing_wp_cron=1776678693.9925749301910400390625 HTTP/1.1" 200 448 "-" "WordPress/6.3.8; https://serhatburke.miroglu.net"
98.98.43.146 - - [20/Apr/2026:12:51:20 +0300] "POST /xmlrpc.php HTTP/1.1" 200 630 "-" "Mozilla/5.0 (Windows NT 10.0; Win64; x64) AppleWebKit/537.36 (KHTML, like Gecko) Chrome/114.0.0.0 Safari/537.36"
98.98.43.146 - - [20/Apr/2026:12:51:40 +0300] "POST /xmlrpc.php HTTP/1.1" 200 14354 "-" "Mozilla/5.0 (Windows NT 10.0; Win64; x64) AppleWebKit/537.36 (KHTML, like Gecko) Chrome/114.0.0.0 Safari/537.36"
107.172.233.79 - - [20/Apr/2026:12:51:54 +0300] "POST /xmlrpc.php HTTP/1.1" 200 1695 "-" "Mozilla/5.0 (Windows NT 10.0; Win64; x64) AppleWebKit/537.36 (KHTML, like Gecko) Chrome/124.0.0.0 Safari/537.36"
98.98.43.146 - - [20/Apr/2026:12:51:57 +0300] "GET /short-gaming-towns-around-australia/ HTTP/1.1" 200 74769 "-" "Mozilla/5.0 (Windows NT 10.0; Win64; x64) AppleWebKit/537.36 (KHTML, like Gecko) Chrome/109.0.0.0 Safari/537.36"
37.27.228.124 - - [20/Apr/2026:12:52:07 +0300] "POST /xmlrpc.php HTTP/1.1" 200 106688 "-" "Mozilla/5.0 (Windows NT 10.0; Win64; x64) AppleWebKit/537.36 (KHTML, like Gecko) Chrome/120.0.0.0 Safari/537.36"
200.25.47.132 - - [20/Apr/2026:12:52:09 +0300] "POST /xmlrpc.php HTTP/1.1" 200 630 "-" "Mozilla/5.0 (Windows NT 10.0; Win64; x64) AppleWebKit/537.36 (KHTML, like Gecko) Chrome/114.0.0.0 Safari/537.36"
185.216.113.70 - - [20/Apr/2026:12:52:41 +0300] "POST /wp-cron.php?doing_wp_cron=1776678761.6067349910736083984375 HTTP/1.1" 200 448 "-" "WordPress/6.3.8; https://serhatburke.miroglu.net"
98.98.43.146 - - [20/Apr/2026:12:52:13 +0300] "POST /xmlrpc.php HTTP/1.1" 200 630 "-" "Mozilla/5.0 (Windows NT 10.0; Win64; x64) AppleWebKit/537.36 (KHTML, like Gecko) Chrome/114.0.0.0 Safari/537.36"
120.29.77.54 - - [20/Apr/2026:12:52:11 +0300] "GET /28563-2/ HTTP/1.1" 200 18760 "https://serhatburke.miroglu.net/" "Mozilla/5.0 (X11; Linux x86_64; rv:140.0) Gecko/20100101 Firefox/140.0"
159.223.61.53 - - [20/Apr/2026:12:52:26 +0300] "GET /casino-online-skrill-prelievo-veloce/ HTTP/1.1" 200 18092 "https://serhatburke.miroglu.net/" "Mozilla/5.0 (Windows NT 10.0; Win64; x64) AppleWebKit/537.36 (KHTML, like Gecko) Chrome/133.0.6943.141 Safari/537.36"
37.27.228.124 - - [20/Apr/2026:12:52:30 +0300] "POST /xmlrpc.php HTTP/1.1" 200 664 "-" "Mozilla/5.0 (Windows NT 10.0; Win64; x64) AppleWebKit/537.36 (KHTML, like Gecko) Chrome/120.0.0.0 Safari/537.36"
178.159.37.49 - - [20/Apr/2026:12:52:32 +0300] "POST /xmlrpc.php HTTP/1.1" 200 107401 "-" "Mozilla/5.0 (Windows NT 10.0; Win64; x64) AppleWebKit/537.36 (KHTML, like Gecko) Chrome/143.0.0.0 Safari/537.36"
200.25.47.132 - - [20/Apr/2026:12:52:41 +0300] "POST /xmlrpc.php HTTP/1.1" 200 11692 "-" "Mozilla/5.0 (Windows NT 10.0; Win64; x64) AppleWebKit/537.36 (KHTML, like Gecko) Chrome/114.0.0.0 Safari/537.36"
120.29.77.54 - - [20/Apr/2026:12:52:41 +0300] "GET /28563-2/ HTTP/1.1" 200 18760 "https://serhatburke.miroglu.net/" "Mozilla/5.0 (X11; Linux x86_64; rv:140.0) Gecko/20100101 Firefox/140.0"
98.98.43.146 - - [20/Apr/2026:12:52:48 +0300] "POST /xmlrpc.php HTTP/1.1" 200 14596 "-" "Mozilla/5.0 (Windows NT 10.0; Win64; x64) AppleWebKit/537.36 (KHTML, like Gecko) Chrome/114.0.0.0 Safari/537.36"
185.216.113.70 - - [20/Apr/2026:12:53:50 +0300] "POST /wp-cron.php?doing_wp_cron=1776678830.0687949657440185546875 HTTP/1.1" 200 448 "-" "WordPress/6.3.8; https://serhatburke.miroglu.net"
159.223.61.53 - - [20/Apr/2026:12:52:56 +0300] "GET /casino-online-skrill-prelievo-veloce/ HTTP/1.1" 200 18092 "https://serhatburke.miroglu.net/" "Mozilla/5.0 (Windows NT 10.0; Win64; x64) AppleWebKit/537.36 (KHTML, like Gecko) Chrome/133.0.6943.141 Safari/537.36"
37.27.228.124 - - [20/Apr/2026:12:53:08 +0300] "POST /xmlrpc.php HTTP/1.1" 200 0 "-" "Mozilla/5.0 (Windows NT 10.0; Win64; x64) AppleWebKit/537.36 (KHTML, like Gecko) Chrome/120.0.0.0 Safari/537.36"
185.216.113.70 - - [20/Apr/2026:12:54:10 +0300] "POST /wp-cron.php?doing_wp_cron=1776678850.5751059055328369140625 HTTP/1.1" 200 448 "-" "WordPress/6.3.8; https://serhatburke.miroglu.net"
185.216.113.70 - - [20/Apr/2026:12:54:13 +0300] "POST /wp-cron.php?doing_wp_cron=1776678853.4785909652709960937500 HTTP/1.1" 200 448 "-" "WordPress/6.3.8; https://serhatburke.miroglu.net"
178.159.37.49 - - [20/Apr/2026:12:53:13 +0300] "POST /xmlrpc.php HTTP/1.1" 200 0 "-" "Mozilla/5.0 (Windows NT 10.0; Win64; x64) AppleWebKit/537.36 (KHTML, like Gecko) Chrome/143.0.0.0 Safari/537.36"
120.29.77.54 - - [20/Apr/2026:12:53:12 +0300] "GET /28563-2/ HTTP/1.1" 200 18759 "https://serhatburke.miroglu.net/" "Mozilla/5.0 (X11; Linux x86_64; rv:140.0) Gecko/20100101 Firefox/140.0"
185.216.113.70 - - [20/Apr/2026:12:54:23 +0300] "POST /wp-cron.php?doing_wp_cron=1776678863.3389489650726318359375 HTTP/1.1" 200 448 "-" "WordPress/6.3.8; https://serhatburke.miroglu.net"
185.216.113.70 - - [20/Apr/2026:12:54:23 +0300] "POST /wp-cron.php?doing_wp_cron=1776678863.4788289070129394531250 HTTP/1.1" 200 448 "-" "WordPress/6.3.8; https://serhatburke.miroglu.net"
98.98.43.146 - - [20/Apr/2026:12:53:19 +0300] "POST /xmlrpc.php HTTP/1.1" 200 630 "-" "Mozilla/5.0 (Windows NT 10.0; Win64; x64) AppleWebKit/537.36 (KHTML, like Gecko) Chrome/114.0.0.0 Safari/537.36"
185.216.113.70 - - [20/Apr/2026:12:54:35 +0300] "POST /wp-cron.php?doing_wp_cron=1776678875.6620550155639648437500 HTTP/1.1" 200 448 "-" "WordPress/6.3.8; https://serhatburke.miroglu.net"
159.223.61.53 - - [20/Apr/2026:12:53:27 +0300] "GET /casino-online-skrill-prelievo-veloce/ HTTP/1.1" 200 18194 "https://serhatburke.miroglu.net/" "Mozilla/5.0 (Windows NT 10.0; Win64; x64) AppleWebKit/537.36 (KHTML, like Gecko) Chrome/133.0.6943.141 Safari/537.36"
185.216.113.70 - - [20/Apr/2026:12:54:40 +0300] "POST /wp-cron.php?doing_wp_cron=1776678880.4012539386749267578125 HTTP/1.1" 200 448 "-" "WordPress/6.3.8; https://serhatburke.miroglu.net"
200.25.47.132 - - [20/Apr/2026:12:53:29 +0300] "GET /immortal-love-position-trial-comment/ HTTP/1.1" 200 72553 "-" "Mozilla/5.0 (Windows NT 10.0; Win64; x64) AppleWebKit/537.36 (KHTML, like Gecko) Chrome/124.0.0.0 Safari/537.36 Edg/124.0.0.0"
185.216.113.70 - - [20/Apr/2026:12:54:57 +0300] "POST /wp-cron.php?doing_wp_cron=1776678897.2676370143890380859375 HTTP/1.1" 200 448 "-" "WordPress/6.3.8; https://serhatburke.miroglu.net"
185.216.113.70 - - [20/Apr/2026:12:55:03 +0300] "POST /wp-cron.php?doing_wp_cron=1776678903.2937080860137939453125 HTTP/1.1" 200 448 "-" "WordPress/6.3.8; https://serhatburke.miroglu.net"
98.98.43.146 - - [20/Apr/2026:12:53:40 +0300] "GET /greatest-casinos-on-the-internet-australian-continent-better-15-real-money-web-sites-2026/ HTTP/1.1" 200 76315 "-" "Mozilla/5.0 (Windows NT 10.0; Win64; x64) AppleWebKit/537.36 (KHTML, like Gecko) Chrome/109.0.0.0 Safari/537.36"
140.99.203.52 - - [20/Apr/2026:12:53:40 +0300] "GET /magius-casino-emociones-de-quickspin-y-maestra-en/ HTTP/1.1" 200 22007 "-" "Python/3.14 aiohttp/3.13.3"
185.216.113.70 - - [20/Apr/2026:12:55:07 +0300] "POST /wp-cron.php?doing_wp_cron=1776678907.4550919532775878906250 HTTP/1.1" 200 448 "-" "WordPress/6.3.8; https://serhatburke.miroglu.net"
44.217.155.218 - - [20/Apr/2026:12:53:40 +0300] "GET /robots.txt HTTP/1.1" 200 605 "-" "Mozilla/5.0 (Macintosh; Intel Mac OS X 10_10_1) AppleWebKit/600.2.5 (KHTML, like Gecko) Version/8.0.2 Safari/600.2.5 (Gort)"
37.27.228.124 - - [20/Apr/2026:12:54:09 +0300] "POST /xmlrpc.php HTTP/1.1" 200 0 "-" "Mozilla/5.0 (Windows NT 10.0; Win64; x64) AppleWebKit/537.36 (KHTML, like Gecko) Chrome/120.0.0.0 Safari/537.36"
178.159.37.49 - - [20/Apr/2026:12:54:13 +0300] "POST /xmlrpc.php HTTP/1.1" 200 0 "-" "Mozilla/5.0 (Windows NT 10.0; Win64; x64) AppleWebKit/537.36 (KHTML, like Gecko) Chrome/143.0.0.0 Safari/537.36"
185.216.113.70 - - [20/Apr/2026:12:55:26 +0300] "POST /wp-cron.php?doing_wp_cron=1776678926.6258769035339355468750 HTTP/1.1" 200 448 "-" "WordPress/6.3.8; https://serhatburke.miroglu.net"
107.174.194.9 - - [20/Apr/2026:12:53:53 +0300] "GET /magius-casino-emociones-de-quickspin-y-maestra-en/ HTTP/1.1" 200 21920 "-" "Python/3.14 aiohttp/3.13.3"
98.98.43.146 - - [20/Apr/2026:12:54:07 +0300] "POST /xmlrpc.php HTTP/1.1" 200 630 "-" "Mozilla/5.0 (Windows NT 10.0; Win64; x64) AppleWebKit/537.36 (KHTML, like Gecko) Chrome/114.0.0.0 Safari/537.36"
178.159.37.83 - - [20/Apr/2026:12:54:50 +0300] "POST /xmlrpc.php HTTP/1.1" 200 0 "-" "Mozilla/5.0 (Windows NT 10.0; Win64; x64) AppleWebKit/537.36 (KHTML, like Gecko) Chrome/70.0.3538.102 Safari/537.36 Edge/18.18362"
45.43.93.194 - - [20/Apr/2026:12:54:06 +0300] "GET /magius-casino-emociones-de-quickspin-y-maestra-en/ HTTP/1.1" 200 21862 "-" "Python/3.14 aiohttp/3.13.3"
37.27.228.124 - - [20/Apr/2026:12:55:09 +0300] "POST /xmlrpc.php HTTP/1.1" 200 0 "-" "Mozilla/5.0 (Windows NT 10.0; Win64; x64) AppleWebKit/537.36 (KHTML, like Gecko) Chrome/120.0.0.0 Safari/537.36"
178.159.37.49 - - [20/Apr/2026:12:55:14 +0300] "POST /xmlrpc.php HTTP/1.1" 200 0 "-" "Mozilla/5.0 (Windows NT 10.0; Win64; x64) AppleWebKit/537.36 (KHTML, like Gecko) Chrome/143.0.0.0 Safari/537.36"
98.98.43.146 - - [20/Apr/2026:12:54:31 +0300] "POST /xmlrpc.php HTTP/1.1" 200 12041 "-" "Mozilla/5.0 (Windows NT 10.0; Win64; x64) AppleWebKit/537.36 (KHTML, like Gecko) Chrome/114.0.0.0 Safari/537.36"
185.216.113.70 - - [20/Apr/2026:12:56:46 +0300] "POST /wp-cron.php?doing_wp_cron=1776679006.5578639507293701171875 HTTP/1.1" 200 448 "-" "WordPress/6.3.8; https://serhatburke.miroglu.net"
98.98.43.146 - - [20/Apr/2026:12:55:02 +0300] "POST /xmlrpc.php HTTP/1.1" 200 630 "-" "Mozilla/5.0 (Windows NT 10.0; Win64; x64) AppleWebKit/537.36 (KHTML, like Gecko) Chrome/114.0.0.0 Safari/537.36"
178.159.37.83 - - [20/Apr/2026:12:55:51 +0300] "POST /xmlrpc.php HTTP/1.1" 200 0 "-" "Mozilla/5.0 (Windows NT 10.0; Win64; x64) AppleWebKit/537.36 (KHTML, like Gecko) Chrome/70.0.3538.102 Safari/537.36 Edge/18.18362"
185.216.113.70 - - [20/Apr/2026:12:57:08 +0300] "POST /wp-cron.php?doing_wp_cron=1776679027.8850800991058349609375 HTTP/1.1" 200 448 "-" "WordPress/6.3.8; https://serhatburke.miroglu.net"
98.98.43.146 - - [20/Apr/2026:12:55:53 +0300] "POST /xmlrpc.php HTTP/1.1" 200 630 "-" "Mozilla/5.0 (Windows NT 10.0; Win64; x64) AppleWebKit/537.36 (KHTML, like Gecko) Chrome/114.0.0.0 Safari/537.36"
185.216.113.70 - - [20/Apr/2026:12:57:08 +0300] "POST /wp-cron.php?doing_wp_cron=1776679028.5130159854888916015625 HTTP/1.1" 200 448 "-" "WordPress/6.3.8; https://serhatburke.miroglu.net"
98.98.43.146 - - [20/Apr/2026:12:55:47 +0300] "POST /xmlrpc.php HTTP/1.1" 200 11552 "-" "Mozilla/5.0 (Windows NT 10.0; Win64; x64) AppleWebKit/537.36 (KHTML, like Gecko) Chrome/114.0.0.0 Safari/537.36"
185.216.113.70 - - [20/Apr/2026:12:57:14 +0300] "POST /wp-cron.php?doing_wp_cron=1776679033.9711399078369140625000 HTTP/1.1" 200 448 "-" "WordPress/6.3.8; https://serhatburke.miroglu.net"
200.25.47.132 - - [20/Apr/2026:12:55:43 +0300] "POST /xmlrpc.php HTTP/1.1" 200 630 "-" "Mozilla/5.0 (Windows NT 10.0; Win64; x64) AppleWebKit/537.36 (KHTML, like Gecko) Chrome/114.0.0.0 Safari/537.36"
178.159.37.49 - - [20/Apr/2026:12:56:17 +0300] "POST /xmlrpc.php HTTP/1.1" 200 0 "-" "Mozilla/5.0 (Windows NT 10.0; Win64; x64) AppleWebKit/537.36 (KHTML, like Gecko) Chrome/143.0.0.0 Safari/537.36"
185.216.113.70 - - [20/Apr/2026:12:57:33 +0300] "POST /wp-cron.php?doing_wp_cron=1776679052.8709120750427246093750 HTTP/1.1" 200 448 "-" "WordPress/6.3.8; https://serhatburke.miroglu.net"
185.216.113.70 - - [20/Apr/2026:12:57:34 +0300] "POST /wp-cron.php?doing_wp_cron=1776679054.5140459537506103515625 HTTP/1.1" 200 448 "-" "WordPress/6.3.8; https://serhatburke.miroglu.net"
98.98.43.146 - - [20/Apr/2026:12:56:15 +0300] "POST /xmlrpc.php HTTP/1.1" 200 12041 "-" "Mozilla/5.0 (Windows NT 10.0; Win64; x64) AppleWebKit/537.36 (KHTML, like Gecko) Chrome/114.0.0.0 Safari/537.36"
34.9.116.1 - - [20/Apr/2026:12:56:24 +0300] "GET / HTTP/1.1" 200 68881 "-" "Mozilla/5.0 (Windows NT 10.0; Win64; x64) AppleWebKit/537.36 (KHTML, like Gecko) Chrome/78.0.3904.108 Safari/537.36"
178.159.37.83 - - [20/Apr/2026:12:56:52 +0300] "POST /xmlrpc.php HTTP/1.1" 200 0 "-" "Mozilla/5.0 (Windows NT 10.0; Win64; x64) AppleWebKit/537.36 (KHTML, like Gecko) Chrome/70.0.3538.102 Safari/537.36 Edge/18.18362"
185.216.113.70 - - [20/Apr/2026:12:57:54 +0300] "POST /wp-cron.php?doing_wp_cron=1776679074.2572419643402099609375 HTTP/1.1" 200 448 "-" "WordPress/6.3.8; https://serhatburke.miroglu.net"
98.98.43.146 - - [20/Apr/2026:12:56:42 +0300] "POST /xmlrpc.php HTTP/1.1" 500 1102 "-" "Mozilla/5.0 (Windows NT 10.0; Win64; x64) AppleWebKit/537.36 (KHTML, like Gecko) Chrome/114.0.0.0 Safari/537.36"
185.216.113.70 - - [20/Apr/2026:12:58:05 +0300] "POST /wp-cron.php?doing_wp_cron=1776679084.8907420635223388671875 HTTP/1.1" 200 448 "-" "WordPress/6.3.8; https://serhatburke.miroglu.net"
98.98.43.146 - - [20/Apr/2026:12:56:44 +0300] "POST /xmlrpc.php HTTP/1.1" 200 630 "-" "Mozilla/5.0 (Windows NT 10.0; Win64; x64) AppleWebKit/537.36 (KHTML, like Gecko) Chrome/114.0.0.0 Safari/537.36"
185.216.113.70 - - [20/Apr/2026:12:58:36 +0300] "POST /wp-cron.php?doing_wp_cron=1776679116.1738979816436767578125 HTTP/1.1" 200 448 "-" "WordPress/6.3.8; https://serhatburke.miroglu.net"
98.98.43.146 - - [20/Apr/2026:12:57:10 +0300] "GET /zodiac-gambling-enterprise-remark-80-100-percent-free-revolves-incentive-to-have-step-one-2026/ HTTP/1.1" 200 73571 "-" "Mozilla/5.0 (Windows NT 10.0; Win64; x64) AppleWebKit/537.36 (KHTML, like Gecko) Chrome/124.0.0.0 Safari/537.36"
185.216.113.70 - - [20/Apr/2026:12:58:49 +0300] "POST /wp-cron.php?doing_wp_cron=1776679129.3580970764160156250000 HTTP/1.1" 200 448 "-" "WordPress/6.3.8; https://serhatburke.miroglu.net"
98.98.43.146 - - [20/Apr/2026:12:57:15 +0300] "POST /xmlrpc.php HTTP/1.1" 200 14661 "-" "Mozilla/5.0 (Windows NT 10.0; Win64; x64) AppleWebKit/537.36 (KHTML, like Gecko) Chrome/114.0.0.0 Safari/537.36"
178.159.37.83 - - [20/Apr/2026:12:57:53 +0300] "POST /xmlrpc.php HTTP/1.1" 200 0 "-" "Mozilla/5.0 (Windows NT 10.0; Win64; x64) AppleWebKit/537.36 (KHTML, like Gecko) Chrome/70.0.3538.102 Safari/537.36 Edge/18.18362"
185.216.113.70 - - [20/Apr/2026:12:58:58 +0300] "POST /wp-cron.php?doing_wp_cron=1776679137.9747290611267089843750 HTTP/1.1" 200 448 "-" "WordPress/6.3.8; https://serhatburke.miroglu.net"
200.25.47.132 - - [20/Apr/2026:12:57:21 +0300] "POST /xmlrpc.php HTTP/1.1" 200 11854 "-" "Mozilla/5.0 (Windows NT 10.0; Win64; x64) AppleWebKit/537.36 (KHTML, like Gecko) Chrome/114.0.0.0 Safari/537.36"
185.216.113.70 - - [20/Apr/2026:12:59:07 +0300] "POST /wp-cron.php?doing_wp_cron=1776679147.3591909408569335937500 HTTP/1.1" 200 448 "-" "WordPress/6.3.8; https://serhatburke.miroglu.net"
185.216.113.70 - - [20/Apr/2026:12:59:08 +0300] "POST /wp-cron.php?doing_wp_cron=1776679148.1592650413513183593750 HTTP/1.1" 200 448 "-" "WordPress/6.3.8; https://serhatburke.miroglu.net"
34.9.116.1 - - [20/Apr/2026:12:57:40 +0300] "GET //wp-includes/wlwmanifest.xml HTTP/1.1" 301 419 "-" "Mozilla/5.0 (Windows NT 10.0; Win64; x64) AppleWebKit/537.36 (KHTML, like Gecko) Chrome/78.0.3904.108 Safari/537.36"
98.98.43.146 - - [20/Apr/2026:12:57:35 +0300] "POST /xmlrpc.php HTTP/1.1" 200 630 "-" "Mozilla/5.0 (Windows NT 10.0; Win64; x64) AppleWebKit/537.36 (KHTML, like Gecko) Chrome/114.0.0.0 Safari/537.36"
185.216.113.70 - - [20/Apr/2026:12:59:13 +0300] "POST /wp-cron.php?doing_wp_cron=1776679153.6551029682159423828125 HTTP/1.1" 200 448 "-" "WordPress/6.3.8; https://serhatburke.miroglu.net"
98.98.43.146 - - [20/Apr/2026:12:57:36 +0300] "GET /better-real-cash-pokies-2025/ HTTP/1.1" 200 72142 "-" "Mozilla/5.0 (Windows NT 10.0; Win64; x64) AppleWebKit/537.36 (KHTML, like Gecko) Chrome/124.0.0.0 Safari/537.36"
192.142.53.92 - - [20/Apr/2026:12:59:07 +0300] "GET /casino-utan-svensk-licens-din-guide-till-43/ HTTP/2" 200 0 "-" "Mozilla/5.0 (Windows NT 10.0; Win64; x64) AppleWebKit/537.36 (KHTML, like Gecko) Chrome/124.0.0.0 Safari/537.36"
185.216.113.70 - - [20/Apr/2026:12:59:27 +0300] "POST /wp-cron.php?doing_wp_cron=1776679167.7702240943908691406250 HTTP/1.1" 200 448 "-" "WordPress/6.3.8; https://serhatburke.miroglu.net"
98.98.43.146 - - [20/Apr/2026:12:58:01 +0300] "POST /xmlrpc.php HTTP/1.1" 200 14116 "-" "Mozilla/5.0 (Windows NT 10.0; Win64; x64) AppleWebKit/537.36 (KHTML, like Gecko) Chrome/114.0.0.0 Safari/537.36"
185.216.113.70 - - [20/Apr/2026:12:59:45 +0300] "POST /wp-cron.php?doing_wp_cron=1776679185.5274538993835449218750 HTTP/1.1" 200 448 "-" "WordPress/6.3.8; https://serhatburke.miroglu.net"
98.98.43.146 - - [20/Apr/2026:12:58:07 +0300] "POST /xmlrpc.php HTTP/1.1" 500 1102 "-" "Mozilla/5.0 (Windows NT 10.0; Win64; x64) AppleWebKit/537.36 (KHTML, like Gecko) Chrome/114.0.0.0 Safari/537.36"
192.142.53.92 - - [20/Apr/2026:12:59:29 +0300] "GET /casino-utan-svensk-licens-din-guide-till-43/ HTTP/2" 200 0 "-" "Mozilla/5.0 (Windows NT 10.0; Win64; x64) AppleWebKit/537.36 (KHTML, like Gecko) Chrome/124.0.0.0 Safari/537.36"
192.142.53.92 - - [20/Apr/2026:12:59:50 +0300] "GET /casino-utan-svensk-licens-din-guide-till-43/ HTTP/2" 200 0 "-" "Mozilla/5.0 (Windows NT 10.0; Win64; x64) AppleWebKit/537.36 (KHTML, like Gecko) Chrome/124.0.0.0 Safari/537.36"
185.216.113.70 - - [20/Apr/2026:13:00:12 +0300] "POST /wp-cron.php?doing_wp_cron=1776679212.0951058864593505859375 HTTP/1.1" 200 448 "-" "WordPress/6.3.8; https://serhatburke.miroglu.net"
98.98.43.146 - - [20/Apr/2026:12:58:28 +0300] "POST /xmlrpc.php HTTP/1.1" 500 1102 "-" "Mozilla/5.0 (Windows NT 10.0; Win64; x64) AppleWebKit/537.36 (KHTML, like Gecko) Chrome/114.0.0.0 Safari/537.36"
104.207.42.34 - - [20/Apr/2026:12:59:47 +0300] "GET /wp-login.php HTTP/1.1" 200 0 "-" "Mozilla/5.0 (Windows NT 10.0; Win64; x64) AppleWebKit/537.36 (KHTML, like Gecko) Chrome/143.0.0.0 Safari/537.36"
65.111.0.213 - - [20/Apr/2026:12:59:48 +0300] "GET /wp-login.php HTTP/1.1" 200 0 "-" "Mozilla/5.0 (Windows NT 10.0; Win64; x64) AppleWebKit/537.36 (KHTML, like Gecko) Chrome/143.0.0.0 Safari/537.36"
192.142.53.92 - - [20/Apr/2026:13:00:32 +0300] "GET /svenska-casinon-en-guide-till-palitliga-28/ HTTP/2" 200 0 "-" "Mozilla/5.0 (Windows NT 10.0; Win64; x64) AppleWebKit/537.36 (KHTML, like Gecko) Chrome/124.0.0.0 Safari/537.36"
104.207.49.135 - - [20/Apr/2026:12:59:52 +0300] "GET /wp-login.php HTTP/1.1" 200 0 "-" "Mozilla/5.0 (Windows NT 10.0; Win64; x64) AppleWebKit/537.36 (KHTML, like Gecko) Chrome/143.0.0.0 Safari/537.36"
98.98.43.146 - - [20/Apr/2026:12:58:51 +0300] "GET /3-minimal-deposit-local-casino-british-play-3-put-ports/ HTTP/1.1" 500 745 "-" "Mozilla/5.0 (Windows NT 10.0; rv:109.0) Gecko/20100101 Firefox/115.0"
185.216.113.70 - - [20/Apr/2026:13:00:57 +0300] "POST /wp-cron.php?doing_wp_cron=1776679257.4730410575866699218750 HTTP/1.1" 200 448 "-" "WordPress/6.3.8; https://serhatburke.miroglu.net"
200.25.47.132 - - [20/Apr/2026:12:59:00 +0300] "GET /effective-clover-5-hold-win-slot-100-percent-free-trial-comment/ HTTP/1.1" 500 745 "-" "Mozilla/5.0 (Windows NT 10.0; Win64; x64) AppleWebKit/537.36 (KHTML, like Gecko) Chrome/123.0.0.0 Safari/537.36"
34.9.116.1 - - [20/Apr/2026:12:59:08 +0300] "GET //xmlrpc.php?rsd HTTP/1.1" 500 604 "-" "Mozilla/5.0 (Windows NT 10.0; Win64; x64) AppleWebKit/537.36 (KHTML, like Gecko) Chrome/78.0.3904.108 Safari/537.36"
98.98.43.146 - - [20/Apr/2026:12:59:10 +0300] "POST /xmlrpc.php HTTP/1.1" 500 745 "-" "Mozilla/5.0 (Windows NT 10.0; Win64; x64) AppleWebKit/537.36 (KHTML, like Gecko) Chrome/114.0.0.0 Safari/537.36"
192.142.53.92 - - [20/Apr/2026:13:00:53 +0300] "GET /svenska-casinon-en-guide-till-palitliga-28/ HTTP/2" 200 0 "-" "Mozilla/5.0 (Windows NT 10.0; Win64; x64) AppleWebKit/537.36 (KHTML, like Gecko) Chrome/124.0.0.0 Safari/537.36"
98.98.43.146 - - [20/Apr/2026:12:59:16 +0300] "POST /xmlrpc.php HTTP/1.1" 500 745 "-" "Mozilla/5.0 (Windows NT 10.0; Win64; x64) AppleWebKit/537.36 (KHTML, like Gecko) Chrome/114.0.0.0 Safari/537.36"
185.216.113.70 - - [20/Apr/2026:13:01:20 +0300] "POST /wp-cron.php?doing_wp_cron=1776679280.1693449020385742187500 HTTP/1.1" 200 448 "-" "WordPress/6.3.8; https://serhatburke.miroglu.net"
98.98.43.146 - - [20/Apr/2026:12:59:20 +0300] "POST /xmlrpc.php HTTP/1.1" 500 1102 "-" "Mozilla/5.0 (Windows NT 10.0; Win64; x64) AppleWebKit/537.36 (KHTML, like Gecko) Chrome/114.0.0.0 Safari/537.36"
98.98.43.146 - - [20/Apr/2026:12:59:29 +0300] "GET /aztec-forehead-position-wager-free-online-and-no-downloads/ HTTP/1.1" 500 745 "-" "Mozilla/5.0 (Windows NT 10.0; Win64; x64) AppleWebKit/537.36 (KHTML, like Gecko) Chrome/124.0.0.0 Safari/537.36 Edg/124.0.0.0"
192.142.53.92 - - [20/Apr/2026:13:01:14 +0300] "GET /svenska-casinon-en-guide-till-palitliga-28/ HTTP/2" 200 0 "-" "Mozilla/5.0 (Windows NT 10.0; Win64; x64) AppleWebKit/537.36 (KHTML, like Gecko) Chrome/124.0.0.0 Safari/537.36"
185.216.113.70 - - [20/Apr/2026:13:01:34 +0300] "POST /wp-cron.php?doing_wp_cron=1776679294.3873710632324218750000 HTTP/1.1" 200 448 "-" "WordPress/6.3.8; https://serhatburke.miroglu.net"
185.216.113.70 - - [20/Apr/2026:13:01:48 +0300] "POST /wp-cron.php?doing_wp_cron=1776679307.9728291034698486328125 HTTP/1.1" 200 448 "-" "WordPress/6.3.8; https://serhatburke.miroglu.net"
185.216.113.70 - - [20/Apr/2026:13:01:48 +0300] "POST /wp-cron.php?doing_wp_cron=1776679307.9701380729675292968750 HTTP/1.1" 200 448 "-" "WordPress/6.3.8; https://serhatburke.miroglu.net"
104.207.40.201 - - [20/Apr/2026:13:00:48 +0300] "GET /wp-login.php HTTP/1.1" 200 0 "-" "Mozilla/5.0 (Windows NT 10.0; Win64; x64) AppleWebKit/537.36 (KHTML, like Gecko) Chrome/143.0.0.0 Safari/537.36"
216.26.241.242 - - [20/Apr/2026:13:00:49 +0300] "GET /wp-login.php HTTP/1.1" 200 0 "-" "Mozilla/5.0 (Windows NT 10.0; Win64; x64) AppleWebKit/537.36 (KHTML, like Gecko) Chrome/143.0.0.0 Safari/537.36"
158.69.22.136 - - [20/Apr/2026:13:01:20 +0300] "GET /beste-casino-site-belgie-hoge-inzet/ HTTP/1.1" 200 0 "-" "Mozilla/5.0 (compatible; Googlebot/2.1; +http://www.google.com/bot.html)"
217.181.90.169 - - [20/Apr/2026:13:00:52 +0300] "GET /wp-login.php HTTP/1.1" 200 0 "-" "Mozilla/5.0 (Windows NT 10.0; Win64; x64) AppleWebKit/537.36 (KHTML, like Gecko) Chrome/143.0.0.0 Safari/537.36"
185.216.113.70 - - [20/Apr/2026:13:01:54 +0300] "POST /wp-cron.php?doing_wp_cron=1776679314.3794610500335693359375 HTTP/1.1" 200 448 "-" "WordPress/6.3.8; https://serhatburke.miroglu.net"
185.216.113.70 - - [20/Apr/2026:13:02:25 +0300] "POST /wp-cron.php?doing_wp_cron=1776679344.7552928924560546875000 HTTP/1.1" 200 448 "-" "WordPress/6.3.8; https://serhatburke.miroglu.net"
200.25.47.132 - - [20/Apr/2026:13:00:40 +0300] "POST /xmlrpc.php HTTP/1.1" 200 627 "-" "Mozilla/5.0 (Windows NT 10.0; Win64; x64) AppleWebKit/537.36 (KHTML, like Gecko) Chrome/114.0.0.0 Safari/537.36"
185.216.113.70 - - [20/Apr/2026:13:02:30 +0300] "POST /wp-cron.php?doing_wp_cron=1776679349.9665749073028564453125 HTTP/1.1" 200 448 "-" "WordPress/6.3.8; https://serhatburke.miroglu.net"
34.9.116.1 - - [20/Apr/2026:13:00:39 +0300] "GET / HTTP/1.1" 200 68881 "-" "Mozilla/5.0 (Windows NT 10.0; Win64; x64) AppleWebKit/537.36 (KHTML, like Gecko) Chrome/78.0.3904.108 Safari/537.36"
98.98.43.146 - - [20/Apr/2026:13:00:31 +0300] "POST /xmlrpc.php HTTP/1.1" 500 745 "-" "Mozilla/5.0 (Windows NT 10.0; Win64; x64) AppleWebKit/537.36 (KHTML, like Gecko) Chrome/114.0.0.0 Safari/537.36"
216.26.249.245 - - [20/Apr/2026:13:01:48 +0300] "GET /wp-login.php HTTP/1.1" 200 0 "-" "Mozilla/5.0 (Windows NT 10.0; Win64; x64) AppleWebKit/537.36 (KHTML, like Gecko) Chrome/143.0.0.0 Safari/537.36"
216.26.240.214 - - [20/Apr/2026:13:01:49 +0300] "GET /wp-login.php HTTP/1.1" 200 0 "-" "Mozilla/5.0 (Windows NT 10.0; Win64; x64) AppleWebKit/537.36 (KHTML, like Gecko) Chrome/143.0.0.0 Safari/537.36"
45.3.46.132 - - [20/Apr/2026:13:01:53 +0300] "GET /wp-login.php HTTP/1.1" 200 0 "-" "Mozilla/5.0 (Windows NT 10.0; Win64; x64) AppleWebKit/537.36 (KHTML, like Gecko) Chrome/143.0.0.0 Safari/537.36"
185.216.113.70 - - [20/Apr/2026:13:02:56 +0300] "POST /wp-cron.php?doing_wp_cron=1776679376.5150070190429687500000 HTTP/1.1" 200 448 "-" "WordPress/6.3.8; https://serhatburke.miroglu.net"
98.98.43.146 - - [20/Apr/2026:13:01:09 +0300] "POST /xmlrpc.php HTTP/1.1" 200 861 "-" "Mozilla/5.0 (Windows NT 10.0; Win64; x64) AppleWebKit/537.36 (KHTML, like Gecko) Chrome/114.0.0.0 Safari/537.36"
185.216.113.70 - - [20/Apr/2026:13:03:12 +0300] "POST /wp-cron.php?doing_wp_cron=1776679392.4982259273529052734375 HTTP/1.1" 200 448 "-" "WordPress/6.3.8; https://serhatburke.miroglu.net"
185.216.113.70 - - [20/Apr/2026:13:03:29 +0300] "POST /wp-cron.php?doing_wp_cron=1776679409.3557879924774169921875 HTTP/1.1" 200 448 "-" "WordPress/6.3.8; https://serhatburke.miroglu.net"
185.216.113.70 - - [20/Apr/2026:13:03:36 +0300] "POST /wp-cron.php?doing_wp_cron=1776679416.0815110206604003906250 HTTP/1.1" 200 448 "-" "WordPress/6.3.8; https://serhatburke.miroglu.net"
151.244.111.202 - - [20/Apr/2026:13:02:05 +0300] "GET /main-slot-online-tempat-terbaik-untuk-bermain-dan-4/ HTTP/1.1" 200 24044 "-" "Screaming Frog SEO Spider/16.7"
185.216.113.70 - - [20/Apr/2026:13:03:45 +0300] "POST /wp-cron.php?doing_wp_cron=1776679425.2557001113891601562500 HTTP/1.1" 200 448 "-" "WordPress/6.3.8; https://serhatburke.miroglu.net"
200.25.47.132 - - [20/Apr/2026:13:02:02 +0300] "POST /xmlrpc.php HTTP/1.1" 200 630 "-" "Mozilla/5.0 (Windows NT 10.0; Win64; x64) AppleWebKit/537.36 (KHTML, like Gecko) Chrome/114.0.0.0 Safari/537.36"
185.216.113.70 - - [20/Apr/2026:13:03:48 +0300] "POST /wp-cron.php?doing_wp_cron=1776679428.1600420475006103515625 HTTP/1.1" 200 448 "-" "WordPress/6.3.8; https://serhatburke.miroglu.net"
34.9.116.1 - - [20/Apr/2026:13:02:09 +0300] "GET //blog/wp-includes/wlwmanifest.xml HTTP/1.1" 301 602 "-" "Mozilla/5.0 (Windows NT 10.0; Win64; x64) AppleWebKit/537.36 (KHTML, like Gecko) Chrome/78.0.3904.108 Safari/537.36"
45.3.49.53 - - [20/Apr/2026:13:02:49 +0300] "GET /wp-login.php HTTP/1.1" 200 0 "-" "Mozilla/5.0 (Windows NT 10.0; Win64; x64) AppleWebKit/537.36 (KHTML, like Gecko) Chrome/143.0.0.0 Safari/537.36"
65.111.29.163 - - [20/Apr/2026:13:02:50 +0300] "GET /wp-login.php HTTP/1.1" 200 0 "-" "Mozilla/5.0 (Windows NT 10.0; Win64; x64) AppleWebKit/537.36 (KHTML, like Gecko) Chrome/143.0.0.0 Safari/537.36"
45.3.34.7 - - [20/Apr/2026:13:02:54 +0300] "GET /wp-login.php HTTP/1.1" 200 0 "-" "Mozilla/5.0 (Windows NT 10.0; Win64; x64) AppleWebKit/537.36 (KHTML, like Gecko) Chrome/143.0.0.0 Safari/537.36"
185.216.113.70 - - [20/Apr/2026:13:04:45 +0300] "POST /wp-cron.php?doing_wp_cron=1776679485.4002470970153808593750 HTTP/1.1" 200 448 "-" "WordPress/6.3.8; https://serhatburke.miroglu.net"
34.9.116.1 - - [20/Apr/2026:13:03:40 +0300] "GET //web/wp-includes/wlwmanifest.xml HTTP/1.1" 301 601 "-" "Mozilla/5.0 (Windows NT 10.0; Win64; x64) AppleWebKit/537.36 (KHTML, like Gecko) Chrome/78.0.3904.108 Safari/537.36"
185.216.113.70 - - [20/Apr/2026:13:04:48 +0300] "POST /wp-cron.php?doing_wp_cron=1776679488.2580399513244628906250 HTTP/1.1" 200 448 "-" "WordPress/6.3.8; https://serhatburke.miroglu.net"
151.123.177.70 - - [20/Apr/2026:13:03:49 +0300] "GET /wp-login.php HTTP/1.1" 200 4197 "-" "Mozilla/5.0 (Windows NT 10.0; Win64; x64) AppleWebKit/537.36 (KHTML, like Gecko) Chrome/143.0.0.0 Safari/537.36"
185.216.113.70 - - [20/Apr/2026:13:04:49 +0300] "POST /wp-cron.php?doing_wp_cron=1776679488.9917120933532714843750 HTTP/1.1" 200 448 "-" "WordPress/6.3.8; https://serhatburke.miroglu.net"
200.25.47.132 - - [20/Apr/2026:13:03:42 +0300] "POST /xmlrpc.php HTTP/1.1" 500 1102 "-" "Mozilla/5.0 (Windows NT 10.0; Win64; x64) AppleWebKit/537.36 (KHTML, like Gecko) Chrome/114.0.0.0 Safari/537.36"
185.216.113.70 - - [20/Apr/2026:13:04:51 +0300] "POST /wp-cron.php?doing_wp_cron=1776679491.4630830287933349609375 HTTP/1.1" 200 448 "-" "WordPress/6.3.8; https://serhatburke.miroglu.net"
