185.216.113.70 - - [20/Apr/2026:10:59:11 +0300] "POST /wp-cron.php?doing_wp_cron=1776671951.4619429111480712890625 HTTP/1.1" 200 448 "-" "WordPress/6.3.8; https://serhatburke.miroglu.net"
200.25.47.132 - - [20/Apr/2026:10:58:57 +0300] "POST /xmlrpc.php HTTP/1.1" 200 11092 "-" "Mozilla/5.0 (Windows NT 10.0; Win64; x64) AppleWebKit/537.36 (KHTML, like Gecko) Chrome/114.0.0.0 Safari/537.36"
17.241.75.62 - - [20/Apr/2026:10:59:11 +0300] "GET /o-que-e-omegle-os-perigos-as-proibicoes-e-os-novos-45/ HTTP/1.1" 200 23333 "-" "Mozilla/5.0 (Macintosh; Intel Mac OS X 10_15_7) AppleWebKit/605.1.15 (KHTML, like Gecko) Version/17.4 Safari/605.1.15 (Applebot/0.1; +http://www.apple.com/go/applebot)"
200.25.47.132 - - [20/Apr/2026:10:59:13 +0300] "GET /cool-fruit-ranch-trial-play-for-free-for-the-money/ HTTP/1.1" 200 71887 "-" "Mozilla/5.0 (Windows NT 10.0; rv:109.0) Gecko/20100101 Firefox/115.0"
185.216.113.70 - - [20/Apr/2026:11:00:42 +0300] "POST /wp-cron.php?doing_wp_cron=1776672042.2741689682006835937500 HTTP/1.1" 200 448 "-" "WordPress/6.3.8; https://serhatburke.miroglu.net"
85.208.96.199 - - [20/Apr/2026:11:00:30 +0300] "GET /gallery/gallery-grid-random/ HTTP/1.1" 200 20445 "-" "Mozilla/5.0 (compatible; SemrushBot/7~bl; +http://www.semrush.com/bot.html)"
102.221.34.102 - - [20/Apr/2026:11:01:08 +0300] "POST /xmlrpc.php HTTP/1.1" 200 630 "-" "Mozilla/5.0 (Windows NT 10.0; Win64; x64) AppleWebKit/537.36 (KHTML, like Gecko) Chrome/114.0.0.0 Safari/537.36"
185.216.113.70 - - [20/Apr/2026:11:01:38 +0300] "POST /wp-cron.php?doing_wp_cron=1776672098.6142749786376953125000 HTTP/1.1" 200 448 "-" "WordPress/6.3.8; https://serhatburke.miroglu.net"
102.221.34.102 - - [20/Apr/2026:11:01:26 +0300] "POST /xmlrpc.php HTTP/1.1" 200 14274 "-" "Mozilla/5.0 (Windows NT 10.0; Win64; x64) AppleWebKit/537.36 (KHTML, like Gecko) Chrome/114.0.0.0 Safari/537.36"
200.25.47.132 - - [20/Apr/2026:11:01:36 +0300] "POST /xmlrpc.php HTTP/1.1" 200 630 "-" "Mozilla/5.0 (Windows NT 10.0; Win64; x64) AppleWebKit/537.36 (KHTML, like Gecko) Chrome/114.0.0.0 Safari/537.36"
102.221.34.102 - - [20/Apr/2026:11:01:39 +0300] "GET /journey-dc-tribute/ HTTP/1.1" 200 74401 "-" "Mozilla/5.0 (Windows NT 10.0; Win64; x64) AppleWebKit/537.36 (KHTML, like Gecko) Chrome/123.0.0.0 Safari/537.36 OPR/109.0.0.0"
200.25.47.132 - - [20/Apr/2026:11:01:58 +0300] "POST /xmlrpc.php HTTP/1.1" 200 11739 "-" "Mozilla/5.0 (Windows NT 10.0; Win64; x64) AppleWebKit/537.36 (KHTML, like Gecko) Chrome/114.0.0.0 Safari/537.36"
200.25.47.132 - - [20/Apr/2026:11:02:15 +0300] "GET /christmas-time-jackpot-secrets-tips-open-free-play-at-the-gambling-establishment-leaders-python-information-code-best-boat-shorter/ HTTP/1.1" 200 74570 "-" "Mozilla/5.0 (Windows NT 10.0; Win64; x64) AppleWebKit/537.36 (KHTML, like Gecko) Chrome/124.0.0.0 Safari/537.36 Edg/124.0.0.0"
185.216.113.70 - - [20/Apr/2026:11:03:43 +0300] "POST /wp-cron.php?doing_wp_cron=1776672223.8601000308990478515625 HTTP/1.1" 200 448 "-" "WordPress/6.3.8; https://serhatburke.miroglu.net"
17.241.219.38 - - [20/Apr/2026:11:03:29 +0300] "GET /o-que-e-omegle-os-perigos-as-proibicoes-e-os-novos-45/undefined?ts=1776672208 HTTP/1.1" 404 15739 "https://serhatburke.miroglu.net/o-que-e-omegle-os-perigos-as-proibicoes-e-os-novos-45/" "Mozilla/5.0 (Macintosh; Intel Mac OS X 10_15_7) AppleWebKit/605.1.15 (KHTML, like Gecko) Version/17.4 Safari/605.1.15 (Applebot/0.1; +http://www.apple.com/go/applebot)"
17.241.75.128 - - [20/Apr/2026:11:03:46 +0300] "GET /o-que-e-omegle-os-perigos-as-proibicoes-e-os-novos-45/undefined?ts=1776672225 HTTP/1.1" 404 15864 "https://serhatburke.miroglu.net/o-que-e-omegle-os-perigos-as-proibicoes-e-os-novos-45/" "Mozilla/5.0 (Macintosh; Intel Mac OS X 10_15_7) AppleWebKit/605.1.15 (KHTML, like Gecko) Version/17.4 Safari/605.1.15 (Applebot/0.1; +http://www.apple.com/go/applebot)"
17.241.75.128 - - [20/Apr/2026:11:03:59 +0300] "GET /o-que-e-omegle-os-perigos-as-proibicoes-e-os-novos-45/undefined?ts=1776672239 HTTP/1.1" 404 15686 "https://serhatburke.miroglu.net/o-que-e-omegle-os-perigos-as-proibicoes-e-os-novos-45/" "Mozilla/5.0 (Macintosh; Intel Mac OS X 10_15_7) AppleWebKit/605.1.15 (KHTML, like Gecko) Version/17.4 Safari/605.1.15 (Applebot/0.1; +http://www.apple.com/go/applebot)"
17.241.75.128 - - [20/Apr/2026:11:04:14 +0300] "GET /o-que-e-omegle-os-perigos-as-proibicoes-e-os-novos-45/undefined?ts=1776672253 HTTP/1.1" 404 15690 "https://serhatburke.miroglu.net/o-que-e-omegle-os-perigos-as-proibicoes-e-os-novos-45/" "Mozilla/5.0 (Macintosh; Intel Mac OS X 10_15_7) AppleWebKit/605.1.15 (KHTML, like Gecko) Version/17.4 Safari/605.1.15 (Applebot/0.1; +http://www.apple.com/go/applebot)"
17.241.75.128 - - [20/Apr/2026:11:04:27 +0300] "GET /o-que-e-omegle-os-perigos-as-proibicoes-e-os-novos-45/undefined?ts=1776672267 HTTP/1.1" 404 15686 "https://serhatburke.miroglu.net/o-que-e-omegle-os-perigos-as-proibicoes-e-os-novos-45/" "Mozilla/5.0 (Macintosh; Intel Mac OS X 10_15_7) AppleWebKit/605.1.15 (KHTML, like Gecko) Version/17.4 Safari/605.1.15 (Applebot/0.1; +http://www.apple.com/go/applebot)"
185.216.113.70 - - [20/Apr/2026:11:04:51 +0300] "POST /wp-cron.php?doing_wp_cron=1776672291.9071280956268310546875 HTTP/1.1" 200 448 "-" "WordPress/6.3.8; https://serhatburke.miroglu.net"
17.241.75.128 - - [20/Apr/2026:11:04:40 +0300] "GET /o-que-e-omegle-os-perigos-as-proibicoes-e-os-novos-45/undefined?ts=1776672279 HTTP/1.1" 404 15686 "https://serhatburke.miroglu.net/o-que-e-omegle-os-perigos-as-proibicoes-e-os-novos-45/" "Mozilla/5.0 (Macintosh; Intel Mac OS X 10_15_7) AppleWebKit/605.1.15 (KHTML, like Gecko) Version/17.4 Safari/605.1.15 (Applebot/0.1; +http://www.apple.com/go/applebot)"
17.241.219.10 - - [20/Apr/2026:11:04:53 +0300] "GET /o-que-e-omegle-os-perigos-as-proibicoes-e-os-novos-45/undefined?ts=1776672292 HTTP/1.1" 404 15866 "https://serhatburke.miroglu.net/o-que-e-omegle-os-perigos-as-proibicoes-e-os-novos-45/" "Mozilla/5.0 (Macintosh; Intel Mac OS X 10_15_7) AppleWebKit/605.1.15 (KHTML, like Gecko) Version/17.4 Safari/605.1.15 (Applebot/0.1; +http://www.apple.com/go/applebot)"
17.241.219.10 - - [20/Apr/2026:11:05:11 +0300] "GET /o-que-e-omegle-os-perigos-as-proibicoes-e-os-novos-45/undefined?ts=1776672311 HTTP/1.1" 404 15687 "https://serhatburke.miroglu.net/o-que-e-omegle-os-perigos-as-proibicoes-e-os-novos-45/" "Mozilla/5.0 (Macintosh; Intel Mac OS X 10_15_7) AppleWebKit/605.1.15 (KHTML, like Gecko) Version/17.4 Safari/605.1.15 (Applebot/0.1; +http://www.apple.com/go/applebot)"
185.216.113.70 - - [20/Apr/2026:11:05:39 +0300] "POST /wp-cron.php?doing_wp_cron=1776672339.8086740970611572265625 HTTP/1.1" 200 448 "-" "WordPress/6.3.8; https://serhatburke.miroglu.net"
17.241.75.140 - - [20/Apr/2026:11:05:25 +0300] "GET /o-que-e-omegle-os-perigos-as-proibicoes-e-os-novos-45/undefined?ts=1776672324 HTTP/1.1" 404 15864 "https://serhatburke.miroglu.net/o-que-e-omegle-os-perigos-as-proibicoes-e-os-novos-45/" "Mozilla/5.0 (Macintosh; Intel Mac OS X 10_15_7) AppleWebKit/605.1.15 (KHTML, like Gecko) Version/17.4 Safari/605.1.15 (Applebot/0.1; +http://www.apple.com/go/applebot)"
17.241.75.127 - - [20/Apr/2026:11:05:34 +0300] "GET /o-que-e-omegle-os-perigos-as-proibicoes-e-os-novos-45/undefined?ts=1776672333 HTTP/1.1" 404 15867 "https://serhatburke.miroglu.net/o-que-e-omegle-os-perigos-as-proibicoes-e-os-novos-45/" "Mozilla/5.0 (Macintosh; Intel Mac OS X 10_15_7) AppleWebKit/605.1.15 (KHTML, like Gecko) Version/17.4 Safari/605.1.15 (Applebot/0.1; +http://www.apple.com/go/applebot)"
17.241.219.144 - - [20/Apr/2026:11:05:49 +0300] "GET /o-que-e-omegle-os-perigos-as-proibicoes-e-os-novos-45/undefined?ts=1776672348 HTTP/1.1" 404 15864 "https://serhatburke.miroglu.net/o-que-e-omegle-os-perigos-as-proibicoes-e-os-novos-45/" "Mozilla/5.0 (Macintosh; Intel Mac OS X 10_15_7) AppleWebKit/605.1.15 (KHTML, like Gecko) Version/17.4 Safari/605.1.15 (Applebot/0.1; +http://www.apple.com/go/applebot)"
17.241.219.144 - - [20/Apr/2026:11:06:02 +0300] "GET /o-que-e-omegle-os-perigos-as-proibicoes-e-os-novos-45/undefined?ts=1776672362 HTTP/1.1" 404 15686 "https://serhatburke.miroglu.net/o-que-e-omegle-os-perigos-as-proibicoes-e-os-novos-45/" "Mozilla/5.0 (Macintosh; Intel Mac OS X 10_15_7) AppleWebKit/605.1.15 (KHTML, like Gecko) Version/17.4 Safari/605.1.15 (Applebot/0.1; +http://www.apple.com/go/applebot)"
17.241.219.144 - - [20/Apr/2026:11:06:15 +0300] "GET /o-que-e-omegle-os-perigos-as-proibicoes-e-os-novos-45/undefined?ts=1776672374 HTTP/1.1" 404 15687 "https://serhatburke.miroglu.net/o-que-e-omegle-os-perigos-as-proibicoes-e-os-novos-45/" "Mozilla/5.0 (Macintosh; Intel Mac OS X 10_15_7) AppleWebKit/605.1.15 (KHTML, like Gecko) Version/17.4 Safari/605.1.15 (Applebot/0.1; +http://www.apple.com/go/applebot)"
185.216.113.70 - - [20/Apr/2026:11:06:39 +0300] "POST /wp-cron.php?doing_wp_cron=1776672399.6219499111175537109375 HTTP/1.1" 200 448 "-" "WordPress/6.3.8; https://serhatburke.miroglu.net"
17.241.219.144 - - [20/Apr/2026:11:06:28 +0300] "GET /o-que-e-omegle-os-perigos-as-proibicoes-e-os-novos-45/undefined?ts=1776672388 HTTP/1.1" 404 15688 "https://serhatburke.miroglu.net/o-que-e-omegle-os-perigos-as-proibicoes-e-os-novos-45/" "Mozilla/5.0 (Macintosh; Intel Mac OS X 10_15_7) AppleWebKit/605.1.15 (KHTML, like Gecko) Version/17.4 Safari/605.1.15 (Applebot/0.1; +http://www.apple.com/go/applebot)"
17.241.219.144 - - [20/Apr/2026:11:06:40 +0300] "GET /o-que-e-omegle-os-perigos-as-proibicoes-e-os-novos-45/undefined?ts=1776672400 HTTP/1.1" 404 15685 "https://serhatburke.miroglu.net/o-que-e-omegle-os-perigos-as-proibicoes-e-os-novos-45/" "Mozilla/5.0 (Macintosh; Intel Mac OS X 10_15_7) AppleWebKit/605.1.15 (KHTML, like Gecko) Version/17.4 Safari/605.1.15 (Applebot/0.1; +http://www.apple.com/go/applebot)"
17.241.219.78 - - [20/Apr/2026:11:06:54 +0300] "GET /o-que-e-omegle-os-perigos-as-proibicoes-e-os-novos-45/undefined?ts=1776672414 HTTP/1.1" 404 15864 "https://serhatburke.miroglu.net/o-que-e-omegle-os-perigos-as-proibicoes-e-os-novos-45/" "Mozilla/5.0 (Macintosh; Intel Mac OS X 10_15_7) AppleWebKit/605.1.15 (KHTML, like Gecko) Version/17.4 Safari/605.1.15 (Applebot/0.1; +http://www.apple.com/go/applebot)"
17.241.227.130 - - [20/Apr/2026:11:07:10 +0300] "GET /o-que-e-omegle-os-perigos-as-proibicoes-e-os-novos-45/undefined?ts=1776672429 HTTP/1.1" 404 15864 "https://serhatburke.miroglu.net/o-que-e-omegle-os-perigos-as-proibicoes-e-os-novos-45/" "Mozilla/5.0 (Macintosh; Intel Mac OS X 10_15_7) AppleWebKit/605.1.15 (KHTML, like Gecko) Version/17.4 Safari/605.1.15 (Applebot/0.1; +http://www.apple.com/go/applebot)"
185.216.113.70 - - [20/Apr/2026:11:07:54 +0300] "POST /wp-cron.php?doing_wp_cron=1776672474.8247189521789550781250 HTTP/1.1" 200 448 "-" "WordPress/6.3.8; https://serhatburke.miroglu.net"
17.241.75.199 - - [20/Apr/2026:11:07:41 +0300] "GET /o-que-e-omegle-os-perigos-as-proibicoes-e-os-novos-45/undefined?ts=1776672451 HTTP/1.1" 404 15866 "https://serhatburke.miroglu.net/o-que-e-omegle-os-perigos-as-proibicoes-e-os-novos-45/" "Mozilla/5.0 (Macintosh; Intel Mac OS X 10_15_7) AppleWebKit/605.1.15 (KHTML, like Gecko) Version/17.4 Safari/605.1.15 (Applebot/0.1; +http://www.apple.com/go/applebot)"
17.241.75.199 - - [20/Apr/2026:11:07:56 +0300] "GET /o-que-e-omegle-os-perigos-as-proibicoes-e-os-novos-45/undefined?ts=1776672476 HTTP/1.1" 404 15685 "https://serhatburke.miroglu.net/o-que-e-omegle-os-perigos-as-proibicoes-e-os-novos-45/" "Mozilla/5.0 (Macintosh; Intel Mac OS X 10_15_7) AppleWebKit/605.1.15 (KHTML, like Gecko) Version/17.4 Safari/605.1.15 (Applebot/0.1; +http://www.apple.com/go/applebot)"
17.241.75.199 - - [20/Apr/2026:11:08:11 +0300] "GET /o-que-e-omegle-os-perigos-as-proibicoes-e-os-novos-45/undefined?ts=1776672491 HTTP/1.1" 404 15687 "https://serhatburke.miroglu.net/o-que-e-omegle-os-perigos-as-proibicoes-e-os-novos-45/" "Mozilla/5.0 (Macintosh; Intel Mac OS X 10_15_7) AppleWebKit/605.1.15 (KHTML, like Gecko) Version/17.4 Safari/605.1.15 (Applebot/0.1; +http://www.apple.com/go/applebot)"
17.241.75.199 - - [20/Apr/2026:11:08:24 +0300] "GET /o-que-e-omegle-os-perigos-as-proibicoes-e-os-novos-45/undefined?ts=1776672504 HTTP/1.1" 404 15686 "https://serhatburke.miroglu.net/o-que-e-omegle-os-perigos-as-proibicoes-e-os-novos-45/" "Mozilla/5.0 (Macintosh; Intel Mac OS X 10_15_7) AppleWebKit/605.1.15 (KHTML, like Gecko) Version/17.4 Safari/605.1.15 (Applebot/0.1; +http://www.apple.com/go/applebot)"
185.216.113.70 - - [20/Apr/2026:11:09:00 +0300] "POST /wp-cron.php?doing_wp_cron=1776672540.0407619476318359375000 HTTP/1.1" 200 448 "-" "WordPress/6.3.8; https://serhatburke.miroglu.net"
17.241.75.199 - - [20/Apr/2026:11:08:47 +0300] "GET /o-que-e-omegle-os-perigos-as-proibicoes-e-os-novos-45/undefined?ts=1776672517 HTTP/1.1" 404 15687 "https://serhatburke.miroglu.net/o-que-e-omegle-os-perigos-as-proibicoes-e-os-novos-45/" "Mozilla/5.0 (Macintosh; Intel Mac OS X 10_15_7) AppleWebKit/605.1.15 (KHTML, like Gecko) Version/17.4 Safari/605.1.15 (Applebot/0.1; +http://www.apple.com/go/applebot)"
17.241.227.227 - - [20/Apr/2026:11:09:01 +0300] "GET /o-que-e-omegle-os-perigos-as-proibicoes-e-os-novos-45/undefined?ts=1776672540 HTTP/1.1" 404 15865 "https://serhatburke.miroglu.net/o-que-e-omegle-os-perigos-as-proibicoes-e-os-novos-45/" "Mozilla/5.0 (Macintosh; Intel Mac OS X 10_15_7) AppleWebKit/605.1.15 (KHTML, like Gecko) Version/17.4 Safari/605.1.15 (Applebot/0.1; +http://www.apple.com/go/applebot)"
17.241.227.227 - - [20/Apr/2026:11:09:14 +0300] "GET /o-que-e-omegle-os-perigos-as-proibicoes-e-os-novos-45/undefined?ts=1776672554 HTTP/1.1" 404 15687 "https://serhatburke.miroglu.net/o-que-e-omegle-os-perigos-as-proibicoes-e-os-novos-45/" "Mozilla/5.0 (Macintosh; Intel Mac OS X 10_15_7) AppleWebKit/605.1.15 (KHTML, like Gecko) Version/17.4 Safari/605.1.15 (Applebot/0.1; +http://www.apple.com/go/applebot)"
185.216.113.70 - - [20/Apr/2026:11:11:28 +0300] "POST /wp-cron.php?doing_wp_cron=1776672688.3363139629364013671875 HTTP/1.1" 200 448 "-" "WordPress/6.3.8; https://serhatburke.miroglu.net"
200.25.47.132 - - [20/Apr/2026:11:11:15 +0300] "POST /xmlrpc.php HTTP/1.1" 200 630 "-" "Mozilla/5.0 (Windows NT 10.0; Win64; x64) AppleWebKit/537.36 (KHTML, like Gecko) Chrome/114.0.0.0 Safari/537.36"
200.25.47.132 - - [20/Apr/2026:11:11:35 +0300] "POST /xmlrpc.php HTTP/1.1" 200 11079 "-" "Mozilla/5.0 (Windows NT 10.0; Win64; x64) AppleWebKit/537.36 (KHTML, like Gecko) Chrome/114.0.0.0 Safari/537.36"
200.25.47.132 - - [20/Apr/2026:11:11:49 +0300] "GET /know-everything-about-the-online-game/ HTTP/1.1" 200 71499 "-" "Mozilla/5.0 (Windows NT 10.0; rv:125.0) Gecko/20100101 Firefox/125.0"
31.171.154.236 - - [20/Apr/2026:11:12:14 +0300] "POST /xmlrpc.php HTTP/1.1" 200 101652 "-" "Mozilla/5.0 (Macintosh; Intel Mac OS X 12_5) AppleWebKit/537.36 (KHTML, like Gecko) Chrome/114.0.0.0 Safari/537.36"
185.216.113.70 - - [20/Apr/2026:11:12:40 +0300] "POST /wp-cron.php?doing_wp_cron=1776672760.2710700035095214843750 HTTP/1.1" 200 448 "-" "WordPress/6.3.8; https://serhatburke.miroglu.net"
31.171.154.236 - - [20/Apr/2026:11:12:28 +0300] "POST /xmlrpc.php HTTP/1.1" 200 881 "-" "Mozilla/5.0 (Macintosh; Intel Mac OS X 12_5) AppleWebKit/537.36 (KHTML, like Gecko) Chrome/114.0.0.0 Safari/537.36"
31.171.154.236 - - [20/Apr/2026:11:12:41 +0300] "POST /xmlrpc.php HTTP/1.1" 200 667 "-" "Mozilla/5.0 (Macintosh; Intel Mac OS X 12_5) AppleWebKit/537.36 (KHTML, like Gecko) Chrome/114.0.0.0 Safari/537.36"
185.216.113.70 - - [20/Apr/2026:11:13:06 +0300] "POST /wp-cron.php?doing_wp_cron=1776672786.2353920936584472656250 HTTP/1.1" 200 448 "-" "WordPress/6.3.8; https://serhatburke.miroglu.net"
31.171.154.236 - - [20/Apr/2026:11:12:54 +0300] "POST /xmlrpc.php HTTP/1.1" 200 3118 "-" "Mozilla/5.0 (Macintosh; Intel Mac OS X 12_5) AppleWebKit/537.36 (KHTML, like Gecko) Chrome/114.0.0.0 Safari/537.36"
17.241.227.56 - - [20/Apr/2026:11:13:04 +0300] "GET /o-que-e-omegle-os-perigos-as-proibicoes-e-os-novos-45/undefined?ts=1776672782 HTTP/1.1" 404 15864 "https://serhatburke.miroglu.net/o-que-e-omegle-os-perigos-as-proibicoes-e-os-novos-45/" "Mozilla/5.0 (Macintosh; Intel Mac OS X 10_15_7) AppleWebKit/605.1.15 (KHTML, like Gecko) Version/17.4 Safari/605.1.15 (Applebot/0.1; +http://www.apple.com/go/applebot)"
17.241.75.125 - - [20/Apr/2026:11:13:18 +0300] "GET /o-que-e-omegle-os-perigos-as-proibicoes-e-os-novos-45/undefined?ts=1776672797 HTTP/1.1" 404 15865 "https://serhatburke.miroglu.net/o-que-e-omegle-os-perigos-as-proibicoes-e-os-novos-45/" "Mozilla/5.0 (Macintosh; Intel Mac OS X 10_15_7) AppleWebKit/605.1.15 (KHTML, like Gecko) Version/17.4 Safari/605.1.15 (Applebot/0.1; +http://www.apple.com/go/applebot)"
185.216.113.70 - - [20/Apr/2026:11:13:42 +0300] "POST /wp-cron.php?doing_wp_cron=1776672822.7196340560913085937500 HTTP/1.1" 200 448 "-" "WordPress/6.3.8; https://serhatburke.miroglu.net"
17.241.75.125 - - [20/Apr/2026:11:13:31 +0300] "GET /o-que-e-omegle-os-perigos-as-proibicoes-e-os-novos-45/undefined?ts=1776672811 HTTP/1.1" 404 15686 "https://serhatburke.miroglu.net/o-que-e-omegle-os-perigos-as-proibicoes-e-os-novos-45/" "Mozilla/5.0 (Macintosh; Intel Mac OS X 10_15_7) AppleWebKit/605.1.15 (KHTML, like Gecko) Version/17.4 Safari/605.1.15 (Applebot/0.1; +http://www.apple.com/go/applebot)"
17.241.75.125 - - [20/Apr/2026:11:13:53 +0300] "GET /o-que-e-omegle-os-perigos-as-proibicoes-e-os-novos-45/undefined?ts=1776672823 HTTP/1.1" 404 15689 "https://serhatburke.miroglu.net/o-que-e-omegle-os-perigos-as-proibicoes-e-os-novos-45/" "Mozilla/5.0 (Macintosh; Intel Mac OS X 10_15_7) AppleWebKit/605.1.15 (KHTML, like Gecko) Version/17.4 Safari/605.1.15 (Applebot/0.1; +http://www.apple.com/go/applebot)"
17.241.75.41 - - [20/Apr/2026:11:14:06 +0300] "GET /o-que-e-omegle-os-perigos-as-proibicoes-e-os-novos-45/undefined?ts=1776672845 HTTP/1.1" 404 15866 "https://serhatburke.miroglu.net/o-que-e-omegle-os-perigos-as-proibicoes-e-os-novos-45/" "Mozilla/5.0 (Macintosh; Intel Mac OS X 10_15_7) AppleWebKit/605.1.15 (KHTML, like Gecko) Version/17.4 Safari/605.1.15 (Applebot/0.1; +http://www.apple.com/go/applebot)"
146.19.15.46 - - [20/Apr/2026:11:14:18 +0300] "POST /xmlrpc.php HTTP/2" 200 181 "-" "-"
17.241.227.88 - - [20/Apr/2026:11:14:20 +0300] "GET /o-que-e-omegle-os-perigos-as-proibicoes-e-os-novos-45/undefined?ts=1776672859 HTTP/1.1" 404 15865 "https://serhatburke.miroglu.net/o-que-e-omegle-os-perigos-as-proibicoes-e-os-novos-45/" "Mozilla/5.0 (Macintosh; Intel Mac OS X 10_15_7) AppleWebKit/605.1.15 (KHTML, like Gecko) Version/17.4 Safari/605.1.15 (Applebot/0.1; +http://www.apple.com/go/applebot)"
185.216.113.70 - - [20/Apr/2026:11:14:47 +0300] "POST /wp-cron.php?doing_wp_cron=1776672887.4564940929412841796875 HTTP/1.1" 200 448 "-" "WordPress/6.3.8; https://serhatburke.miroglu.net"
200.25.47.132 - - [20/Apr/2026:11:14:30 +0300] "POST /xmlrpc.php HTTP/1.1" 200 630 "-" "Mozilla/5.0 (Windows NT 10.0; Win64; x64) AppleWebKit/537.36 (KHTML, like Gecko) Chrome/114.0.0.0 Safari/537.36"
146.19.15.46 - - [20/Apr/2026:11:14:32 +0300] "POST /xmlrpc.php HTTP/2" 200 554 "-" "-"
17.241.219.56 - - [20/Apr/2026:11:14:35 +0300] "GET /o-que-e-omegle-os-perigos-as-proibicoes-e-os-novos-45/undefined?ts=1776672874 HTTP/1.1" 404 15865 "https://serhatburke.miroglu.net/o-que-e-omegle-os-perigos-as-proibicoes-e-os-novos-45/" "Mozilla/5.0 (Macintosh; Intel Mac OS X 10_15_7) AppleWebKit/605.1.15 (KHTML, like Gecko) Version/17.4 Safari/605.1.15 (Applebot/0.1; +http://www.apple.com/go/applebot)"
17.241.219.56 - - [20/Apr/2026:11:14:52 +0300] "GET /o-que-e-omegle-os-perigos-as-proibicoes-e-os-novos-45/undefined?ts=1776672892 HTTP/1.1" 404 15685 "https://serhatburke.miroglu.net/o-que-e-omegle-os-perigos-as-proibicoes-e-os-novos-45/" "Mozilla/5.0 (Macintosh; Intel Mac OS X 10_15_7) AppleWebKit/605.1.15 (KHTML, like Gecko) Version/17.4 Safari/605.1.15 (Applebot/0.1; +http://www.apple.com/go/applebot)"
200.25.47.132 - - [20/Apr/2026:11:14:54 +0300] "POST /xmlrpc.php HTTP/1.1" 200 11123 "-" "Mozilla/5.0 (Windows NT 10.0; Win64; x64) AppleWebKit/537.36 (KHTML, like Gecko) Chrome/114.0.0.0 Safari/537.36"
17.241.227.40 - - [20/Apr/2026:11:15:13 +0300] "GET /o-que-e-omegle-os-perigos-as-proibicoes-e-os-novos-45/undefined?ts=1776672912 HTTP/1.1" 404 15866 "https://serhatburke.miroglu.net/o-que-e-omegle-os-perigos-as-proibicoes-e-os-novos-45/" "Mozilla/5.0 (Macintosh; Intel Mac OS X 10_15_7) AppleWebKit/605.1.15 (KHTML, like Gecko) Version/17.4 Safari/605.1.15 (Applebot/0.1; +http://www.apple.com/go/applebot)"
200.25.47.132 - - [20/Apr/2026:11:15:11 +0300] "GET /greatest-online-casino-games-so-you-can-enjoy-the-real-deal-cash-in-2026/ HTTP/1.1" 200 72664 "-" "Mozilla/5.0 (Windows NT 10.0; Win64; x64) AppleWebKit/537.36 (KHTML, like Gecko) Chrome/124.0.0.0 Safari/537.36 Edg/124.0.0.0"
185.216.113.70 - - [20/Apr/2026:11:15:50 +0300] "POST /wp-cron.php?doing_wp_cron=1776672950.0804929733276367187500 HTTP/1.1" 200 448 "-" "WordPress/6.3.8; https://serhatburke.miroglu.net"
17.241.75.155 - - [20/Apr/2026:11:15:36 +0300] "GET /o-que-e-omegle-os-perigos-as-proibicoes-e-os-novos-45/undefined?ts=1776672935 HTTP/1.1" 404 15864 "https://serhatburke.miroglu.net/o-que-e-omegle-os-perigos-as-proibicoes-e-os-novos-45/" "Mozilla/5.0 (Macintosh; Intel Mac OS X 10_15_7) AppleWebKit/605.1.15 (KHTML, like Gecko) Version/17.4 Safari/605.1.15 (Applebot/0.1; +http://www.apple.com/go/applebot)"
17.241.75.155 - - [20/Apr/2026:11:15:51 +0300] "GET /o-que-e-omegle-os-perigos-as-proibicoes-e-os-novos-45/undefined?ts=1776672951 HTTP/1.1" 404 15686 "https://serhatburke.miroglu.net/o-que-e-omegle-os-perigos-as-proibicoes-e-os-novos-45/" "Mozilla/5.0 (Macintosh; Intel Mac OS X 10_15_7) AppleWebKit/605.1.15 (KHTML, like Gecko) Version/17.4 Safari/605.1.15 (Applebot/0.1; +http://www.apple.com/go/applebot)"
17.241.75.155 - - [20/Apr/2026:11:16:07 +0300] "GET /o-que-e-omegle-os-perigos-as-proibicoes-e-os-novos-45/undefined?ts=1776672966 HTTP/1.1" 404 15687 "https://serhatburke.miroglu.net/o-que-e-omegle-os-perigos-as-proibicoes-e-os-novos-45/" "Mozilla/5.0 (Macintosh; Intel Mac OS X 10_15_7) AppleWebKit/605.1.15 (KHTML, like Gecko) Version/17.4 Safari/605.1.15 (Applebot/0.1; +http://www.apple.com/go/applebot)"
17.241.75.155 - - [20/Apr/2026:11:16:20 +0300] "GET /o-que-e-omegle-os-perigos-as-proibicoes-e-os-novos-45/undefined?ts=1776672980 HTTP/1.1" 404 15686 "https://serhatburke.miroglu.net/o-que-e-omegle-os-perigos-as-proibicoes-e-os-novos-45/" "Mozilla/5.0 (Macintosh; Intel Mac OS X 10_15_7) AppleWebKit/605.1.15 (KHTML, like Gecko) Version/17.4 Safari/605.1.15 (Applebot/0.1; +http://www.apple.com/go/applebot)"
185.216.113.70 - - [20/Apr/2026:11:16:47 +0300] "POST /wp-cron.php?doing_wp_cron=1776673006.8742220401763916015625 HTTP/1.1" 200 448 "-" "WordPress/6.3.8; https://serhatburke.miroglu.net"
17.241.227.89 - - [20/Apr/2026:11:16:34 +0300] "GET /o-que-e-omegle-os-perigos-as-proibicoes-e-os-novos-45/undefined?ts=1776672992 HTTP/1.1" 404 15864 "https://serhatburke.miroglu.net/o-que-e-omegle-os-perigos-as-proibicoes-e-os-novos-45/" "Mozilla/5.0 (Macintosh; Intel Mac OS X 10_15_7) AppleWebKit/605.1.15 (KHTML, like Gecko) Version/17.4 Safari/605.1.15 (Applebot/0.1; +http://www.apple.com/go/applebot)"
17.241.75.173 - - [20/Apr/2026:11:16:48 +0300] "GET /o-que-e-omegle-os-perigos-as-proibicoes-e-os-novos-45/undefined?ts=1776673008 HTTP/1.1" 404 15865 "https://serhatburke.miroglu.net/o-que-e-omegle-os-perigos-as-proibicoes-e-os-novos-45/" "Mozilla/5.0 (Macintosh; Intel Mac OS X 10_15_7) AppleWebKit/605.1.15 (KHTML, like Gecko) Version/17.4 Safari/605.1.15 (Applebot/0.1; +http://www.apple.com/go/applebot)"
102.221.34.102 - - [20/Apr/2026:11:16:56 +0300] "POST /xmlrpc.php HTTP/1.1" 200 630 "-" "Mozilla/5.0 (Windows NT 10.0; Win64; x64) AppleWebKit/537.36 (KHTML, like Gecko) Chrome/114.0.0.0 Safari/537.36"
185.216.113.70 - - [20/Apr/2026:11:17:31 +0300] "POST /wp-cron.php?doing_wp_cron=1776673051.5481600761413574218750 HTTP/1.1" 200 448 "-" "WordPress/6.3.8; https://serhatburke.miroglu.net"
102.221.34.102 - - [20/Apr/2026:11:17:17 +0300] "POST /xmlrpc.php HTTP/1.1" 200 14426 "-" "Mozilla/5.0 (Windows NT 10.0; Win64; x64) AppleWebKit/537.36 (KHTML, like Gecko) Chrome/114.0.0.0 Safari/537.36"
102.221.34.102 - - [20/Apr/2026:11:17:32 +0300] "GET /totally-free-pokie-packages/ HTTP/1.1" 200 74594 "-" "Mozilla/5.0 (Windows NT 10.0; Win64; x64; rv:125.0) Gecko/20100101 Firefox/125.0"
185.216.113.70 - - [20/Apr/2026:11:19:14 +0300] "POST /wp-cron.php?doing_wp_cron=1776673154.5199830532073974609375 HTTP/1.1" 200 448 "-" "WordPress/6.3.8; https://serhatburke.miroglu.net"
200.25.47.132 - - [20/Apr/2026:11:19:01 +0300] "POST /xmlrpc.php HTTP/1.1" 200 630 "-" "Mozilla/5.0 (Windows NT 10.0; Win64; x64) AppleWebKit/537.36 (KHTML, like Gecko) Chrome/114.0.0.0 Safari/537.36"
200.25.47.132 - - [20/Apr/2026:11:19:21 +0300] "POST /xmlrpc.php HTTP/1.1" 200 11610 "-" "Mozilla/5.0 (Windows NT 10.0; Win64; x64) AppleWebKit/537.36 (KHTML, like Gecko) Chrome/114.0.0.0 Safari/537.36"
185.216.113.70 - - [20/Apr/2026:11:19:47 +0300] "POST /wp-cron.php?doing_wp_cron=1776673187.5694980621337890625000 HTTP/1.1" 200 448 "-" "WordPress/6.3.8; https://serhatburke.miroglu.net"
200.25.47.132 - - [20/Apr/2026:11:19:35 +0300] "GET /no-deposit-bonus-rules-personal-totally-free-also-offers-inside-the-2026/ HTTP/1.1" 200 72804 "-" "Mozilla/5.0 (Windows NT 10.0; Win64; x64) AppleWebKit/537.36 (KHTML, like Gecko) Chrome/124.0.0.0 Safari/537.36 Edg/124.0.0.0"
173.238.125.180 - - [20/Apr/2026:11:19:54 +0300] "POST /xmlrpc.php HTTP/1.1" 200 630 "-" "Mozilla/5.0 (iPhone; CPU iPhone OS 16_7 like Mac OS X) AppleWebKit/605.1.15 (KHTML, like Gecko) Version/16.7 Mobile/15E148 Safari/604.1"
185.216.113.70 - - [20/Apr/2026:11:20:33 +0300] "POST /wp-cron.php?doing_wp_cron=1776673233.4320900440216064453125 HTTP/1.1" 200 448 "-" "WordPress/6.3.8; https://serhatburke.miroglu.net"
75.180.107.165 - - [20/Apr/2026:11:20:16 +0300] "POST /xmlrpc.php HTTP/1.1" 200 16361 "-" "Mozilla/5.0 (Windows NT 6.1; WOW64; Trident/7.0; rv:11.0) like Gecko"
24.144.117.218 - - [20/Apr/2026:11:20:42 +0300] "GET / HTTP/1.1" 200 0 "-" "Mozilla/5.0 (X11; Linux x86_64) AppleWebKit/537.36 (KHTML, like Gecko) Chrome/55.0.2883.87 Safari/537.36"
186.96.169.228 - - [20/Apr/2026:11:20:36 +0300] "GET /decoding-the-digital-dice-a-deep-dive-into-australias-online-gambling-landscape/ HTTP/1.1" 200 0 "-" "Mozilla/5.0 (X11; Linux x86_64) AppleWebKit/537.36 (KHTML, like Gecko) Chrome/126.0.0.0 Safari/537.36"
24.144.117.218 - - [20/Apr/2026:11:20:49 +0300] "GET / HTTP/1.1" 200 0 "-" "Mozilla/5.0 (X11; Linux x86_64) AppleWebKit/537.36 (KHTML, like Gecko) Chrome/55.0.2883.87 Safari/537.36"
75.240.62.233 - - [20/Apr/2026:11:21:00 +0300] "GET /decoding-the-digital-dice-a-deep-dive-into-australias-online-gambling-landscape/ HTTP/1.1" 200 78416 "-" "Mozilla/5.0 (Windows NT 11.0; Win64; x64) AppleWebKit/537.36 (KHTML, like Gecko) Chrome/127.0.6530.12 Safari/537.36"
185.216.113.70 - - [20/Apr/2026:11:23:07 +0300] "POST /wp-cron.php?doing_wp_cron=1776673387.7539710998535156250000 HTTP/1.1" 200 448 "-" "WordPress/6.3.8; https://serhatburke.miroglu.net"
128.1.227.248 - - [20/Apr/2026:11:22:51 +0300] "POST /xmlrpc.php HTTP/1.1" 200 630 "-" "Mozilla/5.0 (Windows NT 10.0; Win64; x64) AppleWebKit/537.36 (KHTML, like Gecko) Chrome/114.0.0.0 Safari/537.36"
128.1.227.248 - - [20/Apr/2026:11:23:14 +0300] "POST /xmlrpc.php HTTP/1.1" 200 15070 "-" "Mozilla/5.0 (Windows NT 10.0; Win64; x64) AppleWebKit/537.36 (KHTML, like Gecko) Chrome/114.0.0.0 Safari/537.36"
185.216.113.70 - - [20/Apr/2026:11:23:40 +0300] "POST /wp-cron.php?doing_wp_cron=1776673419.9523079395294189453125 HTTP/1.1" 200 448 "-" "WordPress/6.3.8; https://serhatburke.miroglu.net"
128.1.227.248 - - [20/Apr/2026:11:23:28 +0300] "GET /thunderstruck-casino-slot-games-review-2026-bonuses-jackpots-a-lot-more/ HTTP/1.1" 200 76317 "-" "Mozilla/5.0 (Windows NT 10.0; rv:109.0) Gecko/20100101 Firefox/115.0"
200.25.47.132 - - [20/Apr/2026:11:23:37 +0300] "POST /xmlrpc.php HTTP/1.1" 200 630 "-" "Mozilla/5.0 (Windows NT 10.0; Win64; x64) AppleWebKit/537.36 (KHTML, like Gecko) Chrome/114.0.0.0 Safari/537.36"
200.25.47.132 - - [20/Apr/2026:11:23:56 +0300] "POST /xmlrpc.php HTTP/1.1" 200 11557 "-" "Mozilla/5.0 (Windows NT 10.0; Win64; x64) AppleWebKit/537.36 (KHTML, like Gecko) Chrome/114.0.0.0 Safari/537.36"
200.25.47.132 - - [20/Apr/2026:11:24:09 +0300] "GET /enjoy-twenty-five100000-of-the-best-online-ports-within-the-2026/ HTTP/1.1" 200 72606 "-" "Mozilla/5.0 (Windows NT 10.0; Win64; x64; rv:124.0) Gecko/20100101 Firefox/124.0"
185.216.113.70 - - [20/Apr/2026:11:25:06 +0300] "POST /wp-cron.php?doing_wp_cron=1776673506.7511119842529296875000 HTTP/1.1" 200 448 "-" "WordPress/6.3.8; https://serhatburke.miroglu.net"
128.1.227.248 - - [20/Apr/2026:11:24:54 +0300] "POST /xmlrpc.php HTTP/1.1" 200 630 "-" "Mozilla/5.0 (Windows NT 10.0; Win64; x64) AppleWebKit/537.36 (KHTML, like Gecko) Chrome/114.0.0.0 Safari/537.36"
128.1.227.248 - - [20/Apr/2026:11:25:13 +0300] "POST /xmlrpc.php HTTP/1.1" 200 15187 "-" "Mozilla/5.0 (Windows NT 10.0; Win64; x64) AppleWebKit/537.36 (KHTML, like Gecko) Chrome/114.0.0.0 Safari/537.36"
185.216.113.70 - - [20/Apr/2026:11:25:40 +0300] "POST /wp-cron.php?doing_wp_cron=1776673540.4199628829956054687500 HTTP/1.1" 200 448 "-" "WordPress/6.3.8; https://serhatburke.miroglu.net"
128.1.227.248 - - [20/Apr/2026:11:25:28 +0300] "GET /thunderstruck-stormchaser-slot-opinion-2026-100-percent-free-enjoy-demonstration-mercantile-workplace-systems-pvt-ltd/ HTTP/1.1" 200 77760 "-" "Mozilla/5.0 (Windows NT 10.0; rv:109.0) Gecko/20100101 Firefox/115.0"
185.216.113.70 - - [20/Apr/2026:11:26:51 +0300] "POST /wp-cron.php?doing_wp_cron=1776673611.6950941085815429687500 HTTP/1.1" 200 448 "-" "WordPress/6.3.8; https://serhatburke.miroglu.net"
128.1.227.248 - - [20/Apr/2026:11:26:39 +0300] "POST /xmlrpc.php HTTP/1.1" 200 630 "-" "Mozilla/5.0 (Windows NT 10.0; Win64; x64) AppleWebKit/537.36 (KHTML, like Gecko) Chrome/114.0.0.0 Safari/537.36"
128.1.227.248 - - [20/Apr/2026:11:26:58 +0300] "POST /xmlrpc.php HTTP/1.1" 200 12157 "-" "Mozilla/5.0 (Windows NT 10.0; Win64; x64) AppleWebKit/537.36 (KHTML, like Gecko) Chrome/114.0.0.0 Safari/537.36"
128.1.227.248 - - [20/Apr/2026:11:27:12 +0300] "GET /thunderstruck-2-ports-comment-casinos-no-deposit-incentive/ HTTP/1.1" 200 73153 "-" "Mozilla/5.0 (Windows NT 10.0; Win64; x64) AppleWebKit/537.36 (KHTML, like Gecko) Chrome/124.0.0.0 Safari/537.36"
185.216.113.70 - - [20/Apr/2026:11:28:08 +0300] "POST /wp-cron.php?doing_wp_cron=1776673688.4698910713195800781250 HTTP/1.1" 200 448 "-" "WordPress/6.3.8; https://serhatburke.miroglu.net"
200.25.47.132 - - [20/Apr/2026:11:27:55 +0300] "POST /xmlrpc.php HTTP/1.1" 200 630 "-" "Mozilla/5.0 (Windows NT 10.0; Win64; x64) AppleWebKit/537.36 (KHTML, like Gecko) Chrome/114.0.0.0 Safari/537.36"
200.25.47.132 - - [20/Apr/2026:11:28:15 +0300] "POST /xmlrpc.php HTTP/1.1" 200 11661 "-" "Mozilla/5.0 (Windows NT 10.0; Win64; x64) AppleWebKit/537.36 (KHTML, like Gecko) Chrome/114.0.0.0 Safari/537.36"
128.1.227.248 - - [20/Apr/2026:11:28:26 +0300] "POST /xmlrpc.php HTTP/1.1" 200 630 "-" "Mozilla/5.0 (Windows NT 10.0; Win64; x64) AppleWebKit/537.36 (KHTML, like Gecko) Chrome/114.0.0.0 Safari/537.36"
185.216.113.70 - - [20/Apr/2026:11:28:40 +0300] "POST /wp-cron.php?doing_wp_cron=1776673720.8535249233245849609375 HTTP/1.1" 200 448 "-" "WordPress/6.3.8; https://serhatburke.miroglu.net"
200.25.47.132 - - [20/Apr/2026:11:28:29 +0300] "GET /how-many-number-to-your-western-roulette-controls/ HTTP/1.1" 200 72279 "-" "Mozilla/5.0 (Windows NT 10.0; rv:109.0) Gecko/20100101 Firefox/115.0"
128.1.227.248 - - [20/Apr/2026:11:28:44 +0300] "POST /xmlrpc.php HTTP/1.1" 200 15099 "-" "Mozilla/5.0 (Windows NT 10.0; Win64; x64) AppleWebKit/537.36 (KHTML, like Gecko) Chrome/114.0.0.0 Safari/537.36"
128.1.227.248 - - [20/Apr/2026:11:29:01 +0300] "GET /thunderstruck-position-video-game-a-detailed-review-reflecting-the-basic-principles/ HTTP/1.1" 200 76858 "-" "Mozilla/5.0 (Windows NT 10.0; Win64; x64) AppleWebKit/537.36 (KHTML, like Gecko) Chrome/124.0.0.0 Safari/537.36 Edg/124.0.0.0"
185.216.113.70 - - [20/Apr/2026:11:30:19 +0300] "POST /wp-cron.php?doing_wp_cron=1776673819.3338479995727539062500 HTTP/1.1" 200 448 "-" "WordPress/6.3.8; https://serhatburke.miroglu.net"
128.1.227.248 - - [20/Apr/2026:11:30:07 +0300] "POST /xmlrpc.php HTTP/1.1" 200 630 "-" "Mozilla/5.0 (Windows NT 10.0; Win64; x64) AppleWebKit/537.36 (KHTML, like Gecko) Chrome/114.0.0.0 Safari/537.36"
128.1.227.248 - - [20/Apr/2026:11:30:25 +0300] "POST /xmlrpc.php HTTP/1.1" 200 15171 "-" "Mozilla/5.0 (Windows NT 10.0; Win64; x64) AppleWebKit/537.36 (KHTML, like Gecko) Chrome/114.0.0.0 Safari/537.36"
185.216.113.70 - - [20/Apr/2026:11:30:53 +0300] "POST /wp-cron.php?doing_wp_cron=1776673853.2044160366058349609375 HTTP/1.1" 200 448 "-" "WordPress/6.3.8; https://serhatburke.miroglu.net"
128.1.227.248 - - [20/Apr/2026:11:30:40 +0300] "GET /nz-breds-hit-to-have-rate-kent-jnr/ HTTP/1.1" 200 75324 "-" "Mozilla/5.0 (Windows NT 10.0; Win64; x64) AppleWebKit/537.36 (KHTML, like Gecko) Chrome/123.0.0.0 Safari/537.36 OPR/109.0.0.0"
185.216.113.70 - - [20/Apr/2026:11:31:57 +0300] "POST /wp-cron.php?doing_wp_cron=1776673917.6460349559783935546875 HTTP/1.1" 200 448 "-" "WordPress/6.3.8; https://serhatburke.miroglu.net"
128.1.227.248 - - [20/Apr/2026:11:31:45 +0300] "POST /xmlrpc.php HTTP/1.1" 200 630 "-" "Mozilla/5.0 (Windows NT 10.0; Win64; x64) AppleWebKit/537.36 (KHTML, like Gecko) Chrome/114.0.0.0 Safari/537.36"
200.25.47.132 - - [20/Apr/2026:11:32:00 +0300] "POST /xmlrpc.php HTTP/1.1" 200 630 "-" "Mozilla/5.0 (Windows NT 10.0; Win64; x64) AppleWebKit/537.36 (KHTML, like Gecko) Chrome/114.0.0.0 Safari/537.36"
128.1.227.248 - - [20/Apr/2026:11:32:04 +0300] "POST /xmlrpc.php HTTP/1.1" 200 14663 "-" "Mozilla/5.0 (Windows NT 10.0; Win64; x64) AppleWebKit/537.36 (KHTML, like Gecko) Chrome/114.0.0.0 Safari/537.36"
70.35.202.99 - - [20/Apr/2026:11:32:23 +0300] "GET /wp-login.php HTTP/1.1" 200 0 "-" "Mozilla/5.0 (Windows NT 10.0; Win64; x64) AppleWebKit/537.36 (KHTML, like Gecko) Chrome/121.0.6167.85 Safari/537.36"
70.35.202.99 - - [20/Apr/2026:11:32:29 +0300] "GET /administrator/ HTTP/1.1" 200 0 "-" "Mozilla/5.0 (X11; Linux x86_64) Gecko/20100101 Firefox/120.0.1"
185.216.113.70 - - [20/Apr/2026:11:32:41 +0300] "POST /wp-cron.php?doing_wp_cron=1776673961.8114678859710693359375 HTTP/1.1" 200 448 "-" "WordPress/6.3.8; https://serhatburke.miroglu.net"
200.25.47.132 - - [20/Apr/2026:11:32:25 +0300] "POST /xmlrpc.php HTTP/1.1" 200 11572 "-" "Mozilla/5.0 (Windows NT 10.0; Win64; x64) AppleWebKit/537.36 (KHTML, like Gecko) Chrome/114.0.0.0 Safari/537.36"
128.1.227.248 - - [20/Apr/2026:11:32:22 +0300] "GET /9-tips-to-victory-to-the-pokie-servers-to-own-nz-participants/ HTTP/1.1" 200 75473 "-" "Mozilla/5.0 (Windows NT 10.0; Win64; x64) AppleWebKit/537.36 (KHTML, like Gecko) Chrome/124.0.0.0 Safari/537.36"
200.25.47.132 - - [20/Apr/2026:11:32:46 +0300] "GET /mustang-currency-pokie-wager-free-realize-review/ HTTP/1.1" 200 72255 "-" "Mozilla/5.0 (Windows NT 10.0; Win64; x64) AppleWebKit/537.36 (KHTML, like Gecko) Chrome/123.0.0.0 Safari/537.36"
128.1.227.248 - - [20/Apr/2026:11:33:16 +0300] "POST /xmlrpc.php HTTP/1.1" 200 630 "-" "Mozilla/5.0 (Windows NT 10.0; Win64; x64) AppleWebKit/537.36 (KHTML, like Gecko) Chrome/114.0.0.0 Safari/537.36"
185.216.113.70 - - [20/Apr/2026:11:33:47 +0300] "POST /wp-cron.php?doing_wp_cron=1776674027.2084629535675048828125 HTTP/1.1" 200 448 "-" "WordPress/6.3.8; https://serhatburke.miroglu.net"
128.1.227.248 - - [20/Apr/2026:11:33:34 +0300] "POST /xmlrpc.php HTTP/1.1" 200 14133 "-" "Mozilla/5.0 (Windows NT 10.0; Win64; x64) AppleWebKit/537.36 (KHTML, like Gecko) Chrome/114.0.0.0 Safari/537.36"
128.1.227.248 - - [20/Apr/2026:11:33:48 +0300] "GET /ideas-on-how-to-dedicate-500/ HTTP/1.1" 200 74203 "-" "Mozilla/5.0 (Windows NT 10.0; Win64; x64) AppleWebKit/537.36 (KHTML, like Gecko) Chrome/123.0.0.0 Safari/537.36"
185.216.113.70 - - [20/Apr/2026:11:35:00 +0300] "POST /wp-cron.php?doing_wp_cron=1776674098.1683111190795898437500 HTTP/1.1" 200 448 "-" "WordPress/6.3.8; https://serhatburke.miroglu.net"
128.1.227.248 - - [20/Apr/2026:11:34:45 +0300] "POST /xmlrpc.php HTTP/1.1" 200 630 "-" "Mozilla/5.0 (Windows NT 10.0; Win64; x64) AppleWebKit/537.36 (KHTML, like Gecko) Chrome/114.0.0.0 Safari/537.36"
128.1.227.248 - - [20/Apr/2026:11:35:07 +0300] "POST /xmlrpc.php HTTP/1.1" 200 15255 "-" "Mozilla/5.0 (Windows NT 10.0; Win64; x64) AppleWebKit/537.36 (KHTML, like Gecko) Chrome/114.0.0.0 Safari/537.36"
128.1.227.248 - - [20/Apr/2026:11:35:22 +0300] "GET /win-100-percent-free-spins-after-you-play-tomb-raider-on-line-casino-video-game/ HTTP/1.1" 200 76557 "-" "Mozilla/5.0 (Windows NT 10.0; Win64; x64; rv:125.0) Gecko/20100101 Firefox/125.0"
185.216.113.70 - - [20/Apr/2026:11:36:12 +0300] "POST /wp-cron.php?doing_wp_cron=1776674172.4461278915405273437500 HTTP/1.1" 200 448 "-" "WordPress/6.3.8; https://serhatburke.miroglu.net"
200.25.47.132 - - [20/Apr/2026:11:36:00 +0300] "POST /xmlrpc.php HTTP/1.1" 200 630 "-" "Mozilla/5.0 (Windows NT 10.0; Win64; x64) AppleWebKit/537.36 (KHTML, like Gecko) Chrome/114.0.0.0 Safari/537.36"
128.1.227.248 - - [20/Apr/2026:11:36:13 +0300] "POST /xmlrpc.php HTTP/1.1" 200 630 "-" "Mozilla/5.0 (Windows NT 10.0; Win64; x64) AppleWebKit/537.36 (KHTML, like Gecko) Chrome/114.0.0.0 Safari/537.36"
200.25.47.132 - - [20/Apr/2026:11:36:19 +0300] "POST /xmlrpc.php HTTP/1.1" 200 11595 "-" "Mozilla/5.0 (Windows NT 10.0; Win64; x64) AppleWebKit/537.36 (KHTML, like Gecko) Chrome/114.0.0.0 Safari/537.36"
185.216.113.70 - - [20/Apr/2026:11:36:48 +0300] "POST /wp-cron.php?doing_wp_cron=1776674208.0134739875793457031250 HTTP/1.1" 200 448 "-" "WordPress/6.3.8; https://serhatburke.miroglu.net"
128.1.227.248 - - [20/Apr/2026:11:36:35 +0300] "POST /xmlrpc.php HTTP/1.1" 200 14851 "-" "Mozilla/5.0 (Windows NT 10.0; Win64; x64) AppleWebKit/537.36 (KHTML, like Gecko) Chrome/114.0.0.0 Safari/537.36"
200.25.47.132 - - [20/Apr/2026:11:36:36 +0300] "GET /gladiator-slot-comment-2026-gamble-gladiator-casino-slot-games-100-percent-free/ HTTP/1.1" 200 73289 "-" "Mozilla/5.0 (Windows NT 10.0; Win64; x64; rv:124.0) Gecko/20100101 Firefox/124.0"
128.1.227.248 - - [20/Apr/2026:11:36:49 +0300] "GET /nokia-n-gage-video-game-patio-cellular-phone-tomb-raider-video-game-battery-charger-included-operating/ HTTP/1.1" 200 76982 "-" "Mozilla/5.0 (Windows NT 10.0; Win64; x64) AppleWebKit/537.36 (KHTML, like Gecko) Chrome/123.0.0.0 Safari/537.36"
185.216.113.70 - - [20/Apr/2026:11:37:44 +0300] "POST /wp-cron.php?doing_wp_cron=1776674264.7547609806060791015625 HTTP/1.1" 200 448 "-" "WordPress/6.3.8; https://serhatburke.miroglu.net"
84.200.80.218 - - [20/Apr/2026:11:37:31 +0300] "POST /xmlrpc.php HTTP/1.1" 200 101645 "-" "Mozilla/5.0 (Windows NT 10.0; Win64; x64) AppleWebKit/537.36 (KHTML, like Gecko) Chrome/122.0.0.0 Safari/537.36"
128.1.227.248 - - [20/Apr/2026:11:37:43 +0300] "POST /xmlrpc.php HTTP/1.1" 200 630 "-" "Mozilla/5.0 (Windows NT 10.0; Win64; x64) AppleWebKit/537.36 (KHTML, like Gecko) Chrome/114.0.0.0 Safari/537.36"
84.200.80.218 - - [20/Apr/2026:11:37:45 +0300] "POST /xmlrpc.php HTTP/1.1" 200 486 "-" "Mozilla/5.0 (Windows NT 10.0; Win64; x64) AppleWebKit/537.36 (KHTML, like Gecko) Chrome/122.0.0.0 Safari/537.36"
84.200.80.218 - - [20/Apr/2026:11:38:09 +0300] "POST /xmlrpc.php HTTP/1.1" 200 489 "-" "Mozilla/5.0 (Windows NT 10.0; Win64; x64) AppleWebKit/537.36 (KHTML, like Gecko) Chrome/122.0.0.0 Safari/537.36"
128.1.227.248 - - [20/Apr/2026:11:38:12 +0300] "POST /xmlrpc.php HTTP/1.1" 200 14540 "-" "Mozilla/5.0 (Windows NT 10.0; Win64; x64) AppleWebKit/537.36 (KHTML, like Gecko) Chrome/114.0.0.0 Safari/537.36"
185.216.113.70 - - [20/Apr/2026:11:38:40 +0300] "POST /wp-cron.php?doing_wp_cron=1776674320.8679380416870117187500 HTTP/1.1" 200 448 "-" "WordPress/6.3.8; https://serhatburke.miroglu.net"
84.200.80.218 - - [20/Apr/2026:11:38:26 +0300] "POST /xmlrpc.php HTTP/1.1" 200 222066 "-" "Mozilla/5.0 (Windows NT 10.0; Win64; x64) AppleWebKit/537.36 (KHTML, like Gecko) Chrome/122.0.0.0 Safari/537.36"
128.1.227.248 - - [20/Apr/2026:11:38:31 +0300] "GET /top-10-ireland-slot-websites-deendayal-research-institute/ HTTP/1.1" 200 75378 "-" "Mozilla/5.0 (Windows NT 10.0; Win64; x64) AppleWebKit/537.36 (KHTML, like Gecko) Chrome/109.0.0.0 Safari/537.36"
66.249.73.15 - - [20/Apr/2026:11:38:41 +0300] "GET /robots.txt HTTP/1.1" 200 719 "-" "Mozilla/5.0 (compatible; Googlebot/2.1; +http://www.google.com/bot.html)"
84.200.80.218 - - [20/Apr/2026:11:38:43 +0300] "POST /xmlrpc.php HTTP/1.1" 200 489 "-" "Mozilla/5.0 (Windows NT 10.0; Win64; x64) AppleWebKit/537.36 (KHTML, like Gecko) Chrome/122.0.0.0 Safari/537.36"
84.200.80.218 - - [20/Apr/2026:11:39:04 +0300] "POST /xmlrpc.php HTTP/1.1" 200 172873 "-" "Mozilla/5.0 (Windows NT 10.0; Win64; x64) AppleWebKit/537.36 (KHTML, like Gecko) Chrome/122.0.0.0 Safari/537.36"
66.249.73.14 - - [20/Apr/2026:11:39:01 +0300] "GET /decoding-the-digital-dice-a-deep-dive-into-australias-online-gambling-landscape/ HTTP/1.1" 200 19817 "-" "Mozilla/5.0 (Linux; Android 6.0.1; Nexus 5X Build/MMB29P) AppleWebKit/537.36 (KHTML, like Gecko) Chrome/146.0.7680.177 Mobile Safari/537.36 (compatible; Googlebot/2.1; +http://www.google.com/bot.html)"
128.1.227.248 - - [20/Apr/2026:11:39:06 +0300] "POST /xmlrpc.php HTTP/1.1" 200 630 "-" "Mozilla/5.0 (Windows NT 10.0; Win64; x64) AppleWebKit/537.36 (KHTML, like Gecko) Chrome/114.0.0.0 Safari/537.36"
66.249.73.14 - - [20/Apr/2026:11:39:28 +0300] "GET /decoding-the-digital-dice-a-deep-dive-into-australias-online-gambling-landscape/undefined?ts=1775520000 HTTP/1.1" 200 0 "https://serhatburke.miroglu.net/decoding-the-digital-dice-a-deep-dive-into-australias-online-gambling-landscape/" "Mozilla/5.0 (Linux; Android 6.0.1; Nexus 5X Build/MMB29P) AppleWebKit/537.36 (KHTML, like Gecko) Chrome/146.0.7680.177 Mobile Safari/537.36 (compatible; Googlebot/2.1; +http://www.google.com/bot.html)"
185.216.113.70 - - [20/Apr/2026:11:39:43 +0300] "POST /wp-cron.php?doing_wp_cron=1776674383.6665029525756835937500 HTTP/1.1" 200 448 "-" "WordPress/6.3.8; https://serhatburke.miroglu.net"
66.249.73.14 - - [20/Apr/2026:11:39:24 +0300] "GET /decoding-the-digital-dice-a-deep-dive-into-australias-online-gambling-landscape/ HTTP/1.1" 200 19664 "-" "Mozilla/5.0 (Linux; Android 6.0.1; Nexus 5X Build/MMB29P) AppleWebKit/537.36 (KHTML, like Gecko) Chrome/146.0.7680.177 Mobile Safari/537.36 (compatible; Googlebot/2.1; +http://www.google.com/bot.html)"
66.249.73.14 - - [20/Apr/2026:11:39:32 +0300] "GET /decoding-the-digital-dice-a-deep-dive-into-australias-online-gambling-landscape/undefined?ts=1775520000 HTTP/1.1" 200 0 "https://serhatburke.miroglu.net/decoding-the-digital-dice-a-deep-dive-into-australias-online-gambling-landscape/" "Mozilla/5.0 (Linux; Android 6.0.1; Nexus 5X Build/MMB29P) AppleWebKit/537.36 (KHTML, like Gecko) Chrome/146.0.7680.177 Mobile Safari/537.36 (compatible; Googlebot/2.1; +http://www.google.com/bot.html)"
66.249.73.14 - - [20/Apr/2026:11:39:40 +0300] "GET /decoding-the-digital-dice-a-deep-dive-into-australias-online-gambling-landscape/undefined?ts=1775520000 HTTP/1.1" 200 0 "https://serhatburke.miroglu.net/decoding-the-digital-dice-a-deep-dive-into-australias-online-gambling-landscape/" "Mozilla/5.0 (Linux; Android 6.0.1; Nexus 5X Build/MMB29P) AppleWebKit/537.36 (KHTML, like Gecko) Chrome/146.0.7680.177 Mobile Safari/537.36 (compatible; Googlebot/2.1; +http://www.google.com/bot.html)"
66.249.73.14 - - [20/Apr/2026:11:39:44 +0300] "GET /decoding-the-digital-dice-a-deep-dive-into-australias-online-gambling-landscape/undefined?ts=1775520000 HTTP/1.1" 200 0 "https://serhatburke.miroglu.net/decoding-the-digital-dice-a-deep-dive-into-australias-online-gambling-landscape/" "Mozilla/5.0 (Linux; Android 6.0.1; Nexus 5X Build/MMB29P) AppleWebKit/537.36 (KHTML, like Gecko) Chrome/146.0.7680.177 Mobile Safari/537.36 (compatible; Googlebot/2.1; +http://www.google.com/bot.html)"
66.249.73.14 - - [20/Apr/2026:11:39:48 +0300] "GET /decoding-the-digital-dice-a-deep-dive-into-australias-online-gambling-landscape/undefined?ts=1775520000 HTTP/1.1" 200 0 "https://serhatburke.miroglu.net/decoding-the-digital-dice-a-deep-dive-into-australias-online-gambling-landscape/" "Mozilla/5.0 (Linux; Android 6.0.1; Nexus 5X Build/MMB29P) AppleWebKit/537.36 (KHTML, like Gecko) Chrome/146.0.7680.177 Mobile Safari/537.36 (compatible; Googlebot/2.1; +http://www.google.com/bot.html)"
128.1.227.248 - - [20/Apr/2026:11:39:30 +0300] "POST /xmlrpc.php HTTP/1.1" 200 11547 "-" "Mozilla/5.0 (Windows NT 10.0; Win64; x64) AppleWebKit/537.36 (KHTML, like Gecko) Chrome/114.0.0.0 Safari/537.36"
66.249.73.14 - - [20/Apr/2026:11:39:58 +0300] "GET /decoding-the-digital-dice-a-deep-dive-into-australias-online-gambling-landscape/undefined?ts=1775520000 HTTP/1.1" 200 0 "https://serhatburke.miroglu.net/decoding-the-digital-dice-a-deep-dive-into-australias-online-gambling-landscape/" "Mozilla/5.0 (Linux; Android 6.0.1; Nexus 5X Build/MMB29P) AppleWebKit/537.36 (KHTML, like Gecko) Chrome/146.0.7680.177 Mobile Safari/537.36 (compatible; Googlebot/2.1; +http://www.google.com/bot.html)"
66.249.73.14 - - [20/Apr/2026:11:39:59 +0300] "GET /decoding-the-digital-dice-a-deep-dive-into-australias-online-gambling-landscape/undefined?ts=1775520000 HTTP/1.1" 200 0 "https://serhatburke.miroglu.net/decoding-the-digital-dice-a-deep-dive-into-australias-online-gambling-landscape/" "Mozilla/5.0 (Linux; Android 6.0.1; Nexus 5X Build/MMB29P) AppleWebKit/537.36 (KHTML, like Gecko) Chrome/146.0.7680.177 Mobile Safari/537.36 (compatible; Googlebot/2.1; +http://www.google.com/bot.html)"
66.249.73.14 - - [20/Apr/2026:11:40:00 +0300] "GET /decoding-the-digital-dice-a-deep-dive-into-australias-online-gambling-landscape/undefined?ts=1775520000 HTTP/1.1" 200 0 "https://serhatburke.miroglu.net/decoding-the-digital-dice-a-deep-dive-into-australias-online-gambling-landscape/" "Mozilla/5.0 (Linux; Android 6.0.1; Nexus 5X Build/MMB29P) AppleWebKit/537.36 (KHTML, like Gecko) Chrome/146.0.7680.177 Mobile Safari/537.36 (compatible; Googlebot/2.1; +http://www.google.com/bot.html)"
66.249.73.14 - - [20/Apr/2026:11:40:00 +0300] "GET /decoding-the-digital-dice-a-deep-dive-into-australias-online-gambling-landscape/undefined?ts=1775520000 HTTP/1.1" 200 0 "https://serhatburke.miroglu.net/decoding-the-digital-dice-a-deep-dive-into-australias-online-gambling-landscape/" "Mozilla/5.0 (Linux; Android 6.0.1; Nexus 5X Build/MMB29P) AppleWebKit/537.36 (KHTML, like Gecko) Chrome/146.0.7680.177 Mobile Safari/537.36 (compatible; Googlebot/2.1; +http://www.google.com/bot.html)"
66.249.73.14 - - [20/Apr/2026:11:40:07 +0300] "GET /decoding-the-digital-dice-a-deep-dive-into-australias-online-gambling-landscape/undefined?ts=1775520000 HTTP/1.1" 200 0 "https://serhatburke.miroglu.net/decoding-the-digital-dice-a-deep-dive-into-australias-online-gambling-landscape/" "Mozilla/5.0 (Linux; Android 6.0.1; Nexus 5X Build/MMB29P) AppleWebKit/537.36 (KHTML, like Gecko) Chrome/146.0.7680.177 Mobile Safari/537.36 (compatible; Googlebot/2.1; +http://www.google.com/bot.html)"
66.249.73.14 - - [20/Apr/2026:11:40:09 +0300] "GET /decoding-the-digital-dice-a-deep-dive-into-australias-online-gambling-landscape/undefined?ts=1775520000 HTTP/1.1" 200 0 "https://serhatburke.miroglu.net/decoding-the-digital-dice-a-deep-dive-into-australias-online-gambling-landscape/" "Mozilla/5.0 (Linux; Android 6.0.1; Nexus 5X Build/MMB29P) AppleWebKit/537.36 (KHTML, like Gecko) Chrome/146.0.7680.177 Mobile Safari/537.36 (compatible; Googlebot/2.1; +http://www.google.com/bot.html)"
66.249.73.14 - - [20/Apr/2026:11:40:13 +0300] "GET /decoding-the-digital-dice-a-deep-dive-into-australias-online-gambling-landscape/undefined?ts=1775520000 HTTP/1.1" 200 0 "https://serhatburke.miroglu.net/decoding-the-digital-dice-a-deep-dive-into-australias-online-gambling-landscape/" "Mozilla/5.0 (Linux; Android 6.0.1; Nexus 5X Build/MMB29P) AppleWebKit/537.36 (KHTML, like Gecko) Chrome/146.0.7680.177 Mobile Safari/537.36 (compatible; Googlebot/2.1; +http://www.google.com/bot.html)"
66.249.73.14 - - [20/Apr/2026:11:40:16 +0300] "GET /decoding-the-digital-dice-a-deep-dive-into-australias-online-gambling-landscape/undefined?ts=1775520000 HTTP/1.1" 200 0 "https://serhatburke.miroglu.net/decoding-the-digital-dice-a-deep-dive-into-australias-online-gambling-landscape/" "Mozilla/5.0 (Linux; Android 6.0.1; Nexus 5X Build/MMB29P) AppleWebKit/537.36 (KHTML, like Gecko) Chrome/146.0.7680.177 Mobile Safari/537.36 (compatible; Googlebot/2.1; +http://www.google.com/bot.html)"
66.249.73.14 - - [20/Apr/2026:11:40:20 +0300] "GET /decoding-the-digital-dice-a-deep-dive-into-australias-online-gambling-landscape/undefined?ts=1775520000 HTTP/1.1" 200 0 "https://serhatburke.miroglu.net/decoding-the-digital-dice-a-deep-dive-into-australias-online-gambling-landscape/" "Mozilla/5.0 (Linux; Android 6.0.1; Nexus 5X Build/MMB29P) AppleWebKit/537.36 (KHTML, like Gecko) Chrome/146.0.7680.177 Mobile Safari/537.36 (compatible; Googlebot/2.1; +http://www.google.com/bot.html)"
66.249.73.14 - - [20/Apr/2026:11:40:21 +0300] "GET /decoding-the-digital-dice-a-deep-dive-into-australias-online-gambling-landscape/undefined?ts=1775520000 HTTP/1.1" 200 0 "https://serhatburke.miroglu.net/decoding-the-digital-dice-a-deep-dive-into-australias-online-gambling-landscape/" "Mozilla/5.0 (Linux; Android 6.0.1; Nexus 5X Build/MMB29P) AppleWebKit/537.36 (KHTML, like Gecko) Chrome/146.0.7680.177 Mobile Safari/537.36 (compatible; Googlebot/2.1; +http://www.google.com/bot.html)"
