223.165.69.55 - - [21/Apr/2026:00:15:54 +0300] "GET /totally-free-harbors-zero-download-zero-membership-immediate-enjoy/ HTTP/1.1" 200 75464 "-" "Mozilla/5.0 (Windows NT 10.0; Win64; x64) AppleWebKit/537.36 (KHTML, like Gecko) Chrome/123.0.0.0 Safari/537.36"
200.25.47.134 - - [21/Apr/2026:00:16:06 +0300] "GET /get-it-done-thunderstruck-dos-0-tests-oklahoma-guards-unmanned-aerial-system-prospective-post-the-usa-army/ HTTP/1.1" 200 74106 "-" "Mozilla/5.0 (Windows NT 10.0; Win64; x64) AppleWebKit/537.36 (KHTML, like Gecko) Chrome/109.0.0.0 Safari/537.36"
200.25.47.134 - - [21/Apr/2026:00:16:11 +0300] "POST /xmlrpc.php HTTP/1.1" 200 630 "-" "Mozilla/5.0 (Windows NT 10.0; Win64; x64) AppleWebKit/537.36 (KHTML, like Gecko) Chrome/114.0.0.0 Safari/537.36"
185.216.113.70 - - [21/Apr/2026:00:16:44 +0300] "POST /wp-cron.php?doing_wp_cron=1776719804.5882248878479003906250 HTTP/1.1" 200 448 "-" "WordPress/6.3.8; https://serhatburke.miroglu.net"
200.25.47.134 - - [21/Apr/2026:00:16:32 +0300] "POST /xmlrpc.php HTTP/1.1" 200 11839 "-" "Mozilla/5.0 (Windows NT 10.0; Win64; x64) AppleWebKit/537.36 (KHTML, like Gecko) Chrome/114.0.0.0 Safari/537.36"
200.25.47.134 - - [21/Apr/2026:00:16:46 +0300] "GET /fc-25-black-colored-tuesday-promo-thunderstruck-feel/ HTTP/1.1" 200 72643 "-" "Mozilla/5.0 (Windows NT 10.0; Win64; x64) AppleWebKit/537.36 (KHTML, like Gecko) Chrome/124.0.0.0 Safari/537.36"
185.216.113.70 - - [21/Apr/2026:00:18:11 +0300] "POST /wp-cron.php?doing_wp_cron=1776719891.4708058834075927734375 HTTP/1.1" 200 448 "-" "WordPress/6.3.8; https://serhatburke.miroglu.net"
200.25.47.134 - - [21/Apr/2026:00:17:58 +0300] "POST /xmlrpc.php HTTP/1.1" 200 630 "-" "Mozilla/5.0 (Windows NT 10.0; Win64; x64) AppleWebKit/537.36 (KHTML, like Gecko) Chrome/114.0.0.0 Safari/537.36"
200.25.47.134 - - [21/Apr/2026:00:18:18 +0300] "POST /xmlrpc.php HTTP/1.1" 200 11839 "-" "Mozilla/5.0 (Windows NT 10.0; Win64; x64) AppleWebKit/537.36 (KHTML, like Gecko) Chrome/114.0.0.0 Safari/537.36"
185.216.113.70 - - [21/Apr/2026:00:18:44 +0300] "POST /wp-cron.php?doing_wp_cron=1776719924.1355750560760498046875 HTTP/1.1" 200 448 "-" "WordPress/6.3.8; https://serhatburke.miroglu.net"
200.25.47.134 - - [21/Apr/2026:00:18:32 +0300] "GET /best-pony-rushing-playing-programs-web-sites-to-have-february-2026/ HTTP/1.1" 200 72913 "-" "Mozilla/5.0 (Windows NT 10.0; Win64; x64; rv:125.0) Gecko/20100101 Firefox/125.0"
185.216.113.70 - - [21/Apr/2026:00:19:57 +0300] "POST /wp-cron.php?doing_wp_cron=1776719997.3913569450378417968750 HTTP/1.1" 200 448 "-" "WordPress/6.3.8; https://serhatburke.miroglu.net"
200.25.47.134 - - [21/Apr/2026:00:19:44 +0300] "POST /xmlrpc.php HTTP/1.1" 200 630 "-" "Mozilla/5.0 (Windows NT 10.0; Win64; x64) AppleWebKit/537.36 (KHTML, like Gecko) Chrome/114.0.0.0 Safari/537.36"
200.25.47.134 - - [21/Apr/2026:00:20:04 +0300] "POST /xmlrpc.php HTTP/1.1" 200 11580 "-" "Mozilla/5.0 (Windows NT 10.0; Win64; x64) AppleWebKit/537.36 (KHTML, like Gecko) Chrome/114.0.0.0 Safari/537.36"
200.25.47.134 - - [21/Apr/2026:00:20:19 +0300] "GET /merry-christmas-review-entirely-150-chance-fruitland-trial-offer-enjoy/ HTTP/1.1" 200 72975 "-" "Mozilla/5.0 (Windows NT 10.0; Win64; x64) AppleWebKit/537.36 (KHTML, like Gecko) Chrome/109.0.0.0 Safari/537.36"
185.216.113.70 - - [21/Apr/2026:00:21:41 +0300] "POST /wp-cron.php?doing_wp_cron=1776720101.5377609729766845703125 HTTP/1.1" 200 448 "-" "WordPress/6.3.8; https://serhatburke.miroglu.net"
200.25.47.134 - - [21/Apr/2026:00:21:29 +0300] "POST /xmlrpc.php HTTP/1.1" 200 630 "-" "Mozilla/5.0 (Windows NT 10.0; Win64; x64) AppleWebKit/537.36 (KHTML, like Gecko) Chrome/114.0.0.0 Safari/537.36"
223.165.69.55 - - [21/Apr/2026:00:21:32 +0300] "POST /xmlrpc.php HTTP/1.1" 200 630 "-" "Mozilla/5.0 (Windows NT 10.0; Win64; x64) AppleWebKit/537.36 (KHTML, like Gecko) Chrome/114.0.0.0 Safari/537.36"
200.25.47.134 - - [21/Apr/2026:00:21:48 +0300] "POST /xmlrpc.php HTTP/1.1" 200 11700 "-" "Mozilla/5.0 (Windows NT 10.0; Win64; x64) AppleWebKit/537.36 (KHTML, like Gecko) Chrome/114.0.0.0 Safari/537.36"
223.165.69.55 - - [21/Apr/2026:00:21:54 +0300] "POST /xmlrpc.php HTTP/1.1" 200 14704 "-" "Mozilla/5.0 (Windows NT 10.0; Win64; x64) AppleWebKit/537.36 (KHTML, like Gecko) Chrome/114.0.0.0 Safari/537.36"
200.25.47.134 - - [21/Apr/2026:00:22:02 +0300] "GET /video-slot-opinion/ HTTP/1.1" 200 71691 "-" "Mozilla/5.0 (Windows NT 10.0; Win64; x64) AppleWebKit/537.36 (KHTML, like Gecko) Chrome/123.0.0.0 Safari/537.36"
223.165.69.55 - - [21/Apr/2026:00:22:10 +0300] "GET /funky-fruit-status-gamble-on-line-free-of-charge-costa-rica/ HTTP/1.1" 200 75491 "-" "Mozilla/5.0 (Windows NT 10.0; Win64; x64) AppleWebKit/537.36 (KHTML, like Gecko) Chrome/123.0.0.0 Safari/537.36 OPR/109.0.0.0"
185.216.113.70 - - [21/Apr/2026:00:23:06 +0300] "POST /wp-cron.php?doing_wp_cron=1776720186.4914150238037109375000 HTTP/1.1" 200 448 "-" "WordPress/6.3.8; https://serhatburke.miroglu.net"
200.25.47.134 - - [21/Apr/2026:00:22:54 +0300] "POST /xmlrpc.php HTTP/1.1" 200 630 "-" "Mozilla/5.0 (Windows NT 10.0; Win64; x64) AppleWebKit/537.36 (KHTML, like Gecko) Chrome/114.0.0.0 Safari/537.36"
200.25.47.134 - - [21/Apr/2026:00:23:13 +0300] "POST /xmlrpc.php HTTP/1.1" 200 11903 "-" "Mozilla/5.0 (Windows NT 10.0; Win64; x64) AppleWebKit/537.36 (KHTML, like Gecko) Chrome/114.0.0.0 Safari/537.36"
200.25.47.134 - - [21/Apr/2026:00:23:27 +0300] "GET /thunderstruck-2-opinion-wager-100-percent-free-and-now-have-a-bonus-100-percent-free-spins/ HTTP/1.1" 200 73626 "-" "Mozilla/5.0 (Windows NT 10.0; Win64; x64) AppleWebKit/537.36 (KHTML, like Gecko) Chrome/122.0.0.0 Safari/537.36"
185.216.113.70 - - [21/Apr/2026:00:24:43 +0300] "POST /wp-cron.php?doing_wp_cron=1776720283.2654819488525390625000 HTTP/1.1" 200 448 "-" "WordPress/6.3.8; https://serhatburke.miroglu.net"
200.25.47.134 - - [21/Apr/2026:00:24:26 +0300] "POST /xmlrpc.php HTTP/1.1" 200 630 "-" "Mozilla/5.0 (Windows NT 10.0; Win64; x64) AppleWebKit/537.36 (KHTML, like Gecko) Chrome/114.0.0.0 Safari/537.36"
193.202.81.112 - - [21/Apr/2026:00:24:28 +0300] "GET / HTTP/2" 200 18910 "-" "Mozilla/5.0 (Macintosh; Intel Mac OS X 10_15_7) AppleWebKit/537.36 (KHTML, like Gecko) Chrome/120.0.0.0 Safari/537.36"
158.69.22.136 - - [21/Apr/2026:00:24:32 +0300] "GET /beste-casino-site-belgie-hoge-inzet/ HTTP/1.1" 200 18613 "-" "Mozilla/5.0 (compatible; Googlebot/2.1; +http://www.google.com/bot.html)"
200.25.47.134 - - [21/Apr/2026:00:24:50 +0300] "POST /xmlrpc.php HTTP/1.1" 200 11908 "-" "Mozilla/5.0 (Windows NT 10.0; Win64; x64) AppleWebKit/537.36 (KHTML, like Gecko) Chrome/114.0.0.0 Safari/537.36"
200.25.47.134 - - [21/Apr/2026:00:25:04 +0300] "GET /thunderstruck-ii-super-moolah-slot-all-of-our-on-line-comment/ HTTP/1.1" 200 73364 "-" "Mozilla/5.0 (Windows NT 10.0; Win64; x64) AppleWebKit/537.36 (KHTML, like Gecko) Chrome/124.0.0.0 Safari/537.36"
89.167.59.5 - - [21/Apr/2026:00:25:22 +0300] "POST /xmlrpc.php HTTP/1.1" 200 602 "-" "Mozilla/5.0 (Windows NT 10.0; Win64; x64) AppleWebKit/537.36 (KHTML, like Gecko) Chrome/108.0.0.0 Safari/537.36"
185.216.113.70 - - [21/Apr/2026:00:25:48 +0300] "POST /wp-cron.php?doing_wp_cron=1776720348.1563999652862548828125 HTTP/1.1" 200 448 "-" "WordPress/6.3.8; https://serhatburke.miroglu.net"
89.167.59.5 - - [21/Apr/2026:00:25:36 +0300] "POST /xmlrpc.php HTTP/1.1" 200 3140 "-" "Mozilla/5.0 (Windows NT 10.0; Win64; x64) AppleWebKit/537.36 (KHTML, like Gecko) Chrome/108.0.0.0 Safari/537.36"
223.165.69.55 - - [21/Apr/2026:00:25:46 +0300] "POST /xmlrpc.php HTTP/1.1" 200 630 "-" "Mozilla/5.0 (Windows NT 10.0; Win64; x64) AppleWebKit/537.36 (KHTML, like Gecko) Chrome/114.0.0.0 Safari/537.36"
89.167.59.5 - - [21/Apr/2026:00:25:51 +0300] "GET /dein-online-casino-mit-dem-besten-kundenservice-3d-slots-tablegames-und-live-spielen/ HTTP/1.1" 200 0 "-" "Mozilla/5.0 (Windows NT 10.0; Win64; x64) AppleWebKit/537.36 (KHTML, like Gecko) Chrome/108.0.0.0 Safari/537.36"
223.165.69.55 - - [21/Apr/2026:00:26:09 +0300] "POST /xmlrpc.php HTTP/1.1" 200 14317 "-" "Mozilla/5.0 (Windows NT 10.0; Win64; x64) AppleWebKit/537.36 (KHTML, like Gecko) Chrome/114.0.0.0 Safari/537.36"
200.25.47.134 - - [21/Apr/2026:00:26:12 +0300] "POST /xmlrpc.php HTTP/1.1" 200 630 "-" "Mozilla/5.0 (Windows NT 10.0; Win64; x64) AppleWebKit/537.36 (KHTML, like Gecko) Chrome/114.0.0.0 Safari/537.36"
185.216.113.70 - - [21/Apr/2026:00:26:42 +0300] "POST /wp-cron.php?doing_wp_cron=1776720402.1725490093231201171875 HTTP/1.1" 200 448 "-" "WordPress/6.3.8; https://serhatburke.miroglu.net"
223.165.69.55 - - [21/Apr/2026:00:26:26 +0300] "GET /claim-its-r100-no-deposit-incentive-wager-cool-fruits-repaired-slot-free-winnings-high/ HTTP/1.1" 200 76012 "-" "Mozilla/5.0 (Windows NT 10.0; Win64; x64; rv:124.0) Gecko/20100101 Firefox/124.0"
200.25.47.134 - - [21/Apr/2026:00:26:33 +0300] "POST /xmlrpc.php HTTP/1.1" 200 12085 "-" "Mozilla/5.0 (Windows NT 10.0; Win64; x64) AppleWebKit/537.36 (KHTML, like Gecko) Chrome/114.0.0.0 Safari/537.36"
200.25.47.134 - - [21/Apr/2026:00:26:48 +0300] "GET /thunderstruck-tune-wikipedia/ HTTP/1.1" 200 72121 "-" "Mozilla/5.0 (Windows NT 10.0; Win64; x64) AppleWebKit/537.36 (KHTML, like Gecko) Chrome/123.0.0.0 Safari/537.36"
185.216.113.70 - - [21/Apr/2026:00:28:08 +0300] "POST /wp-cron.php?doing_wp_cron=1776720488.7169260978698730468750 HTTP/1.1" 200 448 "-" "WordPress/6.3.8; https://serhatburke.miroglu.net"
200.25.47.134 - - [21/Apr/2026:00:27:55 +0300] "POST /xmlrpc.php HTTP/1.1" 200 630 "-" "Mozilla/5.0 (Windows NT 10.0; Win64; x64) AppleWebKit/537.36 (KHTML, like Gecko) Chrome/114.0.0.0 Safari/537.36"
200.25.47.134 - - [21/Apr/2026:00:28:15 +0300] "POST /xmlrpc.php HTTP/1.1" 200 11882 "-" "Mozilla/5.0 (Windows NT 10.0; Win64; x64) AppleWebKit/537.36 (KHTML, like Gecko) Chrome/114.0.0.0 Safari/537.36"
185.216.113.70 - - [21/Apr/2026:00:28:41 +0300] "POST /wp-cron.php?doing_wp_cron=1776720520.9995889663696289062500 HTTP/1.1" 200 448 "-" "WordPress/6.3.8; https://serhatburke.miroglu.net"
200.25.47.134 - - [21/Apr/2026:00:28:29 +0300] "GET /pokemon-wade-tips-hook-pokemon-throwing-info-poke-testicle-get-cost/ HTTP/1.1" 200 73128 "-" "Mozilla/5.0 (Windows NT 10.0; Win64; x64) AppleWebKit/537.36 (KHTML, like Gecko) Chrome/124.0.0.0 Safari/537.36"
185.216.113.70 - - [21/Apr/2026:00:29:50 +0300] "POST /wp-cron.php?doing_wp_cron=1776720590.2745819091796875000000 HTTP/1.1" 200 448 "-" "WordPress/6.3.8; https://serhatburke.miroglu.net"
200.25.47.134 - - [21/Apr/2026:00:29:37 +0300] "POST /xmlrpc.php HTTP/1.1" 200 630 "-" "Mozilla/5.0 (Windows NT 10.0; Win64; x64) AppleWebKit/537.36 (KHTML, like Gecko) Chrome/114.0.0.0 Safari/537.36"
223.165.69.55 - - [21/Apr/2026:00:29:50 +0300] "POST /xmlrpc.php HTTP/1.1" 200 630 "-" "Mozilla/5.0 (Windows NT 10.0; Win64; x64) AppleWebKit/537.36 (KHTML, like Gecko) Chrome/114.0.0.0 Safari/537.36"
200.25.47.134 - - [21/Apr/2026:00:29:57 +0300] "POST /xmlrpc.php HTTP/1.1" 200 12549 "-" "Mozilla/5.0 (Windows NT 10.0; Win64; x64) AppleWebKit/537.36 (KHTML, like Gecko) Chrome/114.0.0.0 Safari/537.36"
185.216.113.70 - - [21/Apr/2026:00:30:25 +0300] "POST /wp-cron.php?doing_wp_cron=1776720625.6846919059753417968750 HTTP/1.1" 200 448 "-" "WordPress/6.3.8; https://serhatburke.miroglu.net"
223.165.69.55 - - [21/Apr/2026:00:30:12 +0300] "POST /xmlrpc.php HTTP/1.1" 200 11890 "-" "Mozilla/5.0 (Windows NT 10.0; Win64; x64) AppleWebKit/537.36 (KHTML, like Gecko) Chrome/114.0.0.0 Safari/537.36"
200.25.47.134 - - [21/Apr/2026:00:30:16 +0300] "GET /enjoy-thunderstruck-reputation-100-percent-free-spins-no-deposit-invited-incentive-carsons-travel/ HTTP/1.1" 200 74520 "-" "Mozilla/5.0 (Windows NT 10.0; Win64; x64) AppleWebKit/537.36 (KHTML, like Gecko) Chrome/124.0.0.0 Safari/537.36 Edg/124.0.0.0"
223.165.69.55 - - [21/Apr/2026:00:30:27 +0300] "GET /trendy-fruit-slot-review-detailed-view-has-gameplay/ HTTP/1.1" 200 72688 "-" "Mozilla/5.0 (Windows NT 10.0; Win64; x64) AppleWebKit/537.36 (KHTML, like Gecko) Chrome/124.0.0.0 Safari/537.36 Edg/124.0.0.0"
185.216.113.70 - - [21/Apr/2026:00:31:27 +0300] "POST /wp-cron.php?doing_wp_cron=1776720687.4951438903808593750000 HTTP/1.1" 200 448 "-" "WordPress/6.3.8; https://serhatburke.miroglu.net"
200.25.47.134 - - [21/Apr/2026:00:31:15 +0300] "POST /xmlrpc.php HTTP/1.1" 200 630 "-" "Mozilla/5.0 (Windows NT 10.0; Win64; x64) AppleWebKit/537.36 (KHTML, like Gecko) Chrome/114.0.0.0 Safari/537.36"
200.25.47.134 - - [21/Apr/2026:00:31:34 +0300] "POST /xmlrpc.php HTTP/1.1" 200 11461 "-" "Mozilla/5.0 (Windows NT 10.0; Win64; x64) AppleWebKit/537.36 (KHTML, like Gecko) Chrome/114.0.0.0 Safari/537.36"
200.25.47.134 - - [21/Apr/2026:00:31:48 +0300] "GET /thunderstruck-stormchaser-trial-enjoy-slot-video-game-one-hundred-free/ HTTP/1.1" 200 72827 "-" "Mozilla/5.0 (Windows NT 10.0; Win64; x64) AppleWebKit/537.36 (KHTML, like Gecko) Chrome/124.0.0.0 Safari/537.36"
185.216.113.70 - - [21/Apr/2026:00:32:55 +0300] "POST /wp-cron.php?doing_wp_cron=1776720775.6920750141143798828125 HTTP/1.1" 200 448 "-" "WordPress/6.3.8; https://serhatburke.miroglu.net"
200.25.47.134 - - [21/Apr/2026:00:32:39 +0300] "POST /xmlrpc.php HTTP/1.1" 200 630 "-" "Mozilla/5.0 (Windows NT 10.0; Win64; x64) AppleWebKit/537.36 (KHTML, like Gecko) Chrome/114.0.0.0 Safari/537.36"
200.25.47.134 - - [21/Apr/2026:00:33:02 +0300] "POST /xmlrpc.php HTTP/1.1" 200 11538 "-" "Mozilla/5.0 (Windows NT 10.0; Win64; x64) AppleWebKit/537.36 (KHTML, like Gecko) Chrome/114.0.0.0 Safari/537.36"
200.25.47.134 - - [21/Apr/2026:00:33:17 +0300] "GET /thunder-surprise-motions/ HTTP/1.1" 200 71615 "-" "Mozilla/5.0 (Windows NT 10.0; Win64; x64) AppleWebKit/537.36 (KHTML, like Gecko) Chrome/123.0.0.0 Safari/537.36 OPR/109.0.0.0"
185.216.113.70 - - [21/Apr/2026:00:33:39 +0300] "POST /wp-cron.php?doing_wp_cron=1776720819.8205599784851074218750 HTTP/1.1" 200 448 "-" "WordPress/6.3.8; https://serhatburke.miroglu.net"
223.165.69.55 - - [21/Apr/2026:00:33:25 +0300] "POST /xmlrpc.php HTTP/1.1" 200 630 "-" "Mozilla/5.0 (Windows NT 10.0; Win64; x64) AppleWebKit/537.36 (KHTML, like Gecko) Chrome/114.0.0.0 Safari/537.36"
223.165.69.55 - - [21/Apr/2026:00:33:47 +0300] "POST /xmlrpc.php HTTP/1.1" 200 13855 "-" "Mozilla/5.0 (Windows NT 10.0; Win64; x64) AppleWebKit/537.36 (KHTML, like Gecko) Chrome/114.0.0.0 Safari/537.36"
223.165.69.55 - - [21/Apr/2026:00:34:04 +0300] "GET /funky-fruits-ranch-slot-try-this-100-percent-free-demo-variation/ HTTP/1.1" 200 75158 "-" "Mozilla/5.0 (Windows NT 10.0; rv:109.0) Gecko/20100101 Firefox/115.0"
200.25.47.134 - - [21/Apr/2026:00:34:15 +0300] "POST /xmlrpc.php HTTP/1.1" 200 630 "-" "Mozilla/5.0 (Windows NT 10.0; Win64; x64) AppleWebKit/537.36 (KHTML, like Gecko) Chrome/114.0.0.0 Safari/537.36"
185.216.113.70 - - [21/Apr/2026:00:34:42 +0300] "POST /wp-cron.php?doing_wp_cron=1776720882.0689160823822021484375 HTTP/1.1" 200 448 "-" "WordPress/6.3.8; https://serhatburke.miroglu.net"
158.69.22.136 - - [21/Apr/2026:00:34:29 +0300] "GET /beste-casino-site-belgie-hoge-inzet/ HTTP/1.1" 200 18613 "-" "Mozilla/5.0 (compatible; Googlebot/2.1; +http://www.google.com/bot.html)"
200.25.47.134 - - [21/Apr/2026:00:34:39 +0300] "POST /xmlrpc.php HTTP/1.1" 200 11452 "-" "Mozilla/5.0 (Windows NT 10.0; Win64; x64) AppleWebKit/537.36 (KHTML, like Gecko) Chrome/114.0.0.0 Safari/537.36"
216.73.217.121 - - [21/Apr/2026:00:34:45 +0300] "GET /robots.txt HTTP/2" 200 110 "-" "Mozilla/5.0 AppleWebKit/537.36 (KHTML, like Gecko; compatible; ClaudeBot/1.0; +claudebot@anthropic.com)"
200.25.47.134 - - [21/Apr/2026:00:34:56 +0300] "GET /thunderstruck-slot-have-fun-with-the-thunderstruck-demo-2026/ HTTP/1.1" 200 72373 "-" "Mozilla/5.0 (Windows NT 10.0; rv:109.0) Gecko/20100101 Firefox/115.0"
46.8.193.142 - - [21/Apr/2026:00:34:58 +0300] "GET /28563-2/ HTTP/1.1" 200 18760 "https://serhatburke.miroglu.net/" "Mozilla/5.0 (Macintosh; Intel Mac OS X 10_15_7) AppleWebKit/537.36 (KHTML, like Gecko) Chrome/146.0.0.0 Safari/537.36"
45.15.73.105 - - [21/Apr/2026:00:35:10 +0300] "GET /28563-2/ HTTP/1.1" 200 18760 "https://serhatburke.miroglu.net/" "Mozilla/5.0 (Macintosh; Intel Mac OS X 10_15_7) AppleWebKit/537.36 (KHTML, like Gecko) Chrome/146.0.0.0 Safari/537.36"
46.8.212.29 - - [21/Apr/2026:00:35:21 +0300] "GET /28563-2/ HTTP/1.1" 200 18760 "https://serhatburke.miroglu.net/" "Mozilla/5.0 (Macintosh; Intel Mac OS X 10_15_7) AppleWebKit/537.36 (KHTML, like Gecko) Chrome/146.0.0.0 Safari/537.36"
185.216.113.70 - - [21/Apr/2026:00:35:52 +0300] "POST /wp-cron.php?doing_wp_cron=1776720952.8495318889617919921875 HTTP/1.1" 200 448 "-" "WordPress/6.3.8; https://serhatburke.miroglu.net"
200.25.47.134 - - [21/Apr/2026:00:35:41 +0300] "POST /xmlrpc.php HTTP/1.1" 200 630 "-" "Mozilla/5.0 (Windows NT 10.0; Win64; x64) AppleWebKit/537.36 (KHTML, like Gecko) Chrome/114.0.0.0 Safari/537.36"
200.25.47.134 - - [21/Apr/2026:00:35:59 +0300] "POST /xmlrpc.php HTTP/1.1" 200 11751 "-" "Mozilla/5.0 (Windows NT 10.0; Win64; x64) AppleWebKit/537.36 (KHTML, like Gecko) Chrome/114.0.0.0 Safari/537.36"
200.25.47.134 - - [21/Apr/2026:00:36:13 +0300] "GET /gamble-thunderstruck-free-online-slot-in-the-united-kingdom-2026/ HTTP/1.1" 200 72866 "-" "Mozilla/5.0 (Windows NT 10.0; Win64; x64) AppleWebKit/537.36 (KHTML, like Gecko) Chrome/124.0.0.0 Safari/537.36 Edg/124.0.0.0"
185.216.113.70 - - [21/Apr/2026:00:36:41 +0300] "POST /wp-cron.php?doing_wp_cron=1776721001.0629479885101318359375 HTTP/1.1" 200 448 "-" "WordPress/6.3.8; https://serhatburke.miroglu.net"
86.160.37.7 - - [21/Apr/2026:00:36:29 +0300] "GET /wp-login.php HTTP/2" 200 3536 "-" "Mozilla/5.0 (Windows NT 10.0; Win64; x64) AppleWebKit/537.36"
86.160.37.7 - - [21/Apr/2026:00:36:41 +0300] "POST /wp-login.php HTTP/2" 302 0 "https://serhatburke.miroglu.net/wp-login.php" "Mozilla/5.0 (Windows NT 10.0; Win64; x64) AppleWebKit/537.36"
66.249.73.14 - - [21/Apr/2026:00:37:00 +0300] "GET /donbet-casino-review-for-uk-players/ HTTP/1.1" 200 0 "https://ybsagez.driftlogic-games.biz/" "Mozilla/5.0 (Linux; Android 6.0.1; Nexus 5X Build/MMB29P) AppleWebKit/537.36 (KHTML, like Gecko) Chrome/146.0.7680.177 Mobile Safari/537.36 (compatible; Googlebot/2.1; +http://www.google.com/bot.html)"
86.160.37.7 - - [21/Apr/2026:00:36:54 +0300] "GET /wp-admin/ HTTP/2" 200 27682 "https://serhatburke.miroglu.net/wp-login.php" "Mozilla/5.0 (Windows NT 10.0; Win64; x64) AppleWebKit/537.36"
86.160.37.7 - - [21/Apr/2026:00:37:12 +0300] "GET /wp-admin/ HTTP/2" 200 244178 "-" "Mozilla/5.0 (Windows NT 10.0; Win64; x64) AppleWebKit/537.36"
200.25.47.134 - - [21/Apr/2026:00:37:14 +0300] "POST /xmlrpc.php HTTP/1.1" 200 630 "-" "Mozilla/5.0 (Windows NT 10.0; Win64; x64) AppleWebKit/537.36 (KHTML, like Gecko) Chrome/114.0.0.0 Safari/537.36"
185.216.113.70 - - [21/Apr/2026:00:37:40 +0300] "POST /wp-cron.php?doing_wp_cron=1776721060.5823049545288085937500 HTTP/1.1" 200 448 "-" "WordPress/6.3.8; https://serhatburke.miroglu.net"
223.165.69.55 - - [21/Apr/2026:00:37:24 +0300] "POST /xmlrpc.php HTTP/1.1" 200 630 "-" "Mozilla/5.0 (Windows NT 10.0; Win64; x64) AppleWebKit/537.36 (KHTML, like Gecko) Chrome/114.0.0.0 Safari/537.36"
86.160.37.7 - - [21/Apr/2026:00:37:30 +0300] "POST /wp-json/wp/v2/posts HTTP/2" 201 3681 "-" "Mozilla/5.0 (Windows NT 10.0; Win64; x64) AppleWebKit/537.36"
5.78.159.87 - - [21/Apr/2026:00:37:37 +0300] "POST /xmlrpc.php HTTP/1.1" 200 604 "-" "Mozilla/5.0 (Windows NT 10.0; Win64; x64) AppleWebKit/537.36 (KHTML, like Gecko) Chrome/108.0.0.0 Safari/537.36"
200.25.47.134 - - [21/Apr/2026:00:37:37 +0300] "POST /xmlrpc.php HTTP/1.1" 200 11637 "-" "Mozilla/5.0 (Windows NT 10.0; Win64; x64) AppleWebKit/537.36 (KHTML, like Gecko) Chrome/114.0.0.0 Safari/537.36"
223.165.69.55 - - [21/Apr/2026:00:37:48 +0300] "POST /xmlrpc.php HTTP/1.1" 200 12181 "-" "Mozilla/5.0 (Windows NT 10.0; Win64; x64) AppleWebKit/537.36 (KHTML, like Gecko) Chrome/114.0.0.0 Safari/537.36"
5.78.159.87 - - [21/Apr/2026:00:38:03 +0300] "POST /xmlrpc.php HTTP/1.1" 200 4395 "-" "Mozilla/5.0 (Windows NT 10.0; Win64; x64) AppleWebKit/537.36 (KHTML, like Gecko) Chrome/108.0.0.0 Safari/537.36"
200.25.47.134 - - [21/Apr/2026:00:38:05 +0300] "GET /enjoy-thunderstruck-ii-slots-2026s-greatest-microgaming-ports/ HTTP/1.1" 200 73408 "-" "Mozilla/5.0 (Windows NT 10.0; rv:109.0) Gecko/20100101 Firefox/115.0"
223.165.69.55 - - [21/Apr/2026:00:38:19 +0300] "GET /cool-farm-apps-on-google-gamble/ HTTP/1.1" 200 72246 "-" "Mozilla/5.0 (Windows NT 10.0; rv:109.0) Gecko/20100101 Firefox/115.0"
5.78.159.87 - - [21/Apr/2026:00:38:21 +0300] "GET /spin-on-line-casino-bonus-promo-code-evaluate-for-april/ HTTP/1.1" 200 18911 "-" "Mozilla/5.0 (Windows NT 10.0; Win64; x64) AppleWebKit/537.36 (KHTML, like Gecko) Chrome/108.0.0.0 Safari/537.36"
185.216.113.70 - - [21/Apr/2026:00:38:52 +0300] "POST /wp-cron.php?doing_wp_cron=1776721132.2142028808593750000000 HTTP/1.1" 200 448 "-" "WordPress/6.3.8; https://serhatburke.miroglu.net"
200.25.47.134 - - [21/Apr/2026:00:38:40 +0300] "POST /xmlrpc.php HTTP/1.1" 200 630 "-" "Mozilla/5.0 (Windows NT 10.0; Win64; x64) AppleWebKit/537.36 (KHTML, like Gecko) Chrome/114.0.0.0 Safari/537.36"
200.25.47.134 - - [21/Apr/2026:00:38:58 +0300] "POST /xmlrpc.php HTTP/1.1" 200 11937 "-" "Mozilla/5.0 (Windows NT 10.0; Win64; x64) AppleWebKit/537.36 (KHTML, like Gecko) Chrome/114.0.0.0 Safari/537.36"
200.25.47.134 - - [21/Apr/2026:00:39:12 +0300] "GET /thunderstruck-slot-games-remark-free-gamble-incentive/ HTTP/1.1" 200 72701 "-" "Mozilla/5.0 (Windows NT 10.0; Win64; x64; rv:125.0) Gecko/20100101 Firefox/125.0"
216.73.217.121 - - [21/Apr/2026:00:39:19 +0300] "GET /sitemap.rss HTTP/2" 200 0 "-" "Mozilla/5.0 AppleWebKit/537.36 (KHTML, like Gecko; compatible; ClaudeBot/1.0; +claudebot@anthropic.com)"
185.216.113.70 - - [21/Apr/2026:00:39:51 +0300] "POST /wp-cron.php?doing_wp_cron=1776721191.6959779262542724609375 HTTP/1.1" 200 448 "-" "WordPress/6.3.8; https://serhatburke.miroglu.net"
65.21.110.111 - - [21/Apr/2026:00:39:39 +0300] "POST /xmlrpc.php HTTP/1.1" 200 604 "-" "Mozilla/5.0 (Windows NT 10.0; Win64; x64) AppleWebKit/537.36 (KHTML, like Gecko) Chrome/108.0.0.0 Safari/537.36"
65.21.110.111 - - [21/Apr/2026:00:39:53 +0300] "POST /xmlrpc.php HTTP/1.1" 200 3441 "-" "Mozilla/5.0 (Windows NT 10.0; Win64; x64) AppleWebKit/537.36 (KHTML, like Gecko) Chrome/108.0.0.0 Safari/537.36"
65.21.110.111 - - [21/Apr/2026:00:40:07 +0300] "GET /epiphone-casino-free-spins-no-deposit-2026-uk-the-grim-math-behind-the-gimmick/ HTTP/1.1" 200 17999 "-" "Mozilla/5.0 (Windows NT 10.0; Win64; x64) AppleWebKit/537.36 (KHTML, like Gecko) Chrome/108.0.0.0 Safari/537.36"
200.25.47.134 - - [21/Apr/2026:00:40:13 +0300] "POST /xmlrpc.php HTTP/1.1" 200 630 "-" "Mozilla/5.0 (Windows NT 10.0; Win64; x64) AppleWebKit/537.36 (KHTML, like Gecko) Chrome/114.0.0.0 Safari/537.36"
65.21.110.111 - - [21/Apr/2026:00:40:23 +0300] "POST /xmlrpc.php HTTP/1.1" 200 594 "-" "Mozilla/5.0 (Windows NT 10.0; Win64; x64) AppleWebKit/537.36 (KHTML, like Gecko) Chrome/108.0.0.0 Safari/537.36"
185.216.113.70 - - [21/Apr/2026:00:40:47 +0300] "POST /wp-cron.php?doing_wp_cron=1776721247.1232841014862060546875 HTTP/1.1" 200 448 "-" "WordPress/6.3.8; https://serhatburke.miroglu.net"
200.25.47.134 - - [21/Apr/2026:00:40:35 +0300] "POST /xmlrpc.php HTTP/1.1" 200 12004 "-" "Mozilla/5.0 (Windows NT 10.0; Win64; x64) AppleWebKit/537.36 (KHTML, like Gecko) Chrome/114.0.0.0 Safari/537.36"
200.25.47.134 - - [21/Apr/2026:00:40:48 +0300] "GET /thunderstruck-trial-gamble-totally-free-ports-at-the-great-com/ HTTP/1.1" 200 73066 "-" "Mozilla/5.0 (Windows NT 10.0; Win64; x64) AppleWebKit/537.36 (KHTML, like Gecko) Chrome/123.0.0.0 Safari/537.36"
223.165.69.55 - - [21/Apr/2026:00:41:21 +0300] "POST /xmlrpc.php HTTP/1.1" 200 630 "-" "Mozilla/5.0 (Windows NT 10.0; Win64; x64) AppleWebKit/537.36 (KHTML, like Gecko) Chrome/114.0.0.0 Safari/537.36"
185.216.113.70 - - [21/Apr/2026:00:41:52 +0300] "POST /wp-cron.php?doing_wp_cron=1776721311.9923710823059082031250 HTTP/1.1" 200 448 "-" "WordPress/6.3.8; https://serhatburke.miroglu.net"
200.25.47.134 - - [21/Apr/2026:00:41:40 +0300] "POST /xmlrpc.php HTTP/1.1" 200 630 "-" "Mozilla/5.0 (Windows NT 10.0; Win64; x64) AppleWebKit/537.36 (KHTML, like Gecko) Chrome/114.0.0.0 Safari/537.36"
223.165.69.55 - - [21/Apr/2026:00:41:43 +0300] "POST /xmlrpc.php HTTP/1.1" 200 14242 "-" "Mozilla/5.0 (Windows NT 10.0; Win64; x64) AppleWebKit/537.36 (KHTML, like Gecko) Chrome/114.0.0.0 Safari/537.36"
200.25.47.134 - - [21/Apr/2026:00:41:58 +0300] "POST /xmlrpc.php HTTP/1.1" 200 11586 "-" "Mozilla/5.0 (Windows NT 10.0; Win64; x64) AppleWebKit/537.36 (KHTML, like Gecko) Chrome/114.0.0.0 Safari/537.36"
223.165.69.55 - - [21/Apr/2026:00:41:58 +0300] "GET /funky-good-fresh-fruit-frenzy-position-remark-claim-your-racy-victories/ HTTP/1.1" 200 75389 "-" "Mozilla/5.0 (Windows NT 10.0; Win64; x64; rv:124.0) Gecko/20100101 Firefox/124.0"
200.25.47.134 - - [21/Apr/2026:00:42:15 +0300] "GET /gamble-thunderstruck-cellular-position-online-game-in-the-pay-by-the-mobile-gambling-establishment/ HTTP/1.1" 200 73684 "-" "Mozilla/5.0 (Windows NT 10.0; Win64; x64) AppleWebKit/537.36 (KHTML, like Gecko) Chrome/109.0.0.0 Safari/537.36"
185.216.113.70 - - [21/Apr/2026:00:43:12 +0300] "POST /wp-cron.php?doing_wp_cron=1776721392.5788118839263916015625 HTTP/1.1" 200 448 "-" "WordPress/6.3.8; https://serhatburke.miroglu.net"
66.249.73.14 - - [21/Apr/2026:00:42:59 +0300] "GET /donbet-casino-review-for-uk-players/ HTTP/1.1" 200 18545 "-" "Mozilla/5.0 (Linux; Android 6.0.1; Nexus 5X Build/MMB29P) AppleWebKit/537.36 (KHTML, like Gecko) Chrome/146.0.7680.177 Mobile Safari/537.36 (compatible; Googlebot/2.1; +http://www.google.com/bot.html)"
200.25.47.134 - - [21/Apr/2026:00:43:00 +0300] "POST /xmlrpc.php HTTP/1.1" 200 630 "-" "Mozilla/5.0 (Windows NT 10.0; Win64; x64) AppleWebKit/537.36 (KHTML, like Gecko) Chrome/114.0.0.0 Safari/537.36"
66.249.73.15 - - [21/Apr/2026:00:43:16 +0300] "GET /donbet-casino-review-for-uk-players/undefined?ts=1775520000 HTTP/1.1" 200 0 "https://serhatburke.miroglu.net/donbet-casino-review-for-uk-players/" "Mozilla/5.0 (Linux; Android 6.0.1; Nexus 5X Build/MMB29P) AppleWebKit/537.36 (KHTML, like Gecko) Chrome/146.0.7680.177 Mobile Safari/537.36 (compatible; Googlebot/2.1; +http://www.google.com/bot.html)"
200.25.47.134 - - [21/Apr/2026:00:43:19 +0300] "POST /xmlrpc.php HTTP/1.1" 200 11699 "-" "Mozilla/5.0 (Windows NT 10.0; Win64; x64) AppleWebKit/537.36 (KHTML, like Gecko) Chrome/114.0.0.0 Safari/537.36"
66.249.73.14 - - [21/Apr/2026:00:43:29 +0300] "GET /donbet-casino-review-for-uk-players/undefined?ts=1775520000 HTTP/1.1" 200 0 "https://serhatburke.miroglu.net/donbet-casino-review-for-uk-players/" "Mozilla/5.0 (Linux; Android 6.0.1; Nexus 5X Build/MMB29P) AppleWebKit/537.36 (KHTML, like Gecko) Chrome/146.0.7680.177 Mobile Safari/537.36 (compatible; Googlebot/2.1; +http://www.google.com/bot.html)"
185.216.113.70 - - [21/Apr/2026:00:43:43 +0300] "POST /wp-cron.php?doing_wp_cron=1776721422.9758660793304443359375 HTTP/1.1" 200 448 "-" "WordPress/6.3.8; https://serhatburke.miroglu.net"
66.249.73.14 - - [21/Apr/2026:00:43:41 +0300] "GET /donbet-casino-review-for-uk-players/undefined?ts=1775520000 HTTP/1.1" 200 0 "https://serhatburke.miroglu.net/donbet-casino-review-for-uk-players/" "Mozilla/5.0 (Linux; Android 6.0.1; Nexus 5X Build/MMB29P) AppleWebKit/537.36 (KHTML, like Gecko) Chrome/146.0.7680.177 Mobile Safari/537.36 (compatible; Googlebot/2.1; +http://www.google.com/bot.html)"
200.25.47.134 - - [21/Apr/2026:00:43:37 +0300] "GET /first-black-jack-means-and-you-will-information-earn-far-more-blackjack/ HTTP/1.1" 200 73082 "-" "Mozilla/5.0 (Windows NT 10.0; Win64; x64) AppleWebKit/537.36 (KHTML, like Gecko) Chrome/123.0.0.0 Safari/537.36 OPR/109.0.0.0"
66.249.73.14 - - [21/Apr/2026:00:43:54 +0300] "GET /donbet-casino-review-for-uk-players/undefined?ts=1775520000 HTTP/1.1" 200 0 "https://serhatburke.miroglu.net/donbet-casino-review-for-uk-players/" "Mozilla/5.0 (Linux; Android 6.0.1; Nexus 5X Build/MMB29P) AppleWebKit/537.36 (KHTML, like Gecko) Chrome/146.0.7680.177 Mobile Safari/537.36 (compatible; Googlebot/2.1; +http://www.google.com/bot.html)"
66.249.73.14 - - [21/Apr/2026:00:44:06 +0300] "GET /donbet-casino-review-for-uk-players/undefined?ts=1775520000 HTTP/1.1" 200 0 "https://serhatburke.miroglu.net/donbet-casino-review-for-uk-players/" "Mozilla/5.0 (Linux; Android 6.0.1; Nexus 5X Build/MMB29P) AppleWebKit/537.36 (KHTML, like Gecko) Chrome/146.0.7680.177 Mobile Safari/537.36 (compatible; Googlebot/2.1; +http://www.google.com/bot.html)"
37.139.53.240 - - [21/Apr/2026:00:44:07 +0300] "POST / HTTP/2" 200 16801 "-" "Mozilla/5.0 (Macintosh; Intel Mac OS X 10_15_7) AppleWebKit/605.1.15 (KHTML, like Gecko) Version/18.0 Safari/605.1.15"
185.216.113.70 - - [21/Apr/2026:00:45:25 +0300] "POST /wp-cron.php?doing_wp_cron=1776721525.3309319019317626953125 HTTP/1.1" 200 448 "-" "WordPress/6.3.8; https://serhatburke.miroglu.net"
200.25.47.134 - - [21/Apr/2026:00:45:13 +0300] "POST /xmlrpc.php HTTP/1.1" 200 630 "-" "Mozilla/5.0 (Windows NT 10.0; Win64; x64) AppleWebKit/537.36 (KHTML, like Gecko) Chrome/114.0.0.0 Safari/537.36"
223.165.69.55 - - [21/Apr/2026:00:45:25 +0300] "POST /xmlrpc.php HTTP/1.1" 200 630 "-" "Mozilla/5.0 (Windows NT 10.0; Win64; x64) AppleWebKit/537.36 (KHTML, like Gecko) Chrome/114.0.0.0 Safari/537.36"
200.25.47.134 - - [21/Apr/2026:00:45:32 +0300] "POST /xmlrpc.php HTTP/1.1" 200 11723 "-" "Mozilla/5.0 (Windows NT 10.0; Win64; x64) AppleWebKit/537.36 (KHTML, like Gecko) Chrome/114.0.0.0 Safari/537.36"
185.187.205.165 - - [21/Apr/2026:00:45:35 +0300] "POST /xmlrpc.php HTTP/2" 200 141 "-" "WordPress/XMLRPC Client"
185.216.113.70 - - [21/Apr/2026:00:46:05 +0300] "POST /wp-cron.php?doing_wp_cron=1776721565.6162710189819335937500 HTTP/1.1" 200 448 "-" "WordPress/6.3.8; https://serhatburke.miroglu.net"
223.165.69.55 - - [21/Apr/2026:00:45:47 +0300] "POST /xmlrpc.php HTTP/1.1" 200 14619 "-" "Mozilla/5.0 (Windows NT 10.0; Win64; x64) AppleWebKit/537.36 (KHTML, like Gecko) Chrome/114.0.0.0 Safari/537.36"
200.25.47.134 - - [21/Apr/2026:00:45:49 +0300] "GET /simple-tips-to-defeat-the-brand-new-pokies-australian-continent-overcome-the-new-pokies/ HTTP/1.1" 200 73459 "-" "Mozilla/5.0 (Windows NT 10.0; Win64; x64) AppleWebKit/537.36 (KHTML, like Gecko) Chrome/124.0.0.0 Safari/537.36 Edg/124.0.0.0"
185.187.205.165 - - [21/Apr/2026:00:45:51 +0300] "GET /?p=123826 HTTP/2" 301 0 "-" "Mozilla/5.0 (Windows NT 10.0; Win64; x64) AppleWebKit/537.36 (KHTML, like Gecko) Chrome/120.0.0.0 Safari/537.36"
223.165.69.55 - - [21/Apr/2026:00:46:07 +0300] "GET /twenty-four-the-brand-new-no-deposit-extra-requirements-to-have-mar-2026-updated-daily/ HTTP/1.1" 200 76018 "-" "Mozilla/5.0 (Windows NT 10.0; Win64; x64) AppleWebKit/537.36 (KHTML, like Gecko) Chrome/122.0.0.0 Safari/537.36"
185.216.113.70 - - [21/Apr/2026:00:46:42 +0300] "POST /wp-cron.php?doing_wp_cron=1776721602.6147708892822265625000 HTTP/1.1" 200 448 "-" "WordPress/6.3.8; https://serhatburke.miroglu.net"
200.25.47.134 - - [21/Apr/2026:00:46:30 +0300] "POST /xmlrpc.php HTTP/1.1" 200 630 "-" "Mozilla/5.0 (Windows NT 10.0; Win64; x64) AppleWebKit/537.36 (KHTML, like Gecko) Chrome/114.0.0.0 Safari/537.36"
200.25.47.134 - - [21/Apr/2026:00:46:49 +0300] "POST /xmlrpc.php HTTP/1.1" 200 11866 "-" "Mozilla/5.0 (Windows NT 10.0; Win64; x64) AppleWebKit/537.36 (KHTML, like Gecko) Chrome/114.0.0.0 Safari/537.36"
200.25.47.134 - - [21/Apr/2026:00:47:03 +0300] "GET /free-ports-on-the-internet-public-local-casino/ HTTP/1.1" 200 72560 "-" "Mozilla/5.0 (Windows NT 10.0; Win64; x64) AppleWebKit/537.36 (KHTML, like Gecko) Chrome/123.0.0.0 Safari/537.36"
185.216.113.70 - - [21/Apr/2026:00:48:11 +0300] "POST /wp-cron.php?doing_wp_cron=1776721691.8121609687805175781250 HTTP/1.1" 200 448 "-" "WordPress/6.3.8; https://serhatburke.miroglu.net"
200.25.47.134 - - [21/Apr/2026:00:48:00 +0300] "POST /xmlrpc.php HTTP/1.1" 200 630 "-" "Mozilla/5.0 (Windows NT 10.0; Win64; x64) AppleWebKit/537.36 (KHTML, like Gecko) Chrome/114.0.0.0 Safari/537.36"
200.25.47.134 - - [21/Apr/2026:00:48:18 +0300] "POST /xmlrpc.php HTTP/1.1" 200 12052 "-" "Mozilla/5.0 (Windows NT 10.0; Win64; x64) AppleWebKit/537.36 (KHTML, like Gecko) Chrome/114.0.0.0 Safari/537.36"
185.216.113.70 - - [21/Apr/2026:00:48:48 +0300] "POST /wp-cron.php?doing_wp_cron=1776721728.8784101009368896484375 HTTP/1.1" 200 448 "-" "WordPress/6.3.8; https://serhatburke.miroglu.net"
200.25.47.134 - - [21/Apr/2026:00:48:33 +0300] "GET /microgaming-tomb-raider-secret-of-the-blade-video-slot-review/ HTTP/1.1" 200 72983 "-" "Mozilla/5.0 (Windows NT 10.0; Win64; x64; rv:124.0) Gecko/20100101 Firefox/124.0"
185.216.113.70 - - [21/Apr/2026:00:49:43 +0300] "POST /wp-cron.php?doing_wp_cron=1776721783.1894750595092773437500 HTTP/1.1" 200 448 "-" "WordPress/6.3.8; https://serhatburke.miroglu.net"
223.165.69.55 - - [21/Apr/2026:00:49:28 +0300] "POST /xmlrpc.php HTTP/1.1" 200 630 "-" "Mozilla/5.0 (Windows NT 10.0; Win64; x64) AppleWebKit/537.36 (KHTML, like Gecko) Chrome/114.0.0.0 Safari/537.36"
200.25.47.134 - - [21/Apr/2026:00:49:38 +0300] "POST /xmlrpc.php HTTP/1.1" 200 630 "-" "Mozilla/5.0 (Windows NT 10.0; Win64; x64) AppleWebKit/537.36 (KHTML, like Gecko) Chrome/114.0.0.0 Safari/537.36"
223.165.69.55 - - [21/Apr/2026:00:49:50 +0300] "POST /xmlrpc.php HTTP/1.1" 200 14173 "-" "Mozilla/5.0 (Windows NT 10.0; Win64; x64) AppleWebKit/537.36 (KHTML, like Gecko) Chrome/114.0.0.0 Safari/537.36"
200.25.47.134 - - [21/Apr/2026:00:50:03 +0300] "POST /xmlrpc.php HTTP/1.1" 200 12438 "-" "Mozilla/5.0 (Windows NT 10.0; Win64; x64) AppleWebKit/537.36 (KHTML, like Gecko) Chrome/114.0.0.0 Safari/537.36"
223.165.69.55 - - [21/Apr/2026:00:50:08 +0300] "GET /skip-cherry-fruit-paypal-gambling-establishment/ HTTP/1.1" 200 74604 "-" "Mozilla/5.0 (Windows NT 10.0; Win64; x64; rv:125.0) Gecko/20100101 Firefox/125.0"
200.25.47.134 - - [21/Apr/2026:00:50:18 +0300] "GET /tomb-raider-emojis-articles-insert/ HTTP/1.1" 200 72987 "-" "Mozilla/5.0 (Windows NT 10.0; Win64; x64; rv:125.0) Gecko/20100101 Firefox/125.0"
185.216.113.70 - - [21/Apr/2026:00:51:04 +0300] "POST /wp-cron.php?doing_wp_cron=1776721864.7805500030517578125000 HTTP/1.1" 200 448 "-" "WordPress/6.3.8; https://serhatburke.miroglu.net"
200.25.47.134 - - [21/Apr/2026:00:50:52 +0300] "POST /xmlrpc.php HTTP/1.1" 200 630 "-" "Mozilla/5.0 (Windows NT 10.0; Win64; x64) AppleWebKit/537.36 (KHTML, like Gecko) Chrome/114.0.0.0 Safari/537.36"
200.25.47.134 - - [21/Apr/2026:00:51:11 +0300] "POST /xmlrpc.php HTTP/1.1" 200 12014 "-" "Mozilla/5.0 (Windows NT 10.0; Win64; x64) AppleWebKit/537.36 (KHTML, like Gecko) Chrome/114.0.0.0 Safari/537.36"
200.25.47.134 - - [21/Apr/2026:00:51:24 +0300] "GET /greatest-bitcoin-gambling-establishment-incentives-to-own-us-2026-finest-btc-also-provides-rules/ HTTP/1.1" 200 74013 "-" "Mozilla/5.0 (Windows NT 10.0; rv:125.0) Gecko/20100101 Firefox/125.0"
66.249.73.15 - - [21/Apr/2026:00:51:50 +0300] "GET /robots.txt HTTP/1.1" 200 719 "-" "Mozilla/5.0 (compatible; Googlebot/2.1; +http://www.google.com/bot.html)"
66.249.73.1 - - [21/Apr/2026:00:51:53 +0300] "GET /donbet-casino-review-for-uk-players/undefined?ts=1775520000 HTTP/1.1" 200 0 "https://serhatburke.miroglu.net/donbet-casino-review-for-uk-players/" "Mozilla/5.0 (Linux; Android 6.0.1; Nexus 5X Build/MMB29P) AppleWebKit/537.36 (KHTML, like Gecko) Chrome/146.0.7680.177 Mobile Safari/537.36 (compatible; Googlebot/2.1; +http://www.google.com/bot.html)"
66.249.73.14 - - [21/Apr/2026:00:52:07 +0300] "GET /donbet-casino-review-for-uk-players/undefined?ts=1775520000 HTTP/1.1" 200 0 "https://serhatburke.miroglu.net/donbet-casino-review-for-uk-players/" "Mozilla/5.0 (Linux; Android 6.0.1; Nexus 5X Build/MMB29P) AppleWebKit/537.36 (KHTML, like Gecko) Chrome/146.0.7680.177 Mobile Safari/537.36 (compatible; Googlebot/2.1; +http://www.google.com/bot.html)"
185.216.113.70 - - [21/Apr/2026:00:52:19 +0300] "POST /wp-cron.php?doing_wp_cron=1776721939.3069689273834228515625 HTTP/1.1" 200 448 "-" "WordPress/6.3.8; https://serhatburke.miroglu.net"
66.249.73.14 - - [21/Apr/2026:00:52:19 +0300] "GET /donbet-casino-review-for-uk-players/undefined?ts=1775520000 HTTP/1.1" 200 0 "https://serhatburke.miroglu.net/donbet-casino-review-for-uk-players/" "Mozilla/5.0 (Linux; Android 6.0.1; Nexus 5X Build/MMB29P) AppleWebKit/537.36 (KHTML, like Gecko) Chrome/146.0.7680.177 Mobile Safari/537.36 (compatible; Googlebot/2.1; +http://www.google.com/bot.html)"
200.25.47.134 - - [21/Apr/2026:00:52:19 +0300] "POST /xmlrpc.php HTTP/1.1" 200 630 "-" "Mozilla/5.0 (Windows NT 10.0; Win64; x64) AppleWebKit/537.36 (KHTML, like Gecko) Chrome/114.0.0.0 Safari/537.36"
66.249.73.14 - - [21/Apr/2026:00:52:31 +0300] "GET /donbet-casino-review-for-uk-players/undefined?ts=1775520000 HTTP/1.1" 200 0 "https://serhatburke.miroglu.net/donbet-casino-review-for-uk-players/" "Mozilla/5.0 (Linux; Android 6.0.1; Nexus 5X Build/MMB29P) AppleWebKit/537.36 (KHTML, like Gecko) Chrome/146.0.7680.177 Mobile Safari/537.36 (compatible; Googlebot/2.1; +http://www.google.com/bot.html)"
185.216.113.70 - - [21/Apr/2026:00:52:56 +0300] "POST /wp-cron.php?doing_wp_cron=1776721976.2302329540252685546875 HTTP/1.1" 200 448 "-" "WordPress/6.3.8; https://serhatburke.miroglu.net"
200.25.47.134 - - [21/Apr/2026:00:52:43 +0300] "POST /xmlrpc.php HTTP/1.1" 200 10924 "-" "Mozilla/5.0 (Windows NT 10.0; Win64; x64) AppleWebKit/537.36 (KHTML, like Gecko) Chrome/114.0.0.0 Safari/537.36"
66.249.73.14 - - [21/Apr/2026:00:52:44 +0300] "GET /donbet-casino-review-for-uk-players/ HTTP/1.1" 200 0 "https://fsznbp.frostsignal-games.info/" "Mozilla/5.0 (Linux; Android 6.0.1; Nexus 5X Build/MMB29P) AppleWebKit/537.36 (KHTML, like Gecko) Chrome/146.0.7680.177 Mobile Safari/537.36 (compatible; Googlebot/2.1; +http://www.google.com/bot.html)"
200.25.47.134 - - [21/Apr/2026:00:52:57 +0300] "GET /finest-online-casinos-real-cash-betting-websites-to-possess-2026/ HTTP/1.1" 200 72044 "-" "Mozilla/5.0 (Windows NT 10.0; Win64; x64) AppleWebKit/537.36 (KHTML, like Gecko) Chrome/124.0.0.0 Safari/537.36"
223.165.69.55 - - [21/Apr/2026:00:53:21 +0300] "POST /xmlrpc.php HTTP/1.1" 200 630 "-" "Mozilla/5.0 (Windows NT 10.0; Win64; x64) AppleWebKit/537.36 (KHTML, like Gecko) Chrome/114.0.0.0 Safari/537.36"
185.216.113.70 - - [21/Apr/2026:00:53:53 +0300] "POST /wp-cron.php?doing_wp_cron=1776722033.0631411075592041015625 HTTP/1.1" 200 448 "-" "WordPress/6.3.8; https://serhatburke.miroglu.net"
223.165.69.55 - - [21/Apr/2026:00:53:40 +0300] "POST /xmlrpc.php HTTP/1.1" 200 12072 "-" "Mozilla/5.0 (Windows NT 10.0; Win64; x64) AppleWebKit/537.36 (KHTML, like Gecko) Chrome/114.0.0.0 Safari/537.36"
200.25.47.134 - - [21/Apr/2026:00:53:45 +0300] "POST /xmlrpc.php HTTP/1.1" 200 630 "-" "Mozilla/5.0 (Windows NT 10.0; Win64; x64) AppleWebKit/537.36 (KHTML, like Gecko) Chrome/114.0.0.0 Safari/537.36"
223.165.69.55 - - [21/Apr/2026:00:53:55 +0300] "GET /saturday-night-funkin-2/ HTTP/1.1" 200 71689 "-" "Mozilla/5.0 (Windows NT 10.0; Win64; x64) AppleWebKit/537.36 (KHTML, like Gecko) Chrome/124.0.0.0 Safari/537.36"
200.25.47.134 - - [21/Apr/2026:00:54:05 +0300] "POST /xmlrpc.php HTTP/1.1" 200 12085 "-" "Mozilla/5.0 (Windows NT 10.0; Win64; x64) AppleWebKit/537.36 (KHTML, like Gecko) Chrome/114.0.0.0 Safari/537.36"
200.25.47.134 - - [21/Apr/2026:00:54:19 +0300] "GET /pokies-reviewsbest-online-pokies-australian-continent-truthful-reviews-better-incentives/ HTTP/1.1" 200 73598 "-" "Mozilla/5.0 (Windows NT 10.0; Win64; x64) AppleWebKit/537.36 (KHTML, like Gecko) Chrome/123.0.0.0 Safari/537.36"
185.216.113.70 - - [21/Apr/2026:00:54:56 +0300] "POST /wp-cron.php?doing_wp_cron=1776722096.4569358825683593750000 HTTP/1.1" 200 448 "-" "WordPress/6.3.8; https://serhatburke.miroglu.net"
103.189.158.118 - - [21/Apr/2026:00:54:43 +0300] "POST /xmlrpc.php HTTP/2" 200 141 "-" "WordPress/XMLRPC Client"
200.25.47.134 - - [21/Apr/2026:00:54:55 +0300] "POST /xmlrpc.php HTTP/1.1" 200 630 "-" "Mozilla/5.0 (Windows NT 10.0; Win64; x64) AppleWebKit/537.36 (KHTML, like Gecko) Chrome/114.0.0.0 Safari/537.36"
103.189.158.118 - - [21/Apr/2026:00:54:57 +0300] "GET /?p=123844 HTTP/2" 301 0 "-" "Mozilla/5.0 (Windows NT 10.0; Win64; x64) AppleWebKit/537.36 (KHTML, like Gecko) Chrome/120.0.0.0 Safari/537.36"
185.153.199.159 - - [21/Apr/2026:00:55:05 +0300] "POST /xmlrpc.php HTTP/1.1" 500 1102 "-" "Mozilla/5.0 (Windows NT 10.0; Win64; x64) AppleWebKit/537.36 (KHTML, like Gecko) Chrome/114.0.0.0 Safari/537.36"
185.216.113.70 - - [21/Apr/2026:00:55:39 +0300] "POST /wp-cron.php?doing_wp_cron=1776722139.6282360553741455078125 HTTP/1.1" 200 448 "-" "WordPress/6.3.8; https://serhatburke.miroglu.net"
170.168.96.44 - - [21/Apr/2026:00:55:27 +0300] "POST /xmlrpc.php HTTP/2" 200 141 "-" "WordPress/XMLRPC Client"
170.168.96.44 - - [21/Apr/2026:00:55:39 +0300] "GET /?p=123849 HTTP/2" 301 0 "-" "Mozilla/5.0 (Windows NT 10.0; Win64; x64) AppleWebKit/537.36 (KHTML, like Gecko) Chrome/120.0.0.0 Safari/537.36"
200.25.47.119 - - [21/Apr/2026:00:55:51 +0300] "POST /xmlrpc.php HTTP/1.1" 200 630 "-" "Mozilla/5.0 (Windows NT 10.0; Win64; x64) AppleWebKit/537.36 (KHTML, like Gecko) Chrome/114.0.0.0 Safari/537.36"
200.25.47.119 - - [21/Apr/2026:00:56:09 +0300] "POST /xmlrpc.php HTTP/1.1" 200 12237 "-" "Mozilla/5.0 (Windows NT 10.0; Win64; x64) AppleWebKit/537.36 (KHTML, like Gecko) Chrome/114.0.0.0 Safari/537.36"
200.25.47.119 - - [21/Apr/2026:00:56:23 +0300] "GET /greatest-online-casino-australian-continent-2026-greatest-aussie-gambling-establishment-web-sites/ HTTP/1.1" 200 74629 "-" "Mozilla/5.0 (Windows NT 10.0; Win64; x64) AppleWebKit/537.36 (KHTML, like Gecko) Chrome/109.0.0.0 Safari/537.36"
185.216.113.70 - - [21/Apr/2026:00:57:13 +0300] "POST /wp-cron.php?doing_wp_cron=1776722233.4583089351654052734375 HTTP/1.1" 200 448 "-" "WordPress/6.3.8; https://serhatburke.miroglu.net"
223.165.69.55 - - [21/Apr/2026:00:57:00 +0300] "POST /xmlrpc.php HTTP/1.1" 200 630 "-" "Mozilla/5.0 (Windows NT 10.0; Win64; x64) AppleWebKit/537.36 (KHTML, like Gecko) Chrome/114.0.0.0 Safari/537.36"
223.165.69.55 - - [21/Apr/2026:00:57:20 +0300] "POST /xmlrpc.php HTTP/1.1" 200 14308 "-" "Mozilla/5.0 (Windows NT 10.0; Win64; x64) AppleWebKit/537.36 (KHTML, like Gecko) Chrome/114.0.0.0 Safari/537.36"
185.216.113.70 - - [21/Apr/2026:00:57:46 +0300] "POST /wp-cron.php?doing_wp_cron=1776722266.9036750793457031250000 HTTP/1.1" 200 448 "-" "WordPress/6.3.8; https://serhatburke.miroglu.net"
223.165.69.55 - - [21/Apr/2026:00:57:35 +0300] "GET /very-fresh-fruit-video-slot-software-on-google-gamble/ HTTP/1.1" 200 74856 "-" "Mozilla/5.0 (Windows NT 10.0; Win64; x64) AppleWebKit/537.36 (KHTML, like Gecko) Chrome/123.0.0.0 Safari/537.36 OPR/109.0.0.0"
176.126.104.37 - - [21/Apr/2026:00:58:17 +0300] "HEAD / HTTP/1.1" 200 670 "-" "Wget/1.21.4"
45.148.232.65 - - [21/Apr/2026:00:58:21 +0300] "POST /xmlrpc.php HTTP/1.1" 200 730 "-" "curl/8.6.0"
213.108.0.179 - - [21/Apr/2026:00:58:22 +0300] "POST /xmlrpc.php HTTP/1.1" 200 730 "-" "curl/8.6.0"
185.216.113.70 - - [21/Apr/2026:00:58:50 +0300] "POST /wp-cron.php?doing_wp_cron=1776722330.3767380714416503906250 HTTP/1.1" 200 448 "-" "WordPress/6.3.8; https://serhatburke.miroglu.net"
45.148.232.65 - - [21/Apr/2026:00:58:38 +0300] "POST /xmlrpc.php HTTP/1.1" 200 781 "-" "curl/7.88.1"
213.108.0.179 - - [21/Apr/2026:00:58:40 +0300] "POST /xmlrpc.php HTTP/1.1" 200 724 "-" "Wget/1.21.4"
45.148.232.65 - - [21/Apr/2026:00:58:51 +0300] "POST /xmlrpc.php HTTP/1.1" 200 730 "-" "curl/7.88.1"
213.108.0.179 - - [21/Apr/2026:00:58:55 +0300] "POST /xmlrpc.php HTTP/1.1" 200 724 "-" "Wget/1.21.4"
45.148.232.65 - - [21/Apr/2026:00:59:08 +0300] "GET /wp-login.php HTTP/1.1" 200 4159 "-" "Wget/1.21.4"
178.20.29.81 - - [21/Apr/2026:00:59:12 +0300] "GET /wp-login.php HTTP/1.1" 200 4159 "-" "curl/7.88.1"
45.148.232.65 - - [21/Apr/2026:00:59:23 +0300] "POST /wp-login.php HTTP/1.1" 302 1332 "https://serhatburke.miroglu.net/wp-login.php" "curl/7.88.1"
178.20.29.81 - - [21/Apr/2026:00:59:25 +0300] "POST /wp-login.php HTTP/1.1" 200 4293 "https://serhatburke.miroglu.net/wp-login.php" "curl/8.6.0"
185.216.113.70 - - [21/Apr/2026:00:59:47 +0300] "POST /wp-cron.php?doing_wp_cron=1776722387.0717670917510986328125 HTTP/1.1" 200 448 "-" "WordPress/6.3.8; https://serhatburke.miroglu.net"
45.148.232.65 - - [21/Apr/2026:00:59:35 +0300] "GET /wp-admin/ HTTP/1.1" 200 122473 "https://serhatburke.miroglu.net/wp-login.php" "curl/7.88.1"
45.148.232.65 - - [21/Apr/2026:00:59:50 +0300] "GET /wp-admin/plugins.php HTTP/1.1" 200 149610 "-" "curl/8.6.0"
45.148.232.65 - - [21/Apr/2026:01:00:06 +0300] "GET /wp-login.php HTTP/1.1" 200 4159 "-" "curl/8.6.0"
200.25.47.119 - - [21/Apr/2026:01:00:16 +0300] "POST /xmlrpc.php HTTP/1.1" 200 630 "-" "Mozilla/5.0 (Windows NT 10.0; Win64; x64) AppleWebKit/537.36 (KHTML, like Gecko) Chrome/114.0.0.0 Safari/537.36"
45.148.232.65 - - [21/Apr/2026:01:00:19 +0300] "POST /wp-login.php HTTP/1.1" 302 1332 "https://serhatburke.miroglu.net/wp-login.php" "curl/8.6.0"
185.216.113.70 - - [21/Apr/2026:01:00:39 +0300] "POST /wp-cron.php?doing_wp_cron=1776722439.1854948997497558593750 HTTP/1.1" 200 448 "-" "WordPress/6.3.8; https://serhatburke.miroglu.net"
223.165.69.55 - - [21/Apr/2026:01:00:26 +0300] "POST /xmlrpc.php HTTP/1.1" 200 630 "-" "Mozilla/5.0 (Windows NT 10.0; Win64; x64) AppleWebKit/537.36 (KHTML, like Gecko) Chrome/114.0.0.0 Safari/537.36"
200.25.47.119 - - [21/Apr/2026:01:00:36 +0300] "POST /xmlrpc.php HTTP/1.1" 200 11541 "-" "Mozilla/5.0 (Windows NT 10.0; Win64; x64) AppleWebKit/537.36 (KHTML, like Gecko) Chrome/114.0.0.0 Safari/537.36"
45.148.232.65 - - [21/Apr/2026:01:00:44 +0300] "GET /wp-login.php HTTP/1.1" 200 4159 "-" "Wget/1.21.4"
223.165.69.55 - - [21/Apr/2026:01:00:46 +0300] "POST /xmlrpc.php HTTP/1.1" 200 14671 "-" "Mozilla/5.0 (Windows NT 10.0; Win64; x64) AppleWebKit/537.36 (KHTML, like Gecko) Chrome/114.0.0.0 Safari/537.36"
158.69.22.136 - - [21/Apr/2026:01:00:54 +0300] "GET /beste-casino-site-belgie-hoge-inzet/ HTTP/1.1" 200 18613 "-" "Mozilla/5.0 (compatible; Googlebot/2.1; +http://www.google.com/bot.html)"
200.25.47.119 - - [21/Apr/2026:01:00:55 +0300] "GET /%E1%90%88-multiple-expensive-diamonds-totally-free-casino-slot-games-on-line-enjoy-games-no-name-harbors/ HTTP/1.1" 200 74110 "-" "Mozilla/5.0 (Windows NT 10.0; Win64; x64) AppleWebKit/537.36 (KHTML, like Gecko) Chrome/122.0.0.0 Safari/537.36"
47.128.51.181 - - [21/Apr/2026:01:01:00 +0300] "GET /unlock-top-benefits-with-bonus-code-gamblezen-casino-for-uk-players/ HTTP/2" 200 17389 "-" "Mozilla/5.0 (Linux; Android 5.0) AppleWebKit/537.36 (KHTML, like Gecko) Mobile Safari/537.36 (compatible; Bytespider; spider-feedback@bytedance.com)"
47.128.51.181 - - [21/Apr/2026:01:01:28 +0300] "GET /wp-content/themes/toppic/css/responsive.css?ver=4.2 HTTP/2" 200 2182 "https://serhatburke.miroglu.net/unlock-top-benefits-with-bonus-code-gamblezen-casino-for-uk-players/" "Mozilla/5.0 (Linux; Android 5.0) AppleWebKit/537.36 (KHTML, like Gecko) Mobile Safari/537.36 (compatible; Bytespider; spider-feedback@bytedance.com)"
45.148.232.65 - - [21/Apr/2026:01:01:10 +0300] "POST /wp-login.php HTTP/1.1" 302 1332 "https://serhatburke.miroglu.net/wp-login.php" "Wget/1.21.4"
223.165.69.55 - - [21/Apr/2026:01:01:16 +0300] "GET /trendy-fruit-by-the-redstone-demo-play-totally-free-slot-video-game/ HTTP/1.1" 200 75699 "-" "Mozilla/5.0 (Windows NT 10.0; Win64; x64; rv:125.0) Gecko/20100101 Firefox/125.0"
185.216.113.70 - - [21/Apr/2026:01:01:45 +0300] "POST /wp-cron.php?doing_wp_cron=1776722505.1126511096954345703125 HTTP/1.1" 200 448 "-" "WordPress/6.3.8; https://serhatburke.miroglu.net"
45.148.232.65 - - [21/Apr/2026:01:01:32 +0300] "GET /wp-admin/ HTTP/1.1" 200 29068 "https://serhatburke.miroglu.net/wp-login.php" "Wget/1.21.4"
185.102.113.130 - - [21/Apr/2026:01:01:40 +0300] "GET /wp-login.php HTTP/1.1" 200 4159 "-" "curl/8.6.0"
66.249.73.14 - - [21/Apr/2026:01:01:58 +0300] "GET /wp-content/themes/toppic/css/responsive.css?ver=4.2 HTTP/1.1" 200 2796 "https://serhatburke.miroglu.net/donbet-casino-review-for-uk-players/" "Mozilla/5.0 (Linux; Android 6.0.1; Nexus 5X Build/MMB29P) AppleWebKit/537.36 (KHTML, like Gecko) Chrome/146.0.7680.177 Mobile Safari/537.36 (compatible; Googlebot/2.1; +http://www.google.com/bot.html)"
66.249.73.15 - - [21/Apr/2026:01:01:58 +0300] "GET /wp-content/themes/toppic/js/jquery.parallax.custom.js?ver=4.2 HTTP/1.1" 200 1346 "https://serhatburke.miroglu.net/donbet-casino-review-for-uk-players/" "Mozilla/5.0 (Linux; Android 6.0.1; Nexus 5X Build/MMB29P) AppleWebKit/537.36 (KHTML, like Gecko) Chrome/146.0.7680.177 Mobile Safari/537.36 (compatible; Googlebot/2.1; +http://www.google.com/bot.html)"
66.249.73.15 - - [21/Apr/2026:01:01:58 +0300] "GET /donbet-casino-review-for-uk-players/undefined?ts=1775520000 HTTP/1.1" 200 0 "https://serhatburke.miroglu.net/donbet-casino-review-for-uk-players/" "Mozilla/5.0 (Linux; Android 6.0.1; Nexus 5X Build/MMB29P) AppleWebKit/537.36 (KHTML, like Gecko) Chrome/146.0.7680.177 Mobile Safari/537.36 (compatible; Googlebot/2.1; +http://www.google.com/bot.html)"
185.102.113.130 - - [21/Apr/2026:01:01:54 +0300] "POST /wp-login.php HTTP/1.1" 302 1332 "https://serhatburke.miroglu.net/wp-login.php" "curl/7.88.1"
66.249.73.15 - - [21/Apr/2026:01:01:56 +0300] "GET /robots.txt HTTP/1.1" 200 719 "-" "Mozilla/5.0 (compatible; Googlebot/2.1; +http://www.google.com/bot.html)"
66.249.73.14 - - [21/Apr/2026:01:02:11 +0300] "GET /donbet-casino-review-for-uk-players/undefined?ts=1775520000 HTTP/1.1" 200 0 "https://serhatburke.miroglu.net/donbet-casino-review-for-uk-players/" "Mozilla/5.0 (Linux; Android 6.0.1; Nexus 5X Build/MMB29P) AppleWebKit/537.36 (KHTML, like Gecko) Chrome/146.0.7680.177 Mobile Safari/537.36 (compatible; Googlebot/2.1; +http://www.google.com/bot.html)"
185.102.113.130 - - [21/Apr/2026:01:02:12 +0300] "GET /wp-admin/ HTTP/1.1" 200 132658 "https://serhatburke.miroglu.net/wp-login.php" "curl/7.88.1"
