185.216.113.70 - - [20/Apr/2026:18:01:32 +0300] "POST /wp-cron.php?doing_wp_cron=1776697292.3518040180206298828125 HTTP/1.1" 200 448 "-" "WordPress/6.3.8; https://serhatburke.miroglu.net"
92.112.134.18 - - [20/Apr/2026:18:01:19 +0300] "POST /xmlrpc.php HTTP/1.1" 200 639 "-" "undici"
40.77.167.2 - - [20/Apr/2026:18:01:16 +0300] "GET /sitemap.rss HTTP/2" 200 4176 "-" "Mozilla/5.0 AppleWebKit/537.36 (KHTML, like Gecko; compatible; bingbot/2.0; +http://www.bing.com/bingbot.htm) Chrome/116.0.1938.76 Safari/537.36"
92.112.134.18 - - [20/Apr/2026:18:01:33 +0300] "POST /xmlrpc.php HTTP/1.1" 200 0 "-" "undici"
223.165.69.55 - - [20/Apr/2026:18:01:57 +0300] "POST /xmlrpc.php HTTP/1.1" 200 630 "-" "Mozilla/5.0 (Windows NT 10.0; Win64; x64) AppleWebKit/537.36 (KHTML, like Gecko) Chrome/114.0.0.0 Safari/537.36"
185.216.113.70 - - [20/Apr/2026:18:02:26 +0300] "POST /wp-cron.php?doing_wp_cron=1776697345.9520180225372314453125 HTTP/1.1" 200 448 "-" "WordPress/6.3.8; https://serhatburke.miroglu.net"
200.25.47.132 - - [20/Apr/2026:18:02:13 +0300] "POST /xmlrpc.php HTTP/1.1" 200 630 "-" "Mozilla/5.0 (Windows NT 10.0; Win64; x64) AppleWebKit/537.36 (KHTML, like Gecko) Chrome/114.0.0.0 Safari/537.36"
223.165.69.55 - - [20/Apr/2026:18:02:25 +0300] "POST /xmlrpc.php HTTP/1.1" 200 14730 "-" "Mozilla/5.0 (Windows NT 10.0; Win64; x64) AppleWebKit/537.36 (KHTML, like Gecko) Chrome/114.0.0.0 Safari/537.36"
200.25.47.132 - - [20/Apr/2026:18:02:32 +0300] "POST /xmlrpc.php HTTP/1.1" 200 11749 "-" "Mozilla/5.0 (Windows NT 10.0; Win64; x64) AppleWebKit/537.36 (KHTML, like Gecko) Chrome/114.0.0.0 Safari/537.36"
223.165.69.55 - - [20/Apr/2026:18:02:45 +0300] "GET /dragon-swinging-harbors-opinion-5-reel-the-newest-choy-sunshine-doa-slot-machine-game-243-ways-to-earn-costa-rica/ HTTP/1.1" 200 76855 "-" "Mozilla/5.0 (Windows NT 10.0; Win64; x64) AppleWebKit/537.36 (KHTML, like Gecko) Chrome/124.0.0.0 Safari/537.36 Edg/124.0.0.0"
200.25.47.132 - - [20/Apr/2026:18:02:53 +0300] "GET /top-ten-united-states-casinos-on-the-internet-the-real-deal-currency-betting-in-the-2026/ HTTP/1.1" 200 73726 "-" "Mozilla/5.0 (Windows NT 10.0; rv:109.0) Gecko/20100101 Firefox/115.0"
185.216.113.70 - - [20/Apr/2026:18:04:10 +0300] "POST /wp-cron.php?doing_wp_cron=1776697450.2954521179199218750000 HTTP/1.1" 200 448 "-" "WordPress/6.3.8; https://serhatburke.miroglu.net"
130.49.78.204 - - [20/Apr/2026:18:03:56 +0300] "POST /xmlrpc.php HTTP/2" 200 141 "-" "WordPress/XMLRPC Client"
130.49.78.204 - - [20/Apr/2026:18:04:10 +0300] "GET /?p=123304 HTTP/2" 301 0 "-" "Mozilla/5.0 (Windows NT 10.0; Win64; x64) AppleWebKit/537.36 (KHTML, like Gecko) Chrome/120.0.0.0 Safari/537.36"
185.216.113.70 - - [20/Apr/2026:18:05:40 +0300] "POST /wp-cron.php?doing_wp_cron=1776697540.8975000381469726562500 HTTP/1.1" 200 448 "-" "WordPress/6.3.8; https://serhatburke.miroglu.net"
223.165.69.55 - - [20/Apr/2026:18:05:29 +0300] "POST /xmlrpc.php HTTP/1.1" 200 630 "-" "Mozilla/5.0 (Windows NT 10.0; Win64; x64) AppleWebKit/537.36 (KHTML, like Gecko) Chrome/114.0.0.0 Safari/537.36"
223.165.69.55 - - [20/Apr/2026:18:05:48 +0300] "POST /xmlrpc.php HTTP/1.1" 200 14665 "-" "Mozilla/5.0 (Windows NT 10.0; Win64; x64) AppleWebKit/537.36 (KHTML, like Gecko) Chrome/114.0.0.0 Safari/537.36"
223.165.69.55 - - [20/Apr/2026:18:06:03 +0300] "GET /leprechaun-goes-egypt-casino-slot-games-uk-100-percent-free-play-within-the-playn-wade-local-casino/ HTTP/1.1" 200 76565 "-" "Mozilla/5.0 (Windows NT 10.0; Win64; x64) AppleWebKit/537.36 (KHTML, like Gecko) Chrome/122.0.0.0 Safari/537.36"
185.216.113.70 - - [20/Apr/2026:18:07:16 +0300] "POST /wp-cron.php?doing_wp_cron=1776697636.4064140319824218750000 HTTP/1.1" 200 448 "-" "WordPress/6.3.8; https://serhatburke.miroglu.net"
212.237.123.72 - - [20/Apr/2026:18:07:04 +0300] "GET / HTTP/1.1" 200 19619 "-" "Mozilla/5.0 (Windows NT 10.0; Win64; x64) AppleWebKit/537.36 (KHTML, like Gecko) Chrome/120.0.0.0 Safari/537.36"
185.216.113.70 - - [20/Apr/2026:18:09:50 +0300] "POST /wp-cron.php?doing_wp_cron=1776697790.4632129669189453125000 HTTP/1.1" 200 448 "-" "WordPress/6.3.8; https://serhatburke.miroglu.net"
160.250.186.93 - - [20/Apr/2026:18:09:35 +0300] "GET /35849-2/ HTTP/1.1" 200 17703 "-" "Mozilla/5.0 (compatible; Googlebot/2.1; +http://www.google.com/bot.html)"
185.216.113.70 - - [20/Apr/2026:18:12:51 +0300] "POST /wp-cron.php?doing_wp_cron=1776697971.6970009803771972656250 HTTP/1.1" 200 448 "-" "WordPress/6.3.8; https://serhatburke.miroglu.net"
200.25.47.132 - - [20/Apr/2026:18:12:38 +0300] "POST /xmlrpc.php HTTP/1.1" 200 630 "-" "Mozilla/5.0 (Windows NT 10.0; Win64; x64) AppleWebKit/537.36 (KHTML, like Gecko) Chrome/114.0.0.0 Safari/537.36"
200.25.47.132 - - [20/Apr/2026:18:12:58 +0300] "POST /xmlrpc.php HTTP/1.1" 200 11968 "-" "Mozilla/5.0 (Windows NT 10.0; Win64; x64) AppleWebKit/537.36 (KHTML, like Gecko) Chrome/114.0.0.0 Safari/537.36"
200.25.47.132 - - [20/Apr/2026:18:13:15 +0300] "GET /greatest-online-slots-games-in-the-philippines-for-2026-safer-ph-slot-web-sites/ HTTP/1.1" 200 73287 "-" "Mozilla/5.0 (Windows NT 10.0; rv:125.0) Gecko/20100101 Firefox/125.0"
66.249.73.14 - - [20/Apr/2026:18:13:22 +0300] "GET /aktsii-kazino-vavada-i-azartnye-igry-do-novogo-goda/ HTTP/1.1" 200 20099 "-" "Mozilla/5.0 (Linux; Android 6.0.1; Nexus 5X Build/MMB29P) AppleWebKit/537.36 (KHTML, like Gecko) Chrome/146.0.7680.177 Mobile Safari/537.36 (compatible; Googlebot/2.1; +http://www.google.com/bot.html)"
66.249.73.14 - - [20/Apr/2026:18:13:43 +0300] "GET /wp-content/themes/toppic/css/responsive.css?ver=4.2 HTTP/1.1" 200 2796 "https://serhatburke.miroglu.net/aktsii-kazino-vavada-i-azartnye-igry-do-novogo-goda/" "Mozilla/5.0 (Linux; Android 6.0.1; Nexus 5X Build/MMB29P) AppleWebKit/537.36 (KHTML, like Gecko) Chrome/146.0.7680.177 Mobile Safari/537.36 (compatible; Googlebot/2.1; +http://www.google.com/bot.html)"
185.216.113.70 - - [20/Apr/2026:18:14:37 +0300] "POST /wp-cron.php?doing_wp_cron=1776698077.6382610797882080078125 HTTP/1.1" 200 448 "-" "WordPress/6.3.8; https://serhatburke.miroglu.net"
223.165.69.55 - - [20/Apr/2026:18:14:25 +0300] "POST /xmlrpc.php HTTP/1.1" 200 630 "-" "Mozilla/5.0 (Windows NT 10.0; Win64; x64) AppleWebKit/537.36 (KHTML, like Gecko) Chrome/114.0.0.0 Safari/537.36"
223.165.69.55 - - [20/Apr/2026:18:14:45 +0300] "POST /xmlrpc.php HTTP/1.1" 200 14358 "-" "Mozilla/5.0 (Windows NT 10.0; Win64; x64) AppleWebKit/537.36 (KHTML, like Gecko) Chrome/114.0.0.0 Safari/537.36"
223.165.69.55 - - [20/Apr/2026:18:14:59 +0300] "GET /know-how-to-enjoy-cash-display-legend-choy-sunrays-doa-%E0%B8%A7%E0%B8%B4%E0%B8%97%E0%B8%A2%E0%B8%B2%E0%B8%A5%E0%B8%B1%E0%B8%A2%E0%B8%81%E0%B8%B2%E0%B8%A3%E0%B8%AD%E0%B8%B2%E0%B8%8A%E0%B8%B5%E0%B8%9E/ HTTP/1.1" 200 78548 "-" "Mozilla/5.0 (Windows NT 10.0; Win64; x64) AppleWebKit/537.36 (KHTML, like Gecko) Chrome/124.0.0.0 Safari/537.36 Edg/124.0.0.0"
193.151.189.163 - - [20/Apr/2026:18:15:21 +0300] "GET /wp-login.php HTTP/2" 200 3536 "-" "Mozilla/5.0 (Windows NT 10.0; Win64; x64) AppleWebKit/537.36"
185.216.113.70 - - [20/Apr/2026:18:15:47 +0300] "POST /wp-cron.php?doing_wp_cron=1776698147.5710198879241943359375 HTTP/1.1" 200 448 "-" "WordPress/6.3.8; https://serhatburke.miroglu.net"
193.151.189.163 - - [20/Apr/2026:18:15:33 +0300] "POST /wp-login.php HTTP/2" 302 0 "https://serhatburke.miroglu.net/wp-login.php" "Mozilla/5.0 (Windows NT 10.0; Win64; x64) AppleWebKit/537.36"
200.25.47.132 - - [20/Apr/2026:18:15:41 +0300] "POST /xmlrpc.php HTTP/1.1" 200 630 "-" "Mozilla/5.0 (Windows NT 10.0; Win64; x64) AppleWebKit/537.36 (KHTML, like Gecko) Chrome/114.0.0.0 Safari/537.36"
193.151.189.163 - - [20/Apr/2026:18:15:47 +0300] "GET /wp-admin/ HTTP/2" 200 244924 "https://serhatburke.miroglu.net/wp-login.php" "Mozilla/5.0 (Windows NT 10.0; Win64; x64) AppleWebKit/537.36"
200.25.47.132 - - [20/Apr/2026:18:16:06 +0300] "POST /xmlrpc.php HTTP/1.1" 200 11717 "-" "Mozilla/5.0 (Windows NT 10.0; Win64; x64) AppleWebKit/537.36 (KHTML, like Gecko) Chrome/114.0.0.0 Safari/537.36"
193.151.189.163 - - [20/Apr/2026:18:16:12 +0300] "GET /wp-admin/ HTTP/2" 200 244167 "-" "Mozilla/5.0 (Windows NT 10.0; Win64; x64) AppleWebKit/537.36"
185.216.113.70 - - [20/Apr/2026:18:16:41 +0300] "POST /wp-cron.php?doing_wp_cron=1776698201.3149089813232421875000 HTTP/1.1" 200 448 "-" "WordPress/6.3.8; https://serhatburke.miroglu.net"
154.16.20.28 - - [20/Apr/2026:18:16:19 +0300] "GET /zotabet-casino-bonus-premier-depot-2026/ HTTP/1.1" 200 18537 "https://serhatburke.miroglu.net/" "Mozilla/5.0 (Macintosh; Intel Mac OS X 10_15_7) AppleWebKit/537.36 (KHTML, like Gecko) Chrome/143.0.0.0 Safari/537.36"
200.25.47.132 - - [20/Apr/2026:18:16:20 +0300] "GET /betway-certified-web-site/ HTTP/1.1" 200 71710 "-" "Mozilla/5.0 (Windows NT 10.0; Win64; x64; rv:125.0) Gecko/20100101 Firefox/125.0"
193.151.189.163 - - [20/Apr/2026:18:16:28 +0300] "POST /wp-json/wp/v2/posts HTTP/2" 201 3566 "-" "Mozilla/5.0 (Windows NT 10.0; Win64; x64) AppleWebKit/537.36"
103.146.149.160 - - [20/Apr/2026:18:16:31 +0300] "GET /wp-login.php HTTP/2" 200 3536 "-" "Mozilla/5.0 (Windows NT 10.0; Win64; x64) AppleWebKit/537.36"
154.16.20.28 - - [20/Apr/2026:18:16:47 +0300] "GET /wp-login.php?action=register HTTP/1.1" 302 702 "https://serhatburke.miroglu.net/zotabet-casino-bonus-premier-depot-2026/" "Mozilla/5.0 (Windows NT 6.3; Win64; x64) AppleWebKit/537.36 (KHTML, like Gecko) Chrome/103.0.0.0 Safari/537.36"
103.146.149.160 - - [20/Apr/2026:18:16:54 +0300] "POST /wp-login.php HTTP/2" 302 0 "https://serhatburke.miroglu.net/wp-login.php" "Mozilla/5.0 (Windows NT 10.0; Win64; x64) AppleWebKit/537.36"
193.151.189.163 - - [20/Apr/2026:18:16:49 +0300] "GET /?p=123314 HTTP/2" 301 0 "-" "Mozilla/5.0 (Windows NT 10.0; Win64; x64) AppleWebKit/537.36 (KHTML, like Gecko) Chrome/120.0.0.0 Safari/537.36"
154.16.20.28 - - [20/Apr/2026:18:17:11 +0300] "GET /wp-login.php?registration=disabled HTTP/1.1" 200 3805 "https://serhatburke.miroglu.net/wp-login.php?action=register" "Mozilla/5.0 (Windows NT 6.3; Win64; x64) AppleWebKit/537.36 (KHTML, like Gecko) Chrome/103.0.0.0 Safari/537.36"
103.146.149.160 - - [20/Apr/2026:18:17:15 +0300] "GET /wp-admin/ HTTP/2" 200 244706 "https://serhatburke.miroglu.net/wp-login.php" "Mozilla/5.0 (Windows NT 10.0; Win64; x64) AppleWebKit/537.36"
185.216.113.70 - - [20/Apr/2026:18:17:45 +0300] "POST /wp-cron.php?doing_wp_cron=1776698265.9226489067077636718750 HTTP/1.1" 200 448 "-" "WordPress/6.3.8; https://serhatburke.miroglu.net"
103.146.149.160 - - [20/Apr/2026:18:17:35 +0300] "GET /wp-admin/ HTTP/2" 200 244186 "-" "Mozilla/5.0 (Windows NT 10.0; Win64; x64) AppleWebKit/537.36"
185.216.113.70 - - [20/Apr/2026:18:17:32 +0300] "POST /wp-admin/admin-ajax.php?action=as_async_request_queue_runner&nonce=1f8271b3fa HTTP/1.1" 200 1039 "-" "WordPress/6.3.8; https://serhatburke.miroglu.net"
185.216.113.70 - - [20/Apr/2026:18:19:49 +0300] "POST /wp-cron.php?doing_wp_cron=1776698389.0086719989776611328125 HTTP/1.1" 200 448 "-" "WordPress/6.3.8; https://serhatburke.miroglu.net"
200.25.47.132 - - [20/Apr/2026:18:19:35 +0300] "POST /xmlrpc.php HTTP/1.1" 200 630 "-" "Mozilla/5.0 (Windows NT 10.0; Win64; x64) AppleWebKit/537.36 (KHTML, like Gecko) Chrome/114.0.0.0 Safari/537.36"
200.25.47.132 - - [20/Apr/2026:18:19:56 +0300] "POST /xmlrpc.php HTTP/1.1" 200 12210 "-" "Mozilla/5.0 (Windows NT 10.0; Win64; x64) AppleWebKit/537.36 (KHTML, like Gecko) Chrome/114.0.0.0 Safari/537.36"
200.25.47.132 - - [20/Apr/2026:18:20:11 +0300] "GET /online-slots-games-local-casino-ports/ HTTP/1.1" 200 72658 "-" "Mozilla/5.0 (Windows NT 10.0; rv:125.0) Gecko/20100101 Firefox/125.0"
185.216.113.70 - - [20/Apr/2026:18:20:51 +0300] "POST /wp-cron.php?doing_wp_cron=1776698450.8590390682220458984375 HTTP/1.1" 200 448 "-" "WordPress/6.3.8; https://serhatburke.miroglu.net"
223.165.69.55 - - [20/Apr/2026:18:20:36 +0300] "POST /xmlrpc.php HTTP/1.1" 200 630 "-" "Mozilla/5.0 (Windows NT 10.0; Win64; x64) AppleWebKit/537.36 (KHTML, like Gecko) Chrome/114.0.0.0 Safari/537.36"
223.165.69.55 - - [20/Apr/2026:18:20:58 +0300] "POST /xmlrpc.php HTTP/1.1" 200 14193 "-" "Mozilla/5.0 (Windows NT 10.0; Win64; x64) AppleWebKit/537.36 (KHTML, like Gecko) Chrome/114.0.0.0 Safari/537.36"
223.165.69.55 - - [20/Apr/2026:18:21:14 +0300] "GET /cleopatras-silver-ports-real-money-casino-slot-games-free-enjoy-demo/ HTTP/1.1" 200 75444 "-" "Mozilla/5.0 (Windows NT 10.0; rv:109.0) Gecko/20100101 Firefox/115.0"
185.216.113.70 - - [20/Apr/2026:18:23:38 +0300] "POST /wp-cron.php?doing_wp_cron=1776698617.9558320045471191406250 HTTP/1.1" 200 448 "-" "WordPress/6.3.8; https://serhatburke.miroglu.net"
200.25.47.132 - - [20/Apr/2026:18:23:23 +0300] "POST /xmlrpc.php HTTP/1.1" 200 630 "-" "Mozilla/5.0 (Windows NT 10.0; Win64; x64) AppleWebKit/537.36 (KHTML, like Gecko) Chrome/114.0.0.0 Safari/537.36"
200.25.47.132 - - [20/Apr/2026:18:23:44 +0300] "POST /xmlrpc.php HTTP/1.1" 200 11970 "-" "Mozilla/5.0 (Windows NT 10.0; Win64; x64) AppleWebKit/537.36 (KHTML, like Gecko) Chrome/114.0.0.0 Safari/537.36"
200.25.47.132 - - [20/Apr/2026:18:23:59 +0300] "GET /thunderstruck-position-remark-2026-enjoy-on-line/ HTTP/1.1" 200 72794 "-" "Mozilla/5.0 (Windows NT 10.0; Win64; x64; rv:124.0) Gecko/20100101 Firefox/124.0"
178.159.37.5 - - [20/Apr/2026:18:24:25 +0300] "POST /xmlrpc.php HTTP/1.1" 200 119177 "-" "Mozilla/5.0 (Windows NT 10.0; Win64; x64) AppleWebKit/537.36 (KHTML, like Gecko) Chrome/120.0.0.0 Safari/537.36"
185.216.113.70 - - [20/Apr/2026:18:24:50 +0300] "POST /wp-cron.php?doing_wp_cron=1776698690.8132901191711425781250 HTTP/1.1" 200 448 "-" "WordPress/6.3.8; https://serhatburke.miroglu.net"
178.159.37.5 - - [20/Apr/2026:18:24:38 +0300] "POST /xmlrpc.php HTTP/1.1" 200 664 "-" "Mozilla/5.0 (Windows NT 10.0; Win64; x64) AppleWebKit/537.36 (KHTML, like Gecko) Chrome/120.0.0.0 Safari/537.36"
178.159.37.5 - - [20/Apr/2026:18:24:51 +0300] "POST /xmlrpc.php HTTP/1.1" 200 664 "-" "Mozilla/5.0 (Windows NT 10.0; Win64; x64) AppleWebKit/537.36 (KHTML, like Gecko) Chrome/120.0.0.0 Safari/537.36"
223.165.69.55 - - [20/Apr/2026:18:24:59 +0300] "POST /xmlrpc.php HTTP/1.1" 200 630 "-" "Mozilla/5.0 (Windows NT 10.0; Win64; x64) AppleWebKit/537.36 (KHTML, like Gecko) Chrome/114.0.0.0 Safari/537.36"
178.159.37.5 - - [20/Apr/2026:18:25:07 +0300] "POST /xmlrpc.php HTTP/1.1" 200 667 "-" "Mozilla/5.0 (Windows NT 10.0; Win64; x64) AppleWebKit/537.36 (KHTML, like Gecko) Chrome/120.0.0.0 Safari/537.36"
185.216.113.70 - - [20/Apr/2026:18:25:33 +0300] "POST /wp-cron.php?doing_wp_cron=1776698733.6095681190490722656250 HTTP/1.1" 200 448 "-" "WordPress/6.3.8; https://serhatburke.miroglu.net"
178.159.37.5 - - [20/Apr/2026:18:25:17 +0300] "GET /laki-world-onlajn-kazino-s-luchshimi-slotami-2026-2/ HTTP/1.1" 200 26756 "-" "Screaming Frog SEO Spider/19.8"
178.159.37.5 - - [20/Apr/2026:18:25:20 +0300] "POST /xmlrpc.php HTTP/1.1" 200 20340 "-" "Mozilla/5.0 (Windows NT 10.0; Win64; x64) AppleWebKit/537.36 (KHTML, like Gecko) Chrome/120.0.0.0 Safari/537.36"
223.165.69.55 - - [20/Apr/2026:18:25:22 +0300] "POST /xmlrpc.php HTTP/1.1" 200 15489 "-" "Mozilla/5.0 (Windows NT 10.0; Win64; x64) AppleWebKit/537.36 (KHTML, like Gecko) Chrome/114.0.0.0 Safari/537.36"
223.165.69.55 - - [20/Apr/2026:18:25:43 +0300] "GET /exactly-how-pets-turned-divine-symbols-in-the-ancient-egypt/ HTTP/1.1" 200 76363 "-" "Mozilla/5.0 (Windows NT 10.0; Win64; x64) AppleWebKit/537.36 (KHTML, like Gecko) Chrome/124.0.0.0 Safari/537.36"
185.216.113.70 - - [20/Apr/2026:18:26:59 +0300] "POST /wp-cron.php?doing_wp_cron=1776698819.3595190048217773437500 HTTP/1.1" 200 448 "-" "WordPress/6.3.8; https://serhatburke.miroglu.net"
200.25.47.132 - - [20/Apr/2026:18:26:46 +0300] "POST /xmlrpc.php HTTP/1.1" 200 630 "-" "Mozilla/5.0 (Windows NT 10.0; Win64; x64) AppleWebKit/537.36 (KHTML, like Gecko) Chrome/114.0.0.0 Safari/537.36"
200.25.47.132 - - [20/Apr/2026:18:27:06 +0300] "POST /xmlrpc.php HTTP/1.1" 200 11824 "-" "Mozilla/5.0 (Windows NT 10.0; Win64; x64) AppleWebKit/537.36 (KHTML, like Gecko) Chrome/114.0.0.0 Safari/537.36"
200.25.47.132 - - [20/Apr/2026:18:27:24 +0300] "GET /panda-loved-ones-pokie-remark-demo-no-subscription-bnc-bien-au/ HTTP/1.1" 200 72903 "-" "Mozilla/5.0 (Windows NT 10.0; Win64; x64; rv:125.0) Gecko/20100101 Firefox/125.0"
185.216.113.70 - - [20/Apr/2026:18:29:49 +0300] "POST /wp-cron.php?doing_wp_cron=1776698989.6390399932861328125000 HTTP/1.1" 200 448 "-" "WordPress/6.3.8; https://serhatburke.miroglu.net"
223.165.69.55 - - [20/Apr/2026:18:29:35 +0300] "POST /xmlrpc.php HTTP/1.1" 200 630 "-" "Mozilla/5.0 (Windows NT 10.0; Win64; x64) AppleWebKit/537.36 (KHTML, like Gecko) Chrome/114.0.0.0 Safari/537.36"
223.165.69.55 - - [20/Apr/2026:18:29:57 +0300] "POST /xmlrpc.php HTTP/1.1" 200 14295 "-" "Mozilla/5.0 (Windows NT 10.0; Win64; x64) AppleWebKit/537.36 (KHTML, like Gecko) Chrome/114.0.0.0 Safari/537.36"
200.25.47.132 - - [20/Apr/2026:18:29:58 +0300] "POST /xmlrpc.php HTTP/1.1" 200 630 "-" "Mozilla/5.0 (Windows NT 10.0; Win64; x64) AppleWebKit/537.36 (KHTML, like Gecko) Chrome/114.0.0.0 Safari/537.36"
178.20.31.93 - - [20/Apr/2026:18:30:10 +0300] "POST /xmlrpc.php HTTP/2" 200 140 "-" "WordPress/XMLRPC Client"
47.128.51.201 - - [20/Apr/2026:18:30:15 +0300] "GET /comment-capitaliser-les-bonus-sur-les-casinos-en-147/ HTTP/2" 200 177991 "-" "Mozilla/5.0 (Linux; Android 5.0) AppleWebKit/537.36 (KHTML, like Gecko) Mobile Safari/537.36 (compatible; Bytespider; spider-feedback@bytedance.com)"
185.216.113.70 - - [20/Apr/2026:18:30:42 +0300] "POST /wp-cron.php?doing_wp_cron=1776699042.8260738849639892578125 HTTP/1.1" 200 448 "-" "WordPress/6.3.8; https://serhatburke.miroglu.net"
47.128.51.201 - - [20/Apr/2026:18:30:43 +0300] "GET /wp-content/plugins/contact-form-7/includes/css/styles.css?ver=5.8 HTTP/2" 200 878 "https://serhatburke.miroglu.net/comment-capitaliser-les-bonus-sur-les-casinos-en-147/" "Mozilla/5.0 (Linux; Android 5.0) AppleWebKit/537.36 (KHTML, like Gecko) Mobile Safari/537.36 (compatible; Bytespider; spider-feedback@bytedance.com)"
223.165.69.55 - - [20/Apr/2026:18:30:20 +0300] "GET /coin-learn-free-spins-coins-freebies-and-you-will-provide-backlinks/ HTTP/1.1" 200 75237 "-" "Mozilla/5.0 (Windows NT 10.0; rv:109.0) Gecko/20100101 Firefox/115.0"
47.128.51.201 - - [20/Apr/2026:18:30:47 +0300] "GET /wp-content/uploads/2023/08/favicon-16x16-3.png HTTP/2" 206 500 "https://serhatburke.miroglu.net/comment-capitaliser-les-bonus-sur-les-casinos-en-147/" "Mozilla/5.0 (Linux; Android 5.0) AppleWebKit/537.36 (KHTML, like Gecko) Mobile Safari/537.36 (compatible; Bytespider; spider-feedback@bytedance.com)"
200.25.47.132 - - [20/Apr/2026:18:30:26 +0300] "POST /xmlrpc.php HTTP/1.1" 200 11951 "-" "Mozilla/5.0 (Windows NT 10.0; Win64; x64) AppleWebKit/537.36 (KHTML, like Gecko) Chrome/114.0.0.0 Safari/537.36"
178.20.31.93 - - [20/Apr/2026:18:30:32 +0300] "GET /?p=123331 HTTP/2" 301 0 "-" "Mozilla/5.0 (Windows NT 10.0; Win64; x64) AppleWebKit/537.36 (KHTML, like Gecko) Chrome/120.0.0.0 Safari/537.36"
200.25.47.132 - - [20/Apr/2026:18:30:50 +0300] "GET /paypal-slot-internet-sites-set-of-the-major-10-paypal-casinos/ HTTP/1.1" 200 72810 "-" "Mozilla/5.0 (Windows NT 10.0; Win64; x64; rv:125.0) Gecko/20100101 Firefox/125.0"
185.216.113.70 - - [20/Apr/2026:18:33:23 +0300] "POST /wp-cron.php?doing_wp_cron=1776699203.4382839202880859375000 HTTP/1.1" 200 448 "-" "WordPress/6.3.8; https://serhatburke.miroglu.net"
200.25.47.132 - - [20/Apr/2026:18:33:07 +0300] "POST /xmlrpc.php HTTP/1.1" 200 630 "-" "Mozilla/5.0 (Windows NT 10.0; Win64; x64) AppleWebKit/537.36 (KHTML, like Gecko) Chrome/114.0.0.0 Safari/537.36"
200.25.47.132 - - [20/Apr/2026:18:33:30 +0300] "POST /xmlrpc.php HTTP/1.1" 200 12032 "-" "Mozilla/5.0 (Windows NT 10.0; Win64; x64) AppleWebKit/537.36 (KHTML, like Gecko) Chrome/114.0.0.0 Safari/537.36"
185.216.113.70 - - [20/Apr/2026:18:34:00 +0300] "POST /wp-cron.php?doing_wp_cron=1776699240.0431609153747558593750 HTTP/1.1" 200 448 "-" "WordPress/6.3.8; https://serhatburke.miroglu.net"
200.25.47.132 - - [20/Apr/2026:18:33:46 +0300] "GET /play-cent-slots-greatest-5-100-percent-free-cent-ports-in-the-2026/ HTTP/1.1" 200 73015 "-" "Mozilla/5.0 (Windows NT 10.0; rv:125.0) Gecko/20100101 Firefox/125.0"
223.165.69.55 - - [20/Apr/2026:18:33:52 +0300] "POST /xmlrpc.php HTTP/1.1" 200 630 "-" "Mozilla/5.0 (Windows NT 10.0; Win64; x64) AppleWebKit/537.36 (KHTML, like Gecko) Chrome/114.0.0.0 Safari/537.36"
223.165.69.55 - - [20/Apr/2026:18:34:16 +0300] "POST /xmlrpc.php HTTP/1.1" 200 12648 "-" "Mozilla/5.0 (Windows NT 10.0; Win64; x64) AppleWebKit/537.36 (KHTML, like Gecko) Chrome/114.0.0.0 Safari/537.36"
185.216.113.70 - - [20/Apr/2026:18:34:44 +0300] "POST /wp-cron.php?doing_wp_cron=1776699284.7408509254455566406250 HTTP/1.1" 200 448 "-" "WordPress/6.3.8; https://serhatburke.miroglu.net"
223.165.69.55 - - [20/Apr/2026:18:34:31 +0300] "GET /mayan-princess-slot-remark-information-and-you-can-casino-added-bonus/ HTTP/1.1" 200 73933 "-" "Mozilla/5.0 (Windows NT 10.0; Win64; x64; rv:124.0) Gecko/20100101 Firefox/124.0"
216.73.217.121 - - [20/Apr/2026:18:35:07 +0300] "GET /robots.txt HTTP/2" 200 110 "-" "Mozilla/5.0 AppleWebKit/537.36 (KHTML, like Gecko; compatible; ClaudeBot/1.0; +claudebot@anthropic.com)"
216.73.217.121 - - [20/Apr/2026:18:35:20 +0300] "GET /sitemap.rss HTTP/2" 200 0 "-" "Mozilla/5.0 AppleWebKit/537.36 (KHTML, like Gecko; compatible; ClaudeBot/1.0; +claudebot@anthropic.com)"
216.73.217.121 - - [20/Apr/2026:18:35:20 +0300] "GET /sitemap.xml HTTP/2" 200 0 "-" "Mozilla/5.0 AppleWebKit/537.36 (KHTML, like Gecko; compatible; ClaudeBot/1.0; +claudebot@anthropic.com)"
185.216.113.70 - - [20/Apr/2026:18:36:28 +0300] "POST /wp-cron.php?doing_wp_cron=1776699388.2422699928283691406250 HTTP/1.1" 200 448 "-" "WordPress/6.3.8; https://serhatburke.miroglu.net"
200.25.47.132 - - [20/Apr/2026:18:36:15 +0300] "POST /xmlrpc.php HTTP/1.1" 200 630 "-" "Mozilla/5.0 (Windows NT 10.0; Win64; x64) AppleWebKit/537.36 (KHTML, like Gecko) Chrome/114.0.0.0 Safari/537.36"
200.25.47.132 - - [20/Apr/2026:18:36:35 +0300] "POST /xmlrpc.php HTTP/1.1" 200 11368 "-" "Mozilla/5.0 (Windows NT 10.0; Win64; x64) AppleWebKit/537.36 (KHTML, like Gecko) Chrome/114.0.0.0 Safari/537.36"
200.25.47.132 - - [20/Apr/2026:18:36:49 +0300] "GET /play-cent-slots-100-percent-free-125-totally-free-revolves-bonus/ HTTP/1.1" 200 72557 "-" "Mozilla/5.0 (Windows NT 10.0; Win64; x64) AppleWebKit/537.36 (KHTML, like Gecko) Chrome/123.0.0.0 Safari/537.36"
66.249.73.14 - - [20/Apr/2026:18:37:04 +0300] "GET /donbet-casino-review-for-uk-players/undefined?ts=1775520000 HTTP/1.1" 200 0 "https://serhatburke.miroglu.net/donbet-casino-review-for-uk-players/" "Mozilla/5.0 (Linux; Android 6.0.1; Nexus 5X Build/MMB29P) AppleWebKit/537.36 (KHTML, like Gecko) Chrome/146.0.7680.177 Mobile Safari/537.36 (compatible; Googlebot/2.1; +http://www.google.com/bot.html)"
66.249.73.14 - - [20/Apr/2026:18:37:16 +0300] "GET /donbet-casino-review-for-uk-players/undefined?ts=1775520000 HTTP/1.1" 200 0 "https://serhatburke.miroglu.net/donbet-casino-review-for-uk-players/" "Mozilla/5.0 (Linux; Android 6.0.1; Nexus 5X Build/MMB29P) AppleWebKit/537.36 (KHTML, like Gecko) Chrome/146.0.7680.177 Mobile Safari/537.36 (compatible; Googlebot/2.1; +http://www.google.com/bot.html)"
66.249.73.14 - - [20/Apr/2026:18:37:29 +0300] "GET /donbet-casino-review-for-uk-players/undefined?ts=1775520000 HTTP/1.1" 200 0 "https://serhatburke.miroglu.net/donbet-casino-review-for-uk-players/" "Mozilla/5.0 (Linux; Android 6.0.1; Nexus 5X Build/MMB29P) AppleWebKit/537.36 (KHTML, like Gecko) Chrome/146.0.7680.177 Mobile Safari/537.36 (compatible; Googlebot/2.1; +http://www.google.com/bot.html)"
66.249.73.15 - - [20/Apr/2026:18:37:41 +0300] "GET /donbet-casino-review-for-uk-players/undefined?ts=1775520000 HTTP/1.1" 200 0 "https://serhatburke.miroglu.net/donbet-casino-review-for-uk-players/" "Mozilla/5.0 (Linux; Android 6.0.1; Nexus 5X Build/MMB29P) AppleWebKit/537.36 (KHTML, like Gecko) Chrome/146.0.7680.177 Mobile Safari/537.36 (compatible; Googlebot/2.1; +http://www.google.com/bot.html)"
66.249.73.14 - - [20/Apr/2026:18:37:53 +0300] "GET /donbet-casino-review-for-uk-players/undefined?ts=1775520000 HTTP/1.1" 200 0 "https://serhatburke.miroglu.net/donbet-casino-review-for-uk-players/" "Mozilla/5.0 (Linux; Android 6.0.1; Nexus 5X Build/MMB29P) AppleWebKit/537.36 (KHTML, like Gecko) Chrome/146.0.7680.177 Mobile Safari/537.36 (compatible; Googlebot/2.1; +http://www.google.com/bot.html)"
185.216.113.70 - - [20/Apr/2026:18:38:06 +0300] "POST /wp-cron.php?doing_wp_cron=1776699486.0302960872650146484375 HTTP/1.1" 200 448 "-" "WordPress/6.3.8; https://serhatburke.miroglu.net"
223.165.69.55 - - [20/Apr/2026:18:37:50 +0300] "POST /xmlrpc.php HTTP/1.1" 200 630 "-" "Mozilla/5.0 (Windows NT 10.0; Win64; x64) AppleWebKit/537.36 (KHTML, like Gecko) Chrome/114.0.0.0 Safari/537.36"
223.165.69.55 - - [20/Apr/2026:18:38:13 +0300] "POST /xmlrpc.php HTTP/1.1" 200 11810 "-" "Mozilla/5.0 (Windows NT 10.0; Win64; x64) AppleWebKit/537.36 (KHTML, like Gecko) Chrome/114.0.0.0 Safari/537.36"
185.216.113.70 - - [20/Apr/2026:18:38:41 +0300] "POST /wp-cron.php?doing_wp_cron=1776699521.3380711078643798828125 HTTP/1.1" 200 448 "-" "WordPress/6.3.8; https://serhatburke.miroglu.net"
223.165.69.55 - - [20/Apr/2026:18:38:29 +0300] "GET /mr-green-fifty-100-percent-free-spins-no-deposit-march-2026-is-it-available/ HTTP/1.1" 200 73108 "-" "Mozilla/5.0 (Windows NT 10.0; Win64; x64) AppleWebKit/537.36 (KHTML, like Gecko) Chrome/122.0.0.0 Safari/537.36"
185.216.113.70 - - [20/Apr/2026:18:39:40 +0300] "POST /wp-cron.php?doing_wp_cron=1776699580.2326750755310058593750 HTTP/1.1" 200 448 "-" "WordPress/6.3.8; https://serhatburke.miroglu.net"
200.25.47.132 - - [20/Apr/2026:18:39:21 +0300] "POST /xmlrpc.php HTTP/1.1" 200 630 "-" "Mozilla/5.0 (Windows NT 10.0; Win64; x64) AppleWebKit/537.36 (KHTML, like Gecko) Chrome/114.0.0.0 Safari/537.36"
200.25.47.132 - - [20/Apr/2026:18:39:47 +0300] "POST /xmlrpc.php HTTP/1.1" 200 11903 "-" "Mozilla/5.0 (Windows NT 10.0; Win64; x64) AppleWebKit/537.36 (KHTML, like Gecko) Chrome/114.0.0.0 Safari/537.36"
66.249.73.14 - - [20/Apr/2026:18:40:16 +0300] "GET /donbet-casino-review-for-uk-players/ HTTP/1.1" 200 0 "https://ybsagez.driftlogic-games.biz/" "Mozilla/5.0 (Linux; Android 6.0.1; Nexus 5X Build/MMB29P) AppleWebKit/537.36 (KHTML, like Gecko) Chrome/146.0.7680.177 Mobile Safari/537.36 (compatible; Googlebot/2.1; +http://www.google.com/bot.html)"
66.249.73.14 - - [20/Apr/2026:18:40:17 +0300] "GET /donbet-casino-review-for-uk-players/ HTTP/1.1" 200 0 "https://ybsagez.driftlogic-games.biz/" "Mozilla/5.0 (Linux; Android 6.0.1; Nexus 5X Build/MMB29P) AppleWebKit/537.36 (KHTML, like Gecko) Chrome/146.0.7680.177 Mobile Safari/537.36 (compatible; Googlebot/2.1; +http://www.google.com/bot.html)"
200.25.47.132 - - [20/Apr/2026:18:40:12 +0300] "GET /pharaohs-luck-video-slot-play-totally-free-slot-online-game-by-igt-online/ HTTP/1.1" 200 73299 "-" "Mozilla/5.0 (Windows NT 10.0; Win64; x64) AppleWebKit/537.36 (KHTML, like Gecko) Chrome/124.0.0.0 Safari/537.36"
185.216.113.70 - - [20/Apr/2026:18:41:53 +0300] "POST /wp-cron.php?doing_wp_cron=1776699713.3590970039367675781250 HTTP/1.1" 200 448 "-" "WordPress/6.3.8; https://serhatburke.miroglu.net"
223.165.69.55 - - [20/Apr/2026:18:41:38 +0300] "POST /xmlrpc.php HTTP/1.1" 200 630 "-" "Mozilla/5.0 (Windows NT 10.0; Win64; x64) AppleWebKit/537.36 (KHTML, like Gecko) Chrome/114.0.0.0 Safari/537.36"
223.165.69.55 - - [20/Apr/2026:18:42:00 +0300] "POST /xmlrpc.php HTTP/1.1" 200 14334 "-" "Mozilla/5.0 (Windows NT 10.0; Win64; x64) AppleWebKit/537.36 (KHTML, like Gecko) Chrome/114.0.0.0 Safari/537.36"
223.165.69.55 - - [20/Apr/2026:18:42:16 +0300] "GET /luckycircus-incentive-codes-ireland-to-own-february-2026/ HTTP/1.1" 200 75186 "-" "Mozilla/5.0 (Windows NT 10.0; Win64; x64) AppleWebKit/537.36 (KHTML, like Gecko) Chrome/124.0.0.0 Safari/537.36"
174.138.16.211 - - [20/Apr/2026:18:42:23 +0300] "GET /casino-online-skrill-prelievo-veloce/ HTTP/1.1" 200 18092 "https://serhatburke.miroglu.net/" "Mozilla/5.0 (Windows NT 10.0; Win64; x64) AppleWebKit/537.36 (KHTML, like Gecko) Chrome/114.0.0.0 YaBrowser/22.7.0 Yowser/2.5 Safari/537.36"
185.216.113.70 - - [20/Apr/2026:18:42:39 +0300] "POST /wp-cron.php?doing_wp_cron=1776699759.3857069015502929687500 HTTP/1.1" 200 448 "-" "WordPress/6.3.8; https://serhatburke.miroglu.net"
200.25.47.132 - - [20/Apr/2026:18:42:27 +0300] "POST /xmlrpc.php HTTP/1.1" 200 630 "-" "Mozilla/5.0 (Windows NT 10.0; Win64; x64) AppleWebKit/537.36 (KHTML, like Gecko) Chrome/114.0.0.0 Safari/537.36"
174.138.16.211 - - [20/Apr/2026:18:42:41 +0300] "GET /wp-login.php?action=register HTTP/1.1" 302 702 "https://serhatburke.miroglu.net/casino-online-skrill-prelievo-veloce/" "Mozilla/5.0 (Windows NT 6.3; Win64; x64) AppleWebKit/537.36 (KHTML, like Gecko) Chrome/103.0.0.0 Safari/537.36"
174.138.16.211 - - [20/Apr/2026:18:43:02 +0300] "GET /wp-login.php?registration=disabled HTTP/1.1" 200 0 "https://serhatburke.miroglu.net/wp-login.php?action=register" "Mozilla/5.0 (Windows NT 6.3; Win64; x64) AppleWebKit/537.36 (KHTML, like Gecko) Chrome/103.0.0.0 Safari/537.36"
200.25.47.132 - - [20/Apr/2026:18:42:46 +0300] "POST /xmlrpc.php HTTP/1.1" 200 11858 "-" "Mozilla/5.0 (Windows NT 10.0; Win64; x64) AppleWebKit/537.36 (KHTML, like Gecko) Chrome/114.0.0.0 Safari/537.36"
37.139.53.240 - - [20/Apr/2026:18:42:46 +0300] "POST / HTTP/2" 200 0 "-" "Mozilla/5.0 (Macintosh; Intel Mac OS X 10_15_7) AppleWebKit/605.1.15 (KHTML, like Gecko) Version/18.0 Safari/605.1.15"
90.151.86.252 - - [20/Apr/2026:18:43:10 +0300] "GET /wp-login.php HTTP/2" 200 0 "-" "Mozilla/5.0 (Windows NT 10.0; Win64; x64) AppleWebKit/537.36"
185.216.113.70 - - [20/Apr/2026:18:43:40 +0300] "POST /wp-cron.php?doing_wp_cron=1776699820.3710229396820068359375 HTTP/1.1" 200 448 "-" "WordPress/6.3.8; https://serhatburke.miroglu.net"
66.249.73.14 - - [20/Apr/2026:18:43:02 +0300] "GET /descubre-como-jugar-casino-online-de-forma-segura-39-2/ HTTP/1.1" 200 201342 "-" "Mozilla/5.0 (Linux; Android 6.0.1; Nexus 5X Build/MMB29P) AppleWebKit/537.36 (KHTML, like Gecko) Chrome/146.0.7680.177 Mobile Safari/537.36 (compatible; GoogleOther)"
66.249.73.14 - - [20/Apr/2026:18:43:45 +0300] "GET /wp-includes/js/comment-reply.min.js?ver=6.3.8 HTTP/1.1" 200 1677 "https://serhatburke.miroglu.net/descubre-como-jugar-casino-online-de-forma-segura-39-2/" "Mozilla/5.0 (Linux; Android 6.0.1; Nexus 5X Build/MMB29P) AppleWebKit/537.36 (KHTML, like Gecko) Chrome/146.0.7680.177 Mobile Safari/537.36 (compatible; GoogleOther)"
174.138.16.211 - - [20/Apr/2026:18:43:11 +0300] "GET /wp-login.php?registration=disabled HTTP/1.1" 200 3805 "https://serhatburke.miroglu.net/casino-online-skrill-prelievo-veloce/" "Mozilla/5.0 (Windows NT 6.3; Win64; x64) AppleWebKit/537.36 (KHTML, like Gecko) Chrome/103.0.0.0 Safari/537.36"
37.139.53.240 - - [20/Apr/2026:18:43:21 +0300] "POST / HTTP/2" 200 0 "-" "Mozilla/5.0 (Macintosh; Intel Mac OS X 10_15_7) AppleWebKit/605.1.15 (KHTML, like Gecko) Version/18.0 Safari/605.1.15"
66.249.73.14 - - [20/Apr/2026:18:43:46 +0300] "GET /descubre-como-jugar-casino-online-de-forma-segura-39-2/undefined?ts=1775520000 HTTP/1.1" 200 0 "https://serhatburke.miroglu.net/descubre-como-jugar-casino-online-de-forma-segura-39-2/" "Mozilla/5.0 (Linux; Android 6.0.1; Nexus 5X Build/MMB29P) AppleWebKit/537.36 (KHTML, like Gecko) Chrome/146.0.7680.177 Mobile Safari/537.36 (compatible; GoogleOther)"
200.25.47.132 - - [20/Apr/2026:18:43:15 +0300] "GET /pharaohs-chance-video-slot-review-enjoy-100-percent-free-earn-huge-94-52-rtp/ HTTP/1.1" 200 73531 "-" "Mozilla/5.0 (Windows NT 10.0; Win64; x64) AppleWebKit/537.36 (KHTML, like Gecko) Chrome/124.0.0.0 Safari/537.36 Edg/124.0.0.0"
188.254.110.229 - - [20/Apr/2026:18:43:40 +0300] "GET /wp-login.php HTTP/2" 200 0 "-" "Mozilla/5.0 (Windows NT 10.0; Win64; x64) AppleWebKit/537.36"
66.249.73.14 - - [20/Apr/2026:18:44:00 +0300] "GET /descubre-como-jugar-casino-online-de-forma-segura-39-2/undefined?ts=1775520000 HTTP/1.1" 200 0 "https://serhatburke.miroglu.net/descubre-como-jugar-casino-online-de-forma-segura-39-2/" "Mozilla/5.0 (Linux; Android 6.0.1; Nexus 5X Build/MMB29P) AppleWebKit/537.36 (KHTML, like Gecko) Chrome/146.0.7680.177 Mobile Safari/537.36 (compatible; GoogleOther)"
160.250.186.93 - - [20/Apr/2026:18:43:24 +0300] "GET /35849-2/ HTTP/1.1" 200 17703 "-" "Mozilla/5.0 (compatible; Googlebot/2.1; +http://www.google.com/bot.html)"
174.138.16.211 - - [20/Apr/2026:18:43:41 +0300] "GET /wp-login.php?registration=disabled HTTP/1.1" 200 3805 "https://serhatburke.miroglu.net/casino-online-skrill-prelievo-veloce/" "Mozilla/5.0 (Windows NT 6.3; Win64; x64) AppleWebKit/537.36 (KHTML, like Gecko) Chrome/103.0.0.0 Safari/537.36"
66.249.73.14 - - [20/Apr/2026:18:44:12 +0300] "GET /descubre-como-jugar-casino-online-de-forma-segura-39-2/undefined?ts=1775520000 HTTP/1.1" 200 0 "https://serhatburke.miroglu.net/descubre-como-jugar-casino-online-de-forma-segura-39-2/" "Mozilla/5.0 (Linux; Android 6.0.1; Nexus 5X Build/MMB29P) AppleWebKit/537.36 (KHTML, like Gecko) Chrome/146.0.7680.177 Mobile Safari/537.36 (compatible; GoogleOther)"
66.249.73.14 - - [20/Apr/2026:18:44:22 +0300] "GET /descubre-como-jugar-casino-online-de-forma-segura-39-2/undefined?ts=1775520000 HTTP/1.1" 200 0 "https://serhatburke.miroglu.net/descubre-como-jugar-casino-online-de-forma-segura-39-2/" "Mozilla/5.0 (Linux; Android 6.0.1; Nexus 5X Build/MMB29P) AppleWebKit/537.36 (KHTML, like Gecko) Chrome/146.0.7680.177 Mobile Safari/537.36 (compatible; GoogleOther)"
185.216.113.70 - - [20/Apr/2026:18:44:41 +0300] "POST /wp-cron.php?doing_wp_cron=1776699880.9934179782867431640625 HTTP/1.1" 200 448 "-" "WordPress/6.3.8; https://serhatburke.miroglu.net"
185.216.113.70 - - [20/Apr/2026:18:44:42 +0300] "POST /wp-cron.php?doing_wp_cron=1776699882.3069720268249511718750 HTTP/1.1" 200 448 "-" "WordPress/6.3.8; https://serhatburke.miroglu.net"
190.183.19.186 - - [20/Apr/2026:18:44:13 +0300] "GET /wp-login.php HTTP/2" 200 3536 "-" "Mozilla/5.0 (Windows NT 10.0; Win64; x64) AppleWebKit/537.36"
66.249.73.14 - - [20/Apr/2026:18:44:34 +0300] "GET /descubre-como-jugar-casino-online-de-forma-segura-39-2/undefined?ts=1775520000 HTTP/1.1" 200 0 "https://serhatburke.miroglu.net/descubre-como-jugar-casino-online-de-forma-segura-39-2/" "Mozilla/5.0 (Linux; Android 6.0.1; Nexus 5X Build/MMB29P) AppleWebKit/537.36 (KHTML, like Gecko) Chrome/146.0.7680.177 Mobile Safari/537.36 (compatible; GoogleOther)"
185.216.113.70 - - [20/Apr/2026:18:44:47 +0300] "POST /wp-cron.php?doing_wp_cron=1776699887.8115060329437255859375 HTTP/1.1" 200 448 "-" "WordPress/6.3.8; https://serhatburke.miroglu.net"
182.9.35.242 - - [20/Apr/2026:18:45:15 +0300] "GET /wp-login.php HTTP/2" 200 3536 "-" "Mozilla/5.0 (Windows NT 10.0; Win64; x64) AppleWebKit/537.36"
200.25.47.132 - - [20/Apr/2026:18:45:22 +0300] "POST /xmlrpc.php HTTP/1.1" 200 630 "-" "Mozilla/5.0 (Windows NT 10.0; Win64; x64) AppleWebKit/537.36 (KHTML, like Gecko) Chrome/114.0.0.0 Safari/537.36"
185.216.113.70 - - [20/Apr/2026:18:45:42 +0300] "POST /wp-cron.php?doing_wp_cron=1776699942.2528240680694580078125 HTTP/1.1" 200 448 "-" "WordPress/6.3.8; https://serhatburke.miroglu.net"
223.165.69.55 - - [20/Apr/2026:18:45:25 +0300] "POST /xmlrpc.php HTTP/1.1" 200 630 "-" "Mozilla/5.0 (Windows NT 10.0; Win64; x64) AppleWebKit/537.36 (KHTML, like Gecko) Chrome/114.0.0.0 Safari/537.36"
182.9.35.242 - - [20/Apr/2026:18:45:27 +0300] "POST /wp-login.php HTTP/2" 302 0 "https://serhatburke.miroglu.net/wp-login.php" "Mozilla/5.0 (Windows NT 10.0; Win64; x64) AppleWebKit/537.36"
200.25.47.132 - - [20/Apr/2026:18:45:44 +0300] "POST /xmlrpc.php HTTP/1.1" 200 11964 "-" "Mozilla/5.0 (Windows NT 10.0; Win64; x64) AppleWebKit/537.36 (KHTML, like Gecko) Chrome/114.0.0.0 Safari/537.36"
223.165.69.55 - - [20/Apr/2026:18:45:49 +0300] "POST /xmlrpc.php HTTP/1.1" 200 11784 "-" "Mozilla/5.0 (Windows NT 10.0; Win64; x64) AppleWebKit/537.36 (KHTML, like Gecko) Chrome/114.0.0.0 Safari/537.36"
66.249.73.14 - - [20/Apr/2026:18:45:56 +0300] "GET /discover-the-ultimate-online-casino-for-unbeatable-24/ HTTP/1.1" 200 143512 "-" "Mozilla/5.0 (Linux; Android 6.0.1; Nexus 5X Build/MMB29P) AppleWebKit/537.36 (KHTML, like Gecko) Chrome/146.0.7680.177 Mobile Safari/537.36 (compatible; Googlebot/2.1; +http://www.google.com/bot.html)"
200.25.47.132 - - [20/Apr/2026:18:46:10 +0300] "GET /15-effective-icons-out-of-success-and-you-can-whatever-they-imply/ HTTP/1.1" 200 73116 "-" "Mozilla/5.0 (Windows NT 10.0; Win64; x64; rv:124.0) Gecko/20100101 Firefox/124.0"
66.249.73.14 - - [20/Apr/2026:18:46:23 +0300] "GET /discover-the-ultimate-online-casino-for-unbeatable-24/undefined?ts=1775520000 HTTP/1.1" 200 0 "https://serhatburke.miroglu.net/discover-the-ultimate-online-casino-for-unbeatable-24/" "Mozilla/5.0 (Linux; Android 6.0.1; Nexus 5X Build/MMB29P) AppleWebKit/537.36 (KHTML, like Gecko) Chrome/146.0.7680.177 Mobile Safari/537.36 (compatible; Googlebot/2.1; +http://www.google.com/bot.html)"
66.249.73.14 - - [20/Apr/2026:18:46:25 +0300] "GET /discover-the-ultimate-online-casino-for-unbeatable-24/undefined?ts=1775520000 HTTP/1.1" 200 0 "https://serhatburke.miroglu.net/discover-the-ultimate-online-casino-for-unbeatable-24/" "Mozilla/5.0 (Linux; Android 6.0.1; Nexus 5X Build/MMB29P) AppleWebKit/537.36 (KHTML, like Gecko) Chrome/146.0.7680.177 Mobile Safari/537.36 (compatible; Googlebot/2.1; +http://www.google.com/bot.html)"
66.249.73.14 - - [20/Apr/2026:18:46:25 +0300] "GET /discover-the-ultimate-online-casino-for-unbeatable-24/undefined?ts=1775520000 HTTP/1.1" 200 0 "https://serhatburke.miroglu.net/discover-the-ultimate-online-casino-for-unbeatable-24/" "Mozilla/5.0 (Linux; Android 6.0.1; Nexus 5X Build/MMB29P) AppleWebKit/537.36 (KHTML, like Gecko) Chrome/146.0.7680.177 Mobile Safari/537.36 (compatible; Googlebot/2.1; +http://www.google.com/bot.html)"
223.165.69.55 - - [20/Apr/2026:18:46:14 +0300] "GET /50-things-to-enjoy-regarding-the-turning-fifty-exactly-what-science-has-to-state/ HTTP/1.1" 200 73464 "-" "Mozilla/5.0 (Windows NT 10.0; Win64; x64) AppleWebKit/537.36 (KHTML, like Gecko) Chrome/124.0.0.0 Safari/537.36"
66.249.73.14 - - [20/Apr/2026:18:46:36 +0300] "GET /discover-the-ultimate-online-casino-for-unbeatable-24/undefined?ts=1775520000 HTTP/1.1" 200 0 "https://serhatburke.miroglu.net/discover-the-ultimate-online-casino-for-unbeatable-24/" "Mozilla/5.0 (Linux; Android 6.0.1; Nexus 5X Build/MMB29P) AppleWebKit/537.36 (KHTML, like Gecko) Chrome/146.0.7680.177 Mobile Safari/537.36 (compatible; Googlebot/2.1; +http://www.google.com/bot.html)"
66.249.73.14 - - [20/Apr/2026:18:46:37 +0300] "GET /discover-the-ultimate-online-casino-for-unbeatable-24/undefined?ts=1775520000 HTTP/1.1" 200 0 "https://serhatburke.miroglu.net/discover-the-ultimate-online-casino-for-unbeatable-24/" "Mozilla/5.0 (Linux; Android 6.0.1; Nexus 5X Build/MMB29P) AppleWebKit/537.36 (KHTML, like Gecko) Chrome/146.0.7680.177 Mobile Safari/537.36 (compatible; Googlebot/2.1; +http://www.google.com/bot.html)"
66.249.73.14 - - [20/Apr/2026:18:46:37 +0300] "GET /discover-the-ultimate-online-casino-for-unbeatable-24/undefined?ts=1775520000 HTTP/1.1" 200 0 "https://serhatburke.miroglu.net/discover-the-ultimate-online-casino-for-unbeatable-24/" "Mozilla/5.0 (Linux; Android 6.0.1; Nexus 5X Build/MMB29P) AppleWebKit/537.36 (KHTML, like Gecko) Chrome/146.0.7680.177 Mobile Safari/537.36 (compatible; Googlebot/2.1; +http://www.google.com/bot.html)"
185.216.113.70 - - [20/Apr/2026:18:46:51 +0300] "POST /wp-cron.php?doing_wp_cron=1776700011.5091140270233154296875 HTTP/1.1" 200 448 "-" "WordPress/6.3.8; https://serhatburke.miroglu.net"
66.249.73.14 - - [20/Apr/2026:18:46:50 +0300] "GET /discover-the-ultimate-online-casino-for-unbeatable-24/undefined?ts=1775520000 HTTP/1.1" 200 0 "https://serhatburke.miroglu.net/discover-the-ultimate-online-casino-for-unbeatable-24/" "Mozilla/5.0 (Linux; Android 6.0.1; Nexus 5X Build/MMB29P) AppleWebKit/537.36 (KHTML, like Gecko) Chrome/146.0.7680.177 Mobile Safari/537.36 (compatible; Googlebot/2.1; +http://www.google.com/bot.html)"
66.249.73.14 - - [20/Apr/2026:18:46:50 +0300] "GET /discover-the-ultimate-online-casino-for-unbeatable-24/undefined?ts=1775520000 HTTP/1.1" 200 0 "https://serhatburke.miroglu.net/discover-the-ultimate-online-casino-for-unbeatable-24/" "Mozilla/5.0 (Linux; Android 6.0.1; Nexus 5X Build/MMB29P) AppleWebKit/537.36 (KHTML, like Gecko) Chrome/146.0.7680.177 Mobile Safari/537.36 (compatible; Googlebot/2.1; +http://www.google.com/bot.html)"
185.216.113.70 - - [20/Apr/2026:18:47:02 +0300] "POST /wp-cron.php?doing_wp_cron=1776700022.5620980262756347656250 HTTP/1.1" 200 448 "-" "WordPress/6.3.8; https://serhatburke.miroglu.net"
66.249.73.14 - - [20/Apr/2026:18:47:00 +0300] "GET /discover-the-ultimate-online-casino-for-unbeatable-24/undefined?ts=1775520000 HTTP/1.1" 200 0 "https://serhatburke.miroglu.net/discover-the-ultimate-online-casino-for-unbeatable-24/" "Mozilla/5.0 (Linux; Android 6.0.1; Nexus 5X Build/MMB29P) AppleWebKit/537.36 (KHTML, like Gecko) Chrome/146.0.7680.177 Mobile Safari/537.36 (compatible; Googlebot/2.1; +http://www.google.com/bot.html)"
66.249.73.14 - - [20/Apr/2026:18:47:01 +0300] "GET /discover-the-ultimate-online-casino-for-unbeatable-24/undefined?ts=1775520000 HTTP/1.1" 200 0 "https://serhatburke.miroglu.net/discover-the-ultimate-online-casino-for-unbeatable-24/" "Mozilla/5.0 (Linux; Android 6.0.1; Nexus 5X Build/MMB29P) AppleWebKit/537.36 (KHTML, like Gecko) Chrome/146.0.7680.177 Mobile Safari/537.36 (compatible; Googlebot/2.1; +http://www.google.com/bot.html)"
66.249.73.14 - - [20/Apr/2026:18:47:12 +0300] "GET /discover-the-ultimate-online-casino-for-unbeatable-24/undefined?ts=1775520000 HTTP/1.1" 200 0 "https://serhatburke.miroglu.net/discover-the-ultimate-online-casino-for-unbeatable-24/" "Mozilla/5.0 (Linux; Android 6.0.1; Nexus 5X Build/MMB29P) AppleWebKit/537.36 (KHTML, like Gecko) Chrome/146.0.7680.177 Mobile Safari/537.36 (compatible; Googlebot/2.1; +http://www.google.com/bot.html)"
104.207.34.111 - - [20/Apr/2026:18:47:04 +0300] "GET /wp-login.php HTTP/2" 200 0 "-" "Mozilla/5.0 (Windows NT 10.0; Win64; x64) AppleWebKit/537.36 (KHTML, like Gecko) Chrome/124.0.6367.207 Safari/537.36"
66.249.73.14 - - [20/Apr/2026:18:47:13 +0300] "GET /discover-the-ultimate-online-casino-for-unbeatable-24/undefined?ts=1775520000 HTTP/1.1" 200 0 "https://serhatburke.miroglu.net/discover-the-ultimate-online-casino-for-unbeatable-24/" "Mozilla/5.0 (Linux; Android 6.0.1; Nexus 5X Build/MMB29P) AppleWebKit/537.36 (KHTML, like Gecko) Chrome/146.0.7680.177 Mobile Safari/537.36 (compatible; Googlebot/2.1; +http://www.google.com/bot.html)"
185.216.113.70 - - [20/Apr/2026:18:47:30 +0300] "POST /wp-cron.php?doing_wp_cron=1776700050.1798551082611083984375 HTTP/1.1" 200 448 "-" "WordPress/6.3.8; https://serhatburke.miroglu.net"
185.216.113.70 - - [20/Apr/2026:18:48:44 +0300] "POST /wp-cron.php?doing_wp_cron=1776700124.1813240051269531250000 HTTP/1.1" 200 448 "-" "WordPress/6.3.8; https://serhatburke.miroglu.net"
200.25.47.132 - - [20/Apr/2026:18:48:30 +0300] "POST /xmlrpc.php HTTP/1.1" 200 630 "-" "Mozilla/5.0 (Windows NT 10.0; Win64; x64) AppleWebKit/537.36 (KHTML, like Gecko) Chrome/114.0.0.0 Safari/537.36"
84.200.80.218 - - [20/Apr/2026:18:48:42 +0300] "GET /find-a-jp-communities-and-justice-137/ HTTP/1.1" 200 108017 "-" "Screaming Frog SEO Spider/18.1"
84.200.80.218 - - [20/Apr/2026:18:48:42 +0300] "GET /abc-news-headlines-australian-broadcasting-5/ HTTP/1.1" 200 115546 "-" "Screaming Frog SEO Spider/18.1"
200.25.47.132 - - [20/Apr/2026:18:48:51 +0300] "POST /xmlrpc.php HTTP/1.1" 200 11971 "-" "Mozilla/5.0 (Windows NT 10.0; Win64; x64) AppleWebKit/537.36 (KHTML, like Gecko) Chrome/114.0.0.0 Safari/537.36"
223.165.69.55 - - [20/Apr/2026:18:49:08 +0300] "POST /xmlrpc.php HTTP/1.1" 200 630 "-" "Mozilla/5.0 (Windows NT 10.0; Win64; x64) AppleWebKit/537.36 (KHTML, like Gecko) Chrome/114.0.0.0 Safari/537.36"
66.249.73.14 - - [20/Apr/2026:18:49:10 +0300] "GET /descubre-como-jugar-casino-online-de-forma-segura-39-2/ HTTP/1.1" 200 201383 "-" "Mozilla/5.0 (Linux; Android 6.0.1; Nexus 5X Build/MMB29P) AppleWebKit/537.36 (KHTML, like Gecko) Chrome/146.0.7680.177 Mobile Safari/537.36 (compatible; Googlebot/2.1; +http://www.google.com/bot.html)"
200.25.47.132 - - [20/Apr/2026:18:49:16 +0300] "GET /enjoy-pharaohs-chance-position-opinion-casinos-extra-videos/ HTTP/1.1" 200 72925 "-" "Mozilla/5.0 (Windows NT 10.0; rv:109.0) Gecko/20100101 Firefox/115.0"
185.216.113.70 - - [20/Apr/2026:18:49:53 +0300] "POST /wp-cron.php?doing_wp_cron=1776700193.7830789089202880859375 HTTP/1.1" 200 448 "-" "WordPress/6.3.8; https://serhatburke.miroglu.net"
223.165.69.55 - - [20/Apr/2026:18:49:40 +0300] "POST /xmlrpc.php HTTP/1.1" 200 14179 "-" "Mozilla/5.0 (Windows NT 10.0; Win64; x64) AppleWebKit/537.36 (KHTML, like Gecko) Chrome/114.0.0.0 Safari/537.36"
223.165.69.55 - - [20/Apr/2026:18:49:55 +0300] "GET /davinci-look-after-tips-buy/ HTTP/1.1" 200 74481 "-" "Mozilla/5.0 (Windows NT 10.0; Win64; x64) AppleWebKit/537.36 (KHTML, like Gecko) Chrome/124.0.0.0 Safari/537.36 Edg/124.0.0.0"
209.50.180.171 - - [20/Apr/2026:18:50:38 +0300] "GET /wp-login.php HTTP/2" 200 0 "-" "Mozilla/5.0 (Macintosh; Intel Mac OS X 13_5) AppleWebKit/605.1.15 (KHTML, like Gecko) Version/17.5 Safari/605.1.15"
185.216.113.70 - - [20/Apr/2026:18:51:14 +0300] "POST /wp-cron.php?doing_wp_cron=1776700274.6187191009521484375000 HTTP/1.1" 200 448 "-" "WordPress/6.3.8; https://serhatburke.miroglu.net"
65.111.26.149 - - [20/Apr/2026:18:51:00 +0300] "GET /wp-login.php HTTP/2" 200 3091 "-" "Mozilla/5.0 (Windows NT 10.0; Win64; x64) AppleWebKit/537.36 (KHTML, like Gecko) Chrome/124.0.6367.207 Safari/537.36"
200.25.47.132 - - [20/Apr/2026:18:51:20 +0300] "POST /xmlrpc.php HTTP/1.1" 200 630 "-" "Mozilla/5.0 (Windows NT 10.0; Win64; x64) AppleWebKit/537.36 (KHTML, like Gecko) Chrome/114.0.0.0 Safari/537.36"
65.111.13.27 - - [20/Apr/2026:18:51:38 +0300] "POST /xmlrpc.php HTTP/2" 200 107 "-" "Mozilla/5.0 (Windows NT 10.0; Win64; x64) AppleWebKit/537.36 (KHTML, like Gecko) Chrome/124.0.6367.207 Safari/537.36"
200.25.47.132 - - [20/Apr/2026:18:51:39 +0300] "POST /xmlrpc.php HTTP/1.1" 200 11200 "-" "Mozilla/5.0 (Windows NT 10.0; Win64; x64) AppleWebKit/537.36 (KHTML, like Gecko) Chrome/114.0.0.0 Safari/537.36"
213.24.135.243 - - [20/Apr/2026:18:51:55 +0300] "POST /xmlrpc.php HTTP/2" 200 141 "-" "WordPress/XMLRPC Client"
200.25.47.132 - - [20/Apr/2026:18:51:56 +0300] "GET /pharaos-riches-position-by-gamomat-rtp-96-1-review-and-you-can-wager-totally-free/ HTTP/1.1" 200 72784 "-" "Mozilla/5.0 (Windows NT 10.0; Win64; x64) AppleWebKit/537.36 (KHTML, like Gecko) Chrome/124.0.0.0 Safari/537.36 Edg/124.0.0.0"
213.24.135.243 - - [20/Apr/2026:18:52:11 +0300] "GET /?p=123359 HTTP/2" 200 0 "-" "Mozilla/5.0 (Windows NT 10.0; Win64; x64) AppleWebKit/537.36 (KHTML, like Gecko) Chrome/120.0.0.0 Safari/537.36"
185.216.113.70 - - [20/Apr/2026:18:52:24 +0300] "POST /wp-cron.php?doing_wp_cron=1776700344.0329899787902832031250 HTTP/1.1" 200 448 "-" "WordPress/6.3.8; https://serhatburke.miroglu.net"
65.111.13.27 - - [20/Apr/2026:18:52:11 +0300] "POST /xmlrpc.php HTTP/2" 200 2528 "-" "Mozilla/5.0 (Macintosh; Intel Mac OS X 13_5) AppleWebKit/605.1.15 (KHTML, like Gecko) Version/17.5 Safari/605.1.15"
185.216.113.70 - - [20/Apr/2026:18:52:24 +0300] "POST /wp-cron.php?doing_wp_cron=1776700344.6217958927154541015625 HTTP/1.1" 200 448 "-" "WordPress/6.3.8; https://serhatburke.miroglu.net"
158.69.22.136 - - [20/Apr/2026:18:52:48 +0300] "GET /beste-casino-site-belgie-hoge-inzet/ HTTP/1.1" 200 18613 "-" "Mozilla/5.0 (compatible; Googlebot/2.1; +http://www.google.com/bot.html)"
223.165.69.55 - - [20/Apr/2026:18:52:57 +0300] "POST /xmlrpc.php HTTP/1.1" 200 630 "-" "Mozilla/5.0 (Windows NT 10.0; Win64; x64) AppleWebKit/537.36 (KHTML, like Gecko) Chrome/114.0.0.0 Safari/537.36"
185.216.113.70 - - [20/Apr/2026:18:53:31 +0300] "POST /wp-cron.php?doing_wp_cron=1776700411.2881109714508056640625 HTTP/1.1" 200 448 "-" "WordPress/6.3.8; https://serhatburke.miroglu.net"
223.165.69.55 - - [20/Apr/2026:18:53:17 +0300] "POST /xmlrpc.php HTTP/1.1" 200 14313 "-" "Mozilla/5.0 (Windows NT 10.0; Win64; x64) AppleWebKit/537.36 (KHTML, like Gecko) Chrome/114.0.0.0 Safari/537.36"
223.165.69.55 - - [20/Apr/2026:18:53:33 +0300] "GET /da-vinci-expensive-diamonds-position-remark-95-rtp-totally-free-revolves/ HTTP/1.1" 200 75736 "-" "Mozilla/5.0 (Windows NT 10.0; Win64; x64) AppleWebKit/537.36 (KHTML, like Gecko) Chrome/123.0.0.0 Safari/537.36"
200.25.47.132 - - [20/Apr/2026:18:54:11 +0300] "POST /xmlrpc.php HTTP/1.1" 200 630 "-" "Mozilla/5.0 (Windows NT 10.0; Win64; x64) AppleWebKit/537.36 (KHTML, like Gecko) Chrome/114.0.0.0 Safari/537.36"
185.216.113.70 - - [20/Apr/2026:18:54:46 +0300] "POST /wp-cron.php?doing_wp_cron=1776700486.7355909347534179687500 HTTP/1.1" 200 448 "-" "WordPress/6.3.8; https://serhatburke.miroglu.net"
200.25.47.132 - - [20/Apr/2026:18:54:33 +0300] "POST /xmlrpc.php HTTP/1.1" 200 11620 "-" "Mozilla/5.0 (Windows NT 10.0; Win64; x64) AppleWebKit/537.36 (KHTML, like Gecko) Chrome/114.0.0.0 Safari/537.36"
200.25.47.132 - - [20/Apr/2026:18:54:48 +0300] "GET /phoenix-suns-game-on-the-live-weight-television-schedule/ HTTP/1.1" 200 72482 "-" "Mozilla/5.0 (Windows NT 10.0; Win64; x64) AppleWebKit/537.36 (KHTML, like Gecko) Chrome/123.0.0.0 Safari/537.36 OPR/109.0.0.0"
185.216.113.70 - - [20/Apr/2026:18:56:24 +0300] "POST /wp-cron.php?doing_wp_cron=1776700584.1051220893859863281250 HTTP/1.1" 200 448 "-" "WordPress/6.3.8; https://serhatburke.miroglu.net"
178.159.37.49 - - [20/Apr/2026:18:56:11 +0300] "GET /laki-world-onlajn-kazino-s-bystrym-dostupom-k-24/ HTTP/1.1" 200 26582 "-" "Screaming Frog SEO Spider/19.8"
223.165.69.55 - - [20/Apr/2026:18:56:33 +0300] "POST /xmlrpc.php HTTP/1.1" 200 630 "-" "Mozilla/5.0 (Windows NT 10.0; Win64; x64) AppleWebKit/537.36 (KHTML, like Gecko) Chrome/114.0.0.0 Safari/537.36"
