185.216.113.70 - - [20/Apr/2026:18:57:07 +0300] "POST /wp-cron.php?doing_wp_cron=1776700627.7539720535278320312500 HTTP/1.1" 200 448 "-" "WordPress/6.3.8; https://serhatburke.miroglu.net"
223.165.69.55 - - [20/Apr/2026:18:56:55 +0300] "POST /xmlrpc.php HTTP/1.1" 200 14839 "-" "Mozilla/5.0 (Windows NT 10.0; Win64; x64) AppleWebKit/537.36 (KHTML, like Gecko) Chrome/114.0.0.0 Safari/537.36"
223.165.69.55 - - [20/Apr/2026:18:57:10 +0300] "GET /davinci-diamonds-video-slot-on-the-igt/ HTTP/1.1" 200 75050 "-" "Mozilla/5.0 (Windows NT 10.0; Win64; x64; rv:124.0) Gecko/20100101 Firefox/124.0"
200.25.47.132 - - [20/Apr/2026:18:57:24 +0300] "POST /xmlrpc.php HTTP/1.1" 200 630 "-" "Mozilla/5.0 (Windows NT 10.0; Win64; x64) AppleWebKit/537.36 (KHTML, like Gecko) Chrome/114.0.0.0 Safari/537.36"
185.216.113.70 - - [20/Apr/2026:18:57:55 +0300] "POST /wp-cron.php?doing_wp_cron=1776700675.5935161113739013671875 HTTP/1.1" 200 448 "-" "WordPress/6.3.8; https://serhatburke.miroglu.net"
200.25.47.132 - - [20/Apr/2026:18:57:43 +0300] "POST /xmlrpc.php HTTP/1.1" 200 11474 "-" "Mozilla/5.0 (Windows NT 10.0; Win64; x64) AppleWebKit/537.36 (KHTML, like Gecko) Chrome/114.0.0.0 Safari/537.36"
200.25.47.132 - - [20/Apr/2026:18:57:57 +0300] "GET /greatest-pokies-casinos-2026/ HTTP/1.1" 200 71617 "-" "Mozilla/5.0 (Windows NT 10.0; Win64; x64) AppleWebKit/537.36 (KHTML, like Gecko) Chrome/124.0.0.0 Safari/537.36 Edg/124.0.0.0"
185.216.113.70 - - [20/Apr/2026:19:00:05 +0300] "POST /wp-cron.php?doing_wp_cron=1776700805.2523849010467529296875 HTTP/1.1" 200 448 "-" "WordPress/6.3.8; https://serhatburke.miroglu.net"
223.165.69.55 - - [20/Apr/2026:18:59:51 +0300] "POST /xmlrpc.php HTTP/1.1" 200 630 "-" "Mozilla/5.0 (Windows NT 10.0; Win64; x64) AppleWebKit/537.36 (KHTML, like Gecko) Chrome/114.0.0.0 Safari/537.36"
223.165.69.55 - - [20/Apr/2026:19:00:13 +0300] "POST /xmlrpc.php HTTP/1.1" 200 15051 "-" "Mozilla/5.0 (Windows NT 10.0; Win64; x64) AppleWebKit/537.36 (KHTML, like Gecko) Chrome/114.0.0.0 Safari/537.36"
185.216.113.70 - - [20/Apr/2026:19:00:40 +0300] "POST /wp-cron.php?doing_wp_cron=1776700840.6505548954010009765625 HTTP/1.1" 200 448 "-" "WordPress/6.3.8; https://serhatburke.miroglu.net"
223.165.69.55 - - [20/Apr/2026:19:00:28 +0300] "GET /lifeless-otherwise-live-slot-by-the-netent-free-demo-play/ HTTP/1.1" 200 75903 "-" "Mozilla/5.0 (Windows NT 10.0; Win64; x64) AppleWebKit/537.36 (KHTML, like Gecko) Chrome/122.0.0.0 Safari/537.36"
84.200.80.218 - - [20/Apr/2026:19:00:46 +0300] "POST /xmlrpc.php HTTP/1.1" 200 120641 "-" "Mozilla/5.0 (X11; Linux x86_64) AppleWebKit/537.36 (KHTML, like Gecko) Chrome/114.0.0.0 Safari/537.36 OPR/89.0.4447.51"
84.200.80.218 - - [20/Apr/2026:19:00:59 +0300] "POST /xmlrpc.php HTTP/1.1" 200 489 "-" "Mozilla/5.0 (X11; Linux x86_64) AppleWebKit/537.36 (KHTML, like Gecko) Chrome/114.0.0.0 Safari/537.36 OPR/89.0.4447.51"
185.216.113.70 - - [20/Apr/2026:19:01:23 +0300] "POST /wp-cron.php?doing_wp_cron=1776700883.8040380477905273437500 HTTP/1.1" 200 448 "-" "WordPress/6.3.8; https://serhatburke.miroglu.net"
84.200.80.218 - - [20/Apr/2026:19:01:11 +0300] "POST /xmlrpc.php HTTP/1.1" 200 171534 "-" "Mozilla/5.0 (X11; Linux x86_64) AppleWebKit/537.36 (KHTML, like Gecko) Chrome/114.0.0.0 Safari/537.36 OPR/89.0.4447.51"
65.111.24.118 - - [20/Apr/2026:19:01:43 +0300] "GET /wp-login.php HTTP/2" 200 3091 "-" "Mozilla/5.0 (Macintosh; Intel Mac OS X 13_5) AppleWebKit/605.1.15 (KHTML, like Gecko) Version/17.5 Safari/605.1.15"
185.216.113.70 - - [20/Apr/2026:19:02:03 +0300] "POST /wp-cron.php?doing_wp_cron=1776700923.2140519618988037109375 HTTP/1.1" 200 448 "-" "WordPress/6.3.8; https://serhatburke.miroglu.net"
200.25.47.132 - - [20/Apr/2026:19:01:49 +0300] "POST /xmlrpc.php HTTP/1.1" 200 630 "-" "Mozilla/5.0 (Windows NT 10.0; Win64; x64) AppleWebKit/537.36 (KHTML, like Gecko) Chrome/114.0.0.0 Safari/537.36"
65.111.24.118 - - [20/Apr/2026:19:01:58 +0300] "POST /xmlrpc.php HTTP/2" 200 0 "-" "Mozilla/5.0 (Windows NT 10.0; Win64; x64) AppleWebKit/537.36 (KHTML, like Gecko) Chrome/124.0.6367.207 Safari/537.36"
109.196.69.93 - - [20/Apr/2026:19:01:57 +0300] "GET /wp-login.php HTTP/2" 200 3536 "-" "Mozilla/5.0 (Windows NT 10.0; Win64; x64) AppleWebKit/537.36"
191.102.167.13 - - [20/Apr/2026:19:02:08 +0300] "GET /wp-login.php HTTP/1.1" 200 3749 "https://serhatburke.miroglu.net/" "Mozilla/5.0 (X11; CrOS x86_64 14541.0.0) AppleWebKit/537.36 (KHTML, like Gecko) Chrome/145.0.0.0 Safari/537.36"
200.25.47.132 - - [20/Apr/2026:19:02:10 +0300] "POST /xmlrpc.php HTTP/1.1" 200 11930 "-" "Mozilla/5.0 (Windows NT 10.0; Win64; x64) AppleWebKit/537.36 (KHTML, like Gecko) Chrome/114.0.0.0 Safari/537.36"
109.196.69.93 - - [20/Apr/2026:19:02:19 +0300] "POST /wp-login.php HTTP/2" 302 0 "https://serhatburke.miroglu.net/wp-login.php" "Mozilla/5.0 (Windows NT 10.0; Win64; x64) AppleWebKit/537.36"
104.207.62.77 - - [20/Apr/2026:19:02:27 +0300] "POST /xmlrpc.php HTTP/2" 200 0 "-" "Mozilla/5.0 (Macintosh; Intel Mac OS X 13_5) AppleWebKit/605.1.15 (KHTML, like Gecko) Version/17.5 Safari/605.1.15"
185.216.113.70 - - [20/Apr/2026:19:02:53 +0300] "POST /wp-cron.php?doing_wp_cron=1776700973.6465420722961425781250 HTTP/1.1" 200 448 "-" "WordPress/6.3.8; https://serhatburke.miroglu.net"
191.102.167.13 - - [20/Apr/2026:19:02:36 +0300] "GET /wp-login.php HTTP/1.1" 200 3749 "https://serhatburke.miroglu.net/wp-login.php" "Mozilla/5.0 (Windows NT 6.3; Win64; x64) AppleWebKit/537.36 (KHTML, like Gecko) Chrome/103.0.0.0 Safari/537.36"
191.102.167.13 - - [20/Apr/2026:19:02:55 +0300] "GET /wp-includes/css/dashicons.min.css?ver=6.3.8 HTTP/1.1" 200 35725 "https://serhatburke.miroglu.net/wp-login.php" "Mozilla/5.0 (Windows NT 10.0; Win64; x64) AppleWebKit/537.36 (KHTML, like Gecko) Chrome/145.0.0.0 Safari/537.36"
191.102.167.13 - - [20/Apr/2026:19:02:56 +0300] "GET /wp-includes/css/buttons.min.css?ver=6.3.8 HTTP/1.1" 200 1869 "https://serhatburke.miroglu.net/wp-login.php" "Mozilla/5.0 (Windows NT 10.0; Win64; x64) AppleWebKit/537.36 (KHTML, like Gecko) Chrome/145.0.0.0 Safari/537.36"
191.102.167.13 - - [20/Apr/2026:19:02:58 +0300] "GET /wp-admin/css/forms.min.css?ver=6.3.8 HTTP/1.1" 200 6823 "https://serhatburke.miroglu.net/wp-login.php" "Mozilla/5.0 (Windows NT 10.0; Win64; x64) AppleWebKit/537.36 (KHTML, like Gecko) Chrome/145.0.0.0 Safari/537.36"
191.102.167.13 - - [20/Apr/2026:19:02:59 +0300] "GET /wp-admin/css/l10n.min.css?ver=6.3.8 HTTP/1.1" 200 1208 "https://serhatburke.miroglu.net/wp-login.php" "Mozilla/5.0 (Windows NT 10.0; Win64; x64) AppleWebKit/537.36 (KHTML, like Gecko) Chrome/145.0.0.0 Safari/537.36"
191.102.167.13 - - [20/Apr/2026:19:03:00 +0300] "GET /wp-admin/css/login.min.css?ver=6.3.8 HTTP/1.1" 200 2562 "https://serhatburke.miroglu.net/wp-login.php" "Mozilla/5.0 (Windows NT 10.0; Win64; x64) AppleWebKit/537.36 (KHTML, like Gecko) Chrome/145.0.0.0 Safari/537.36"
200.25.47.132 - - [20/Apr/2026:19:02:38 +0300] "GET /ideas-on-how-to-gamble-games-online-explore-family-members-or-loved-ones-across-the-net/ HTTP/1.1" 200 73484 "-" "Mozilla/5.0 (Windows NT 10.0; Win64; x64) AppleWebKit/537.36 (KHTML, like Gecko) Chrome/123.0.0.0 Safari/537.36"
191.102.167.13 - - [20/Apr/2026:19:03:02 +0300] "POST /wp-login.php HTTP/1.1" 302 1537 "https://serhatburke.miroglu.net/wp-login.php" "Mozilla/5.0 (Windows NT 6.3; Win64; x64) AppleWebKit/537.36 (KHTML, like Gecko) Chrome/103.0.0.0 Safari/537.36"
223.165.69.55 - - [20/Apr/2026:19:03:15 +0300] "POST /xmlrpc.php HTTP/1.1" 200 630 "-" "Mozilla/5.0 (Windows NT 10.0; Win64; x64) AppleWebKit/537.36 (KHTML, like Gecko) Chrome/114.0.0.0 Safari/537.36"
191.102.167.13 - - [20/Apr/2026:19:03:17 +0300] "GET /wp-admin/ HTTP/1.1" 200 215561 "https://serhatburke.miroglu.net/wp-login.php" "Mozilla/5.0 (Windows NT 6.3; Win64; x64) AppleWebKit/537.36 (KHTML, like Gecko) Chrome/103.0.0.0 Safari/537.36"
185.216.113.70 - - [20/Apr/2026:19:03:45 +0300] "POST /wp-cron.php?doing_wp_cron=1776701025.7206699848175048828125 HTTP/1.1" 200 448 "-" "WordPress/6.3.8; https://serhatburke.miroglu.net"
65.111.0.145 - - [20/Apr/2026:19:03:32 +0300] "GET /wp-login.php?wp_lang=en_US HTTP/2" 200 2421 "-" "Mozilla/5.0 (Windows NT 10.0; Win64; x64) AppleWebKit/537.36 (KHTML, like Gecko) Chrome/124.0.6367.207 Safari/537.36"
191.102.167.13 - - [20/Apr/2026:19:03:33 +0300] "GET /xmlrpc.php HTTP/1.1" 405 606 "https://serhatburke.miroglu.net/wp-admin/" "Mozilla/5.0 (Windows NT 6.3; Win64; x64) AppleWebKit/537.36 (KHTML, like Gecko) Chrome/103.0.0.0 Safari/537.36"
65.111.0.145 - - [20/Apr/2026:19:03:46 +0300] "POST /wp-login.php?wp_lang=en_US HTTP/2" 200 0 "https://serhatburke.miroglu.net/wp-login.php?wp_lang=en_US" "Mozilla/5.0 (Windows NT 10.0; Win64; x64) AppleWebKit/537.36 (KHTML, like Gecko) Chrome/124.0.6367.207 Safari/537.36"
223.165.69.55 - - [20/Apr/2026:19:03:43 +0300] "POST /xmlrpc.php HTTP/1.1" 200 14678 "-" "Mozilla/5.0 (Windows NT 10.0; Win64; x64) AppleWebKit/537.36 (KHTML, like Gecko) Chrome/114.0.0.0 Safari/537.36"
191.102.167.13 - - [20/Apr/2026:19:03:47 +0300] "POST /xmlrpc.php HTTP/1.1" 200 641 "https://serhatburke.miroglu.net/xmlrpc.php" "Mozilla/5.0 (Windows NT 6.3; Win64; x64) AppleWebKit/537.36 (KHTML, like Gecko) Chrome/103.0.0.0 Safari/537.36"
65.111.25.198 - - [20/Apr/2026:19:04:11 +0300] "GET /wp-login.php?wp_lang=en_US HTTP/2" 200 0 "-" "Mozilla/5.0 (Windows NT 10.0; Win64; x64) AppleWebKit/537.36 (KHTML, like Gecko) Chrome/124.0.6367.207 Safari/537.36"
223.165.69.55 - - [20/Apr/2026:19:04:11 +0300] "GET /lifeless-or-live-slot-demo-from-the-netent-play-antique-west-position-free-of-charge/ HTTP/1.1" 200 76113 "-" "Mozilla/5.0 (Windows NT 10.0; Win64; x64) AppleWebKit/537.36 (KHTML, like Gecko) Chrome/123.0.0.0 Safari/537.36"
191.102.167.13 - - [20/Apr/2026:19:04:14 +0300] "GET /?p=123377 HTTP/1.1" 301 846 "https://serhatburke.miroglu.net/xmlrpc.php" "Mozilla/5.0 (Windows NT 6.3; Win64; x64) AppleWebKit/537.36 (KHTML, like Gecko) Chrome/103.0.0.0 Safari/537.36"
185.216.113.70 - - [20/Apr/2026:19:04:42 +0300] "POST /wp-cron.php?doing_wp_cron=1776701082.7971599102020263671875 HTTP/1.1" 200 448 "-" "WordPress/6.3.8; https://serhatburke.miroglu.net"
37.48.70.156 - - [20/Apr/2026:19:04:22 +0300] "GET /wp-login.php HTTP/2" 200 3091 "-" "Mozilla/5.0 (Macintosh; Intel Mac OS X 13_5) AppleWebKit/605.1.15 (KHTML, like Gecko) Version/17.5 Safari/605.1.15"
216.26.250.172 - - [20/Apr/2026:19:04:33 +0300] "GET /wp-login.php?wp_lang=en_US HTTP/2" 200 0 "-" "Mozilla/5.0 (Windows NT 10.0; Win64; x64) AppleWebKit/537.36 (KHTML, like Gecko) Chrome/124.0.6367.207 Safari/537.36"
191.102.167.13 - - [20/Apr/2026:19:04:43 +0300] "GET /%d0%be%d0%bd%d0%bb%d0%b0%d0%b9%d0%bd-%d0%ba%d0%b0%d0%b7%d0%b8%d0%bd%d0%be-%d0%bd%d0%b0-%d1%80%d0%b5%d0%b0%d0%bb%d1%8c%d0%bd%d1%8b%d0%b5-%d0%b4%d0%b5%d0%bd%d1%8c%d0%b3%d0%b8-%d1%81-%d0%bf%d0%be%d0%b4-2/ HTTP/1.1" 200 116609 "https://serhatburke.miroglu.net/?p=123377" "Mozilla/5.0 (Windows NT 6.3; Win64; x64) AppleWebKit/537.36 (KHTML, like Gecko) Chrome/103.0.0.0 Safari/537.36"
209.50.187.59 - - [20/Apr/2026:19:04:55 +0300] "GET /wp-login.php?wp_lang=en_US HTTP/2" 200 0 "-" "Mozilla/5.0 (Windows NT 10.0; Win64; x64) AppleWebKit/537.36 (KHTML, like Gecko) Chrome/124.0.6367.207 Safari/537.36"
191.101.61.199 - - [20/Apr/2026:19:04:51 +0300] "POST /xmlrpc.php HTTP/2" 200 108 "-" "Mozilla/5.0 (Macintosh; Intel Mac OS X 13_5) AppleWebKit/605.1.15 (KHTML, like Gecko) Version/17.5 Safari/605.1.15"
185.216.113.70 - - [20/Apr/2026:19:05:35 +0300] "POST /wp-cron.php?doing_wp_cron=1776701134.9771330356597900390625 HTTP/1.1" 200 448 "-" "WordPress/6.3.8; https://serhatburke.miroglu.net"
104.207.38.104 - - [20/Apr/2026:19:05:23 +0300] "GET /wp-login.php?wp_lang=en_US HTTP/2" 200 2421 "-" "Mozilla/5.0 (Windows NT 10.0; Win64; x64) AppleWebKit/537.36 (KHTML, like Gecko) Chrome/124.0.6367.207 Safari/537.36"
104.207.38.104 - - [20/Apr/2026:19:05:35 +0300] "POST /wp-login.php?wp_lang=en_US HTTP/2" 302 0 "https://serhatburke.miroglu.net/wp-login.php?wp_lang=en_US" "Mozilla/5.0 (Windows NT 10.0; Win64; x64) AppleWebKit/537.36 (KHTML, like Gecko) Chrome/124.0.6367.207 Safari/537.36"
104.207.38.104 - - [20/Apr/2026:19:05:54 +0300] "GET /wp-admin/ HTTP/2" 200 0 "https://serhatburke.miroglu.net/wp-login.php?wp_lang=en_US" "Mozilla/5.0 (Windows NT 10.0; Win64; x64) AppleWebKit/537.36 (KHTML, like Gecko) Chrome/124.0.6367.207 Safari/537.36"
191.101.61.199 - - [20/Apr/2026:19:05:36 +0300] "POST /xmlrpc.php HTTP/2" 200 2969 "-" "Mozilla/5.0 (Macintosh; Intel Mac OS X 13_5) AppleWebKit/605.1.15 (KHTML, like Gecko) Version/17.5 Safari/605.1.15"
185.216.113.70 - - [20/Apr/2026:19:06:54 +0300] "POST /wp-cron.php?doing_wp_cron=1776701214.5290200710296630859375 HTTP/1.1" 200 448 "-" "WordPress/6.3.8; https://serhatburke.miroglu.net"
45.88.97.231 - - [20/Apr/2026:19:06:35 +0300] "GET /wp-login.php HTTP/2" 200 3091 "-" "Mozilla/5.0 (Macintosh; Intel Mac OS X 13_5) AppleWebKit/605.1.15 (KHTML, like Gecko) Version/17.5 Safari/605.1.15"
185.216.113.70 - - [20/Apr/2026:19:07:52 +0300] "POST /wp-cron.php?doing_wp_cron=1776701272.3417439460754394531250 HTTP/1.1" 200 448 "-" "WordPress/6.3.8; https://serhatburke.miroglu.net"
23.191.200.124 - - [20/Apr/2026:19:07:39 +0300] "POST /xmlrpc.php HTTP/2" 200 110 "-" "Mozilla/5.0 (Macintosh; Intel Mac OS X 13_5) AppleWebKit/605.1.15 (KHTML, like Gecko) Version/17.5 Safari/605.1.15"
191.102.167.13 - - [20/Apr/2026:19:08:02 +0300] "GET /%d0%be%d0%bd%d0%bb%d0%b0%d0%b9%d0%bd-%d0%ba%d0%b0%d0%b7%d0%b8%d0%bd%d0%be-%d0%bd%d0%b0-%d1%80%d0%b5%d0%b0%d0%bb%d1%8c%d0%bd%d1%8b%d0%b5-%d0%b4%d0%b5%d0%bd%d1%8c%d0%b3%d0%b8-%d1%81-%d0%bf%d0%be%d0%b4-2/ HTTP/1.1" 200 23704 "-" "Mozilla/5.0 (compatible; Googlebot/2.1; +http://www.google.com/bot.html)"
23.191.200.124 - - [20/Apr/2026:19:08:21 +0300] "POST /xmlrpc.php HTTP/2" 200 2916 "-" "Mozilla/5.0 (Macintosh; Intel Mac OS X 13_5) AppleWebKit/605.1.15 (KHTML, like Gecko) Version/17.5 Safari/605.1.15"
185.216.113.70 - - [20/Apr/2026:19:10:11 +0300] "POST /wp-cron.php?doing_wp_cron=1776701411.6542050838470458984375 HTTP/1.1" 200 448 "-" "WordPress/6.3.8; https://serhatburke.miroglu.net"
160.250.186.93 - - [20/Apr/2026:19:09:56 +0300] "GET /35849-2/ HTTP/1.1" 200 17703 "-" "Mozilla/5.0 (compatible; Googlebot/2.1; +http://www.google.com/bot.html)"
185.216.113.70 - - [20/Apr/2026:19:12:20 +0300] "POST /wp-cron.php?doing_wp_cron=1776701540.8659119606018066406250 HTTP/1.1" 200 448 "-" "WordPress/6.3.8; https://serhatburke.miroglu.net"
66.249.73.14 - - [20/Apr/2026:19:12:07 +0300] "GET /robots.txt HTTP/1.1" 200 719 "-" "Mozilla/5.0 (compatible; Googlebot/2.1; +http://www.google.com/bot.html)"
200.25.47.132 - - [20/Apr/2026:19:12:21 +0300] "POST /xmlrpc.php HTTP/1.1" 200 630 "-" "Mozilla/5.0 (Windows NT 10.0; Win64; x64) AppleWebKit/537.36 (KHTML, like Gecko) Chrome/114.0.0.0 Safari/537.36"
66.249.73.15 - - [20/Apr/2026:19:12:21 +0300] "GET /descubre-como-jugar-casino-online-de-forma-segura-39-2/ HTTP/1.1" 200 201342 "-" "Mozilla/5.0 (Linux; Android 6.0.1; Nexus 5X Build/MMB29P) AppleWebKit/537.36 (KHTML, like Gecko) Chrome/146.0.7680.177 Mobile Safari/537.36 (compatible; GoogleOther)"
66.249.73.14 - - [20/Apr/2026:19:12:49 +0300] "GET /descubre-como-jugar-casino-online-de-forma-segura-39-2/undefined?ts=1775520000 HTTP/1.1" 200 0 "https://serhatburke.miroglu.net/descubre-como-jugar-casino-online-de-forma-segura-39-2/" "Mozilla/5.0 (Linux; Android 6.0.1; Nexus 5X Build/MMB29P) AppleWebKit/537.36 (KHTML, like Gecko) Chrome/146.0.7680.177 Mobile Safari/537.36 (compatible; GoogleOther)"
185.216.113.70 - - [20/Apr/2026:19:13:04 +0300] "POST /wp-cron.php?doing_wp_cron=1776701584.8446500301361083984375 HTTP/1.1" 200 448 "-" "WordPress/6.3.8; https://serhatburke.miroglu.net"
200.25.47.132 - - [20/Apr/2026:19:12:48 +0300] "POST /xmlrpc.php HTTP/1.1" 200 12070 "-" "Mozilla/5.0 (Windows NT 10.0; Win64; x64) AppleWebKit/537.36 (KHTML, like Gecko) Chrome/114.0.0.0 Safari/537.36"
185.99.255.75 - - [20/Apr/2026:19:12:55 +0300] "GET /beste-casino-site-belgie-hoge-inzet/ HTTP/1.1" 200 18669 "-" "Mozilla/5.0 (compatible; Googlebot/2.1; +http://www.google.com/bot.html)"
66.249.73.14 - - [20/Apr/2026:19:13:09 +0300] "GET /descubre-como-jugar-casino-online-de-forma-segura-39-2/undefined?ts=1775520000 HTTP/1.1" 200 0 "https://serhatburke.miroglu.net/descubre-como-jugar-casino-online-de-forma-segura-39-2/" "Mozilla/5.0 (Linux; Android 6.0.1; Nexus 5X Build/MMB29P) AppleWebKit/537.36 (KHTML, like Gecko) Chrome/146.0.7680.177 Mobile Safari/537.36 (compatible; GoogleOther)"
66.249.73.14 - - [20/Apr/2026:19:13:20 +0300] "GET /descubre-como-jugar-casino-online-de-forma-segura-39-2/undefined?ts=1775520000 HTTP/1.1" 200 0 "https://serhatburke.miroglu.net/descubre-como-jugar-casino-online-de-forma-segura-39-2/" "Mozilla/5.0 (Linux; Android 6.0.1; Nexus 5X Build/MMB29P) AppleWebKit/537.36 (KHTML, like Gecko) Chrome/146.0.7680.177 Mobile Safari/537.36 (compatible; GoogleOther)"
200.25.47.132 - - [20/Apr/2026:19:13:06 +0300] "GET /bing-play-studying-heart-bing-gamble-help/ HTTP/1.1" 200 72241 "-" "Mozilla/5.0 (Windows NT 10.0; Win64; x64) AppleWebKit/537.36 (KHTML, like Gecko) Chrome/123.0.0.0 Safari/537.36"
66.249.73.14 - - [20/Apr/2026:19:13:25 +0300] "GET /descubre-como-jugar-casino-online-de-forma-segura-39-2/undefined?ts=1775520000 HTTP/1.1" 200 0 "https://serhatburke.miroglu.net/descubre-como-jugar-casino-online-de-forma-segura-39-2/" "Mozilla/5.0 (Linux; Android 6.0.1; Nexus 5X Build/MMB29P) AppleWebKit/537.36 (KHTML, like Gecko) Chrome/146.0.7680.177 Mobile Safari/537.36 (compatible; GoogleOther)"
66.249.73.14 - - [20/Apr/2026:19:13:37 +0300] "GET /descubre-como-jugar-casino-online-de-forma-segura-39-2/undefined?ts=1775520000 HTTP/1.1" 200 0 "https://serhatburke.miroglu.net/descubre-como-jugar-casino-online-de-forma-segura-39-2/" "Mozilla/5.0 (Linux; Android 6.0.1; Nexus 5X Build/MMB29P) AppleWebKit/537.36 (KHTML, like Gecko) Chrome/146.0.7680.177 Mobile Safari/537.36 (compatible; GoogleOther)"
185.216.113.70 - - [20/Apr/2026:19:13:50 +0300] "POST /wp-cron.php?doing_wp_cron=1776701630.0648078918457031250000 HTTP/1.1" 200 448 "-" "WordPress/6.3.8; https://serhatburke.miroglu.net"
185.216.113.70 - - [20/Apr/2026:19:15:09 +0300] "POST /wp-cron.php?doing_wp_cron=1776701709.8043539524078369140625 HTTP/1.1" 200 448 "-" "WordPress/6.3.8; https://serhatburke.miroglu.net"
223.165.69.55 - - [20/Apr/2026:19:14:55 +0300] "POST /xmlrpc.php HTTP/1.1" 200 630 "-" "Mozilla/5.0 (Windows NT 10.0; Win64; x64) AppleWebKit/537.36 (KHTML, like Gecko) Chrome/114.0.0.0 Safari/537.36"
200.25.47.132 - - [20/Apr/2026:19:15:02 +0300] "POST /xmlrpc.php HTTP/1.1" 200 630 "-" "Mozilla/5.0 (Windows NT 10.0; Win64; x64) AppleWebKit/537.36 (KHTML, like Gecko) Chrome/114.0.0.0 Safari/537.36"
111.119.35.9 - - [20/Apr/2026:19:15:04 +0300] "POST /xmlrpc.php HTTP/2" 200 141 "-" "WordPress/XMLRPC Client"
223.165.69.55 - - [20/Apr/2026:19:15:17 +0300] "POST /xmlrpc.php HTTP/1.1" 200 12215 "-" "Mozilla/5.0 (Windows NT 10.0; Win64; x64) AppleWebKit/537.36 (KHTML, like Gecko) Chrome/114.0.0.0 Safari/537.36"
185.216.113.70 - - [20/Apr/2026:19:15:47 +0300] "POST /wp-cron.php?doing_wp_cron=1776701747.0982699394226074218750 HTTP/1.1" 200 448 "-" "WordPress/6.3.8; https://serhatburke.miroglu.net"
200.25.47.132 - - [20/Apr/2026:19:15:28 +0300] "POST /xmlrpc.php HTTP/1.1" 200 11311 "-" "Mozilla/5.0 (Windows NT 10.0; Win64; x64) AppleWebKit/537.36 (KHTML, like Gecko) Chrome/114.0.0.0 Safari/537.36"
111.119.35.9 - - [20/Apr/2026:19:15:28 +0300] "GET /?p=123389 HTTP/2" 200 0 "-" "Mozilla/5.0 (Windows NT 10.0; Win64; x64) AppleWebKit/537.36 (KHTML, like Gecko) Chrome/120.0.0.0 Safari/537.36"
223.165.69.55 - - [20/Apr/2026:19:15:37 +0300] "GET /virgin-online-game-remark-enjoy-ten-up-coming-get-one-hundred-totally-free-revolves/ HTTP/1.1" 200 73819 "-" "Mozilla/5.0 (Windows NT 10.0; rv:125.0) Gecko/20100101 Firefox/125.0"
200.25.47.132 - - [20/Apr/2026:19:15:48 +0300] "GET /play-live-gambling-enterprise-that-have-bitcoin-crypto-2500-welcome-bundle/ HTTP/1.1" 200 72673 "-" "Mozilla/5.0 (Windows NT 10.0; Win64; x64) AppleWebKit/537.36 (KHTML, like Gecko) Chrome/123.0.0.0 Safari/537.36"
185.216.113.70 - - [20/Apr/2026:19:18:13 +0300] "POST /wp-cron.php?doing_wp_cron=1776701893.7443180084228515625000 HTTP/1.1" 200 448 "-" "WordPress/6.3.8; https://serhatburke.miroglu.net"
200.25.47.132 - - [20/Apr/2026:19:18:00 +0300] "POST /xmlrpc.php HTTP/1.1" 200 630 "-" "Mozilla/5.0 (Windows NT 10.0; Win64; x64) AppleWebKit/537.36 (KHTML, like Gecko) Chrome/114.0.0.0 Safari/537.36"
200.25.47.132 - - [20/Apr/2026:19:18:21 +0300] "POST /xmlrpc.php HTTP/1.1" 200 11337 "-" "Mozilla/5.0 (Windows NT 10.0; Win64; x64) AppleWebKit/537.36 (KHTML, like Gecko) Chrome/114.0.0.0 Safari/537.36"
185.216.113.70 - - [20/Apr/2026:19:18:49 +0300] "POST /wp-cron.php?doing_wp_cron=1776701929.3585920333862304687500 HTTP/1.1" 200 448 "-" "WordPress/6.3.8; https://serhatburke.miroglu.net"
200.25.47.132 - - [20/Apr/2026:19:18:36 +0300] "GET /tatacoa-wasteland-colombia-visitors-trap-otherwise-undetectable-gem/ HTTP/1.1" 200 72957 "-" "Mozilla/5.0 (Windows NT 10.0; rv:109.0) Gecko/20100101 Firefox/115.0"
185.216.113.70 - - [20/Apr/2026:19:20:41 +0300] "POST /wp-cron.php?doing_wp_cron=1776702041.1337869167327880859375 HTTP/1.1" 200 448 "-" "WordPress/6.3.8; https://serhatburke.miroglu.net"
104.207.38.104 - - [20/Apr/2026:19:20:26 +0300] "GET /wp-login.php HTTP/2" 200 3091 "-" "Mozilla/5.0 (Windows NT 10.0; Win64; x64; rv:127.0) Gecko/20100101 Firefox/127.0"
200.25.47.132 - - [20/Apr/2026:19:20:44 +0300] "POST /xmlrpc.php HTTP/1.1" 200 630 "-" "Mozilla/5.0 (Windows NT 10.0; Win64; x64) AppleWebKit/537.36 (KHTML, like Gecko) Chrome/114.0.0.0 Safari/537.36"
223.165.69.55 - - [20/Apr/2026:19:20:50 +0300] "POST /xmlrpc.php HTTP/1.1" 200 630 "-" "Mozilla/5.0 (Windows NT 10.0; Win64; x64) AppleWebKit/537.36 (KHTML, like Gecko) Chrome/114.0.0.0 Safari/537.36"
65.111.29.225 - - [20/Apr/2026:19:20:56 +0300] "POST /xmlrpc.php HTTP/2" 200 0 "-" "Mozilla/5.0 (Windows NT 10.0; Win64; x64) AppleWebKit/537.36 (KHTML, like Gecko) Chrome/124.0.6367.207 Safari/537.36"
185.216.113.70 - - [20/Apr/2026:19:21:23 +0300] "POST /wp-cron.php?doing_wp_cron=1776702083.0331649780273437500000 HTTP/1.1" 200 448 "-" "WordPress/6.3.8; https://serhatburke.miroglu.net"
200.25.47.132 - - [20/Apr/2026:19:21:09 +0300] "POST /xmlrpc.php HTTP/1.1" 200 11923 "-" "Mozilla/5.0 (Windows NT 10.0; Win64; x64) AppleWebKit/537.36 (KHTML, like Gecko) Chrome/114.0.0.0 Safari/537.36"
223.165.69.55 - - [20/Apr/2026:19:21:15 +0300] "POST /xmlrpc.php HTTP/1.1" 200 11630 "-" "Mozilla/5.0 (Windows NT 10.0; Win64; x64) AppleWebKit/537.36 (KHTML, like Gecko) Chrome/114.0.0.0 Safari/537.36"
65.111.22.71 - - [20/Apr/2026:19:21:19 +0300] "POST /xmlrpc.php HTTP/2" 200 0 "-" "Mozilla/5.0 (Windows NT 10.0; Win64; x64; rv:127.0) Gecko/20100101 Firefox/127.0"
200.25.47.132 - - [20/Apr/2026:19:21:24 +0300] "GET /fifty-totally-free-spins-no-deposit-casinos-2026/ HTTP/1.1" 200 72437 "-" "Mozilla/5.0 (Windows NT 10.0; Win64; x64) AppleWebKit/537.36 (KHTML, like Gecko) Chrome/109.0.0.0 Safari/537.36"
104.207.43.142 - - [20/Apr/2026:19:21:38 +0300] "POST /xmlrpc.php HTTP/2" 200 0 "-" "Mozilla/5.0 (Macintosh; Intel Mac OS X 13_5) AppleWebKit/605.1.15 (KHTML, like Gecko) Version/17.5 Safari/605.1.15"
223.165.69.55 - - [20/Apr/2026:19:21:38 +0300] "GET /five-dollar-put-gambling-enterprises-best-5-deposit-gambling-enterprise-promotions/ HTTP/1.1" 200 73465 "-" "Mozilla/5.0 (Windows NT 10.0; rv:109.0) Gecko/20100101 Firefox/115.0"
65.111.2.241 - - [20/Apr/2026:19:22:05 +0300] "POST /xmlrpc.php HTTP/2" 200 109 "-" "Mozilla/5.0 (Windows NT 10.0; Win64; x64) AppleWebKit/537.36 (KHTML, like Gecko) Chrome/124.0.6367.207 Safari/537.36"
185.216.113.70 - - [20/Apr/2026:19:22:38 +0300] "POST /wp-cron.php?doing_wp_cron=1776702158.6726789474487304687500 HTTP/1.1" 200 448 "-" "WordPress/6.3.8; https://serhatburke.miroglu.net"
65.111.2.241 - - [20/Apr/2026:19:22:24 +0300] "POST /xmlrpc.php HTTP/2" 200 2818 "-" "Mozilla/5.0 (Windows NT 10.0; Win64; x64; rv:127.0) Gecko/20100101 Firefox/127.0"
185.216.113.70 - - [20/Apr/2026:19:24:07 +0300] "POST /wp-cron.php?doing_wp_cron=1776702247.2423849105834960937500 HTTP/1.1" 200 448 "-" "WordPress/6.3.8; https://serhatburke.miroglu.net"
200.25.47.132 - - [20/Apr/2026:19:23:55 +0300] "POST /xmlrpc.php HTTP/1.1" 200 630 "-" "Mozilla/5.0 (Windows NT 10.0; Win64; x64) AppleWebKit/537.36 (KHTML, like Gecko) Chrome/114.0.0.0 Safari/537.36"
200.25.47.132 - - [20/Apr/2026:19:24:14 +0300] "POST /xmlrpc.php HTTP/1.1" 200 11735 "-" "Mozilla/5.0 (Windows NT 10.0; Win64; x64) AppleWebKit/537.36 (KHTML, like Gecko) Chrome/114.0.0.0 Safari/537.36"
185.216.113.70 - - [20/Apr/2026:19:24:41 +0300] "POST /wp-cron.php?doing_wp_cron=1776702281.0419979095458984375000 HTTP/1.1" 200 448 "-" "WordPress/6.3.8; https://serhatburke.miroglu.net"
200.25.47.132 - - [20/Apr/2026:19:24:28 +0300] "GET /free-online-slots-gamble-5000-free-slot-game-instantaneously/ HTTP/1.1" 200 72576 "-" "Mozilla/5.0 (Windows NT 10.0; Win64; x64) AppleWebKit/537.36 (KHTML, like Gecko) Chrome/122.0.0.0 Safari/537.36"
223.165.69.55 - - [20/Apr/2026:19:24:43 +0300] "POST /xmlrpc.php HTTP/1.1" 200 630 "-" "Mozilla/5.0 (Windows NT 10.0; Win64; x64) AppleWebKit/537.36 (KHTML, like Gecko) Chrome/114.0.0.0 Safari/537.36"
185.216.113.70 - - [20/Apr/2026:19:25:22 +0300] "POST /wp-cron.php?doing_wp_cron=1776702321.9285519123077392578125 HTTP/1.1" 200 448 "-" "WordPress/6.3.8; https://serhatburke.miroglu.net"
223.165.69.55 - - [20/Apr/2026:19:25:04 +0300] "POST /xmlrpc.php HTTP/1.1" 200 14137 "-" "Mozilla/5.0 (Windows NT 10.0; Win64; x64) AppleWebKit/537.36 (KHTML, like Gecko) Chrome/114.0.0.0 Safari/537.36"
84.200.80.218 - - [20/Apr/2026:19:25:05 +0300] "GET /casinos-online-en-chile-tu-guia-para-jugar-con-10/ HTTP/1.1" 200 179831 "-" "Screaming Frog SEO Spider/18.1"
143.137.38.48 - - [20/Apr/2026:19:25:07 +0300] "GET /wp-login.php HTTP/2" 200 3536 "-" "Mozilla/5.0 (Windows NT 10.0; Win64; x64) AppleWebKit/537.36"
223.165.69.55 - - [20/Apr/2026:19:25:23 +0300] "GET /greatest-5-deposit-casino-deposit-5-rating-free-spins-for-the-harbors/ HTTP/1.1" 200 75326 "-" "Mozilla/5.0 (Windows NT 10.0; Win64; x64) AppleWebKit/537.36 (KHTML, like Gecko) Chrome/122.0.0.0 Safari/537.36"
143.137.38.48 - - [20/Apr/2026:19:25:25 +0300] "POST /wp-login.php HTTP/2" 302 0 "https://serhatburke.miroglu.net/wp-login.php" "Mozilla/5.0 (Windows NT 10.0; Win64; x64) AppleWebKit/537.36"
37.27.228.124 - - [20/Apr/2026:19:25:36 +0300] "GET /laki-vorld-kazino-onlajn-bonusy-i-besplatnye-spiny-19/ HTTP/1.1" 200 26164 "-" "Screaming Frog SEO Spider/19.8"
185.216.113.70 - - [20/Apr/2026:19:27:10 +0300] "POST /wp-cron.php?doing_wp_cron=1776702430.6844160556793212890625 HTTP/1.1" 200 448 "-" "WordPress/6.3.8; https://serhatburke.miroglu.net"
200.25.47.132 - - [20/Apr/2026:19:26:58 +0300] "POST /xmlrpc.php HTTP/1.1" 200 630 "-" "Mozilla/5.0 (Windows NT 10.0; Win64; x64) AppleWebKit/537.36 (KHTML, like Gecko) Chrome/114.0.0.0 Safari/537.36"
200.25.47.132 - - [20/Apr/2026:19:27:17 +0300] "POST /xmlrpc.php HTTP/1.1" 200 10890 "-" "Mozilla/5.0 (Windows NT 10.0; Win64; x64) AppleWebKit/537.36 (KHTML, like Gecko) Chrome/114.0.0.0 Safari/537.36"
185.216.113.70 - - [20/Apr/2026:19:27:45 +0300] "POST /wp-cron.php?doing_wp_cron=1776702465.3850040435791015625000 HTTP/1.1" 200 448 "-" "WordPress/6.3.8; https://serhatburke.miroglu.net"
200.25.47.132 - - [20/Apr/2026:19:27:32 +0300] "GET /funky-fresh-fruit-slot-gamble-online-for-free-and-you-may-winnings-real-money/ HTTP/1.1" 200 72528 "-" "Mozilla/5.0 (Windows NT 10.0; Win64; x64) AppleWebKit/537.36 (KHTML, like Gecko) Chrome/123.0.0.0 Safari/537.36"
185.216.113.70 - - [20/Apr/2026:19:29:13 +0300] "POST /wp-cron.php?doing_wp_cron=1776702552.9457640647888183593750 HTTP/1.1" 200 448 "-" "WordPress/6.3.8; https://serhatburke.miroglu.net"
223.165.69.55 - - [20/Apr/2026:19:29:00 +0300] "POST /xmlrpc.php HTTP/1.1" 200 630 "-" "Mozilla/5.0 (Windows NT 10.0; Win64; x64) AppleWebKit/537.36 (KHTML, like Gecko) Chrome/114.0.0.0 Safari/537.36"
66.249.73.14 - - [20/Apr/2026:19:29:25 +0300] "GET /wp-content/plugins/contact-form-7/includes/css/styles.css?ver=5.8 HTTP/1.1" 200 1490 "https://serhatburke.miroglu.net/descubre-como-jugar-casino-online-de-forma-segura-39-2/" "Mozilla/5.0 (Linux; Android 6.0.1; Nexus 5X Build/MMB29P) AppleWebKit/537.36 (KHTML, like Gecko) Chrome/146.0.7680.177 Mobile Safari/537.36 (compatible; GoogleOther)"
66.249.73.14 - - [20/Apr/2026:19:29:25 +0300] "GET /wp-content/themes/toppic/css/woocommerce.css?ver=4.2 HTTP/1.1" 200 2670 "https://serhatburke.miroglu.net/descubre-como-jugar-casino-online-de-forma-segura-39-2/" "Mozilla/5.0 (Linux; Android 6.0.1; Nexus 5X Build/MMB29P) AppleWebKit/537.36 (KHTML, like Gecko) Chrome/146.0.7680.177 Mobile Safari/537.36 (compatible; GoogleOther)"
66.249.73.14 - - [20/Apr/2026:19:29:26 +0300] "GET /wp-content/themes/toppic/css/fontello.css?ver=4.2 HTTP/1.1" 200 1624 "https://serhatburke.miroglu.net/descubre-como-jugar-casino-online-de-forma-segura-39-2/" "Mozilla/5.0 (Linux; Android 6.0.1; Nexus 5X Build/MMB29P) AppleWebKit/537.36 (KHTML, like Gecko) Chrome/146.0.7680.177 Mobile Safari/537.36 (compatible; GoogleOther)"
66.249.73.14 - - [20/Apr/2026:19:29:27 +0300] "GET /wp-content/themes/toppic/css/responsive.css?ver=4.2 HTTP/1.1" 200 2618 "https://serhatburke.miroglu.net/descubre-como-jugar-casino-online-de-forma-segura-39-2/" "Mozilla/5.0 (Linux; Android 6.0.1; Nexus 5X Build/MMB29P) AppleWebKit/537.36 (KHTML, like Gecko) Chrome/146.0.7680.177 Mobile Safari/537.36 (compatible; GoogleOther)"
66.249.73.14 - - [20/Apr/2026:19:29:27 +0300] "GET /wp-includes/css/dist/block-library/style.min.css?ver=6.3.8 HTTP/1.1" 200 13400 "https://serhatburke.miroglu.net/descubre-como-jugar-casino-online-de-forma-segura-39-2/" "Mozilla/5.0 (Linux; Android 6.0.1; Nexus 5X Build/MMB29P) AppleWebKit/537.36 (KHTML, like Gecko) Chrome/146.0.7680.177 Mobile Safari/537.36 (compatible; GoogleOther)"
66.249.73.14 - - [20/Apr/2026:19:29:28 +0300] "GET /wp-content/themes/toppic/css/rs-default.css?ver=4.2 HTTP/1.1" 200 2447 "https://serhatburke.miroglu.net/descubre-como-jugar-casino-online-de-forma-segura-39-2/" "Mozilla/5.0 (Linux; Android 6.0.1; Nexus 5X Build/MMB29P) AppleWebKit/537.36 (KHTML, like Gecko) Chrome/146.0.7680.177 Mobile Safari/537.36 (compatible; GoogleOther)"
66.249.73.14 - - [20/Apr/2026:19:29:29 +0300] "GET /wp-content/themes/toppic/css/lightbox.css?ver=4.2 HTTP/1.1" 200 2778 "https://serhatburke.miroglu.net/descubre-como-jugar-casino-online-de-forma-segura-39-2/" "Mozilla/5.0 (Linux; Android 6.0.1; Nexus 5X Build/MMB29P) AppleWebKit/537.36 (KHTML, like Gecko) Chrome/146.0.7680.177 Mobile Safari/537.36 (compatible; GoogleOther)"
66.249.73.14 - - [20/Apr/2026:19:29:30 +0300] "GET /wp-includes/js/jquery/jquery.min.js?ver=3.7.0 HTTP/1.1" 200 30164 "https://serhatburke.miroglu.net/descubre-como-jugar-casino-online-de-forma-segura-39-2/" "Mozilla/5.0 (Linux; Android 6.0.1; Nexus 5X Build/MMB29P) AppleWebKit/537.36 (KHTML, like Gecko) Chrome/146.0.7680.177 Mobile Safari/537.36 (compatible; GoogleOther)"
66.249.73.14 - - [20/Apr/2026:19:29:30 +0300] "GET /wp-content/themes/toppic/css/royalslider.css?ver=4.2 HTTP/1.1" 200 1709 "https://serhatburke.miroglu.net/descubre-como-jugar-casino-online-de-forma-segura-39-2/" "Mozilla/5.0 (Linux; Android 6.0.1; Nexus 5X Build/MMB29P) AppleWebKit/537.36 (KHTML, like Gecko) Chrome/146.0.7680.177 Mobile Safari/537.36 (compatible; GoogleOther)"
66.249.73.14 - - [20/Apr/2026:19:29:31 +0300] "GET /wp-content/themes/toppic/style.css?ver=4.2 HTTP/1.1" 200 23220 "https://serhatburke.miroglu.net/descubre-como-jugar-casino-online-de-forma-segura-39-2/" "Mozilla/5.0 (Linux; Android 6.0.1; Nexus 5X Build/MMB29P) AppleWebKit/537.36 (KHTML, like Gecko) Chrome/146.0.7680.177 Mobile Safari/537.36 (compatible; GoogleOther)"
66.249.73.14 - - [20/Apr/2026:19:29:32 +0300] "GET /wp-content/plugins/contact-form-7/includes/js/index.js?ver=5.8 HTTP/1.1" 200 4368 "https://serhatburke.miroglu.net/descubre-como-jugar-casino-online-de-forma-segura-39-2/" "Mozilla/5.0 (Linux; Android 6.0.1; Nexus 5X Build/MMB29P) AppleWebKit/537.36 (KHTML, like Gecko) Chrome/146.0.7680.177 Mobile Safari/537.36 (compatible; GoogleOther)"
66.249.73.14 - - [20/Apr/2026:19:29:32 +0300] "GET /wp-content/themes/toppic/css/default.css?ver=4.2 HTTP/1.1" 200 1633 "https://serhatburke.miroglu.net/descubre-como-jugar-casino-online-de-forma-segura-39-2/" "Mozilla/5.0 (Linux; Android 6.0.1; Nexus 5X Build/MMB29P) AppleWebKit/537.36 (KHTML, like Gecko) Chrome/146.0.7680.177 Mobile Safari/537.36 (compatible; GoogleOther)"
223.165.69.55 - - [20/Apr/2026:19:29:20 +0300] "POST /xmlrpc.php HTTP/1.1" 200 14309 "-" "Mozilla/5.0 (Windows NT 10.0; Win64; x64) AppleWebKit/537.36 (KHTML, like Gecko) Chrome/114.0.0.0 Safari/537.36"
66.249.73.14 - - [20/Apr/2026:19:29:33 +0300] "GET /wp-content/plugins/contact-form-7/includes/swv/js/index.js?ver=5.8 HTTP/1.1" 200 3511 "https://serhatburke.miroglu.net/descubre-como-jugar-casino-online-de-forma-segura-39-2/" "Mozilla/5.0 (Linux; Android 6.0.1; Nexus 5X Build/MMB29P) AppleWebKit/537.36 (KHTML, like Gecko) Chrome/146.0.7680.177 Mobile Safari/537.36 (compatible; GoogleOther)"
66.249.73.14 - - [20/Apr/2026:19:29:34 +0300] "GET /wp-includes/js/jquery/jquery-migrate.min.js?ver=3.4.1 HTTP/1.1" 200 5128 "https://serhatburke.miroglu.net/descubre-como-jugar-casino-online-de-forma-segura-39-2/" "Mozilla/5.0 (Linux; Android 6.0.1; Nexus 5X Build/MMB29P) AppleWebKit/537.36 (KHTML, like Gecko) Chrome/146.0.7680.177 Mobile Safari/537.36 (compatible; GoogleOther)"
66.249.73.14 - - [20/Apr/2026:19:29:34 +0300] "GET /wp-content/themes/toppic/css/reset.css?ver=4.2 HTTP/1.1" 200 1000 "https://serhatburke.miroglu.net/descubre-como-jugar-casino-online-de-forma-segura-39-2/" "Mozilla/5.0 (Linux; Android 6.0.1; Nexus 5X Build/MMB29P) AppleWebKit/537.36 (KHTML, like Gecko) Chrome/146.0.7680.177 Mobile Safari/537.36 (compatible; GoogleOther)"
66.249.73.14 - - [20/Apr/2026:19:29:35 +0300] "GET /wp-content/plugins/roses-like-this/likesScript.js?ver=6.3.8 HTTP/1.1" 200 1067 "https://serhatburke.miroglu.net/descubre-como-jugar-casino-online-de-forma-segura-39-2/" "Mozilla/5.0 (Linux; Android 6.0.1; Nexus 5X Build/MMB29P) AppleWebKit/537.36 (KHTML, like Gecko) Chrome/146.0.7680.177 Mobile Safari/537.36 (compatible; GoogleOther)"
66.249.73.14 - - [20/Apr/2026:19:29:36 +0300] "GET /wp-content/themes/toppic/js/jquery.parallax.custom.js?ver=4.2 HTTP/1.1" 200 1168 "https://serhatburke.miroglu.net/descubre-como-jugar-casino-online-de-forma-segura-39-2/" "Mozilla/5.0 (Linux; Android 6.0.1; Nexus 5X Build/MMB29P) AppleWebKit/537.36 (KHTML, like Gecko) Chrome/146.0.7680.177 Mobile Safari/537.36 (compatible; GoogleOther)"
66.249.73.14 - - [20/Apr/2026:19:29:37 +0300] "GET /wp-content/themes/toppic/js/jquery.mtree.js?ver=4.2 HTTP/1.1" 200 1331 "https://serhatburke.miroglu.net/descubre-como-jugar-casino-online-de-forma-segura-39-2/" "Mozilla/5.0 (Linux; Android 6.0.1; Nexus 5X Build/MMB29P) AppleWebKit/537.36 (KHTML, like Gecko) Chrome/146.0.7680.177 Mobile Safari/537.36 (compatible; GoogleOther)"
66.249.73.14 - - [20/Apr/2026:19:29:37 +0300] "GET /wp-content/themes/toppic/js/jquery.tipsy.js?ver=4.2 HTTP/1.1" 200 1277 "https://serhatburke.miroglu.net/descubre-como-jugar-casino-online-de-forma-segura-39-2/" "Mozilla/5.0 (Linux; Android 6.0.1; Nexus 5X Build/MMB29P) AppleWebKit/537.36 (KHTML, like Gecko) Chrome/146.0.7680.177 Mobile Safari/537.36 (compatible; GoogleOther)"
66.249.73.14 - - [20/Apr/2026:19:29:38 +0300] "GET /wp-content/themes/toppic/js/jquery.transit.min.js?ver=4.2 HTTP/1.1" 200 3074 "https://serhatburke.miroglu.net/descubre-como-jugar-casino-online-de-forma-segura-39-2/" "Mozilla/5.0 (Linux; Android 6.0.1; Nexus 5X Build/MMB29P) AppleWebKit/537.36 (KHTML, like Gecko) Chrome/146.0.7680.177 Mobile Safari/537.36 (compatible; GoogleOther)"
66.249.73.14 - - [20/Apr/2026:19:29:39 +0300] "GET /wp-content/themes/toppic/js/scrollMonitor.js?ver=4.2 HTTP/1.1" 200 2988 "https://serhatburke.miroglu.net/descubre-como-jugar-casino-online-de-forma-segura-39-2/" "Mozilla/5.0 (Linux; Android 6.0.1; Nexus 5X Build/MMB29P) AppleWebKit/537.36 (KHTML, like Gecko) Chrome/146.0.7680.177 Mobile Safari/537.36 (compatible; GoogleOther)"
66.249.73.14 - - [20/Apr/2026:19:29:40 +0300] "GET /wp-content/themes/toppic/js/jquery.touchswipe.js?ver=4.2 HTTP/1.1" 200 5184 "https://serhatburke.miroglu.net/descubre-como-jugar-casino-online-de-forma-segura-39-2/" "Mozilla/5.0 (Linux; Android 6.0.1; Nexus 5X Build/MMB29P) AppleWebKit/537.36 (KHTML, like Gecko) Chrome/146.0.7680.177 Mobile Safari/537.36 (compatible; GoogleOther)"
66.249.73.14 - - [20/Apr/2026:19:29:41 +0300] "GET /wp-content/themes/toppic/js/jquery.modernizr.custom.js?ver=4.2 HTTP/1.1" 200 3342 "https://serhatburke.miroglu.net/descubre-como-jugar-casino-online-de-forma-segura-39-2/" "Mozilla/5.0 (Linux; Android 6.0.1; Nexus 5X Build/MMB29P) AppleWebKit/537.36 (KHTML, like Gecko) Chrome/146.0.7680.177 Mobile Safari/537.36 (compatible; GoogleOther)"
66.249.73.14 - - [20/Apr/2026:19:29:42 +0300] "GET /wp-includes/js/comment-reply.min.js?ver=6.3.8 HTTP/1.1" 200 1677 "https://serhatburke.miroglu.net/descubre-como-jugar-casino-online-de-forma-segura-39-2/" "Mozilla/5.0 (Linux; Android 6.0.1; Nexus 5X Build/MMB29P) AppleWebKit/537.36 (KHTML, like Gecko) Chrome/146.0.7680.177 Mobile Safari/537.36 (compatible; GoogleOther)"
66.249.73.14 - - [20/Apr/2026:19:29:43 +0300] "GET /wp-content/themes/toppic/js/jquery.kenb.js?ver=4.2 HTTP/1.1" 200 1701 "https://serhatburke.miroglu.net/descubre-como-jugar-casino-online-de-forma-segura-39-2/" "Mozilla/5.0 (Linux; Android 6.0.1; Nexus 5X Build/MMB29P) AppleWebKit/537.36 (KHTML, like Gecko) Chrome/146.0.7680.177 Mobile Safari/537.36 (compatible; GoogleOther)"
66.249.73.14 - - [20/Apr/2026:19:29:43 +0300] "GET /wp-content/themes/toppic/js/jquery.magnific-popup.min.js?ver=4.2 HTTP/1.1" 200 7728 "https://serhatburke.miroglu.net/descubre-como-jugar-casino-online-de-forma-segura-39-2/" "Mozilla/5.0 (Linux; Android 6.0.1; Nexus 5X Build/MMB29P) AppleWebKit/537.36 (KHTML, like Gecko) Chrome/146.0.7680.177 Mobile Safari/537.36 (compatible; GoogleOther)"
66.249.73.14 - - [20/Apr/2026:19:29:44 +0300] "GET /wp-content/themes/toppic/js/jquery.custom.js?ver=4.2 HTTP/1.1" 200 8665 "https://serhatburke.miroglu.net/descubre-como-jugar-casino-online-de-forma-segura-39-2/" "Mozilla/5.0 (Linux; Android 6.0.1; Nexus 5X Build/MMB29P) AppleWebKit/537.36 (KHTML, like Gecko) Chrome/146.0.7680.177 Mobile Safari/537.36 (compatible; GoogleOther)"
66.249.73.14 - - [20/Apr/2026:19:29:45 +0300] "GET /wp-content/themes/toppic/js/lazysizes.min.js?ver=4.2 HTTP/1.1" 200 3625 "https://serhatburke.miroglu.net/descubre-como-jugar-casino-online-de-forma-segura-39-2/" "Mozilla/5.0 (Linux; Android 6.0.1; Nexus 5X Build/MMB29P) AppleWebKit/537.36 (KHTML, like Gecko) Chrome/146.0.7680.177 Mobile Safari/537.36 (compatible; GoogleOther)"
66.249.73.14 - - [20/Apr/2026:19:29:46 +0300] "GET /wp-content/plugins/google-analytics-for-wordpress/assets/js/frontend-gtag.min.js?ver=10.1.2 HTTP/1.1" 200 3521 "https://serhatburke.miroglu.net/descubre-como-jugar-casino-online-de-forma-segura-39-2/" "Mozilla/5.0 (Linux; Android 6.0.1; Nexus 5X Build/MMB29P) AppleWebKit/537.36 (KHTML, like Gecko) Chrome/146.0.7680.177 Mobile Safari/537.36 (compatible; GoogleOther)"
185.216.113.70 - - [20/Apr/2026:19:29:47 +0300] "POST /wp-cron.php?doing_wp_cron=1776702587.4693069458007812500000 HTTP/1.1" 200 448 "-" "WordPress/6.3.8; https://serhatburke.miroglu.net"
223.165.69.55 - - [20/Apr/2026:19:29:35 +0300] "GET /10-minimal-put-casinos-2026-finest-ten-put-extra-requirements/ HTTP/1.1" 200 75251 "-" "Mozilla/5.0 (Windows NT 10.0; rv:109.0) Gecko/20100101 Firefox/115.0"
200.25.47.132 - - [20/Apr/2026:19:29:49 +0300] "POST /xmlrpc.php HTTP/1.1" 200 630 "-" "Mozilla/5.0 (Windows NT 10.0; Win64; x64) AppleWebKit/537.36 (KHTML, like Gecko) Chrome/114.0.0.0 Safari/537.36"
185.216.113.70 - - [20/Apr/2026:19:30:24 +0300] "POST /wp-cron.php?doing_wp_cron=1776702624.0365889072418212890625 HTTP/1.1" 200 448 "-" "WordPress/6.3.8; https://serhatburke.miroglu.net"
200.25.47.132 - - [20/Apr/2026:19:30:11 +0300] "POST /xmlrpc.php HTTP/1.1" 200 11335 "-" "Mozilla/5.0 (Windows NT 10.0; Win64; x64) AppleWebKit/537.36 (KHTML, like Gecko) Chrome/114.0.0.0 Safari/537.36"
200.25.47.132 - - [20/Apr/2026:19:30:25 +0300] "GET /immerse-on-your-own-inside-mythical-slot-victories-bonuses/ HTTP/1.1" 200 72520 "-" "Mozilla/5.0 (Windows NT 10.0; Win64; x64; rv:124.0) Gecko/20100101 Firefox/124.0"
185.216.113.70 - - [20/Apr/2026:19:32:26 +0300] "POST /wp-cron.php?doing_wp_cron=1776702746.4446289539337158203125 HTTP/1.1" 200 448 "-" "WordPress/6.3.8; https://serhatburke.miroglu.net"
200.25.47.132 - - [20/Apr/2026:19:32:12 +0300] "POST /xmlrpc.php HTTP/1.1" 200 630 "-" "Mozilla/5.0 (Windows NT 10.0; Win64; x64) AppleWebKit/537.36 (KHTML, like Gecko) Chrome/114.0.0.0 Safari/537.36"
200.25.47.132 - - [20/Apr/2026:19:32:33 +0300] "POST /xmlrpc.php HTTP/1.1" 200 11516 "-" "Mozilla/5.0 (Windows NT 10.0; Win64; x64) AppleWebKit/537.36 (KHTML, like Gecko) Chrome/114.0.0.0 Safari/537.36"
185.216.113.70 - - [20/Apr/2026:19:33:00 +0300] "POST /wp-cron.php?doing_wp_cron=1776702779.9545629024505615234375 HTTP/1.1" 200 448 "-" "WordPress/6.3.8; https://serhatburke.miroglu.net"
200.25.47.132 - - [20/Apr/2026:19:32:47 +0300] "GET /great-bluish-slot-free-play-position-demonstration-2026/ HTTP/1.1" 200 72478 "-" "Mozilla/5.0 (Windows NT 10.0; Win64; x64) AppleWebKit/537.36 (KHTML, like Gecko) Chrome/124.0.0.0 Safari/537.36"
223.165.69.55 - - [20/Apr/2026:19:32:53 +0300] "POST /xmlrpc.php HTTP/1.1" 200 630 "-" "Mozilla/5.0 (Windows NT 10.0; Win64; x64) AppleWebKit/537.36 (KHTML, like Gecko) Chrome/114.0.0.0 Safari/537.36"
223.165.69.55 - - [20/Apr/2026:19:33:13 +0300] "POST /xmlrpc.php HTTP/1.1" 200 14189 "-" "Mozilla/5.0 (Windows NT 10.0; Win64; x64) AppleWebKit/537.36 (KHTML, like Gecko) Chrome/114.0.0.0 Safari/537.36"
185.216.113.70 - - [20/Apr/2026:19:33:41 +0300] "POST /wp-cron.php?doing_wp_cron=1776702820.8542718887329101562500 HTTP/1.1" 200 448 "-" "WordPress/6.3.8; https://serhatburke.miroglu.net"
223.165.69.55 - - [20/Apr/2026:19:33:28 +0300] "GET /5-lowest-deposit-gambling-enterprises%EF%B8%8F-2026-bonus-codes/ HTTP/1.1" 200 75189 "-" "Mozilla/5.0 (Windows NT 10.0; rv:125.0) Gecko/20100101 Firefox/125.0"
185.216.113.70 - - [20/Apr/2026:19:35:13 +0300] "POST /wp-cron.php?doing_wp_cron=1776702913.6970729827880859375000 HTTP/1.1" 200 448 "-" "WordPress/6.3.8; https://serhatburke.miroglu.net"
200.25.47.132 - - [20/Apr/2026:19:35:00 +0300] "POST /xmlrpc.php HTTP/1.1" 200 630 "-" "Mozilla/5.0 (Windows NT 10.0; Win64; x64) AppleWebKit/537.36 (KHTML, like Gecko) Chrome/114.0.0.0 Safari/537.36"
200.25.47.132 - - [20/Apr/2026:19:35:20 +0300] "POST /xmlrpc.php HTTP/1.1" 200 11518 "-" "Mozilla/5.0 (Windows NT 10.0; Win64; x64) AppleWebKit/537.36 (KHTML, like Gecko) Chrome/114.0.0.0 Safari/537.36"
185.216.113.70 - - [20/Apr/2026:19:35:53 +0300] "POST /wp-cron.php?doing_wp_cron=1776702952.9971210956573486328125 HTTP/1.1" 200 448 "-" "WordPress/6.3.8; https://serhatburke.miroglu.net"
200.25.47.132 - - [20/Apr/2026:19:35:37 +0300] "GET /immortal-romance-pokies-2026-private-free-enjoy/ HTTP/1.1" 200 72318 "-" "Mozilla/5.0 (Windows NT 10.0; Win64; x64; rv:125.0) Gecko/20100101 Firefox/125.0"
185.216.113.70 - - [20/Apr/2026:19:36:48 +0300] "POST /wp-cron.php?doing_wp_cron=1776703008.7188498973846435546875 HTTP/1.1" 200 448 "-" "WordPress/6.3.8; https://serhatburke.miroglu.net"
223.165.69.55 - - [20/Apr/2026:19:36:26 +0300] "POST /xmlrpc.php HTTP/1.1" 200 630 "-" "Mozilla/5.0 (Windows NT 10.0; Win64; x64) AppleWebKit/537.36 (KHTML, like Gecko) Chrome/114.0.0.0 Safari/537.36"
223.165.69.55 - - [20/Apr/2026:19:36:56 +0300] "POST /xmlrpc.php HTTP/1.1" 200 14339 "-" "Mozilla/5.0 (Windows NT 10.0; Win64; x64) AppleWebKit/537.36 (KHTML, like Gecko) Chrome/114.0.0.0 Safari/537.36"
223.165.69.55 - - [20/Apr/2026:19:37:11 +0300] "GET /greatest-ten-minimal-deposit-united-states-of-america-gambling-enterprises-inside-2026/ HTTP/1.1" 200 76052 "-" "Mozilla/5.0 (Windows NT 10.0; Win64; x64) AppleWebKit/537.36 (KHTML, like Gecko) Chrome/123.0.0.0 Safari/537.36 OPR/109.0.0.0"
178.159.37.156 - - [20/Apr/2026:19:37:18 +0300] "GET /laki-vorld-kazino-onlajn-s-bonusami-za-depozit-22/ HTTP/1.1" 200 26711 "-" "Screaming Frog SEO Spider/19.8"
185.216.113.70 - - [20/Apr/2026:19:38:06 +0300] "POST /wp-cron.php?doing_wp_cron=1776703085.9099750518798828125000 HTTP/1.1" 200 448 "-" "WordPress/6.3.8; https://serhatburke.miroglu.net"
200.25.47.132 - - [20/Apr/2026:19:37:51 +0300] "POST /xmlrpc.php HTTP/1.1" 200 630 "-" "Mozilla/5.0 (Windows NT 10.0; Win64; x64) AppleWebKit/537.36 (KHTML, like Gecko) Chrome/114.0.0.0 Safari/537.36"
200.25.47.132 - - [20/Apr/2026:19:38:13 +0300] "POST /xmlrpc.php HTTP/1.1" 200 11278 "-" "Mozilla/5.0 (Windows NT 10.0; Win64; x64) AppleWebKit/537.36 (KHTML, like Gecko) Chrome/114.0.0.0 Safari/537.36"
185.216.113.70 - - [20/Apr/2026:19:38:43 +0300] "POST /wp-cron.php?doing_wp_cron=1776703123.6220250129699707031250 HTTP/1.1" 200 448 "-" "WordPress/6.3.8; https://serhatburke.miroglu.net"
200.25.47.132 - - [20/Apr/2026:19:38:30 +0300] "GET /brief-reports-for-the-children/ HTTP/1.1" 200 71488 "-" "Mozilla/5.0 (Windows NT 10.0; Win64; x64; rv:124.0) Gecko/20100101 Firefox/124.0"
185.216.113.70 - - [20/Apr/2026:19:40:19 +0300] "POST /wp-cron.php?doing_wp_cron=1776703219.2204530239105224609375 HTTP/1.1" 200 448 "-" "WordPress/6.3.8; https://serhatburke.miroglu.net"
223.165.69.55 - - [20/Apr/2026:19:40:06 +0300] "POST /xmlrpc.php HTTP/1.1" 200 630 "-" "Mozilla/5.0 (Windows NT 10.0; Win64; x64) AppleWebKit/537.36 (KHTML, like Gecko) Chrome/114.0.0.0 Safari/537.36"
223.165.69.55 - - [20/Apr/2026:19:40:26 +0300] "POST /xmlrpc.php HTTP/1.1" 200 15182 "-" "Mozilla/5.0 (Windows NT 10.0; Win64; x64) AppleWebKit/537.36 (KHTML, like Gecko) Chrome/114.0.0.0 Safari/537.36"
185.216.113.70 - - [20/Apr/2026:19:40:55 +0300] "POST /wp-cron.php?doing_wp_cron=1776703255.3191609382629394531250 HTTP/1.1" 200 448 "-" "WordPress/6.3.8; https://serhatburke.miroglu.net"
223.165.69.55 - - [20/Apr/2026:19:40:43 +0300] "GET /wilderness-appreciate-video-harbors-by-playtech/ HTTP/1.1" 200 75580 "-" "Mozilla/5.0 (Windows NT 10.0; Win64; x64) AppleWebKit/537.36 (KHTML, like Gecko) Chrome/124.0.0.0 Safari/537.36"
200.25.47.132 - - [20/Apr/2026:19:40:53 +0300] "POST /xmlrpc.php HTTP/1.1" 200 630 "-" "Mozilla/5.0 (Windows NT 10.0; Win64; x64) AppleWebKit/537.36 (KHTML, like Gecko) Chrome/114.0.0.0 Safari/537.36"
200.25.47.132 - - [20/Apr/2026:19:41:13 +0300] "POST /xmlrpc.php HTTP/1.1" 200 11990 "-" "Mozilla/5.0 (Windows NT 10.0; Win64; x64) AppleWebKit/537.36 (KHTML, like Gecko) Chrome/114.0.0.0 Safari/537.36"
185.216.113.70 - - [20/Apr/2026:19:41:40 +0300] "POST /wp-cron.php?doing_wp_cron=1776703300.1509749889373779296875 HTTP/1.1" 200 448 "-" "WordPress/6.3.8; https://serhatburke.miroglu.net"
200.25.47.132 - - [20/Apr/2026:19:41:27 +0300] "GET /cat-glitter-huge-position-opinion-play-the-wheel-bonuses/ HTTP/1.1" 200 72588 "-" "Mozilla/5.0 (Windows NT 10.0; Win64; x64) AppleWebKit/537.36 (KHTML, like Gecko) Chrome/124.0.0.0 Safari/537.36"
185.216.113.70 - - [20/Apr/2026:19:42:48 +0300] "POST /wp-cron.php?doing_wp_cron=1776703368.4091489315032958984375 HTTP/1.1" 200 448 "-" "WordPress/6.3.8; https://serhatburke.miroglu.net"
216.26.247.1 - - [20/Apr/2026:19:42:35 +0300] "GET /wp-login.php HTTP/2" 200 3091 "-" "Mozilla/5.0 (Windows NT 10.0; Win64; x64; rv:127.0) Gecko/20100101 Firefox/127.0"
185.216.113.70 - - [20/Apr/2026:19:43:55 +0300] "POST /wp-cron.php?doing_wp_cron=1776703435.3580389022827148437500 HTTP/1.1" 200 448 "-" "WordPress/6.3.8; https://serhatburke.miroglu.net"
223.165.69.55 - - [20/Apr/2026:19:43:39 +0300] "POST /xmlrpc.php HTTP/1.1" 200 630 "-" "Mozilla/5.0 (Windows NT 10.0; Win64; x64) AppleWebKit/537.36 (KHTML, like Gecko) Chrome/114.0.0.0 Safari/537.36"
104.207.53.251 - - [20/Apr/2026:19:43:40 +0300] "POST /xmlrpc.php HTTP/2" 200 108 "-" "Mozilla/5.0 (Windows NT 10.0; Win64; x64) AppleWebKit/537.36 (KHTML, like Gecko) Chrome/124.0.6367.207 Safari/537.36"
200.25.47.132 - - [20/Apr/2026:19:43:45 +0300] "POST /xmlrpc.php HTTP/1.1" 200 630 "-" "Mozilla/5.0 (Windows NT 10.0; Win64; x64) AppleWebKit/537.36 (KHTML, like Gecko) Chrome/114.0.0.0 Safari/537.36"
223.165.69.55 - - [20/Apr/2026:19:44:02 +0300] "POST /xmlrpc.php HTTP/1.1" 200 14418 "-" "Mozilla/5.0 (Windows NT 10.0; Win64; x64) AppleWebKit/537.36 (KHTML, like Gecko) Chrome/114.0.0.0 Safari/537.36"
200.25.47.132 - - [20/Apr/2026:19:44:09 +0300] "POST /xmlrpc.php HTTP/1.1" 200 12120 "-" "Mozilla/5.0 (Windows NT 10.0; Win64; x64) AppleWebKit/537.36 (KHTML, like Gecko) Chrome/114.0.0.0 Safari/537.36"
223.165.69.55 - - [20/Apr/2026:19:44:17 +0300] "GET /an-educated-gambling-enterprises-which-have-50-no-deposit-totally-free-spins-2026/ HTTP/1.1" 200 75803 "-" "Mozilla/5.0 (Windows NT 10.0; Win64; x64; rv:124.0) Gecko/20100101 Firefox/124.0"
185.216.113.70 - - [20/Apr/2026:19:44:44 +0300] "POST /wp-cron.php?doing_wp_cron=1776703483.9583060741424560546875 HTTP/1.1" 200 448 "-" "WordPress/6.3.8; https://serhatburke.miroglu.net"
217.181.91.129 - - [20/Apr/2026:19:44:28 +0300] "GET /wp-login.php?wp_lang=en_US HTTP/2" 200 2421 "-" "Mozilla/5.0 (Windows NT 10.0; Win64; x64) AppleWebKit/537.36 (KHTML, like Gecko) Chrome/124.0.6367.207 Safari/537.36"
200.25.47.132 - - [20/Apr/2026:19:44:24 +0300] "GET /lobstermania-pokie-play-for-free-realize-remark/ HTTP/1.1" 200 72811 "-" "Mozilla/5.0 (Windows NT 10.0; Win64; x64; rv:124.0) Gecko/20100101 Firefox/124.0"
