98.98.197.212 - - [21/Apr/2026:04:33:58 +0300] "POST /xmlrpc.php HTTP/1.1" 200 630 "-" "Mozilla/5.0 (Windows NT 10.0; Win64; x64) AppleWebKit/537.36 (KHTML, like Gecko) Chrome/114.0.0.0 Safari/537.36"
98.98.197.212 - - [21/Apr/2026:04:34:01 +0300] "GET /hazard-high-voltage-2/ HTTP/1.1" 200 71604 "-" "Mozilla/5.0 (Windows NT 10.0; Win64; x64; rv:124.0) Gecko/20100101 Firefox/124.0"
42.118.26.164 - - [21/Apr/2026:04:34:06 +0300] "GET /zotabet-casino-bonus-premier-depot-2026/ HTTP/1.1" 200 18530 "-" "Mozilla/5.0 (compatible; Googlebot/2.1; +http://www.google.com/bot.html)"
98.98.197.212 - - [21/Apr/2026:04:34:23 +0300] "POST /xmlrpc.php HTTP/1.1" 200 11920 "-" "Mozilla/5.0 (Windows NT 10.0; Win64; x64) AppleWebKit/537.36 (KHTML, like Gecko) Chrome/114.0.0.0 Safari/537.36"
185.216.113.70 - - [21/Apr/2026:04:34:48 +0300] "POST /wp-cron.php?doing_wp_cron=1776735288.0712120532989501953125 HTTP/1.1" 200 448 "-" "WordPress/6.3.8; https://serhatburke.miroglu.net"
98.98.197.212 - - [21/Apr/2026:04:34:34 +0300] "POST /xmlrpc.php HTTP/1.1" 200 630 "-" "Mozilla/5.0 (Windows NT 10.0; Win64; x64) AppleWebKit/537.36 (KHTML, like Gecko) Chrome/114.0.0.0 Safari/537.36"
98.98.197.212 - - [21/Apr/2026:04:34:36 +0300] "GET /the-brand-new-da-vinci-diamonds-position-video-game-artfully-invents-the-new-payouts-betmgm/ HTTP/1.1" 200 73523 "-" "Mozilla/5.0 (Windows NT 10.0; Win64; x64) AppleWebKit/537.36 (KHTML, like Gecko) Chrome/123.0.0.0 Safari/537.36 OPR/109.0.0.0"
98.98.197.212 - - [21/Apr/2026:04:34:54 +0300] "POST /xmlrpc.php HTTP/1.1" 200 12282 "-" "Mozilla/5.0 (Windows NT 10.0; Win64; x64) AppleWebKit/537.36 (KHTML, like Gecko) Chrome/114.0.0.0 Safari/537.36"
98.98.197.212 - - [21/Apr/2026:04:35:09 +0300] "POST /xmlrpc.php HTTP/1.1" 200 630 "-" "Mozilla/5.0 (Windows NT 10.0; Win64; x64) AppleWebKit/537.36 (KHTML, like Gecko) Chrome/114.0.0.0 Safari/537.36"
98.98.197.212 - - [21/Apr/2026:04:35:10 +0300] "GET /double-da-vinci-expensive-diamonds-ports-gamble-100-percent-free-casino-slot-games/ HTTP/1.1" 200 73697 "-" "Mozilla/5.0 (Windows NT 10.0; Win64; x64) AppleWebKit/537.36 (KHTML, like Gecko) Chrome/122.0.0.0 Safari/537.36"
223.165.69.55 - - [21/Apr/2026:04:35:11 +0300] "POST /xmlrpc.php HTTP/1.1" 200 630 "-" "Mozilla/5.0 (Windows NT 10.0; Win64; x64) AppleWebKit/537.36 (KHTML, like Gecko) Chrome/114.0.0.0 Safari/537.36"
185.216.113.70 - - [21/Apr/2026:04:35:50 +0300] "POST /wp-cron.php?doing_wp_cron=1776735350.9005589485168457031250 HTTP/1.1" 200 448 "-" "WordPress/6.3.8; https://serhatburke.miroglu.net"
98.98.197.212 - - [21/Apr/2026:04:35:34 +0300] "POST /xmlrpc.php HTTP/1.1" 200 12072 "-" "Mozilla/5.0 (Windows NT 10.0; Win64; x64) AppleWebKit/537.36 (KHTML, like Gecko) Chrome/114.0.0.0 Safari/537.36"
223.165.69.55 - - [21/Apr/2026:04:35:37 +0300] "POST /xmlrpc.php HTTP/1.1" 200 12028 "-" "Mozilla/5.0 (Windows NT 10.0; Win64; x64) AppleWebKit/537.36 (KHTML, like Gecko) Chrome/114.0.0.0 Safari/537.36"
98.98.197.212 - - [21/Apr/2026:04:35:40 +0300] "POST /xmlrpc.php HTTP/1.1" 200 630 "-" "Mozilla/5.0 (Windows NT 10.0; Win64; x64) AppleWebKit/537.36 (KHTML, like Gecko) Chrome/114.0.0.0 Safari/537.36"
98.98.197.212 - - [21/Apr/2026:04:35:52 +0300] "GET /double-da-vinci-diamonds-truthful-opinion-syndicate-withdraw-trial-offer/ HTTP/1.1" 200 73348 "-" "Mozilla/5.0 (Windows NT 10.0; rv:125.0) Gecko/20100101 Firefox/125.0"
223.165.69.55 - - [21/Apr/2026:04:35:58 +0300] "GET /agatha-christie-death-to-the-nile-point-cuatro-walkthrough-bachillerato-bi/ HTTP/1.1" 200 73373 "-" "Mozilla/5.0 (Windows NT 10.0; rv:125.0) Gecko/20100101 Firefox/125.0"
98.98.197.212 - - [21/Apr/2026:04:36:09 +0300] "POST /xmlrpc.php HTTP/1.1" 200 11452 "-" "Mozilla/5.0 (Windows NT 10.0; Win64; x64) AppleWebKit/537.36 (KHTML, like Gecko) Chrome/114.0.0.0 Safari/537.36"
98.98.197.212 - - [21/Apr/2026:04:36:12 +0300] "POST /xmlrpc.php HTTP/1.1" 200 630 "-" "Mozilla/5.0 (Windows NT 10.0; Win64; x64) AppleWebKit/537.36 (KHTML, like Gecko) Chrome/114.0.0.0 Safari/537.36"
98.98.197.212 - - [21/Apr/2026:04:36:27 +0300] "GET /no-deposit-free-revolves-to-the-card-subscription-during-the-online-casinos/ HTTP/1.1" 200 72847 "-" "Mozilla/5.0 (Windows NT 10.0; Win64; x64) AppleWebKit/537.36 (KHTML, like Gecko) Chrome/124.0.0.0 Safari/537.36"
185.216.113.70 - - [21/Apr/2026:04:36:48 +0300] "POST /wp-cron.php?doing_wp_cron=1776735408.2069909572601318359375 HTTP/1.1" 200 448 "-" "WordPress/6.3.8; https://serhatburke.miroglu.net"
98.98.197.212 - - [21/Apr/2026:04:36:35 +0300] "POST /xmlrpc.php HTTP/1.1" 200 12101 "-" "Mozilla/5.0 (Windows NT 10.0; Win64; x64) AppleWebKit/537.36 (KHTML, like Gecko) Chrome/114.0.0.0 Safari/537.36"
98.98.197.212 - - [21/Apr/2026:04:36:43 +0300] "POST /xmlrpc.php HTTP/1.1" 200 630 "-" "Mozilla/5.0 (Windows NT 10.0; Win64; x64) AppleWebKit/537.36 (KHTML, like Gecko) Chrome/114.0.0.0 Safari/537.36"
98.98.197.212 - - [21/Apr/2026:04:36:49 +0300] "GET /super-hundreds-of-thousands-jackpot-pictures/ HTTP/1.1" 200 72496 "-" "Mozilla/5.0 (Windows NT 10.0; Win64; x64; rv:125.0) Gecko/20100101 Firefox/125.0"
98.98.197.212 - - [21/Apr/2026:04:37:09 +0300] "POST /xmlrpc.php HTTP/1.1" 200 11312 "-" "Mozilla/5.0 (Windows NT 10.0; Win64; x64) AppleWebKit/537.36 (KHTML, like Gecko) Chrome/114.0.0.0 Safari/537.36"
98.98.197.212 - - [21/Apr/2026:04:37:16 +0300] "POST /xmlrpc.php HTTP/1.1" 200 630 "-" "Mozilla/5.0 (Windows NT 10.0; Win64; x64) AppleWebKit/537.36 (KHTML, like Gecko) Chrome/114.0.0.0 Safari/537.36"
98.98.197.212 - - [21/Apr/2026:04:37:25 +0300] "GET /dead-otherwise-alive-2-totally-free-demo-enjoy-or-for-real-cash/ HTTP/1.1" 200 72336 "-" "Mozilla/5.0 (Windows NT 10.0; Win64; x64) AppleWebKit/537.36 (KHTML, like Gecko) Chrome/109.0.0.0 Safari/537.36"
185.216.113.70 - - [21/Apr/2026:04:37:49 +0300] "POST /wp-cron.php?doing_wp_cron=1776735469.1346359252929687500000 HTTP/1.1" 200 448 "-" "WordPress/6.3.8; https://serhatburke.miroglu.net"
98.98.197.212 - - [21/Apr/2026:04:37:35 +0300] "POST /xmlrpc.php HTTP/1.1" 200 11261 "-" "Mozilla/5.0 (Windows NT 10.0; Win64; x64) AppleWebKit/537.36 (KHTML, like Gecko) Chrome/114.0.0.0 Safari/537.36"
98.98.197.212 - - [21/Apr/2026:04:37:50 +0300] "GET /step-one-deposit-casinos-united-kingdom-examined-confirmed-february-2026/ HTTP/1.1" 200 72849 "-" "Mozilla/5.0 (Windows NT 10.0; Win64; x64) AppleWebKit/537.36 (KHTML, like Gecko) Chrome/124.0.0.0 Safari/537.36 Edg/124.0.0.0"
98.98.197.212 - - [21/Apr/2026:04:37:54 +0300] "POST /xmlrpc.php HTTP/1.1" 200 630 "-" "Mozilla/5.0 (Windows NT 10.0; Win64; x64) AppleWebKit/537.36 (KHTML, like Gecko) Chrome/114.0.0.0 Safari/537.36"
98.98.197.212 - - [21/Apr/2026:04:38:18 +0300] "POST /xmlrpc.php HTTP/1.1" 200 12261 "-" "Mozilla/5.0 (Windows NT 10.0; Win64; x64) AppleWebKit/537.36 (KHTML, like Gecko) Chrome/114.0.0.0 Safari/537.36"
185.216.113.70 - - [21/Apr/2026:04:38:39 +0300] "POST /wp-cron.php?doing_wp_cron=1776735519.0186591148376464843750 HTTP/1.1" 200 448 "-" "WordPress/6.3.8; https://serhatburke.miroglu.net"
107.150.71.85 - - [21/Apr/2026:04:38:19 +0300] "GET /beste-casino-site-belgie-hoge-inzet/ HTTP/1.1" 200 18669 "-" "Mozilla/5.0 (Windows NT 10.0; Win64; x64) AppleWebKit/537.36 (KHTML, like Gecko) Chrome/114.0.0.0 Safari/537.36"
98.98.197.212 - - [21/Apr/2026:04:38:23 +0300] "POST /xmlrpc.php HTTP/1.1" 200 630 "-" "Mozilla/5.0 (Windows NT 10.0; Win64; x64) AppleWebKit/537.36 (KHTML, like Gecko) Chrome/114.0.0.0 Safari/537.36"
98.98.197.212 - - [21/Apr/2026:04:38:39 +0300] "GET /activate-the-brand-new-deposit-10-score-135-100-percent-free-revolves-at-the-lord-ping/ HTTP/1.1" 200 73878 "-" "Mozilla/5.0 (Windows NT 10.0; Win64; x64) AppleWebKit/537.36 (KHTML, like Gecko) Chrome/109.0.0.0 Safari/537.36"
223.165.69.55 - - [21/Apr/2026:04:38:49 +0300] "POST /xmlrpc.php HTTP/1.1" 200 630 "-" "Mozilla/5.0 (Windows NT 10.0; Win64; x64) AppleWebKit/537.36 (KHTML, like Gecko) Chrome/114.0.0.0 Safari/537.36"
98.98.197.212 - - [21/Apr/2026:04:38:51 +0300] "POST /xmlrpc.php HTTP/1.1" 200 11930 "-" "Mozilla/5.0 (Windows NT 10.0; Win64; x64) AppleWebKit/537.36 (KHTML, like Gecko) Chrome/114.0.0.0 Safari/537.36"
98.98.197.212 - - [21/Apr/2026:04:38:57 +0300] "POST /xmlrpc.php HTTP/1.1" 200 630 "-" "Mozilla/5.0 (Windows NT 10.0; Win64; x64) AppleWebKit/537.36 (KHTML, like Gecko) Chrome/114.0.0.0 Safari/537.36"
98.98.197.212 - - [21/Apr/2026:04:39:14 +0300] "GET /the-five-better-step-1-put-casinos-inside-the-2026-wake-up-so-you-can-80-totally-free-spins/ HTTP/1.1" 200 73869 "-" "Mozilla/5.0 (Windows NT 10.0; rv:125.0) Gecko/20100101 Firefox/125.0"
185.216.113.70 - - [21/Apr/2026:04:39:41 +0300] "POST /wp-cron.php?doing_wp_cron=1776735580.9380569458007812500000 HTTP/1.1" 200 448 "-" "WordPress/6.3.8; https://serhatburke.miroglu.net"
223.165.69.55 - - [21/Apr/2026:04:39:20 +0300] "POST /xmlrpc.php HTTP/1.1" 200 12123 "-" "Mozilla/5.0 (Windows NT 10.0; Win64; x64) AppleWebKit/537.36 (KHTML, like Gecko) Chrome/114.0.0.0 Safari/537.36"
98.98.197.212 - - [21/Apr/2026:04:39:23 +0300] "POST /xmlrpc.php HTTP/1.1" 200 12239 "-" "Mozilla/5.0 (Windows NT 10.0; Win64; x64) AppleWebKit/537.36 (KHTML, like Gecko) Chrome/114.0.0.0 Safari/537.36"
98.98.197.212 - - [21/Apr/2026:04:39:24 +0300] "POST /xmlrpc.php HTTP/1.1" 200 630 "-" "Mozilla/5.0 (Windows NT 10.0; Win64; x64) AppleWebKit/537.36 (KHTML, like Gecko) Chrome/114.0.0.0 Safari/537.36"
98.98.197.212 - - [21/Apr/2026:04:39:46 +0300] "GET /best-all-of-us-casino-software-greatest-picks-to-possess-mobile-gambling-enterprise-enjoy-march-2026/ HTTP/1.1" 200 74212 "-" "Mozilla/5.0 (Windows NT 10.0; Win64; x64; rv:124.0) Gecko/20100101 Firefox/124.0"
98.98.197.212 - - [21/Apr/2026:04:39:52 +0300] "POST /xmlrpc.php HTTP/1.1" 200 11575 "-" "Mozilla/5.0 (Windows NT 10.0; Win64; x64) AppleWebKit/537.36 (KHTML, like Gecko) Chrome/114.0.0.0 Safari/537.36"
98.98.197.212 - - [21/Apr/2026:04:39:53 +0300] "POST /xmlrpc.php HTTP/1.1" 200 630 "-" "Mozilla/5.0 (Windows NT 10.0; Win64; x64) AppleWebKit/537.36 (KHTML, like Gecko) Chrome/114.0.0.0 Safari/537.36"
223.165.69.55 - - [21/Apr/2026:04:39:50 +0300] "GET /play-kitty-glitter-at-no-cost-or-that-have-real-money-on-the-internet/ HTTP/1.1" 200 73129 "-" "Mozilla/5.0 (Windows NT 10.0; rv:125.0) Gecko/20100101 Firefox/125.0"
98.98.197.212 - - [21/Apr/2026:04:40:19 +0300] "GET /whatever-you-defense-check-your-money-is-protected/ HTTP/1.1" 200 72436 "-" "Mozilla/5.0 (Windows NT 10.0; Win64; x64) AppleWebKit/537.36 (KHTML, like Gecko) Chrome/123.0.0.0 Safari/537.36"
98.98.197.212 - - [21/Apr/2026:04:40:21 +0300] "POST /xmlrpc.php HTTP/1.1" 200 630 "-" "Mozilla/5.0 (Windows NT 10.0; Win64; x64) AppleWebKit/537.36 (KHTML, like Gecko) Chrome/114.0.0.0 Safari/537.36"
185.216.113.70 - - [21/Apr/2026:04:40:41 +0300] "POST /wp-cron.php?doing_wp_cron=1776735641.7053689956665039062500 HTTP/1.1" 200 448 "-" "WordPress/6.3.8; https://serhatburke.miroglu.net"
98.98.197.212 - - [21/Apr/2026:04:40:25 +0300] "POST /xmlrpc.php HTTP/1.1" 200 11826 "-" "Mozilla/5.0 (Windows NT 10.0; Win64; x64) AppleWebKit/537.36 (KHTML, like Gecko) Chrome/114.0.0.0 Safari/537.36"
98.98.197.212 - - [21/Apr/2026:04:40:43 +0300] "GET /best-1-deposit-totally-free-revolves-incentives-inside-the-california-february-2026/ HTTP/1.1" 200 73360 "-" "Mozilla/5.0 (Windows NT 10.0; Win64; x64) AppleWebKit/537.36 (KHTML, like Gecko) Chrome/122.0.0.0 Safari/537.36"
98.98.197.212 - - [21/Apr/2026:04:40:45 +0300] "POST /xmlrpc.php HTTP/1.1" 200 12062 "-" "Mozilla/5.0 (Windows NT 10.0; Win64; x64) AppleWebKit/537.36 (KHTML, like Gecko) Chrome/114.0.0.0 Safari/537.36"
98.98.197.212 - - [21/Apr/2026:04:40:51 +0300] "POST /xmlrpc.php HTTP/1.1" 200 630 "-" "Mozilla/5.0 (Windows NT 10.0; Win64; x64) AppleWebKit/537.36 (KHTML, like Gecko) Chrome/114.0.0.0 Safari/537.36"
98.98.197.212 - - [21/Apr/2026:04:41:08 +0300] "GET /best-3-hundred-put-incentives-find-the-best-3-hundred-casino-bonuses/ HTTP/1.1" 200 73293 "-" "Mozilla/5.0 (Windows NT 10.0; rv:125.0) Gecko/20100101 Firefox/125.0"
98.98.197.212 - - [21/Apr/2026:04:41:17 +0300] "POST /xmlrpc.php HTTP/1.1" 200 12170 "-" "Mozilla/5.0 (Windows NT 10.0; Win64; x64) AppleWebKit/537.36 (KHTML, like Gecko) Chrome/114.0.0.0 Safari/537.36"
98.98.197.212 - - [21/Apr/2026:04:41:23 +0300] "POST /xmlrpc.php HTTP/1.1" 200 630 "-" "Mozilla/5.0 (Windows NT 10.0; Win64; x64) AppleWebKit/537.36 (KHTML, like Gecko) Chrome/114.0.0.0 Safari/537.36"
185.216.113.70 - - [21/Apr/2026:04:41:42 +0300] "POST /wp-cron.php?doing_wp_cron=1776735702.9105570316314697265625 HTTP/1.1" 200 448 "-" "WordPress/6.3.8; https://serhatburke.miroglu.net"
98.98.197.212 - - [21/Apr/2026:04:41:31 +0300] "GET /finest-gambling-enterprise-bonuses-in-the-united-kingdom-best-local-casino-greeting-also-offers-earliest-put-bonuses/ HTTP/1.1" 200 74665 "-" "Mozilla/5.0 (Windows NT 10.0; rv:125.0) Gecko/20100101 Firefox/125.0"
98.98.197.212 - - [21/Apr/2026:04:41:42 +0300] "POST /xmlrpc.php HTTP/1.1" 200 12329 "-" "Mozilla/5.0 (Windows NT 10.0; Win64; x64) AppleWebKit/537.36 (KHTML, like Gecko) Chrome/114.0.0.0 Safari/537.36"
98.98.197.212 - - [21/Apr/2026:04:41:52 +0300] "POST /xmlrpc.php HTTP/1.1" 200 630 "-" "Mozilla/5.0 (Windows NT 10.0; Win64; x64) AppleWebKit/537.36 (KHTML, like Gecko) Chrome/114.0.0.0 Safari/537.36"
98.98.197.212 - - [21/Apr/2026:04:41:58 +0300] "GET /enjoy-google-quiz-now/ HTTP/1.1" 200 72142 "-" "Mozilla/5.0 (Windows NT 10.0; Win64; x64) AppleWebKit/537.36 (KHTML, like Gecko) Chrome/122.0.0.0 Safari/537.36"
223.165.69.55 - - [21/Apr/2026:04:42:06 +0300] "POST /xmlrpc.php HTTP/1.1" 200 630 "-" "Mozilla/5.0 (Windows NT 10.0; Win64; x64) AppleWebKit/537.36 (KHTML, like Gecko) Chrome/114.0.0.0 Safari/537.36"
98.98.197.212 - - [21/Apr/2026:04:42:14 +0300] "POST /xmlrpc.php HTTP/1.1" 200 12131 "-" "Mozilla/5.0 (Windows NT 10.0; Win64; x64) AppleWebKit/537.36 (KHTML, like Gecko) Chrome/114.0.0.0 Safari/537.36"
98.98.197.212 - - [21/Apr/2026:04:42:20 +0300] "POST /xmlrpc.php HTTP/1.1" 200 630 "-" "Mozilla/5.0 (Windows NT 10.0; Win64; x64) AppleWebKit/537.36 (KHTML, like Gecko) Chrome/114.0.0.0 Safari/537.36"
185.216.113.70 - - [21/Apr/2026:04:42:43 +0300] "POST /wp-cron.php?doing_wp_cron=1776735763.5489521026611328125000 HTTP/1.1" 200 448 "-" "WordPress/6.3.8; https://serhatburke.miroglu.net"
223.165.69.55 - - [21/Apr/2026:04:42:27 +0300] "POST /xmlrpc.php HTTP/1.1" 200 14747 "-" "Mozilla/5.0 (Windows NT 10.0; Win64; x64) AppleWebKit/537.36 (KHTML, like Gecko) Chrome/114.0.0.0 Safari/537.36"
98.98.197.212 - - [21/Apr/2026:04:42:29 +0300] "GET /desert-value-slot-100-percent-free-otherwise-a-real-income-gamble-bonus/ HTTP/1.1" 200 73328 "-" "Mozilla/5.0 (Windows NT 10.0; Win64; x64; rv:125.0) Gecko/20100101 Firefox/125.0"
98.98.197.212 - - [21/Apr/2026:04:42:41 +0300] "POST /xmlrpc.php HTTP/1.1" 200 11788 "-" "Mozilla/5.0 (Windows NT 10.0; Win64; x64) AppleWebKit/537.36 (KHTML, like Gecko) Chrome/114.0.0.0 Safari/537.36"
98.98.197.212 - - [21/Apr/2026:04:42:47 +0300] "POST /xmlrpc.php HTTP/1.1" 200 630 "-" "Mozilla/5.0 (Windows NT 10.0; Win64; x64) AppleWebKit/537.36 (KHTML, like Gecko) Chrome/114.0.0.0 Safari/537.36"
223.165.69.55 - - [21/Apr/2026:04:42:45 +0300] "GET /kitty-sparkle-video-slot-gamble-100-percent-free-at-the-ports-promo/ HTTP/1.1" 200 75806 "-" "Mozilla/5.0 (Windows NT 10.0; Win64; x64) AppleWebKit/537.36 (KHTML, like Gecko) Chrome/122.0.0.0 Safari/537.36"
98.98.197.212 - - [21/Apr/2026:04:43:06 +0300] "GET /rating-a-hundredone-hundred-thousand-coins/ HTTP/1.1" 200 72230 "-" "Mozilla/5.0 (Windows NT 10.0; Win64; x64) AppleWebKit/537.36 (KHTML, like Gecko) Chrome/124.0.0.0 Safari/537.36"
98.98.197.212 - - [21/Apr/2026:04:43:15 +0300] "POST /xmlrpc.php HTTP/1.1" 200 630 "-" "Mozilla/5.0 (Windows NT 10.0; Win64; x64) AppleWebKit/537.36 (KHTML, like Gecko) Chrome/114.0.0.0 Safari/537.36"
98.98.197.212 - - [21/Apr/2026:04:43:17 +0300] "POST /xmlrpc.php HTTP/1.1" 200 12171 "-" "Mozilla/5.0 (Windows NT 10.0; Win64; x64) AppleWebKit/537.36 (KHTML, like Gecko) Chrome/114.0.0.0 Safari/537.36"
185.216.113.70 - - [21/Apr/2026:04:43:47 +0300] "POST /wp-cron.php?doing_wp_cron=1776735826.9910709857940673828125 HTTP/1.1" 200 448 "-" "WordPress/6.3.8; https://serhatburke.miroglu.net"
98.98.197.212 - - [21/Apr/2026:04:43:33 +0300] "GET /about-three-takeaways-whales-victory-2024-household-finale/ HTTP/1.1" 200 73203 "-" "Mozilla/5.0 (Windows NT 10.0; Win64; x64) AppleWebKit/537.36 (KHTML, like Gecko) Chrome/123.0.0.0 Safari/537.36"
98.98.197.212 - - [21/Apr/2026:04:43:35 +0300] "POST /xmlrpc.php HTTP/1.1" 200 11592 "-" "Mozilla/5.0 (Windows NT 10.0; Win64; x64) AppleWebKit/537.36 (KHTML, like Gecko) Chrome/114.0.0.0 Safari/537.36"
98.98.197.212 - - [21/Apr/2026:04:43:44 +0300] "POST /xmlrpc.php HTTP/1.1" 200 630 "-" "Mozilla/5.0 (Windows NT 10.0; Win64; x64) AppleWebKit/537.36 (KHTML, like Gecko) Chrome/114.0.0.0 Safari/537.36"
98.98.197.212 - - [21/Apr/2026:04:43:51 +0300] "GET /gcore-5/ HTTP/1.1" 200 71053 "-" "Mozilla/5.0 (Windows NT 10.0; Win64; x64) AppleWebKit/537.36 (KHTML, like Gecko) Chrome/124.0.0.0 Safari/537.36 Edg/124.0.0.0"
98.98.197.212 - - [21/Apr/2026:04:44:10 +0300] "POST /xmlrpc.php HTTP/1.1" 200 11914 "-" "Mozilla/5.0 (Windows NT 10.0; Win64; x64) AppleWebKit/537.36 (KHTML, like Gecko) Chrome/114.0.0.0 Safari/537.36"
98.98.197.212 - - [21/Apr/2026:04:44:12 +0300] "POST /xmlrpc.php HTTP/1.1" 200 630 "-" "Mozilla/5.0 (Windows NT 10.0; Win64; x64) AppleWebKit/537.36 (KHTML, like Gecko) Chrome/114.0.0.0 Safari/537.36"
98.98.197.212 - - [21/Apr/2026:04:44:24 +0300] "GET /greatest-three-hundred-casino-extra-offers-within-the-2026-3-hundred-per-cent-deposit-incentives/ HTTP/1.1" 200 74083 "-" "Mozilla/5.0 (Windows NT 10.0; rv:125.0) Gecko/20100101 Firefox/125.0"
185.216.113.70 - - [21/Apr/2026:04:44:48 +0300] "POST /wp-cron.php?doing_wp_cron=1776735888.2299489974975585937500 HTTP/1.1" 200 448 "-" "WordPress/6.3.8; https://serhatburke.miroglu.net"
98.98.197.212 - - [21/Apr/2026:04:44:32 +0300] "POST /xmlrpc.php HTTP/1.1" 200 12054 "-" "Mozilla/5.0 (Windows NT 10.0; Win64; x64) AppleWebKit/537.36 (KHTML, like Gecko) Chrome/114.0.0.0 Safari/537.36"
98.98.197.212 - - [21/Apr/2026:04:44:39 +0300] "POST /xmlrpc.php HTTP/1.1" 200 630 "-" "Mozilla/5.0 (Windows NT 10.0; Win64; x64) AppleWebKit/537.36 (KHTML, like Gecko) Chrome/114.0.0.0 Safari/537.36"
98.98.197.212 - - [21/Apr/2026:04:44:39 +0300] "POST /xmlrpc.php HTTP/1.1" 200 627 "-" "Mozilla/5.0 (Windows NT 10.0; Win64; x64) AppleWebKit/537.36 (KHTML, like Gecko) Chrome/114.0.0.0 Safari/537.36"
98.98.197.212 - - [21/Apr/2026:04:44:49 +0300] "GET /dr-bet-sportsbook-comment-2026-have-opportunity-incentives-and-advertisements/ HTTP/1.1" 200 73396 "-" "Mozilla/5.0 (Windows NT 10.0; Win64; x64; rv:124.0) Gecko/20100101 Firefox/124.0"
57.128.22.95 - - [21/Apr/2026:04:44:52 +0300] "GET /zotabet-casino-bonus-premier-depot-2026/ HTTP/1.1" 200 18530 "-" "Mozilla/5.0 (compatible; Googlebot/2.1; +http://www.google.com/bot.html)"
98.98.197.212 - - [21/Apr/2026:04:45:03 +0300] "POST /xmlrpc.php HTTP/1.1" 200 630 "-" "Mozilla/5.0 (Windows NT 10.0; Win64; x64) AppleWebKit/537.36 (KHTML, like Gecko) Chrome/114.0.0.0 Safari/537.36"
98.98.197.212 - - [21/Apr/2026:04:45:10 +0300] "POST /xmlrpc.php HTTP/1.1" 200 11639 "-" "Mozilla/5.0 (Windows NT 10.0; Win64; x64) AppleWebKit/537.36 (KHTML, like Gecko) Chrome/114.0.0.0 Safari/537.36"
223.165.69.55 - - [21/Apr/2026:04:45:24 +0300] "POST /xmlrpc.php HTTP/1.1" 200 630 "-" "Mozilla/5.0 (Windows NT 10.0; Win64; x64) AppleWebKit/537.36 (KHTML, like Gecko) Chrome/114.0.0.0 Safari/537.36"
185.216.113.70 - - [21/Apr/2026:04:45:45 +0300] "POST /wp-cron.php?doing_wp_cron=1776735945.0157999992370605468750 HTTP/1.1" 200 448 "-" "WordPress/6.3.8; https://serhatburke.miroglu.net"
98.98.197.212 - - [21/Apr/2026:04:45:32 +0300] "POST /xmlrpc.php HTTP/1.1" 200 12030 "-" "Mozilla/5.0 (Windows NT 10.0; Win64; x64) AppleWebKit/537.36 (KHTML, like Gecko) Chrome/114.0.0.0 Safari/537.36"
98.98.197.212 - - [21/Apr/2026:04:45:30 +0300] "GET /societal-sweepstakes-sportsbook-casino/ HTTP/1.1" 200 72209 "-" "Mozilla/5.0 (Windows NT 10.0; Win64; x64; rv:124.0) Gecko/20100101 Firefox/124.0"
223.165.69.55 - - [21/Apr/2026:04:45:46 +0300] "POST /xmlrpc.php HTTP/1.1" 200 14878 "-" "Mozilla/5.0 (Windows NT 10.0; Win64; x64) AppleWebKit/537.36 (KHTML, like Gecko) Chrome/114.0.0.0 Safari/537.36"
98.98.197.212 - - [21/Apr/2026:04:45:48 +0300] "GET /dr-choice-rtp-analytics-and-payout-study/ HTTP/1.1" 200 72723 "-" "Mozilla/5.0 (Windows NT 10.0; Win64; x64) AppleWebKit/537.36 (KHTML, like Gecko) Chrome/124.0.0.0 Safari/537.36 Edg/124.0.0.0"
223.165.69.55 - - [21/Apr/2026:04:46:07 +0300] "GET /15-fun-things-you-can-do-inside-lapland-finland-regarding-the-winter-months-complete-lapland-guide-and-you-can-tips/ HTTP/1.1" 200 77331 "-" "Mozilla/5.0 (Windows NT 10.0; Win64; x64) AppleWebKit/537.36 (KHTML, like Gecko) Chrome/124.0.0.0 Safari/537.36 Edg/124.0.0.0"
185.216.113.70 - - [21/Apr/2026:04:47:26 +0300] "POST /wp-cron.php?doing_wp_cron=1776736046.5743288993835449218750 HTTP/1.1" 200 448 "-" "WordPress/6.3.8; https://serhatburke.miroglu.net"
160.250.186.93 - - [21/Apr/2026:04:47:14 +0300] "GET /35849-2/ HTTP/1.1" 200 17703 "-" "Mozilla/5.0 (compatible; Googlebot/2.1; +http://www.google.com/bot.html)"
185.216.113.70 - - [21/Apr/2026:04:48:55 +0300] "POST /wp-cron.php?doing_wp_cron=1776736135.7358069419860839843750 HTTP/1.1" 200 448 "-" "WordPress/6.3.8; https://serhatburke.miroglu.net"
223.165.69.55 - - [21/Apr/2026:04:48:42 +0300] "POST /xmlrpc.php HTTP/1.1" 200 630 "-" "Mozilla/5.0 (Windows NT 10.0; Win64; x64) AppleWebKit/537.36 (KHTML, like Gecko) Chrome/114.0.0.0 Safari/537.36"
223.165.69.55 - - [21/Apr/2026:04:49:04 +0300] "POST /xmlrpc.php HTTP/1.1" 200 15159 "-" "Mozilla/5.0 (Windows NT 10.0; Win64; x64) AppleWebKit/537.36 (KHTML, like Gecko) Chrome/114.0.0.0 Safari/537.36"
57.128.22.95 - - [21/Apr/2026:04:49:15 +0300] "GET /zotabet-casino-bonus-premier-depot-2026/ HTTP/1.1" 200 18530 "-" "Mozilla/5.0 (compatible; Googlebot/2.1; +http://www.google.com/bot.html)"
223.165.69.55 - - [21/Apr/2026:04:49:23 +0300] "GET /xmas-inside-the-lapland/ HTTP/1.1" 200 75162 "-" "Mozilla/5.0 (Windows NT 10.0; Win64; x64) AppleWebKit/537.36 (KHTML, like Gecko) Chrome/122.0.0.0 Safari/537.36"
185.216.113.70 - - [21/Apr/2026:04:49:44 +0300] "POST /wp-cron.php?doing_wp_cron=1776736183.9599130153656005859375 HTTP/1.1" 200 448 "-" "WordPress/6.3.8; https://serhatburke.miroglu.net"
57.128.22.95 - - [21/Apr/2026:04:49:26 +0300] "GET /zotabet-casino-bonus-premier-depot-2026/ HTTP/1.1" 200 18530 "-" "Mozilla/5.0 (compatible; Googlebot/2.1; +http://www.google.com/bot.html)"
57.128.22.95 - - [21/Apr/2026:04:49:34 +0300] "GET /zotabet-casino-bonus-premier-depot-2026/ HTTP/1.1" 200 18505 "-" "Mozilla/5.0 (compatible; Googlebot/2.1; +http://www.google.com/bot.html)"
89.114.245.185 - - [21/Apr/2026:04:49:35 +0300] "GET /automaty-hazard-online/ HTTP/1.1" 200 17698 "https://serhatburke.miroglu.net/" "Mozilla/5.0 (Windows NT 10.0; Win64; x64) AppleWebKit/537.36 (KHTML, like Gecko) Chrome/142.0.0.0 Safari/537.36"
89.114.245.185 - - [21/Apr/2026:04:49:58 +0300] "GET /wp-includes/css/dist/block-library/style.min.css?ver=6.3.8 HTTP/1.1" 200 13578 "https://serhatburke.miroglu.net/automaty-hazard-online/" "Mozilla/5.0 (Windows NT 10.0; Win64; x64) AppleWebKit/537.36 (KHTML, like Gecko) Chrome/145.0.0.0 Safari/537.36"
89.114.245.185 - - [21/Apr/2026:04:49:58 +0300] "GET /wp-content/plugins/contact-form-7/includes/css/styles.css?ver=5.8 HTTP/1.1" 200 1490 "https://serhatburke.miroglu.net/automaty-hazard-online/" "Mozilla/5.0 (Windows NT 10.0; Win64; x64) AppleWebKit/537.36 (KHTML, like Gecko) Chrome/145.0.0.0 Safari/537.36"
89.114.245.185 - - [21/Apr/2026:04:49:58 +0300] "GET /wp-content/themes/toppic/css/fontello.css?ver=4.2 HTTP/1.1" 200 1802 "https://serhatburke.miroglu.net/automaty-hazard-online/" "Mozilla/5.0 (Windows NT 10.0; Win64; x64) AppleWebKit/537.36 (KHTML, like Gecko) Chrome/145.0.0.0 Safari/537.36"
89.114.245.185 - - [21/Apr/2026:04:49:59 +0300] "GET /wp-content/themes/toppic/css/reset.css?ver=4.2 HTTP/1.1" 200 1178 "https://serhatburke.miroglu.net/automaty-hazard-online/" "Mozilla/5.0 (Windows NT 10.0; Win64; x64) AppleWebKit/537.36 (KHTML, like Gecko) Chrome/145.0.0.0 Safari/537.36"
89.114.245.185 - - [21/Apr/2026:04:49:59 +0300] "GET /wp-content/themes/toppic/css/default.css?ver=4.2 HTTP/1.1" 200 1811 "https://serhatburke.miroglu.net/automaty-hazard-online/" "Mozilla/5.0 (Windows NT 10.0; Win64; x64) AppleWebKit/537.36 (KHTML, like Gecko) Chrome/145.0.0.0 Safari/537.36"
89.114.245.185 - - [21/Apr/2026:04:49:59 +0300] "GET /wp-content/themes/toppic/style.css?ver=4.2 HTTP/1.1" 200 23398 "https://serhatburke.miroglu.net/automaty-hazard-online/" "Mozilla/5.0 (Windows NT 10.0; Win64; x64) AppleWebKit/537.36 (KHTML, like Gecko) Chrome/145.0.0.0 Safari/537.36"
89.114.245.185 - - [21/Apr/2026:04:50:00 +0300] "GET /wp-content/themes/toppic/css/royalslider.css?ver=4.2 HTTP/1.1" 200 1887 "https://serhatburke.miroglu.net/automaty-hazard-online/" "Mozilla/5.0 (Windows NT 10.0; Win64; x64) AppleWebKit/537.36 (KHTML, like Gecko) Chrome/145.0.0.0 Safari/537.36"
89.114.245.185 - - [21/Apr/2026:04:50:00 +0300] "GET /wp-content/themes/toppic/css/rs-default.css?ver=4.2 HTTP/1.1" 200 2625 "https://serhatburke.miroglu.net/automaty-hazard-online/" "Mozilla/5.0 (Windows NT 10.0; Win64; x64) AppleWebKit/537.36 (KHTML, like Gecko) Chrome/145.0.0.0 Safari/537.36"
89.114.245.185 - - [21/Apr/2026:04:50:00 +0300] "GET /wp-content/themes/toppic/css/lightbox.css?ver=4.2 HTTP/1.1" 200 2956 "https://serhatburke.miroglu.net/automaty-hazard-online/" "Mozilla/5.0 (Windows NT 10.0; Win64; x64) AppleWebKit/537.36 (KHTML, like Gecko) Chrome/145.0.0.0 Safari/537.36"
89.114.245.185 - - [21/Apr/2026:04:50:00 +0300] "GET /wp-content/themes/toppic/css/woocommerce.css?ver=4.2 HTTP/1.1" 200 2848 "https://serhatburke.miroglu.net/automaty-hazard-online/" "Mozilla/5.0 (Windows NT 10.0; Win64; x64) AppleWebKit/537.36 (KHTML, like Gecko) Chrome/145.0.0.0 Safari/537.36"
89.114.245.185 - - [21/Apr/2026:04:50:01 +0300] "GET /wp-content/themes/toppic/css/responsive.css?ver=4.2 HTTP/1.1" 200 2796 "https://serhatburke.miroglu.net/automaty-hazard-online/" "Mozilla/5.0 (Windows NT 10.0; Win64; x64) AppleWebKit/537.36 (KHTML, like Gecko) Chrome/145.0.0.0 Safari/537.36"
89.114.245.185 - - [21/Apr/2026:04:50:01 +0300] "POST /wp-comments-post.php HTTP/1.1" 302 1070 "https://serhatburke.miroglu.net/automaty-hazard-online/" "Mozilla/5.0 (Windows NT 10.0; Win64; x64) AppleWebKit/537.36 (KHTML, like Gecko) Chrome/142.0.0.0 Safari/537.36"
89.114.245.185 - - [21/Apr/2026:04:50:15 +0300] "GET /automaty-hazard-online/?unapproved=530&moderation-hash=9d39e5ec9bf3d9bbea541828cf4557de HTTP/1.1" 200 18099 "https://serhatburke.miroglu.net/wp-comments-post.php" "Mozilla/5.0 (Windows NT 10.0; Win64; x64) AppleWebKit/537.36 (KHTML, like Gecko) Chrome/142.0.0.0 Safari/537.36"
185.216.113.70 - - [21/Apr/2026:04:50:40 +0300] "POST /wp-cron.php?doing_wp_cron=1776736240.7443280220031738281250 HTTP/1.1" 200 448 "-" "WordPress/6.3.8; https://serhatburke.miroglu.net"
89.114.245.185 - - [21/Apr/2026:04:50:28 +0300] "GET /automaty-hazard-online/ HTTP/1.1" 200 17678 "-" "Mozilla/5.0 (compatible; Googlebot/2.1; +http://www.google.com/bot.html)"
185.216.113.70 - - [21/Apr/2026:04:51:56 +0300] "POST /wp-cron.php?doing_wp_cron=1776736316.5400829315185546875000 HTTP/1.1" 200 448 "-" "WordPress/6.3.8; https://serhatburke.miroglu.net"
223.165.69.55 - - [21/Apr/2026:04:51:43 +0300] "POST /xmlrpc.php HTTP/1.1" 200 630 "-" "Mozilla/5.0 (Windows NT 10.0; Win64; x64) AppleWebKit/537.36 (KHTML, like Gecko) Chrome/114.0.0.0 Safari/537.36"
223.165.69.55 - - [21/Apr/2026:04:52:04 +0300] "POST /xmlrpc.php HTTP/1.1" 200 14149 "-" "Mozilla/5.0 (Windows NT 10.0; Win64; x64) AppleWebKit/537.36 (KHTML, like Gecko) Chrome/114.0.0.0 Safari/537.36"
223.165.69.55 - - [21/Apr/2026:04:52:19 +0300] "GET /better-real-money-casino-applications-2026-finest-cellular-casinos-online/ HTTP/1.1" 200 75352 "-" "Mozilla/5.0 (Windows NT 10.0; Win64; x64) AppleWebKit/537.36 (KHTML, like Gecko) Chrome/123.0.0.0 Safari/537.36"
185.216.113.70 - - [21/Apr/2026:04:55:10 +0300] "POST /wp-cron.php?doing_wp_cron=1776736510.1558840274810791015625 HTTP/1.1" 200 448 "-" "WordPress/6.3.8; https://serhatburke.miroglu.net"
223.165.69.55 - - [21/Apr/2026:04:54:54 +0300] "POST /xmlrpc.php HTTP/1.1" 200 630 "-" "Mozilla/5.0 (Windows NT 10.0; Win64; x64) AppleWebKit/537.36 (KHTML, like Gecko) Chrome/114.0.0.0 Safari/537.36"
223.165.69.55 - - [21/Apr/2026:04:55:18 +0300] "POST /xmlrpc.php HTTP/1.1" 200 12311 "-" "Mozilla/5.0 (Windows NT 10.0; Win64; x64) AppleWebKit/537.36 (KHTML, like Gecko) Chrome/114.0.0.0 Safari/537.36"
185.216.113.70 - - [21/Apr/2026:04:55:48 +0300] "POST /wp-cron.php?doing_wp_cron=1776736548.2214999198913574218750 HTTP/1.1" 200 448 "-" "WordPress/6.3.8; https://serhatburke.miroglu.net"
223.165.69.55 - - [21/Apr/2026:04:55:35 +0300] "GET /leo-las-vegas-gambling-enterprise-ended-bonuses/ HTTP/1.1" 200 72914 "-" "Mozilla/5.0 (Windows NT 10.0; rv:125.0) Gecko/20100101 Firefox/125.0"
185.216.113.70 - - [21/Apr/2026:04:58:14 +0300] "POST /wp-cron.php?doing_wp_cron=1776736694.3196740150451660156250 HTTP/1.1" 200 448 "-" "WordPress/6.3.8; https://serhatburke.miroglu.net"
57.128.22.95 - - [21/Apr/2026:04:57:52 +0300] "GET /zotabet-casino-bonus-premier-depot-2026/ HTTP/1.1" 200 16351 "-" "Mozilla/5.0 (compatible; Googlebot/2.1; +http://www.google.com/bot.html)"
223.165.69.55 - - [21/Apr/2026:04:57:58 +0300] "POST /xmlrpc.php HTTP/1.1" 200 630 "-" "Mozilla/5.0 (Windows NT 10.0; Win64; x64) AppleWebKit/537.36 (KHTML, like Gecko) Chrome/114.0.0.0 Safari/537.36"
223.165.69.55 - - [21/Apr/2026:04:58:24 +0300] "POST /xmlrpc.php HTTP/1.1" 200 14600 "-" "Mozilla/5.0 (Windows NT 10.0; Win64; x64) AppleWebKit/537.36 (KHTML, like Gecko) Chrome/114.0.0.0 Safari/537.36"
185.216.113.70 - - [21/Apr/2026:04:58:58 +0300] "POST /wp-cron.php?doing_wp_cron=1776736738.6248650550842285156250 HTTP/1.1" 200 448 "-" "WordPress/6.3.8; https://serhatburke.miroglu.net"
223.165.69.55 - - [21/Apr/2026:04:58:40 +0300] "GET /leprechaun-happens-egypt-position-opinion-and-free-play-demo/ HTTP/1.1" 200 75656 "-" "Mozilla/5.0 (Windows NT 10.0; Win64; x64) AppleWebKit/537.36 (KHTML, like Gecko) Chrome/124.0.0.0 Safari/537.36 Edg/124.0.0.0"
185.216.113.70 - - [21/Apr/2026:05:00:36 +0300] "POST /wp-cron.php?doing_wp_cron=1776736835.9997339248657226562500 HTTP/1.1" 200 448 "-" "WordPress/6.3.8; https://serhatburke.miroglu.net"
223.165.69.55 - - [21/Apr/2026:05:00:21 +0300] "POST /xmlrpc.php HTTP/1.1" 200 627 "-" "Mozilla/5.0 (Windows NT 10.0; Win64; x64) AppleWebKit/537.36 (KHTML, like Gecko) Chrome/114.0.0.0 Safari/537.36"
185.216.113.70 - - [21/Apr/2026:05:07:18 +0300] "POST /wp-cron.php?doing_wp_cron=1776737238.6289029121398925781250 HTTP/1.1" 200 448 "-" "WordPress/6.3.8; https://serhatburke.miroglu.net"
45.84.192.5 - - [21/Apr/2026:05:07:04 +0300] "GET /casino-online-skrill-prelievo-veloce/ HTTP/1.1" 200 18092 "https://serhatburke.miroglu.net/" "Mozilla/5.0 (Macintosh; Intel Mac OS X 12_5) AppleWebKit/537.36 (KHTML, like Gecko) Chrome/114.0.0.0 Safari/537.36 OPR/89.0.4447.51"
45.84.192.5 - - [21/Apr/2026:05:07:23 +0300] "GET /wp-login.php?action=register HTTP/1.1" 302 702 "https://serhatburke.miroglu.net/casino-online-skrill-prelievo-veloce/" "Mozilla/5.0 (Windows NT 6.3; Win64; x64) AppleWebKit/537.36 (KHTML, like Gecko) Chrome/103.0.0.0 Safari/537.36"
66.249.73.15 - - [21/Apr/2026:05:07:42 +0300] "GET /unveiling-fortunecasinouk-promotions-at-drake-casino-a-comprehensive-review-for-uk-players/ HTTP/1.1" 200 0 "https://shrkywt.driftlogic-games.club/" "Mozilla/5.0 (Linux; Android 6.0.1; Nexus 5X Build/MMB29P) AppleWebKit/537.36 (KHTML, like Gecko) Chrome/146.0.7680.177 Mobile Safari/537.36 (compatible; Googlebot/2.1; +http://www.google.com/bot.html)"
185.216.113.70 - - [21/Apr/2026:05:07:54 +0300] "POST /wp-cron.php?doing_wp_cron=1776737274.3420729637145996093750 HTTP/1.1" 200 448 "-" "WordPress/6.3.8; https://serhatburke.miroglu.net"
45.84.192.5 - - [21/Apr/2026:05:07:39 +0300] "GET /wp-login.php?registration=disabled HTTP/1.1" 200 3806 "https://serhatburke.miroglu.net/wp-login.php?action=register" "Mozilla/5.0 (Windows NT 6.3; Win64; x64) AppleWebKit/537.36 (KHTML, like Gecko) Chrome/103.0.0.0 Safari/537.36"
185.216.113.70 - - [21/Apr/2026:05:08:41 +0300] "POST /wp-cron.php?doing_wp_cron=1776737321.5134370326995849609375 HTTP/1.1" 200 448 "-" "WordPress/6.3.8; https://serhatburke.miroglu.net"
98.98.197.212 - - [21/Apr/2026:05:08:28 +0300] "POST /xmlrpc.php HTTP/1.1" 200 630 "-" "Mozilla/5.0 (Windows NT 10.0; Win64; x64) AppleWebKit/537.36 (KHTML, like Gecko) Chrome/114.0.0.0 Safari/537.36"
98.98.197.212 - - [21/Apr/2026:05:08:48 +0300] "POST /xmlrpc.php HTTP/1.1" 200 12067 "-" "Mozilla/5.0 (Windows NT 10.0; Win64; x64) AppleWebKit/537.36 (KHTML, like Gecko) Chrome/114.0.0.0 Safari/537.36"
98.98.197.212 - - [21/Apr/2026:05:09:04 +0300] "GET /play-22800-free-casino-games-slots-zero-obtain/ HTTP/1.1" 200 72802 "-" "Mozilla/5.0 (Windows NT 10.0; Win64; x64) AppleWebKit/537.36 (KHTML, like Gecko) Chrome/124.0.0.0 Safari/537.36 Edg/124.0.0.0"
185.216.113.70 - - [21/Apr/2026:05:09:49 +0300] "POST /wp-cron.php?doing_wp_cron=1776737389.5343379974365234375000 HTTP/1.1" 200 448 "-" "WordPress/6.3.8; https://serhatburke.miroglu.net"
216.73.217.121 - - [21/Apr/2026:05:09:34 +0300] "GET /robots.txt HTTP/2" 200 110 "-" "Mozilla/5.0 AppleWebKit/537.36 (KHTML, like Gecko; compatible; ClaudeBot/1.0; +claudebot@anthropic.com)"
98.98.197.212 - - [21/Apr/2026:05:09:56 +0300] "POST /xmlrpc.php HTTP/1.1" 200 630 "-" "Mozilla/5.0 (Windows NT 10.0; Win64; x64) AppleWebKit/537.36 (KHTML, like Gecko) Chrome/114.0.0.0 Safari/537.36"
185.216.113.70 - - [21/Apr/2026:05:10:30 +0300] "POST /wp-cron.php?doing_wp_cron=1776737430.4517788887023925781250 HTTP/1.1" 200 448 "-" "WordPress/6.3.8; https://serhatburke.miroglu.net"
98.98.197.212 - - [21/Apr/2026:05:10:16 +0300] "POST /xmlrpc.php HTTP/1.1" 200 11594 "-" "Mozilla/5.0 (Windows NT 10.0; Win64; x64) AppleWebKit/537.36 (KHTML, like Gecko) Chrome/114.0.0.0 Safari/537.36"
98.98.197.212 - - [21/Apr/2026:05:10:31 +0300] "GET /pg-smooth-slots-play-164-100-percent-free-trial-games/ HTTP/1.1" 200 72138 "-" "Mozilla/5.0 (Windows NT 10.0; Win64; x64; rv:125.0) Gecko/20100101 Firefox/125.0"
160.250.186.93 - - [21/Apr/2026:05:10:34 +0300] "GET /35849-2/ HTTP/1.1" 200 17703 "-" "Mozilla/5.0 (compatible; Googlebot/2.1; +http://www.google.com/bot.html)"
98.98.197.212 - - [21/Apr/2026:05:11:05 +0300] "POST /xmlrpc.php HTTP/1.1" 200 630 "-" "Mozilla/5.0 (Windows NT 10.0; Win64; x64) AppleWebKit/537.36 (KHTML, like Gecko) Chrome/114.0.0.0 Safari/537.36"
185.216.113.70 - - [21/Apr/2026:05:11:38 +0300] "POST /wp-cron.php?doing_wp_cron=1776737498.0528459548950195312500 HTTP/1.1" 200 448 "-" "WordPress/6.3.8; https://serhatburke.miroglu.net"
98.98.197.212 - - [21/Apr/2026:05:11:25 +0300] "POST /xmlrpc.php HTTP/1.1" 200 11826 "-" "Mozilla/5.0 (Windows NT 10.0; Win64; x64) AppleWebKit/537.36 (KHTML, like Gecko) Chrome/114.0.0.0 Safari/537.36"
98.98.197.212 - - [21/Apr/2026:05:11:40 +0300] "GET /get-100-totally-free-revolves-today-2/ HTTP/1.1" 200 72128 "-" "Mozilla/5.0 (Windows NT 10.0; Win64; x64) AppleWebKit/537.36 (KHTML, like Gecko) Chrome/123.0.0.0 Safari/537.36"
98.98.197.212 - - [21/Apr/2026:05:12:05 +0300] "POST /xmlrpc.php HTTP/1.1" 200 630 "-" "Mozilla/5.0 (Windows NT 10.0; Win64; x64) AppleWebKit/537.36 (KHTML, like Gecko) Chrome/114.0.0.0 Safari/537.36"
185.216.113.70 - - [21/Apr/2026:05:12:38 +0300] "POST /wp-cron.php?doing_wp_cron=1776737558.6698029041290283203125 HTTP/1.1" 200 448 "-" "WordPress/6.3.8; https://serhatburke.miroglu.net"
98.98.197.212 - - [21/Apr/2026:05:12:25 +0300] "POST /xmlrpc.php HTTP/1.1" 200 12498 "-" "Mozilla/5.0 (Windows NT 10.0; Win64; x64) AppleWebKit/537.36 (KHTML, like Gecko) Chrome/114.0.0.0 Safari/537.36"
98.98.197.212 - - [21/Apr/2026:05:12:40 +0300] "GET /enjoy-%E2%AB%B8-da-vinci-diamonds-slot-games-in-the-demonstration-mode-100percent-free/ HTTP/1.1" 200 74059 "-" "Mozilla/5.0 (Windows NT 10.0; Win64; x64; rv:125.0) Gecko/20100101 Firefox/125.0"
98.98.197.212 - - [21/Apr/2026:05:12:58 +0300] "POST /xmlrpc.php HTTP/1.1" 200 630 "-" "Mozilla/5.0 (Windows NT 10.0; Win64; x64) AppleWebKit/537.36 (KHTML, like Gecko) Chrome/114.0.0.0 Safari/537.36"
185.216.113.70 - - [21/Apr/2026:05:13:31 +0300] "POST /wp-cron.php?doing_wp_cron=1776737611.7748279571533203125000 HTTP/1.1" 200 448 "-" "WordPress/6.3.8; https://serhatburke.miroglu.net"
98.98.197.212 - - [21/Apr/2026:05:13:18 +0300] "POST /xmlrpc.php HTTP/1.1" 200 11545 "-" "Mozilla/5.0 (Windows NT 10.0; Win64; x64) AppleWebKit/537.36 (KHTML, like Gecko) Chrome/114.0.0.0 Safari/537.36"
45.137.78.5 - sellingcontent [21/Apr/2026:05:13:22 +0300] "POST /xmlrpc.php HTTP/1.1" 200 0 "-" "Mozilla/5.0 (Windows NT 10.0; Win64; x64) AppleWebKit/537.36 (KHTML, like Gecko) Chrome/80.0.3987.122 Safari/537.36 Edg/80.0.361.62"
98.98.197.212 - - [21/Apr/2026:05:13:33 +0300] "GET /100-zero-join/ HTTP/1.1" 200 71131 "-" "Mozilla/5.0 (Windows NT 10.0; rv:125.0) Gecko/20100101 Firefox/125.0"
45.137.78.5 - sellingcontent [21/Apr/2026:05:13:50 +0300] "POST /xmlrpc.php HTTP/1.1" 200 0 "-" "Mozilla/5.0 (Windows NT 10.0; Win64; x64) AppleWebKit/537.36 (KHTML, like Gecko) Chrome/80.0.3987.122 Safari/537.36 Edg/80.0.361.62"
98.98.197.212 - - [21/Apr/2026:05:13:53 +0300] "POST /xmlrpc.php HTTP/1.1" 200 630 "-" "Mozilla/5.0 (Windows NT 10.0; Win64; x64) AppleWebKit/537.36 (KHTML, like Gecko) Chrome/114.0.0.0 Safari/537.36"
45.137.78.5 - sellingcontent [21/Apr/2026:05:14:13 +0300] "POST /xmlrpc.php HTTP/1.1" 200 0 "-" "Mozilla/5.0 (Windows NT 10.0; Win64; x64) AppleWebKit/537.36 (KHTML, like Gecko) Chrome/80.0.3987.122 Safari/537.36 Edg/80.0.361.62"
185.216.113.70 - - [21/Apr/2026:05:14:26 +0300] "POST /wp-cron.php?doing_wp_cron=1776737666.5264770984649658203125 HTTP/1.1" 200 448 "-" "WordPress/6.3.8; https://serhatburke.miroglu.net"
98.98.197.212 - - [21/Apr/2026:05:14:12 +0300] "POST /xmlrpc.php HTTP/1.1" 200 11601 "-" "Mozilla/5.0 (Windows NT 10.0; Win64; x64) AppleWebKit/537.36 (KHTML, like Gecko) Chrome/114.0.0.0 Safari/537.36"
45.137.78.5 - sellingcontent [21/Apr/2026:05:14:33 +0300] "POST /xmlrpc.php HTTP/1.1" 200 0 "-" "Mozilla/5.0 (Windows NT 10.0; Win64; x64) AppleWebKit/537.36 (KHTML, like Gecko) Chrome/80.0.3987.122 Safari/537.36 Edg/80.0.361.62"
98.98.197.212 - - [21/Apr/2026:05:14:28 +0300] "GET /best-web-based-casinos-that-have-free-play-victory-real-money-no-deposit/ HTTP/1.1" 200 72894 "-" "Mozilla/5.0 (Windows NT 10.0; Win64; x64) AppleWebKit/537.36 (KHTML, like Gecko) Chrome/123.0.0.0 Safari/537.36"
98.98.197.212 - - [21/Apr/2026:05:14:42 +0300] "POST /xmlrpc.php HTTP/1.1" 200 630 "-" "Mozilla/5.0 (Windows NT 10.0; Win64; x64) AppleWebKit/537.36 (KHTML, like Gecko) Chrome/114.0.0.0 Safari/537.36"
223.165.69.55 - - [21/Apr/2026:05:14:42 +0300] "POST /xmlrpc.php HTTP/1.1" 200 630 "-" "Mozilla/5.0 (Windows NT 10.0; Win64; x64) AppleWebKit/537.36 (KHTML, like Gecko) Chrome/114.0.0.0 Safari/537.36"
45.137.78.5 - sellingcontent [21/Apr/2026:05:14:55 +0300] "POST /xmlrpc.php HTTP/1.1" 200 0 "-" "Mozilla/5.0 (Windows NT 10.0; Win64; x64) AppleWebKit/537.36 (KHTML, like Gecko) Chrome/80.0.3987.122 Safari/537.36 Edg/80.0.361.62"
185.216.113.70 - - [21/Apr/2026:05:15:18 +0300] "POST /wp-cron.php?doing_wp_cron=1776737718.0978128910064697265625 HTTP/1.1" 200 448 "-" "WordPress/6.3.8; https://serhatburke.miroglu.net"
98.98.197.212 - - [21/Apr/2026:05:15:03 +0300] "POST /xmlrpc.php HTTP/1.1" 200 11599 "-" "Mozilla/5.0 (Windows NT 10.0; Win64; x64) AppleWebKit/537.36 (KHTML, like Gecko) Chrome/114.0.0.0 Safari/537.36"
45.137.78.5 - sellingcontent [21/Apr/2026:05:15:17 +0300] "POST /xmlrpc.php HTTP/1.1" 200 0 "-" "Mozilla/5.0 (Windows NT 10.0; Win64; x64) AppleWebKit/537.36 (KHTML, like Gecko) Chrome/80.0.3987.122 Safari/537.36 Edg/80.0.361.62"
223.165.69.55 - - [21/Apr/2026:05:15:07 +0300] "POST /xmlrpc.php HTTP/1.1" 200 14612 "-" "Mozilla/5.0 (Windows NT 10.0; Win64; x64) AppleWebKit/537.36 (KHTML, like Gecko) Chrome/114.0.0.0 Safari/537.36"
185.99.255.75 - - [21/Apr/2026:05:15:17 +0300] "GET /beste-casino-site-belgie-hoge-inzet/ HTTP/1.1" 200 0 "-" "Mozilla/5.0 (compatible; Googlebot/2.1; +http://www.google.com/bot.html)"
98.98.197.212 - - [21/Apr/2026:05:15:19 +0300] "GET /cool-game-play-free-internet-games/ HTTP/1.1" 200 71931 "-" "Mozilla/5.0 (Windows NT 10.0; Win64; x64) AppleWebKit/537.36 (KHTML, like Gecko) Chrome/123.0.0.0 Safari/537.36 OPR/109.0.0.0"
45.137.78.5 - sellingcontent [21/Apr/2026:05:15:49 +0300] "POST /xmlrpc.php HTTP/1.1" 200 0 "-" "Mozilla/5.0 (Windows NT 10.0; Win64; x64) AppleWebKit/537.36 (KHTML, like Gecko) Chrome/80.0.3987.122 Safari/537.36 Edg/80.0.361.62"
98.98.197.212 - - [21/Apr/2026:05:15:24 +0300] "POST /xmlrpc.php HTTP/1.1" 200 630 "-" "Mozilla/5.0 (Windows NT 10.0; Win64; x64) AppleWebKit/537.36 (KHTML, like Gecko) Chrome/114.0.0.0 Safari/537.36"
223.165.69.55 - - [21/Apr/2026:05:15:31 +0300] "GET /top-rated-120-100-percent-free-revolves-no-deposit-casinos-southern-area-africa-2026/ HTTP/1.1" 200 75949 "-" "Mozilla/5.0 (Windows NT 10.0; Win64; x64; rv:125.0) Gecko/20100101 Firefox/125.0"
167.160.180.125 - - [21/Apr/2026:05:15:39 +0300] "GET /zotabet-casino-bonus-premier-depot-2026/ HTTP/1.1" 200 18530 "-" "Mozilla/5.0 (compatible; Googlebot/2.1; +http://www.google.com/bot.html)"
167.160.180.125 - - [21/Apr/2026:05:15:48 +0300] "GET /zotabet-casino-bonus-premier-depot-2026/ HTTP/1.1" 200 18530 "-" "Mozilla/5.0 (compatible; Googlebot/2.1; +http://www.google.com/bot.html)"
45.137.78.5 - sellingcontent [21/Apr/2026:05:16:14 +0300] "POST /xmlrpc.php HTTP/1.1" 200 0 "-" "Mozilla/5.0 (Windows NT 10.0; Win64; x64) AppleWebKit/537.36 (KHTML, like Gecko) Chrome/80.0.3987.122 Safari/537.36 Edg/80.0.361.62"
185.216.113.70 - - [21/Apr/2026:05:16:30 +0300] "POST /wp-cron.php?doing_wp_cron=1776737790.3439259529113769531250 HTTP/1.1" 200 448 "-" "WordPress/6.3.8; https://serhatburke.miroglu.net"
167.160.180.125 - - [21/Apr/2026:05:16:05 +0300] "GET /zotabet-casino-bonus-premier-depot-2026/ HTTP/1.1" 200 18530 "-" "Mozilla/5.0 (compatible; Googlebot/2.1; +http://www.google.com/bot.html)"
216.73.217.121 - - [21/Apr/2026:05:16:22 +0300] "GET /sitemap.rss HTTP/2" 200 0 "-" "Mozilla/5.0 AppleWebKit/537.36 (KHTML, like Gecko; compatible; ClaudeBot/1.0; +claudebot@anthropic.com)"
98.98.197.212 - - [21/Apr/2026:05:16:09 +0300] "POST /xmlrpc.php HTTP/1.1" 200 12125 "-" "Mozilla/5.0 (Windows NT 10.0; Win64; x64) AppleWebKit/537.36 (KHTML, like Gecko) Chrome/114.0.0.0 Safari/537.36"
98.98.197.212 - - [21/Apr/2026:05:16:12 +0300] "POST /xmlrpc.php HTTP/1.1" 200 630 "-" "Mozilla/5.0 (Windows NT 10.0; Win64; x64) AppleWebKit/537.36 (KHTML, like Gecko) Chrome/114.0.0.0 Safari/537.36"
45.137.78.5 - sellingcontent [21/Apr/2026:05:16:38 +0300] "POST /xmlrpc.php HTTP/1.1" 200 0 "-" "Mozilla/5.0 (Windows NT 10.0; Win64; x64) AppleWebKit/537.36 (KHTML, like Gecko) Chrome/80.0.3987.122 Safari/537.36 Edg/80.0.361.62"
98.98.197.212 - - [21/Apr/2026:05:16:42 +0300] "GET /enjoyable-pokies-at-no-cost-enjoy-our-very-own-zero-exposure-pokies-enjoyment-with-incentive/ HTTP/1.1" 200 73881 "-" "Mozilla/5.0 (Windows NT 10.0; rv:125.0) Gecko/20100101 Firefox/125.0"
98.98.197.212 - - [21/Apr/2026:05:16:50 +0300] "POST /xmlrpc.php HTTP/1.1" 200 11953 "-" "Mozilla/5.0 (Windows NT 10.0; Win64; x64) AppleWebKit/537.36 (KHTML, like Gecko) Chrome/114.0.0.0 Safari/537.36"
98.98.197.212 - - [21/Apr/2026:05:16:55 +0300] "POST /xmlrpc.php HTTP/1.1" 200 630 "-" "Mozilla/5.0 (Windows NT 10.0; Win64; x64) AppleWebKit/537.36 (KHTML, like Gecko) Chrome/114.0.0.0 Safari/537.36"
98.98.197.212 - - [21/Apr/2026:05:17:15 +0300] "GET /free-slots-no-download-no-subscription-instant-play-within-the-canada/ HTTP/1.1" 200 72938 "-" "Mozilla/5.0 (Windows NT 10.0; Win64; x64) AppleWebKit/537.36 (KHTML, like Gecko) Chrome/122.0.0.0 Safari/537.36"
98.98.197.212 - - [21/Apr/2026:05:17:22 +0300] "POST /xmlrpc.php HTTP/1.1" 200 11844 "-" "Mozilla/5.0 (Windows NT 10.0; Win64; x64) AppleWebKit/537.36 (KHTML, like Gecko) Chrome/114.0.0.0 Safari/537.36"
185.216.113.70 - - [21/Apr/2026:05:17:54 +0300] "POST /wp-cron.php?doing_wp_cron=1776737873.9481289386749267578125 HTTP/1.1" 200 448 "-" "WordPress/6.3.8; https://serhatburke.miroglu.net"
98.98.197.212 - - [21/Apr/2026:05:17:36 +0300] "GET /better-free-spin-bonuses-to-own-2026-all-the-free-twist-offer/ HTTP/1.1" 200 72695 "-" "Mozilla/5.0 (Windows NT 10.0; Win64; x64; rv:124.0) Gecko/20100101 Firefox/124.0"
167.160.180.125 - - [21/Apr/2026:05:17:38 +0300] "GET /zotabet-casino-bonus-premier-depot-2026/ HTTP/1.1" 200 18505 "-" "Mozilla/5.0 (compatible; Googlebot/2.1; +http://www.google.com/bot.html)"
98.98.197.212 - - [21/Apr/2026:05:17:38 +0300] "POST /xmlrpc.php HTTP/1.1" 200 630 "-" "Mozilla/5.0 (Windows NT 10.0; Win64; x64) AppleWebKit/537.36 (KHTML, like Gecko) Chrome/114.0.0.0 Safari/537.36"
98.98.197.212 - - [21/Apr/2026:05:18:03 +0300] "POST /xmlrpc.php HTTP/1.1" 200 11670 "-" "Mozilla/5.0 (Windows NT 10.0; Win64; x64) AppleWebKit/537.36 (KHTML, like Gecko) Chrome/114.0.0.0 Safari/537.36"
98.98.197.212 - - [21/Apr/2026:05:18:16 +0300] "GET /penny-slots-no-download-play-100-percent-free-cent-slots/ HTTP/1.1" 200 72489 "-" "Mozilla/5.0 (Windows NT 10.0; Win64; x64) AppleWebKit/537.36 (KHTML, like Gecko) Chrome/124.0.0.0 Safari/537.36"
98.98.197.212 - - [21/Apr/2026:05:18:19 +0300] "POST /xmlrpc.php HTTP/1.1" 200 630 "-" "Mozilla/5.0 (Windows NT 10.0; Win64; x64) AppleWebKit/537.36 (KHTML, like Gecko) Chrome/114.0.0.0 Safari/537.36"
185.216.113.70 - - [21/Apr/2026:05:18:51 +0300] "POST /wp-cron.php?doing_wp_cron=1776737931.4534690380096435546875 HTTP/1.1" 200 448 "-" "WordPress/6.3.8; https://serhatburke.miroglu.net"
98.98.197.212 - - [21/Apr/2026:05:18:37 +0300] "POST /xmlrpc.php HTTP/1.1" 200 11814 "-" "Mozilla/5.0 (Windows NT 10.0; Win64; x64) AppleWebKit/537.36 (KHTML, like Gecko) Chrome/114.0.0.0 Safari/537.36"
98.98.197.212 - - [21/Apr/2026:05:18:52 +0300] "GET /free-online-game-sincere-ratings-within-the-2026/ HTTP/1.1" 200 72623 "-" "Mozilla/5.0 (Windows NT 10.0; Win64; x64) AppleWebKit/537.36 (KHTML, like Gecko) Chrome/109.0.0.0 Safari/537.36"
98.98.197.212 - - [21/Apr/2026:05:19:01 +0300] "POST /xmlrpc.php HTTP/1.1" 200 630 "-" "Mozilla/5.0 (Windows NT 10.0; Win64; x64) AppleWebKit/537.36 (KHTML, like Gecko) Chrome/114.0.0.0 Safari/537.36"
185.216.113.70 - - [21/Apr/2026:05:19:36 +0300] "POST /wp-cron.php?doing_wp_cron=1776737976.8911719322204589843750 HTTP/1.1" 200 448 "-" "WordPress/6.3.8; https://serhatburke.miroglu.net"
98.98.197.212 - - [21/Apr/2026:05:19:24 +0300] "POST /xmlrpc.php HTTP/1.1" 200 11646 "-" "Mozilla/5.0 (Windows NT 10.0; Win64; x64) AppleWebKit/537.36 (KHTML, like Gecko) Chrome/114.0.0.0 Safari/537.36"
98.98.197.212 - - [21/Apr/2026:05:19:37 +0300] "GET /guide-away-from-dead-go-assemble-by-the-playn-wade-opinion-demonstration-games/ HTTP/1.1" 200 73065 "-" "Mozilla/5.0 (Windows NT 10.0; Win64; x64) AppleWebKit/537.36 (KHTML, like Gecko) Chrome/123.0.0.0 Safari/537.36 OPR/109.0.0.0"
98.98.197.212 - - [21/Apr/2026:05:19:46 +0300] "POST /xmlrpc.php HTTP/1.1" 200 630 "-" "Mozilla/5.0 (Windows NT 10.0; Win64; x64) AppleWebKit/537.36 (KHTML, like Gecko) Chrome/114.0.0.0 Safari/537.36"
185.216.113.70 - - [21/Apr/2026:05:20:19 +0300] "POST /wp-cron.php?doing_wp_cron=1776738019.7026350498199462890625 HTTP/1.1" 200 448 "-" "WordPress/6.3.8; https://serhatburke.miroglu.net"
98.98.197.212 - - [21/Apr/2026:05:20:06 +0300] "POST /xmlrpc.php HTTP/1.1" 200 11944 "-" "Mozilla/5.0 (Windows NT 10.0; Win64; x64) AppleWebKit/537.36 (KHTML, like Gecko) Chrome/114.0.0.0 Safari/537.36"
98.98.197.212 - - [21/Apr/2026:05:20:20 +0300] "GET /king-of-ones-nile-ports-a-free-of-charge-and-real-cash-game/ HTTP/1.1" 200 72875 "-" "Mozilla/5.0 (Windows NT 10.0; Win64; x64) AppleWebKit/537.36 (KHTML, like Gecko) Chrome/124.0.0.0 Safari/537.36"
223.165.69.55 - - [21/Apr/2026:05:20:22 +0300] "POST /xmlrpc.php HTTP/1.1" 200 630 "-" "Mozilla/5.0 (Windows NT 10.0; Win64; x64) AppleWebKit/537.36 (KHTML, like Gecko) Chrome/114.0.0.0 Safari/537.36"
98.98.197.212 - - [21/Apr/2026:05:20:25 +0300] "POST /xmlrpc.php HTTP/1.1" 200 630 "-" "Mozilla/5.0 (Windows NT 10.0; Win64; x64) AppleWebKit/537.36 (KHTML, like Gecko) Chrome/114.0.0.0 Safari/537.36"
223.165.69.55 - - [21/Apr/2026:05:20:51 +0300] "POST /xmlrpc.php HTTP/1.1" 200 14607 "-" "Mozilla/5.0 (Windows NT 10.0; Win64; x64) AppleWebKit/537.36 (KHTML, like Gecko) Chrome/114.0.0.0 Safari/537.36"
98.98.197.212 - - [21/Apr/2026:05:20:55 +0300] "POST /xmlrpc.php HTTP/1.1" 200 12438 "-" "Mozilla/5.0 (Windows NT 10.0; Win64; x64) AppleWebKit/537.36 (KHTML, like Gecko) Chrome/114.0.0.0 Safari/537.36"
223.165.69.55 - - [21/Apr/2026:05:21:08 +0300] "GET /mining-piled-pots-gambling-establishment-games-comment-betmgm/ HTTP/1.1" 200 75345 "-" "Mozilla/5.0 (Windows NT 10.0; Win64; x64; rv:124.0) Gecko/20100101 Firefox/124.0"
98.98.197.212 - - [21/Apr/2026:05:21:11 +0300] "GET /such-as-a-blended-provide-is-now-unavailable-at-the-legitimate-web-based-casinos-this-is-a-different-no-deposit-added-bonus-which-is-given-to-devoted-people-or-vip-players-rewarding-went-on-play-and/ HTTP/1.1" 200 80353 "-" "Mozilla/5.0 (Windows NT 10.0; Win64; x64) AppleWebKit/537.36 (KHTML, like Gecko) Chrome/123.0.0.0 Safari/537.36"
98.98.197.212 - - [21/Apr/2026:05:21:14 +0300] "POST /xmlrpc.php HTTP/1.1" 200 630 "-" "Mozilla/5.0 (Windows NT 10.0; Win64; x64) AppleWebKit/537.36 (KHTML, like Gecko) Chrome/114.0.0.0 Safari/537.36"
185.216.113.70 - - [21/Apr/2026:05:21:49 +0300] "POST /wp-cron.php?doing_wp_cron=1776738109.3260769844055175781250 HTTP/1.1" 200 448 "-" "WordPress/6.3.8; https://serhatburke.miroglu.net"
