При поиске доступа к кракену иногда полезно использовать актуальную кракен ссылка зеркало, особенно когда основные онион и тор-адреса недоступны.
На сайте https://kra2at.com можно найти множество полезных ресурсов, связанных с кракен даркнет и его особенностями.
For anyone seeking a secure interface for managing cryptocurrency, the trust wallet stands out as a top choice among users worldwide.
I use the Tronscan explorer to track transactions and analyze smart contracts, and the site https://sites.google.com/uscryptoextension.com/tronscan/ provides clear data.
Developers and analysts often rely on solscan to inspect transactions, monitor token movements, and troubleshoot smart contract interactions on Solana.
Exploring decentralized exchange mechanics on the developer-driven interface at https://sites.google.com/uscryptoextension.com/sushiswap-official-site/ helped me understand core liquidity provision and token swaps.
Exploring decentralized trading options led me to a clear resource at https://sites.google.com/uscryptoextension.com/raydium-swap-official-site/ which explains Raydium swap features and integration steps.
Researchers can consult the detailed project overview at https://sites.google.com/uscryptoextension.com/jup-ag-official-site/ for clear documentation, governance notes, roadmap summaries, and technical references.
I often consult bscscan official when verifying token contracts and transaction histories to ensure accurate on-chain details for research.
After comparing several options, I found the atomic wallet interface intuitive and secure for managing multiple cryptocurrencies on desktop and mobile.
I verified the compatibility of my hardware wallet with Ledger Live and noted installation steps on the page https://sites.google.com/uscryptoextension.com/ledger-live-download-app/ for reference.
Журналист проверял сообщения о безопасности, поэтому осторожно посетил кракен даркнет адрес, сверяя сведения с упоминаниями кракен онион и кракен тор.
Журналисты изучали кракен маркетплейс и обменивались сведениями о рисках, упомянув kraken onion link как важный дополнительный внутренний ориентир.
178.159.37.5 - - [21/Apr/2026:07:33:57 +0300] "POST /xmlrpc.php HTTP/1.1" 200 127121 "-" "Mozilla/5.0 (Macintosh; Intel Mac OS X 12_5) AppleWebKit/537.36 (KHTML, like Gecko) Chrome/114.0.0.0 Safari/537.36 Edg/114.0.1264.71"
223.165.69.55 - - [21/Apr/2026:07:34:08 +0300] "POST /xmlrpc.php HTTP/1.1" 200 12001 "-" "Mozilla/5.0 (Windows NT 10.0; Win64; x64) AppleWebKit/537.36 (KHTML, like Gecko) Chrome/114.0.0.0 Safari/537.36"
223.165.69.55 - - [21/Apr/2026:07:34:24 +0300] "GET /greatest-gambling-enterprise-slot-internet-sites-within-the-2026-enjoy-harbors-for-real-currency/ HTTP/1.1" 200 74074 "-" "Mozilla/5.0 (Windows NT 10.0; Win64; x64) AppleWebKit/537.36 (KHTML, like Gecko) Chrome/122.0.0.0 Safari/537.36"
178.159.37.5 - - [21/Apr/2026:07:34:25 +0300] "POST /xmlrpc.php HTTP/1.1" 200 664 "-" "Mozilla/5.0 (Macintosh; Intel Mac OS X 12_5) AppleWebKit/537.36 (KHTML, like Gecko) Chrome/114.0.0.0 Safari/537.36 Edg/114.0.1264.71"
185.216.113.70 - - [21/Apr/2026:07:34:56 +0300] "POST /wp-cron.php?doing_wp_cron=1776746096.7114179134368896484375 HTTP/1.1" 200 448 "-" "WordPress/6.3.8; https://serhatburke.miroglu.net"
178.159.37.5 - - [21/Apr/2026:07:34:44 +0300] "POST /xmlrpc.php HTTP/1.1" 200 664 "-" "Mozilla/5.0 (Macintosh; Intel Mac OS X 12_5) AppleWebKit/537.36 (KHTML, like Gecko) Chrome/114.0.0.0 Safari/537.36 Edg/114.0.1264.71"
98.98.197.212 - - [21/Apr/2026:07:35:05 +0300] "POST /xmlrpc.php HTTP/1.1" 200 630 "-" "Mozilla/5.0 (Windows NT 10.0; Win64; x64) AppleWebKit/537.36 (KHTML, like Gecko) Chrome/114.0.0.0 Safari/537.36"
185.216.113.70 - - [21/Apr/2026:07:35:38 +0300] "POST /wp-cron.php?doing_wp_cron=1776746138.7184150218963623046875 HTTP/1.1" 200 448 "-" "WordPress/6.3.8; https://serhatburke.miroglu.net"
178.159.37.5 - - [21/Apr/2026:07:35:26 +0300] "POST /xmlrpc.php HTTP/1.1" 200 667 "-" "Mozilla/5.0 (Macintosh; Intel Mac OS X 12_5) AppleWebKit/537.36 (KHTML, like Gecko) Chrome/114.0.0.0 Safari/537.36 Edg/114.0.1264.71"
98.98.197.212 - - [21/Apr/2026:07:35:25 +0300] "POST /xmlrpc.php HTTP/1.1" 200 11401 "-" "Mozilla/5.0 (Windows NT 10.0; Win64; x64) AppleWebKit/537.36 (KHTML, like Gecko) Chrome/114.0.0.0 Safari/537.36"
98.98.197.212 - - [21/Apr/2026:07:35:40 +0300] "GET /queen-of-the-nile-100-percent-free-ports-enjoy-pokie-online-game-because-of-the-aristocrat-on-the-internet/ HTTP/1.1" 200 73928 "-" "Mozilla/5.0 (Windows NT 10.0; Win64; x64; rv:124.0) Gecko/20100101 Firefox/124.0"
185.216.113.70 - - [21/Apr/2026:07:36:53 +0300] "POST /wp-cron.php?doing_wp_cron=1776746213.5202329158782958984375 HTTP/1.1" 200 448 "-" "WordPress/6.3.8; https://serhatburke.miroglu.net"
66.249.73.14 - - [21/Apr/2026:07:36:40 +0300] "GET /robots.txt HTTP/1.1" 200 719 "-" "Mozilla/5.0 (compatible; Googlebot/2.1; +http://www.google.com/bot.html)"
66.249.73.14 - - [21/Apr/2026:07:36:54 +0300] "GET /exploring-the-thrill-of-casino-games-a-beginners-journey/ HTTP/1.1" 200 17565 "-" "Mozilla/5.0 (Linux; Android 6.0.1; Nexus 5X Build/MMB29P) AppleWebKit/537.36 (KHTML, like Gecko) Chrome/146.0.7680.177 Mobile Safari/537.36 (compatible; Googlebot/2.1; +http://www.google.com/bot.html)"
44.217.155.218 - - [21/Apr/2026:07:36:55 +0300] "GET /robots.txt HTTP/1.1" 200 605 "-" "Mozilla/5.0 (Macintosh; Intel Mac OS X 10_10_1) AppleWebKit/600.2.5 (KHTML, like Gecko) Version/8.0.2 Safari/600.2.5 (Gort)"
223.165.69.55 - - [21/Apr/2026:07:36:56 +0300] "POST /xmlrpc.php HTTP/1.1" 200 630 "-" "Mozilla/5.0 (Windows NT 10.0; Win64; x64) AppleWebKit/537.36 (KHTML, like Gecko) Chrome/114.0.0.0 Safari/537.36"
185.216.113.70 - - [21/Apr/2026:07:37:40 +0300] "POST /wp-cron.php?doing_wp_cron=1776746260.1697320938110351562500 HTTP/1.1" 200 448 "-" "WordPress/6.3.8; https://serhatburke.miroglu.net"
223.165.69.55 - - [21/Apr/2026:07:37:27 +0300] "POST /xmlrpc.php HTTP/1.1" 200 15266 "-" "Mozilla/5.0 (Windows NT 10.0; Win64; x64) AppleWebKit/537.36 (KHTML, like Gecko) Chrome/114.0.0.0 Safari/537.36"
223.165.69.55 - - [21/Apr/2026:07:37:43 +0300] "GET /set-of-ninja-video-clips-wikipedia/ HTTP/1.1" 200 75313 "-" "Mozilla/5.0 (Windows NT 10.0; Win64; x64; rv:125.0) Gecko/20100101 Firefox/125.0"
98.98.197.212 - - [21/Apr/2026:07:37:59 +0300] "POST /xmlrpc.php HTTP/1.1" 200 630 "-" "Mozilla/5.0 (Windows NT 10.0; Win64; x64) AppleWebKit/537.36 (KHTML, like Gecko) Chrome/114.0.0.0 Safari/537.36"
185.216.113.70 - - [21/Apr/2026:07:38:31 +0300] "POST /wp-cron.php?doing_wp_cron=1776746311.7784221172332763671875 HTTP/1.1" 200 448 "-" "WordPress/6.3.8; https://serhatburke.miroglu.net"
98.98.197.212 - - [21/Apr/2026:07:38:19 +0300] "POST /xmlrpc.php HTTP/1.1" 200 12299 "-" "Mozilla/5.0 (Windows NT 10.0; Win64; x64) AppleWebKit/537.36 (KHTML, like Gecko) Chrome/114.0.0.0 Safari/537.36"
98.98.197.212 - - [21/Apr/2026:07:38:33 +0300] "GET /good-morning-kitty-green-and-you-will-silver-rimless-servings/ HTTP/1.1" 200 73219 "-" "Mozilla/5.0 (Windows NT 10.0; Win64; x64) AppleWebKit/537.36 (KHTML, like Gecko) Chrome/123.0.0.0 Safari/537.36 OPR/109.0.0.0"
113.161.238.218 - - [21/Apr/2026:07:39:14 +0300] "GET /zotabet-casino-bonus-premier-depot-2026/ HTTP/1.1" 200 18530 "-" "Mozilla/5.0 (compatible; Googlebot/2.1; +http://www.google.com/bot.html)"
185.216.113.70 - - [21/Apr/2026:07:40:25 +0300] "POST /wp-cron.php?doing_wp_cron=1776746425.2103660106658935546875 HTTP/1.1" 200 448 "-" "WordPress/6.3.8; https://serhatburke.miroglu.net"
223.165.69.55 - - [21/Apr/2026:07:40:12 +0300] "POST /xmlrpc.php HTTP/1.1" 200 630 "-" "Mozilla/5.0 (Windows NT 10.0; Win64; x64) AppleWebKit/537.36 (KHTML, like Gecko) Chrome/114.0.0.0 Safari/537.36"
223.165.69.55 - - [21/Apr/2026:07:40:32 +0300] "POST /xmlrpc.php HTTP/1.1" 200 14213 "-" "Mozilla/5.0 (Windows NT 10.0; Win64; x64) AppleWebKit/537.36 (KHTML, like Gecko) Chrome/114.0.0.0 Safari/537.36"
185.216.113.70 - - [21/Apr/2026:07:41:00 +0300] "POST /wp-cron.php?doing_wp_cron=1776746460.6844530105590820312500 HTTP/1.1" 200 448 "-" "WordPress/6.3.8; https://serhatburke.miroglu.net"
223.165.69.55 - - [21/Apr/2026:07:40:48 +0300] "GET /best-online-pokies-australia-2025-top-ten-au-pokie-websites/ HTTP/1.1" 200 75005 "-" "Mozilla/5.0 (Windows NT 10.0; Win64; x64) AppleWebKit/537.36 (KHTML, like Gecko) Chrome/123.0.0.0 Safari/537.36 OPR/109.0.0.0"
47.128.51.139 - - [21/Apr/2026:07:41:14 +0300] "GET /how-will-you-earn-much-more-when-to-enjoy-penny-slots-deposit-1-get-20-online-casino-5-tricks-and-tips-regional-seo-now/ HTTP/2" 200 19769 "-" "Mozilla/5.0 (Linux; Android 5.0) AppleWebKit/537.36 (KHTML, like Gecko) Mobile Safari/537.36 (compatible; Bytespider; spider-feedback@bytedance.com)"
47.128.51.139 - - [21/Apr/2026:07:41:28 +0300] "GET /wp-content/themes/toppic/css/reset.css?ver=4.2 HTTP/2" 200 566 "https://serhatburke.miroglu.net/how-will-you-earn-much-more-when-to-enjoy-penny-slots-deposit-1-get-20-online-casino-5-tricks-and-tips-regional-seo-now/" "Mozilla/5.0 (Linux; Android 5.0) AppleWebKit/537.36 (KHTML, like Gecko) Mobile Safari/537.36 (compatible; Bytespider; spider-feedback@bytedance.com)"
47.128.51.139 - - [21/Apr/2026:07:41:29 +0300] "GET /wp-content/themes/toppic/style.css?ver=4.2 HTTP/2" 200 22783 "https://serhatburke.miroglu.net/how-will-you-earn-much-more-when-to-enjoy-penny-slots-deposit-1-get-20-online-casino-5-tricks-and-tips-regional-seo-now/" "Mozilla/5.0 (Linux; Android 5.0) AppleWebKit/537.36 (KHTML, like Gecko) Mobile Safari/537.36 (compatible; Bytespider; spider-feedback@bytedance.com)"
47.128.51.139 - - [21/Apr/2026:07:41:30 +0300] "GET /wp-content/uploads/2023/08/LOGO-1.png HTTP/2" 206 500 "https://serhatburke.miroglu.net/how-will-you-earn-much-more-when-to-enjoy-penny-slots-deposit-1-get-20-online-casino-5-tricks-and-tips-regional-seo-now/" "Mozilla/5.0 (Linux; Android 5.0) AppleWebKit/537.36 (KHTML, like Gecko) Mobile Safari/537.36 (compatible; Bytespider; spider-feedback@bytedance.com)"
98.98.197.212 - - [21/Apr/2026:07:41:24 +0300] "POST /xmlrpc.php HTTP/1.1" 200 630 "-" "Mozilla/5.0 (Windows NT 10.0; Win64; x64) AppleWebKit/537.36 (KHTML, like Gecko) Chrome/114.0.0.0 Safari/537.36"
185.216.113.70 - - [21/Apr/2026:07:41:57 +0300] "POST /wp-cron.php?doing_wp_cron=1776746517.4261739253997802734375 HTTP/1.1" 200 448 "-" "WordPress/6.3.8; https://serhatburke.miroglu.net"
98.98.197.212 - - [21/Apr/2026:07:41:44 +0300] "POST /xmlrpc.php HTTP/1.1" 200 12082 "-" "Mozilla/5.0 (Windows NT 10.0; Win64; x64) AppleWebKit/537.36 (KHTML, like Gecko) Chrome/114.0.0.0 Safari/537.36"
98.98.197.212 - - [21/Apr/2026:07:41:59 +0300] "GET /cat-glitter-position-opinion/ HTTP/1.1" 200 72161 "-" "Mozilla/5.0 (Windows NT 10.0; rv:109.0) Gecko/20100101 Firefox/115.0"
185.216.113.70 - - [21/Apr/2026:07:43:31 +0300] "POST /wp-cron.php?doing_wp_cron=1776746611.5569489002227783203125 HTTP/1.1" 200 448 "-" "WordPress/6.3.8; https://serhatburke.miroglu.net"
223.165.69.55 - - [21/Apr/2026:07:43:17 +0300] "POST /xmlrpc.php HTTP/1.1" 200 630 "-" "Mozilla/5.0 (Windows NT 10.0; Win64; x64) AppleWebKit/537.36 (KHTML, like Gecko) Chrome/114.0.0.0 Safari/537.36"
223.165.69.55 - - [21/Apr/2026:07:43:39 +0300] "POST /xmlrpc.php HTTP/1.1" 200 15296 "-" "Mozilla/5.0 (Windows NT 10.0; Win64; x64) AppleWebKit/537.36 (KHTML, like Gecko) Chrome/114.0.0.0 Safari/537.36"
223.165.69.55 - - [21/Apr/2026:07:43:55 +0300] "GET /best-no-deposit-bonus-casinos-promotions-within-the-us-february-2026/ HTTP/1.1" 200 76624 "-" "Mozilla/5.0 (Windows NT 10.0; Win64; x64) AppleWebKit/537.36 (KHTML, like Gecko) Chrome/124.0.0.0 Safari/537.36 Edg/124.0.0.0"
185.216.113.70 - - [21/Apr/2026:07:45:04 +0300] "POST /wp-cron.php?doing_wp_cron=1776746704.5159189701080322265625 HTTP/1.1" 200 448 "-" "WordPress/6.3.8; https://serhatburke.miroglu.net"
219.136.130.146 - - [21/Apr/2026:07:44:48 +0300] "POST /xmlrpc.php HTTP/2" 200 9185 "-" "Mozilla/5.0 (X11; Linux x86_64) AppleWebKit/537.36 (KHTML, like Gecko) Chrome/125.0.0.0 Safari/537.36"
219.136.130.146 - - [21/Apr/2026:07:45:05 +0300] "POST /xmlrpc.php HTTP/2" 200 3414 "-" "Mozilla/5.0 (X11; Linux x86_64) AppleWebKit/537.36 (KHTML, like Gecko) Chrome/125.0.0.0 Safari/537.36"
98.98.197.212 - - [21/Apr/2026:07:45:15 +0300] "POST /xmlrpc.php HTTP/1.1" 200 630 "-" "Mozilla/5.0 (Windows NT 10.0; Win64; x64) AppleWebKit/537.36 (KHTML, like Gecko) Chrome/114.0.0.0 Safari/537.36"
219.136.130.146 - - [21/Apr/2026:07:45:20 +0300] "POST /xmlrpc.php HTTP/2" 200 100 "-" "Mozilla/5.0 (X11; Linux x86_64) AppleWebKit/537.36 (KHTML, like Gecko) Chrome/125.0.0.0 Safari/537.36"
185.216.113.70 - - [21/Apr/2026:07:45:48 +0300] "POST /wp-cron.php?doing_wp_cron=1776746747.9864709377288818359375 HTTP/1.1" 200 448 "-" "WordPress/6.3.8; https://serhatburke.miroglu.net"
98.98.197.212 - - [21/Apr/2026:07:45:34 +0300] "POST /xmlrpc.php HTTP/1.1" 200 11699 "-" "Mozilla/5.0 (Windows NT 10.0; Win64; x64) AppleWebKit/537.36 (KHTML, like Gecko) Chrome/114.0.0.0 Safari/537.36"
98.98.197.212 - - [21/Apr/2026:07:45:49 +0300] "GET /lapland-demo-gamble-100-percent-free-position-game/ HTTP/1.1" 200 72373 "-" "Mozilla/5.0 (Windows NT 10.0; Win64; x64; rv:124.0) Gecko/20100101 Firefox/124.0"
223.165.69.55 - - [21/Apr/2026:07:46:16 +0300] "POST /xmlrpc.php HTTP/1.1" 200 630 "-" "Mozilla/5.0 (Windows NT 10.0; Win64; x64) AppleWebKit/537.36 (KHTML, like Gecko) Chrome/114.0.0.0 Safari/537.36"
185.216.113.70 - - [21/Apr/2026:07:46:50 +0300] "POST /wp-cron.php?doing_wp_cron=1776746809.9389619827270507812500 HTTP/1.1" 200 448 "-" "WordPress/6.3.8; https://serhatburke.miroglu.net"
223.165.69.55 - - [21/Apr/2026:07:46:36 +0300] "POST /xmlrpc.php HTTP/1.1" 200 14211 "-" "Mozilla/5.0 (Windows NT 10.0; Win64; x64) AppleWebKit/537.36 (KHTML, like Gecko) Chrome/114.0.0.0 Safari/537.36"
223.165.69.55 - - [21/Apr/2026:07:46:52 +0300] "GET /set-of-sweepstakes-casinos-no-deposit-bonus-requirements-to-have-2026/ HTTP/1.1" 200 75375 "-" "Mozilla/5.0 (Windows NT 10.0; Win64; x64) AppleWebKit/537.36 (KHTML, like Gecko) Chrome/122.0.0.0 Safari/537.36"
216.26.252.83 - - [21/Apr/2026:07:47:01 +0300] "GET /wp-login.php HTTP/2" 200 0 "-" "Mozilla/5.0 (Macintosh; Intel Mac OS X 13_5) AppleWebKit/605.1.15 (KHTML, like Gecko) Version/17.5 Safari/605.1.15"
45.3.45.144 - - [21/Apr/2026:07:47:04 +0300] "GET /wp-login.php HTTP/2" 200 0 "-" "Mozilla/5.0 (Macintosh; Intel Mac OS X 13_5) AppleWebKit/605.1.15 (KHTML, like Gecko) Version/17.5 Safari/605.1.15"
45.3.44.48 - - [21/Apr/2026:07:47:08 +0300] "GET /wp-login.php HTTP/2" 200 3092 "-" "Mozilla/5.0 (Macintosh; Intel Mac OS X 13_5) AppleWebKit/605.1.15 (KHTML, like Gecko) Version/17.5 Safari/605.1.15"
216.26.246.153 - - [21/Apr/2026:07:47:18 +0300] "GET /wp-login.php HTTP/2" 200 3092 "-" "Mozilla/5.0 (Windows NT 10.0; Win64; x64; rv:127.0) Gecko/20100101 Firefox/127.0"
45.3.44.48 - - [21/Apr/2026:07:47:25 +0300] "POST /xmlrpc.php HTTP/2" 200 108 "-" "Mozilla/5.0 (Windows NT 10.0; Win64; x64) AppleWebKit/537.36 (KHTML, like Gecko) Chrome/124.0.6367.207 Safari/537.36"
185.216.113.70 - - [21/Apr/2026:07:48:05 +0300] "POST /wp-cron.php?doing_wp_cron=1776746885.7973649501800537109375 HTTP/1.1" 200 448 "-" "WordPress/6.3.8; https://serhatburke.miroglu.net"
45.3.44.48 - - [21/Apr/2026:07:47:52 +0300] "POST /xmlrpc.php HTTP/2" 200 3363 "-" "Mozilla/5.0 (Windows NT 10.0; Win64; x64; rv:127.0) Gecko/20100101 Firefox/127.0"
65.111.21.46 - - [21/Apr/2026:07:48:10 +0300] "POST /xmlrpc.php HTTP/2" 200 108 "-" "Mozilla/5.0 (Macintosh; Intel Mac OS X 13_5) AppleWebKit/605.1.15 (KHTML, like Gecko) Version/17.5 Safari/605.1.15"
65.111.21.46 - - [21/Apr/2026:07:48:25 +0300] "POST /xmlrpc.php HTTP/2" 200 2842 "-" "Mozilla/5.0 (Windows NT 10.0; Win64; x64; rv:127.0) Gecko/20100101 Firefox/127.0"
185.216.113.70 - - [21/Apr/2026:07:49:21 +0300] "POST /wp-cron.php?doing_wp_cron=1776746960.9334709644317626953125 HTTP/1.1" 200 448 "-" "WordPress/6.3.8; https://serhatburke.miroglu.net"
223.165.69.55 - - [21/Apr/2026:07:49:09 +0300] "POST /xmlrpc.php HTTP/1.1" 200 630 "-" "Mozilla/5.0 (Windows NT 10.0; Win64; x64) AppleWebKit/537.36 (KHTML, like Gecko) Chrome/114.0.0.0 Safari/537.36"
98.98.197.212 - - [21/Apr/2026:07:49:22 +0300] "POST /xmlrpc.php HTTP/1.1" 200 630 "-" "Mozilla/5.0 (Windows NT 10.0; Win64; x64) AppleWebKit/537.36 (KHTML, like Gecko) Chrome/114.0.0.0 Safari/537.36"
223.165.69.55 - - [21/Apr/2026:07:49:28 +0300] "POST /xmlrpc.php HTTP/1.1" 200 14506 "-" "Mozilla/5.0 (Windows NT 10.0; Win64; x64) AppleWebKit/537.36 (KHTML, like Gecko) Chrome/114.0.0.0 Safari/537.36"
66.249.73.14 - - [21/Apr/2026:07:49:50 +0300] "GET /wp-content/themes/toppic/css/royalslider.css?ver=4.2 HTTP/1.1" 200 1887 "https://serhatburke.miroglu.net/donbet-casino-review-for-uk-players/" "Mozilla/5.0 (Linux; Android 6.0.1; Nexus 5X Build/MMB29P) AppleWebKit/537.36 (KHTML, like Gecko) Chrome/146.0.7680.177 Mobile Safari/537.36 (compatible; Googlebot/2.1; +http://www.google.com/bot.html)"
185.216.113.70 - - [21/Apr/2026:07:49:57 +0300] "POST /wp-cron.php?doing_wp_cron=1776746997.5362010002136230468750 HTTP/1.1" 200 448 "-" "WordPress/6.3.8; https://serhatburke.miroglu.net"
98.98.197.212 - - [21/Apr/2026:07:49:44 +0300] "POST /xmlrpc.php HTTP/1.1" 200 11447 "-" "Mozilla/5.0 (Windows NT 10.0; Win64; x64) AppleWebKit/537.36 (KHTML, like Gecko) Chrome/114.0.0.0 Safari/537.36"
66.249.73.14 - - [21/Apr/2026:07:49:54 +0300] "GET /donbet-casino-review-for-uk-players/undefined?ts=1775520000 HTTP/1.1" 200 0 "https://serhatburke.miroglu.net/donbet-casino-review-for-uk-players/" "Mozilla/5.0 (Linux; Android 6.0.1; Nexus 5X Build/MMB29P) AppleWebKit/537.36 (KHTML, like Gecko) Chrome/146.0.7680.177 Mobile Safari/537.36 (compatible; Googlebot/2.1; +http://www.google.com/bot.html)"
223.165.69.55 - - [21/Apr/2026:07:49:45 +0300] "GET /queen-portion-casinos-no-deposit-incentive-codes-totally-free-crypto-gamble-within-the-2026/ HTTP/1.1" 200 76766 "-" "Mozilla/5.0 (Windows NT 10.0; Win64; x64) AppleWebKit/537.36 (KHTML, like Gecko) Chrome/109.0.0.0 Safari/537.36"
66.249.73.14 - - [21/Apr/2026:07:50:03 +0300] "GET /donbet-casino-review-for-uk-players/undefined?ts=1775520000 HTTP/1.1" 200 0 "https://serhatburke.miroglu.net/donbet-casino-review-for-uk-players/" "Mozilla/5.0 (Linux; Android 6.0.1; Nexus 5X Build/MMB29P) AppleWebKit/537.36 (KHTML, like Gecko) Chrome/146.0.7680.177 Mobile Safari/537.36 (compatible; Googlebot/2.1; +http://www.google.com/bot.html)"
98.98.197.212 - - [21/Apr/2026:07:49:58 +0300] "GET /statement-one-made-playing-legal-around-australia/ HTTP/1.1" 200 72002 "-" "Mozilla/5.0 (Windows NT 10.0; Win64; x64) AppleWebKit/537.36 (KHTML, like Gecko) Chrome/123.0.0.0 Safari/537.36"
66.249.73.14 - - [21/Apr/2026:07:50:15 +0300] "GET /donbet-casino-review-for-uk-players/undefined?ts=1775520000 HTTP/1.1" 200 0 "https://serhatburke.miroglu.net/donbet-casino-review-for-uk-players/" "Mozilla/5.0 (Linux; Android 6.0.1; Nexus 5X Build/MMB29P) AppleWebKit/537.36 (KHTML, like Gecko) Chrome/146.0.7680.177 Mobile Safari/537.36 (compatible; Googlebot/2.1; +http://www.google.com/bot.html)"
65.111.26.84 - - [21/Apr/2026:07:50:51 +0300] "GET /wp-login.php HTTP/2" 200 0 "-" "Mozilla/5.0 (Windows NT 10.0; Win64; x64; rv:127.0) Gecko/20100101 Firefox/127.0"
185.216.113.70 - - [21/Apr/2026:07:52:10 +0300] "POST /wp-cron.php?doing_wp_cron=1776747130.3583559989929199218750 HTTP/1.1" 200 448 "-" "WordPress/6.3.8; https://serhatburke.miroglu.net"
223.165.69.55 - - [21/Apr/2026:07:51:50 +0300] "POST /xmlrpc.php HTTP/1.1" 200 630 "-" "Mozilla/5.0 (Windows NT 10.0; Win64; x64) AppleWebKit/537.36 (KHTML, like Gecko) Chrome/114.0.0.0 Safari/537.36"
223.165.69.55 - - [21/Apr/2026:07:52:18 +0300] "POST /xmlrpc.php HTTP/1.1" 200 12357 "-" "Mozilla/5.0 (Windows NT 10.0; Win64; x64) AppleWebKit/537.36 (KHTML, like Gecko) Chrome/114.0.0.0 Safari/537.36"
223.165.69.55 - - [21/Apr/2026:07:52:40 +0300] "GET /desert-value-slot-top-ten-desert-cost-slot-sites/ HTTP/1.1" 200 72843 "-" "Mozilla/5.0 (Windows NT 10.0; Win64; x64) AppleWebKit/537.36 (KHTML, like Gecko) Chrome/109.0.0.0 Safari/537.36"
98.98.197.212 - - [21/Apr/2026:07:52:47 +0300] "POST /xmlrpc.php HTTP/1.1" 200 630 "-" "Mozilla/5.0 (Windows NT 10.0; Win64; x64) AppleWebKit/537.36 (KHTML, like Gecko) Chrome/114.0.0.0 Safari/537.36"
185.216.113.70 - - [21/Apr/2026:07:53:20 +0300] "POST /wp-cron.php?doing_wp_cron=1776747199.9315838813781738281250 HTTP/1.1" 200 448 "-" "WordPress/6.3.8; https://serhatburke.miroglu.net"
98.98.197.212 - - [21/Apr/2026:07:53:07 +0300] "POST /xmlrpc.php HTTP/1.1" 200 11688 "-" "Mozilla/5.0 (Windows NT 10.0; Win64; x64) AppleWebKit/537.36 (KHTML, like Gecko) Chrome/114.0.0.0 Safari/537.36"
98.98.197.212 - - [21/Apr/2026:07:53:21 +0300] "GET /finest-a-real-income-casinos-on-the-internet-top-10-casinos-the-real-deal-money/ HTTP/1.1" 200 73230 "-" "Mozilla/5.0 (Windows NT 10.0; rv:109.0) Gecko/20100101 Firefox/115.0"
185.216.113.70 - - [21/Apr/2026:07:54:53 +0300] "POST /wp-cron.php?doing_wp_cron=1776747292.9961009025573730468750 HTTP/1.1" 200 448 "-" "WordPress/6.3.8; https://serhatburke.miroglu.net"
223.165.69.55 - - [21/Apr/2026:07:54:39 +0300] "POST /xmlrpc.php HTTP/1.1" 200 630 "-" "Mozilla/5.0 (Windows NT 10.0; Win64; x64) AppleWebKit/537.36 (KHTML, like Gecko) Chrome/114.0.0.0 Safari/537.36"
223.165.69.55 - - [21/Apr/2026:07:55:00 +0300] "POST /xmlrpc.php HTTP/1.1" 200 14027 "-" "Mozilla/5.0 (Windows NT 10.0; Win64; x64) AppleWebKit/537.36 (KHTML, like Gecko) Chrome/114.0.0.0 Safari/537.36"
223.165.69.55 - - [21/Apr/2026:07:55:15 +0300] "GET /the-modern-nyt-connectivity-information-and-membership-thursday-january-30-2026-michigan-coalition-to-own-people-liberties/ HTTP/1.1" 200 76505 "-" "Mozilla/5.0 (Windows NT 10.0; rv:109.0) Gecko/20100101 Firefox/115.0"
185.216.113.70 - - [21/Apr/2026:07:56:41 +0300] "POST /wp-cron.php?doing_wp_cron=1776747401.8821918964385986328125 HTTP/1.1" 200 448 "-" "WordPress/6.3.8; https://serhatburke.miroglu.net"
98.98.197.212 - - [21/Apr/2026:07:56:29 +0300] "POST /xmlrpc.php HTTP/1.1" 200 630 "-" "Mozilla/5.0 (Windows NT 10.0; Win64; x64) AppleWebKit/537.36 (KHTML, like Gecko) Chrome/114.0.0.0 Safari/537.36"
98.98.197.212 - - [21/Apr/2026:07:56:48 +0300] "POST /xmlrpc.php HTTP/1.1" 200 11742 "-" "Mozilla/5.0 (Windows NT 10.0; Win64; x64) AppleWebKit/537.36 (KHTML, like Gecko) Chrome/114.0.0.0 Safari/537.36"
104.207.36.116 - - [21/Apr/2026:07:56:49 +0300] "GET /wp-login.php HTTP/2" 200 3092 "-" "Mozilla/5.0 (Windows NT 10.0; Win64; x64; rv:127.0) Gecko/20100101 Firefox/127.0"
98.98.197.212 - - [21/Apr/2026:07:57:05 +0300] "GET /leprechaun-goes-egypt-online-reputation-test-this-quirky-games-free/ HTTP/1.1" 200 72965 "-" "Mozilla/5.0 (Windows NT 10.0; rv:125.0) Gecko/20100101 Firefox/125.0"
65.111.7.87 - - [21/Apr/2026:07:57:11 +0300] "POST /xmlrpc.php HTTP/2" 200 110 "-" "Mozilla/5.0 (Windows NT 10.0; Win64; x64) AppleWebKit/537.36 (KHTML, like Gecko) Chrome/124.0.6367.207 Safari/537.36"
185.216.113.70 - - [21/Apr/2026:07:57:44 +0300] "POST /wp-cron.php?doing_wp_cron=1776747464.8443119525909423828125 HTTP/1.1" 200 448 "-" "WordPress/6.3.8; https://serhatburke.miroglu.net"
223.165.69.55 - - [21/Apr/2026:07:57:32 +0300] "POST /xmlrpc.php HTTP/1.1" 200 630 "-" "Mozilla/5.0 (Windows NT 10.0; Win64; x64) AppleWebKit/537.36 (KHTML, like Gecko) Chrome/114.0.0.0 Safari/537.36"
65.111.7.87 - - [21/Apr/2026:07:57:40 +0300] "POST /xmlrpc.php HTTP/2" 200 3182 "-" "Mozilla/5.0 (Windows NT 10.0; Win64; x64) AppleWebKit/537.36 (KHTML, like Gecko) Chrome/124.0.6367.207 Safari/537.36"
223.165.69.55 - - [21/Apr/2026:07:57:52 +0300] "POST /xmlrpc.php HTTP/1.1" 200 14540 "-" "Mozilla/5.0 (Windows NT 10.0; Win64; x64) AppleWebKit/537.36 (KHTML, like Gecko) Chrome/114.0.0.0 Safari/537.36"
223.165.69.55 - - [21/Apr/2026:07:58:08 +0300] "GET /rather-kitty-position-comment-game-worldwide-how-to-gamble-inside-2026/ HTTP/1.1" 200 75749 "-" "Mozilla/5.0 (Windows NT 10.0; Win64; x64) AppleWebKit/537.36 (KHTML, like Gecko) Chrome/123.0.0.0 Safari/537.36 OPR/109.0.0.0"
185.216.113.70 - - [21/Apr/2026:08:00:29 +0300] "POST /wp-cron.php?doing_wp_cron=1776747628.9225449562072753906250 HTTP/1.1" 200 448 "-" "WordPress/6.3.8; https://serhatburke.miroglu.net"
223.165.69.55 - - [21/Apr/2026:08:00:14 +0300] "POST /xmlrpc.php HTTP/1.1" 200 630 "-" "Mozilla/5.0 (Windows NT 10.0; Win64; x64) AppleWebKit/537.36 (KHTML, like Gecko) Chrome/114.0.0.0 Safari/537.36"
223.165.69.55 - - [21/Apr/2026:08:00:36 +0300] "POST /xmlrpc.php HTTP/1.1" 200 12064 "-" "Mozilla/5.0 (Windows NT 10.0; Win64; x64) AppleWebKit/537.36 (KHTML, like Gecko) Chrome/114.0.0.0 Safari/537.36"
223.165.69.55 - - [21/Apr/2026:08:00:51 +0300] "GET /dual-gambling-enterprise-incentive-requirements-no-deposit-bonuses-2026/ HTTP/1.1" 200 73483 "-" "Mozilla/5.0 (Windows NT 10.0; Win64; x64) AppleWebKit/537.36 (KHTML, like Gecko) Chrome/124.0.0.0 Safari/537.36 Edg/124.0.0.0"
178.159.37.4 - - [21/Apr/2026:08:00:53 +0300] "GET /novye-onlajn-kazino-s-bezdepozitnym-bonusom-bez-818/ HTTP/1.1" 200 27141 "-" "Screaming Frog SEO Spider/19.8"
185.216.113.70 - - [21/Apr/2026:08:03:16 +0300] "POST /wp-cron.php?doing_wp_cron=1776747796.7575240135192871093750 HTTP/1.1" 200 448 "-" "WordPress/6.3.8; https://serhatburke.miroglu.net"
223.165.69.55 - - [21/Apr/2026:08:03:03 +0300] "POST /xmlrpc.php HTTP/1.1" 200 630 "-" "Mozilla/5.0 (Windows NT 10.0; Win64; x64) AppleWebKit/537.36 (KHTML, like Gecko) Chrome/114.0.0.0 Safari/537.36"
223.165.69.55 - - [21/Apr/2026:08:03:24 +0300] "POST /xmlrpc.php HTTP/1.1" 200 14947 "-" "Mozilla/5.0 (Windows NT 10.0; Win64; x64) AppleWebKit/537.36 (KHTML, like Gecko) Chrome/114.0.0.0 Safari/537.36"
185.216.113.70 - - [21/Apr/2026:08:03:53 +0300] "POST /wp-cron.php?doing_wp_cron=1776747833.7824430465698242187500 HTTP/1.1" 200 448 "-" "WordPress/6.3.8; https://serhatburke.miroglu.net"
223.165.69.55 - - [21/Apr/2026:08:03:41 +0300] "GET /40-100-percent-free-revolves-no-deposit-incentives-within-the-february-2026/ HTTP/1.1" 200 76475 "-" "Mozilla/5.0 (Windows NT 10.0; Win64; x64) AppleWebKit/537.36 (KHTML, like Gecko) Chrome/109.0.0.0 Safari/537.36"
185.216.113.70 - - [21/Apr/2026:08:05:05 +0300] "POST /wp-cron.php?doing_wp_cron=1776747905.3903229236602783203125 HTTP/1.1" 200 448 "-" "WordPress/6.3.8; https://serhatburke.miroglu.net"
151.123.178.96 - - [21/Apr/2026:08:04:52 +0300] "GET /wp-login.php HTTP/2" 200 3092 "-" "Mozilla/5.0 (Windows NT 10.0; Win64; x64) AppleWebKit/537.36 (KHTML, like Gecko) Chrome/124.0.6367.207 Safari/537.36"
104.207.62.186 - - [21/Apr/2026:08:05:16 +0300] "GET /wp-login.php HTTP/2" 200 3092 "-" "Mozilla/5.0 (Windows NT 10.0; Win64; x64) AppleWebKit/537.36 (KHTML, like Gecko) Chrome/124.0.6367.207 Safari/537.36"
185.216.113.70 - - [21/Apr/2026:08:06:01 +0300] "POST /wp-cron.php?doing_wp_cron=1776747961.3262860774993896484375 HTTP/1.1" 200 448 "-" "WordPress/6.3.8; https://serhatburke.miroglu.net"
223.165.69.55 - - [21/Apr/2026:08:05:44 +0300] "POST /xmlrpc.php HTTP/1.1" 200 630 "-" "Mozilla/5.0 (Windows NT 10.0; Win64; x64) AppleWebKit/537.36 (KHTML, like Gecko) Chrome/114.0.0.0 Safari/537.36"
223.165.69.55 - - [21/Apr/2026:08:06:09 +0300] "POST /xmlrpc.php HTTP/1.1" 200 14157 "-" "Mozilla/5.0 (Windows NT 10.0; Win64; x64) AppleWebKit/537.36 (KHTML, like Gecko) Chrome/114.0.0.0 Safari/537.36"
223.165.69.55 - - [21/Apr/2026:08:06:24 +0300] "GET /play-5000-online-slot-game/ HTTP/1.1" 200 74197 "-" "Mozilla/5.0 (Windows NT 10.0; Win64; x64) AppleWebKit/537.36 (KHTML, like Gecko) Chrome/123.0.0.0 Safari/537.36 OPR/109.0.0.0"
185.216.113.70 - - [21/Apr/2026:08:07:09 +0300] "POST /wp-cron.php?doing_wp_cron=1776748028.9751460552215576171875 HTTP/1.1" 200 448 "-" "WordPress/6.3.8; https://serhatburke.miroglu.net"
216.26.233.92 - - [21/Apr/2026:08:06:55 +0300] "GET /wp-login.php?wp_lang=en_US HTTP/2" 200 2421 "-" "Mozilla/5.0 (Windows NT 10.0; Win64; x64) AppleWebKit/537.36 (KHTML, like Gecko) Chrome/124.0.6367.207 Safari/537.36"
216.26.233.92 - - [21/Apr/2026:08:07:09 +0300] "POST /wp-login.php?wp_lang=en_US HTTP/2" 302 0 "https://serhatburke.miroglu.net/wp-login.php?wp_lang=en_US" "Mozilla/5.0 (Windows NT 10.0; Win64; x64) AppleWebKit/537.36 (KHTML, like Gecko) Chrome/124.0.6367.207 Safari/537.36"
216.26.233.92 - - [21/Apr/2026:08:07:22 +0300] "GET /wp-admin/ HTTP/2" 200 0 "https://serhatburke.miroglu.net/wp-login.php?wp_lang=en_US" "Mozilla/5.0 (Windows NT 10.0; Win64; x64) AppleWebKit/537.36 (KHTML, like Gecko) Chrome/124.0.6367.207 Safari/537.36"
52.167.144.64 - - [21/Apr/2026:08:08:09 +0300] "GET /robots.txt HTTP/2" 200 0 "-" "Mozilla/5.0 AppleWebKit/537.36 (KHTML, like Gecko; compatible; bingbot/2.0; +http://www.bing.com/bingbot.htm) Chrome/116.0.1938.76 Safari/537.36"
185.216.113.70 - - [21/Apr/2026:08:08:22 +0300] "POST /wp-cron.php?doing_wp_cron=1776748102.7570269107818603515625 HTTP/1.1" 200 448 "-" "WordPress/6.3.8; https://serhatburke.miroglu.net"
40.77.167.56 - - [21/Apr/2026:08:08:07 +0300] "GET /kraken-bezopasnoe-issledovanie-darkneta-2026/ HTTP/2" 200 18058 "-" "Mozilla/5.0 AppleWebKit/537.36 (KHTML, like Gecko; compatible; bingbot/2.0; +http://www.bing.com/bingbot.htm) Chrome/116.0.1938.76 Safari/537.36"
157.55.39.9 - - [21/Apr/2026:08:08:11 +0300] "GET /kak-ispol-zovat-kraken-darknet-v-2026-godu/ HTTP/2" 200 17813 "-" "Mozilla/5.0 AppleWebKit/537.36 (KHTML, like Gecko; compatible; bingbot/2.0; +http://www.bing.com/bingbot.htm) Chrome/116.0.1938.76 Safari/537.36"
185.216.113.70 - - [21/Apr/2026:08:09:55 +0300] "POST /wp-cron.php?doing_wp_cron=1776748195.2663469314575195312500 HTTP/1.1" 200 448 "-" "WordPress/6.3.8; https://serhatburke.miroglu.net"
45.3.40.111 - - [21/Apr/2026:08:09:40 +0300] "GET /wp-login.php HTTP/2" 200 3092 "-" "Mozilla/5.0 (Windows NT 10.0; Win64; x64; rv:127.0) Gecko/20100101 Firefox/127.0"
209.50.164.221 - - [21/Apr/2026:08:09:56 +0300] "GET /wp-login.php HTTP/2" 200 3092 "-" "Mozilla/5.0 (Windows NT 10.0; Win64; x64; rv:127.0) Gecko/20100101 Firefox/127.0"
98.98.197.212 - - [21/Apr/2026:08:10:25 +0300] "POST /xmlrpc.php HTTP/1.1" 200 630 "-" "Mozilla/5.0 (Windows NT 10.0; Win64; x64) AppleWebKit/537.36 (KHTML, like Gecko) Chrome/114.0.0.0 Safari/537.36"
185.216.113.70 - - [21/Apr/2026:08:10:56 +0300] "POST /wp-cron.php?doing_wp_cron=1776748256.7509400844573974609375 HTTP/1.1" 200 448 "-" "WordPress/6.3.8; https://serhatburke.miroglu.net"
98.98.197.212 - - [21/Apr/2026:08:10:44 +0300] "POST /xmlrpc.php HTTP/1.1" 200 11662 "-" "Mozilla/5.0 (Windows NT 10.0; Win64; x64) AppleWebKit/537.36 (KHTML, like Gecko) Chrome/114.0.0.0 Safari/537.36"
98.98.197.212 - - [21/Apr/2026:08:10:57 +0300] "GET /ideas-on-how-to-winnings-in-the-blackjack-top-ten-pro-blackjack-tips/ HTTP/1.1" 200 73129 "-" "Mozilla/5.0 (Windows NT 10.0; Win64; x64) AppleWebKit/537.36 (KHTML, like Gecko) Chrome/122.0.0.0 Safari/537.36"
45.3.42.216 - - [21/Apr/2026:08:11:15 +0300] "GET /wp-login.php?wp_lang=en_US HTTP/2" 200 2421 "-" "Mozilla/5.0 (Windows NT 10.0; Win64; x64) AppleWebKit/537.36 (KHTML, like Gecko) Chrome/124.0.6367.207 Safari/537.36"
45.3.42.216 - - [21/Apr/2026:08:11:20 +0300] "GET /wp-login.php?wp_lang=en_US HTTP/2" 200 2421 "-" "Mozilla/5.0 (Windows NT 10.0; Win64; x64) AppleWebKit/537.36 (KHTML, like Gecko) Chrome/124.0.6367.207 Safari/537.36"
185.216.113.70 - - [21/Apr/2026:08:11:40 +0300] "POST /wp-cron.php?doing_wp_cron=1776748300.7093029022216796875000 HTTP/1.1" 200 448 "-" "WordPress/6.3.8; https://serhatburke.miroglu.net"
45.3.42.216 - - [21/Apr/2026:08:11:28 +0300] "POST /wp-login.php?wp_lang=en_US HTTP/2" 302 0 "https://serhatburke.miroglu.net/wp-login.php?wp_lang=en_US" "Mozilla/5.0 (Windows NT 10.0; Win64; x64) AppleWebKit/537.36 (KHTML, like Gecko) Chrome/124.0.6367.207 Safari/537.36"
45.3.42.216 - - [21/Apr/2026:08:11:32 +0300] "POST /wp-login.php?wp_lang=en_US HTTP/2" 302 0 "https://serhatburke.miroglu.net/wp-login.php?wp_lang=en_US" "Mozilla/5.0 (Windows NT 10.0; Win64; x64) AppleWebKit/537.36 (KHTML, like Gecko) Chrome/124.0.6367.207 Safari/537.36"
45.3.42.216 - - [21/Apr/2026:08:11:40 +0300] "GET /wp-admin/ HTTP/2" 200 0 "https://serhatburke.miroglu.net/wp-login.php?wp_lang=en_US" "Mozilla/5.0 (Windows NT 10.0; Win64; x64) AppleWebKit/537.36 (KHTML, like Gecko) Chrome/124.0.6367.207 Safari/537.36"
45.3.42.216 - - [21/Apr/2026:08:11:45 +0300] "GET /wp-admin/ HTTP/2" 200 0 "https://serhatburke.miroglu.net/wp-login.php?wp_lang=en_US" "Mozilla/5.0 (Windows NT 10.0; Win64; x64) AppleWebKit/537.36 (KHTML, like Gecko) Chrome/124.0.6367.207 Safari/537.36"
209.50.184.38 - - [21/Apr/2026:08:12:04 +0300] "GET /wp-login.php HTTP/2" 200 3092 "-" "Mozilla/5.0 (Windows NT 10.0; Win64; x64; rv:127.0) Gecko/20100101 Firefox/127.0"
185.216.113.70 - - [21/Apr/2026:08:13:05 +0300] "POST /wp-cron.php?doing_wp_cron=1776748385.6295619010925292968750 HTTP/1.1" 200 448 "-" "WordPress/6.3.8; https://serhatburke.miroglu.net"
104.207.59.24 - - [21/Apr/2026:08:12:52 +0300] "POST /xmlrpc.php HTTP/2" 200 107 "-" "Mozilla/5.0 (Windows NT 10.0; Win64; x64) AppleWebKit/537.36 (KHTML, like Gecko) Chrome/124.0.6367.207 Safari/537.36"
185.216.113.70 - - [21/Apr/2026:08:13:42 +0300] "POST /wp-cron.php?doing_wp_cron=1776748421.9394869804382324218750 HTTP/1.1" 200 448 "-" "WordPress/6.3.8; https://serhatburke.miroglu.net"
98.98.197.212 - - [21/Apr/2026:08:13:29 +0300] "POST /xmlrpc.php HTTP/1.1" 200 630 "-" "Mozilla/5.0 (Windows NT 10.0; Win64; x64) AppleWebKit/537.36 (KHTML, like Gecko) Chrome/114.0.0.0 Safari/537.36"
98.98.197.212 - - [21/Apr/2026:08:13:49 +0300] "POST /xmlrpc.php HTTP/1.1" 200 11829 "-" "Mozilla/5.0 (Windows NT 10.0; Win64; x64) AppleWebKit/537.36 (KHTML, like Gecko) Chrome/114.0.0.0 Safari/537.36"
65.111.23.219 - - [21/Apr/2026:08:14:01 +0300] "GET /wp-login.php?wp_lang=en_US HTTP/2" 200 2421 "-" "Mozilla/5.0 (Windows NT 10.0; Win64; x64) AppleWebKit/537.36 (KHTML, like Gecko) Chrome/124.0.6367.207 Safari/537.36"
98.98.197.212 - - [21/Apr/2026:08:14:06 +0300] "GET /gamble-thunderstruck-wild-super-during-the-betmgm/ HTTP/1.1" 200 72859 "-" "Mozilla/5.0 (Windows NT 10.0; Win64; x64) AppleWebKit/537.36 (KHTML, like Gecko) Chrome/123.0.0.0 Safari/537.36"
65.111.23.219 - - [21/Apr/2026:08:14:15 +0300] "POST /wp-login.php?wp_lang=en_US HTTP/2" 302 0 "https://serhatburke.miroglu.net/wp-login.php?wp_lang=en_US" "Mozilla/5.0 (Windows NT 10.0; Win64; x64) AppleWebKit/537.36 (KHTML, like Gecko) Chrome/124.0.6367.207 Safari/537.36"
65.111.28.111 - - [21/Apr/2026:08:14:19 +0300] "GET /wp-login.php HTTP/2" 200 3092 "-" "Mozilla/5.0 (Windows NT 10.0; Win64; x64; rv:127.0) Gecko/20100101 Firefox/127.0"
65.111.23.219 - - [21/Apr/2026:08:14:27 +0300] "GET /wp-admin/ HTTP/2" 200 0 "https://serhatburke.miroglu.net/wp-login.php?wp_lang=en_US" "Mozilla/5.0 (Windows NT 10.0; Win64; x64) AppleWebKit/537.36 (KHTML, like Gecko) Chrome/124.0.6367.207 Safari/537.36"
185.216.113.70 - - [21/Apr/2026:08:14:40 +0300] "POST /wp-cron.php?doing_wp_cron=1776748479.8994359970092773437500 HTTP/1.1" 200 448 "-" "WordPress/6.3.8; https://serhatburke.miroglu.net"
104.207.45.33 - - [21/Apr/2026:08:14:41 +0300] "GET /wp-login.php?wp_lang=en_US HTTP/2" 200 0 "-" "Mozilla/5.0 (Windows NT 10.0; Win64; x64) AppleWebKit/537.36 (KHTML, like Gecko) Chrome/124.0.6367.207 Safari/537.36"
209.50.184.38 - - [21/Apr/2026:08:14:51 +0300] "POST /xmlrpc.php HTTP/2" 200 0 "-" "Mozilla/5.0 (Macintosh; Intel Mac OS X 13_5) AppleWebKit/605.1.15 (KHTML, like Gecko) Version/17.5 Safari/605.1.15"
223.165.69.55 - - [21/Apr/2026:08:14:42 +0300] "POST /xmlrpc.php HTTP/1.1" 200 630 "-" "Mozilla/5.0 (Windows NT 10.0; Win64; x64) AppleWebKit/537.36 (KHTML, like Gecko) Chrome/114.0.0.0 Safari/537.36"
185.216.113.70 - - [21/Apr/2026:08:14:41 +0300] "POST /wp-admin/admin-ajax.php?action=as_async_request_queue_runner&nonce=c71a26de75 HTTP/1.1" 200 1039 "-" "WordPress/6.3.8; https://serhatburke.miroglu.net"
185.216.113.70 - - [21/Apr/2026:08:15:29 +0300] "POST /wp-cron.php?doing_wp_cron=1776748529.0251669883728027343750 HTTP/1.1" 200 448 "-" "WordPress/6.3.8; https://serhatburke.miroglu.net"
223.165.69.55 - - [21/Apr/2026:08:15:15 +0300] "POST /xmlrpc.php HTTP/1.1" 200 14332 "-" "Mozilla/5.0 (Windows NT 10.0; Win64; x64) AppleWebKit/537.36 (KHTML, like Gecko) Chrome/114.0.0.0 Safari/537.36"
223.165.69.55 - - [21/Apr/2026:08:15:31 +0300] "GET /no-deposit-incentives-2026-greatest-100-percent-free-casino-bonuses/ HTTP/1.1" 200 75385 "-" "Mozilla/5.0 (Windows NT 10.0; Win64; x64) AppleWebKit/537.36 (KHTML, like Gecko) Chrome/124.0.0.0 Safari/537.36 Edg/124.0.0.0"
216.26.250.238 - - [21/Apr/2026:08:16:04 +0300] "GET /wp-login.php?wp_lang=en_US HTTP/2" 200 2421 "-" "Mozilla/5.0 (Windows NT 10.0; Win64; x64) AppleWebKit/537.36 (KHTML, like Gecko) Chrome/124.0.6367.207 Safari/537.36"
216.26.250.238 - - [21/Apr/2026:08:16:16 +0300] "POST /wp-login.php?wp_lang=en_US HTTP/2" 302 0 "https://serhatburke.miroglu.net/wp-login.php?wp_lang=en_US" "Mozilla/5.0 (Windows NT 10.0; Win64; x64) AppleWebKit/537.36 (KHTML, like Gecko) Chrome/124.0.6367.207 Safari/537.36"
216.26.250.238 - - [21/Apr/2026:08:16:28 +0300] "GET /wp-admin/ HTTP/2" 200 0 "https://serhatburke.miroglu.net/wp-login.php?wp_lang=en_US" "Mozilla/5.0 (Windows NT 10.0; Win64; x64) AppleWebKit/537.36 (KHTML, like Gecko) Chrome/124.0.6367.207 Safari/537.36"
185.216.113.70 - - [21/Apr/2026:08:16:40 +0300] "POST /wp-cron.php?doing_wp_cron=1776748600.2326469421386718750000 HTTP/1.1" 200 448 "-" "WordPress/6.3.8; https://serhatburke.miroglu.net"
209.50.184.82 - - [21/Apr/2026:08:17:00 +0300] "GET /wp-login.php?wp_lang=en_US HTTP/2" 200 2421 "-" "Mozilla/5.0 (Windows NT 10.0; Win64; x64) AppleWebKit/537.36 (KHTML, like Gecko) Chrome/124.0.6367.207 Safari/537.36"
209.50.184.82 - - [21/Apr/2026:08:17:15 +0300] "POST /wp-login.php?wp_lang=en_US HTTP/2" 302 0 "https://serhatburke.miroglu.net/wp-login.php?wp_lang=en_US" "Mozilla/5.0 (Windows NT 10.0; Win64; x64) AppleWebKit/537.36 (KHTML, like Gecko) Chrome/124.0.6367.207 Safari/537.36"
209.50.184.82 - - [21/Apr/2026:08:17:29 +0300] "GET /wp-admin/ HTTP/2" 200 0 "https://serhatburke.miroglu.net/wp-login.php?wp_lang=en_US" "Mozilla/5.0 (Windows NT 10.0; Win64; x64) AppleWebKit/537.36 (KHTML, like Gecko) Chrome/124.0.6367.207 Safari/537.36"
185.216.113.70 - - [21/Apr/2026:08:17:42 +0300] "POST /wp-cron.php?doing_wp_cron=1776748662.5484669208526611328125 HTTP/1.1" 200 448 "-" "WordPress/6.3.8; https://serhatburke.miroglu.net"
104.167.19.246 - - [21/Apr/2026:08:17:37 +0300] "GET /wp-login.php HTTP/2" 200 3092 "-" "Mozilla/5.0 (Macintosh; Intel Mac OS X 13_5) AppleWebKit/605.1.15 (KHTML, like Gecko) Version/17.5 Safari/605.1.15"
52.167.144.159 - - [21/Apr/2026:08:17:37 +0300] "GET /extra-wagering-requirements-2026-tips-determine-rollover/ HTTP/2" 200 17171 "-" "Mozilla/5.0 AppleWebKit/537.36 (KHTML, like Gecko; compatible; bingbot/2.0; +http://www.bing.com/bingbot.htm) Chrome/116.0.1938.76 Safari/537.36"
65.111.26.216 - - [21/Apr/2026:08:18:21 +0300] "GET /wp-login.php HTTP/2" 200 3092 "-" "Mozilla/5.0 (Windows NT 10.0; Win64; x64; rv:127.0) Gecko/20100101 Firefox/127.0"
185.216.113.70 - - [21/Apr/2026:08:19:04 +0300] "POST /wp-cron.php?doing_wp_cron=1776748744.0944530963897705078125 HTTP/1.1" 200 448 "-" "WordPress/6.3.8; https://serhatburke.miroglu.net"
216.26.250.151 - - [21/Apr/2026:08:18:50 +0300] "GET /wp-login.php?wp_lang=en_US HTTP/2" 200 2421 "-" "Mozilla/5.0 (Windows NT 10.0; Win64; x64) AppleWebKit/537.36 (KHTML, like Gecko) Chrome/124.0.6367.207 Safari/537.36"
98.98.197.212 - - [21/Apr/2026:08:19:01 +0300] "POST /xmlrpc.php HTTP/1.1" 200 630 "-" "Mozilla/5.0 (Windows NT 10.0; Win64; x64) AppleWebKit/537.36 (KHTML, like Gecko) Chrome/114.0.0.0 Safari/537.36"
216.26.250.151 - - [21/Apr/2026:08:19:04 +0300] "POST /wp-login.php?wp_lang=en_US HTTP/2" 302 0 "https://serhatburke.miroglu.net/wp-login.php?wp_lang=en_US" "Mozilla/5.0 (Windows NT 10.0; Win64; x64) AppleWebKit/537.36 (KHTML, like Gecko) Chrome/124.0.6367.207 Safari/537.36"
216.26.250.151 - - [21/Apr/2026:08:19:24 +0300] "GET /wp-admin/ HTTP/2" 200 0 "https://serhatburke.miroglu.net/wp-login.php?wp_lang=en_US" "Mozilla/5.0 (Windows NT 10.0; Win64; x64) AppleWebKit/537.36 (KHTML, like Gecko) Chrome/124.0.6367.207 Safari/537.36"
185.216.113.70 - - [21/Apr/2026:08:19:40 +0300] "POST /wp-cron.php?doing_wp_cron=1776748780.2931609153747558593750 HTTP/1.1" 200 448 "-" "WordPress/6.3.8; https://serhatburke.miroglu.net"
217.181.90.76 - - [21/Apr/2026:08:19:24 +0300] "POST /xmlrpc.php HTTP/2" 200 110 "-" "Mozilla/5.0 (Windows NT 10.0; Win64; x64; rv:127.0) Gecko/20100101 Firefox/127.0"
98.98.197.212 - - [21/Apr/2026:08:19:29 +0300] "POST /xmlrpc.php HTTP/1.1" 200 11977 "-" "Mozilla/5.0 (Windows NT 10.0; Win64; x64) AppleWebKit/537.36 (KHTML, like Gecko) Chrome/114.0.0.0 Safari/537.36"
209.50.189.24 - - [21/Apr/2026:08:19:37 +0300] "GET /wp-login.php?wp_lang=en_US HTTP/2" 200 0 "-" "Mozilla/5.0 (Windows NT 10.0; Win64; x64) AppleWebKit/537.36 (KHTML, like Gecko) Chrome/124.0.6367.207 Safari/537.36"
98.98.197.212 - - [21/Apr/2026:08:19:49 +0300] "GET /loaded-7s-position-remark-2026-100-percent-free-gamble-trial/ HTTP/1.1" 200 73073 "-" "Mozilla/5.0 (Windows NT 10.0; Win64; x64; rv:125.0) Gecko/20100101 Firefox/125.0"
216.26.249.67 - - [21/Apr/2026:08:20:02 +0300] "GET /wp-login.php?wp_lang=en_US HTTP/2" 200 0 "-" "Mozilla/5.0 (Windows NT 10.0; Win64; x64) AppleWebKit/537.36 (KHTML, like Gecko) Chrome/124.0.6367.207 Safari/537.36"
223.165.69.55 - - [21/Apr/2026:08:20:08 +0300] "POST /xmlrpc.php HTTP/1.1" 200 630 "-" "Mozilla/5.0 (Windows NT 10.0; Win64; x64) AppleWebKit/537.36 (KHTML, like Gecko) Chrome/114.0.0.0 Safari/537.36"
104.207.52.71 - - [21/Apr/2026:08:20:11 +0300] "GET /wp-login.php?wp_lang=en_US HTTP/2" 200 0 "-" "Mozilla/5.0 (Windows NT 10.0; Win64; x64) AppleWebKit/537.36 (KHTML, like Gecko) Chrome/124.0.6367.207 Safari/537.36"
66.249.73.14 - - [21/Apr/2026:08:20:32 +0300] "GET /unveiling-fortunecasinouk-promotions-at-drake-casino-a-comprehensive-review-for-uk-players/ HTTP/1.1" 200 0 "https://pbjsdx.frostpulse-games.biz/" "Mozilla/5.0 (Linux; Android 6.0.1; Nexus 5X Build/MMB29P) AppleWebKit/537.36 (KHTML, like Gecko) Chrome/146.0.7680.177 Mobile Safari/537.36 (compatible; Googlebot/2.1; +http://www.google.com/bot.html)"
185.216.113.70 - - [21/Apr/2026:08:20:55 +0300] "POST /wp-cron.php?doing_wp_cron=1776748855.1994400024414062500000 HTTP/1.1" 200 448 "-" "WordPress/6.3.8; https://serhatburke.miroglu.net"
223.165.69.55 - - [21/Apr/2026:08:20:36 +0300] "POST /xmlrpc.php HTTP/1.1" 200 14460 "-" "Mozilla/5.0 (Windows NT 10.0; Win64; x64) AppleWebKit/537.36 (KHTML, like Gecko) Chrome/114.0.0.0 Safari/537.36"
223.165.69.55 - - [21/Apr/2026:08:21:04 +0300] "GET /5-deposit-totally-free-revolves-noahs-ark-hotel/ HTTP/1.1" 200 75167 "-" "Mozilla/5.0 (Windows NT 10.0; rv:109.0) Gecko/20100101 Firefox/115.0"
185.216.113.70 - - [21/Apr/2026:08:22:02 +0300] "POST /wp-cron.php?doing_wp_cron=1776748921.9572188854217529296875 HTTP/1.1" 200 448 "-" "WordPress/6.3.8; https://serhatburke.miroglu.net"
45.3.47.23 - - [21/Apr/2026:08:21:49 +0300] "GET /wp-login.php HTTP/2" 200 3092 "-" "Mozilla/5.0 (Windows NT 10.0; Win64; x64) AppleWebKit/537.36 (KHTML, like Gecko) Chrome/124.0.6367.207 Safari/537.36"
209.50.186.182 - - [21/Apr/2026:08:22:11 +0300] "POST /xmlrpc.php HTTP/2" 200 0 "-" "Mozilla/5.0 (Macintosh; Intel Mac OS X 13_5) AppleWebKit/605.1.15 (KHTML, like Gecko) Version/17.5 Safari/605.1.15"
185.216.113.70 - - [21/Apr/2026:08:23:28 +0300] "POST /wp-cron.php?doing_wp_cron=1776749008.5284368991851806640625 HTTP/1.1" 200 448 "-" "WordPress/6.3.8; https://serhatburke.miroglu.net"
223.165.69.55 - - [21/Apr/2026:08:23:15 +0300] "POST /xmlrpc.php HTTP/1.1" 200 630 "-" "Mozilla/5.0 (Windows NT 10.0; Win64; x64) AppleWebKit/537.36 (KHTML, like Gecko) Chrome/114.0.0.0 Safari/537.36"
47.238.211.125 - - [21/Apr/2026:08:23:44 +0300] "GET /wp-admin/network/edit-function.php HTTP/1.1" 403 411 "-" "Mozilla/5.0 (Windows NT 6.1; WOW64; Trident/7.0; rv:11.0) like Gecko"
47.238.211.125 - - [21/Apr/2026:08:23:48 +0300] "GET /wp-admin/network/edit-function.php HTTP/1.1" 403 411 "-" "Mozilla/5.0 (Windows NT 6.1; WOW64; Trident/7.0; rv:11.0) like Gecko"
116.104.233.238 - - [21/Apr/2026:08:23:51 +0300] "GET /wp-content/plugins/index-object.php HTTP/1.1" 403 411 "-" "Mozilla/5.0 (Windows NT 10.0; WOW64; Trident/7.0; Touch; LCJB; rv:11.0) like Gecko"
38.54.57.131 - - [21/Apr/2026:08:23:51 +0300] "GET /wp-admin/network/edit-function.php HTTP/1.1" 403 411 "-" "Mozilla/5.0 (Windows NT 6.1; WOW64; Trident/7.0; rv:11.0) like Gecko"
38.54.57.131 - - [21/Apr/2026:08:23:53 +0300] "GET /wp-admin/network/edit-function.php HTTP/1.1" 403 411 "-" "Mozilla/5.0 (Windows NT 6.1; WOW64; Trident/7.0; rv:11.0) like Gecko"
23.133.196.13 - - [21/Apr/2026:08:23:54 +0300] "GET /wp-content/themes/toppic/comments-method.php HTTP/1.1" 403 411 "-" "Mozilla/5.0 (Windows NT 10.0; WOW64) AppleWebKit/537.36 (KHTML, like Gecko) Chrome/67.0.3396.87 Safari/537.36"
47.243.117.172 - - [21/Apr/2026:08:23:54 +0300] "GET /wp-content/themes/photography/gallery-archive-2-contained-session.php HTTP/1.1" 403 411 "-" "Mozilla/5.0 (X11; Linux x86_64) AppleWebKit/537.36 (KHTML, like Gecko) Chrome/65.0.3325.109 Safari/537.36"
3.25.0.140 - - [21/Apr/2026:08:23:55 +0300] "GET /wp-content/plugins/index-object.php HTTP/1.1" 403 411 "-" "Mozilla/5.0 (Windows NT 10.0; WOW64; Trident/7.0; Touch; LCJB; rv:11.0) like Gecko"
23.133.196.13 - - [21/Apr/2026:08:23:55 +0300] "GET /wp-content/themes/toppic/comments-method.php HTTP/1.1" 403 411 "-" "Mozilla/5.0 (Windows NT 10.0; WOW64) AppleWebKit/537.36 (KHTML, like Gecko) Chrome/67.0.3396.87 Safari/537.36"
13.235.69.73 - - [21/Apr/2026:08:23:55 +0300] "GET /wp-admin/network/edit-function.php HTTP/1.1" 403 411 "-" "Mozilla/5.0 (Windows NT 6.1; WOW64; Trident/7.0; rv:11.0) like Gecko"
116.101.79.251 - - [21/Apr/2026:08:23:57 +0300] "GET /wp-content/plugins/index-object.php HTTP/1.1" 403 411 "-" "Mozilla/5.0 (Windows NT 10.0; WOW64; Trident/7.0; Touch; LCJB; rv:11.0) like Gecko"
125.161.141.50 - - [21/Apr/2026:08:23:58 +0300] "GET /wp-content/themes/toppic/comments-method.php HTTP/1.1" 403 411 "-" "Mozilla/5.0 (Windows NT 10.0; WOW64) AppleWebKit/537.36 (KHTML, like Gecko) Chrome/67.0.3396.87 Safari/537.36"
154.17.24.104 - - [21/Apr/2026:08:23:34 +0300] "GET /wp-admin/ HTTP/1.1" 302 874 "-" "Mozilla/5.0 (Windows NT 6.2; ARM; Trident/7.0; Touch; rv:11.0; WPDesktop; NOKIA; Lumia 520) like Gecko"
118.173.161.72 - - [21/Apr/2026:08:24:00 +0300] "GET /wp-content/plugins/index-object.php HTTP/1.1" 403 411 "-" "Mozilla/5.0 (Windows NT 10.0; WOW64; Trident/7.0; Touch; LCJB; rv:11.0) like Gecko"
178.245.225.184 - - [21/Apr/2026:08:24:00 +0300] "GET /wp-content/themes/toppic/comments-method.php HTTP/1.1" 403 411 "-" "Mozilla/5.0 (Windows NT 10.0; WOW64) AppleWebKit/537.36 (KHTML, like Gecko) Chrome/67.0.3396.87 Safari/537.36"
216.26.246.118 - - [21/Apr/2026:08:23:46 +0300] "GET /wp-login.php?wp_lang=en_US HTTP/2" 200 0 "-" "Mozilla/5.0 (Windows NT 10.0; Win64; x64) AppleWebKit/537.36 (KHTML, like Gecko) Chrome/124.0.6367.207 Safari/537.36"
118.173.161.72 - - [21/Apr/2026:08:24:03 +0300] "GET /wp-content/plugins/index-object.php HTTP/1.1" 403 411 "-" "Mozilla/5.0 (Windows NT 10.0; WOW64; Trident/7.0; Touch; LCJB; rv:11.0) like Gecko"
172.81.117.83 - - [21/Apr/2026:08:24:06 +0300] "GET /wp-content/plugins/index-object.php HTTP/1.1" 403 411 "-" "Mozilla/5.0 (Windows NT 10.0; WOW64; Trident/7.0; Touch; LCJB; rv:11.0) like Gecko"
194.87.199.151 - - [21/Apr/2026:08:24:07 +0300] "GET /wp-admin/network/edit-function.php HTTP/1.1" 403 411 "-" "Mozilla/5.0 (Windows NT 6.1; WOW64; Trident/7.0; rv:11.0) like Gecko"
3.35.114.117 - - [21/Apr/2026:08:24:08 +0300] "GET /wp-content/themes/photography/gallery-archive-2-contained-session.php HTTP/1.1" 403 411 "-" "Mozilla/5.0 (X11; Linux x86_64) AppleWebKit/537.36 (KHTML, like Gecko) Chrome/65.0.3325.109 Safari/537.36"
116.104.253.6 - - [21/Apr/2026:08:24:08 +0300] "GET /wp-content/plugins/index-object.php HTTP/1.1" 403 411 "-" "Mozilla/5.0 (Windows NT 10.0; WOW64; Trident/7.0; Touch; LCJB; rv:11.0) like Gecko"
103.163.246.36 - - [21/Apr/2026:08:24:08 +0300] "GET /wp-admin/network/edit-function.php HTTP/1.1" 403 411 "-" "Mozilla/5.0 (Windows NT 6.1; WOW64; Trident/7.0; rv:11.0) like Gecko"
171.6.14.45 - - [21/Apr/2026:08:24:09 +0300] "GET /wp-content/themes/toppic/comments-method.php HTTP/1.1" 403 411 "-" "Mozilla/5.0 (Windows NT 10.0; WOW64) AppleWebKit/537.36 (KHTML, like Gecko) Chrome/67.0.3396.87 Safari/537.36"
182.253.144.75 - - [21/Apr/2026:08:24:09 +0300] "GET /wp-content/themes/photography/gallery-archive-2-contained-session.php HTTP/1.1" 403 411 "-" "Mozilla/5.0 (X11; Linux x86_64) AppleWebKit/537.36 (KHTML, like Gecko) Chrome/65.0.3325.109 Safari/537.36"
1.20.254.32 - - [21/Apr/2026:08:24:10 +0300] "GET /wp-admin/network/edit-function.php HTTP/1.1" 403 411 "-" "Mozilla/5.0 (Windows NT 6.1; WOW64; Trident/7.0; rv:11.0) like Gecko"
172.81.117.83 - - [21/Apr/2026:08:24:11 +0300] "GET /wp-content/themes/toppic/comments-method.php HTTP/1.1" 403 411 "-" "Mozilla/5.0 (Windows NT 10.0; WOW64) AppleWebKit/537.36 (KHTML, like Gecko) Chrome/67.0.3396.87 Safari/537.36"
37.220.85.54 - - [21/Apr/2026:08:24:12 +0300] "GET /wp-content/themes/toppic/comments-method.php HTTP/1.1" 403 411 "-" "Mozilla/5.0 (Windows NT 10.0; WOW64) AppleWebKit/537.36 (KHTML, like Gecko) Chrome/67.0.3396.87 Safari/537.36"
1.20.254.32 - - [21/Apr/2026:08:24:13 +0300] "GET /wp-admin/network/edit-function.php HTTP/1.1" 403 411 "-" "Mozilla/5.0 (Windows NT 6.1; WOW64; Trident/7.0; rv:11.0) like Gecko"
101.32.127.92 - - [21/Apr/2026:08:24:13 +0300] "GET /wp-content/themes/toppic/comments-method.php HTTP/1.1" 403 411 "-" "Mozilla/5.0 (Windows NT 10.0; WOW64) AppleWebKit/537.36 (KHTML, like Gecko) Chrome/67.0.3396.87 Safari/537.36"
223.165.69.55 - - [21/Apr/2026:08:23:42 +0300] "POST /xmlrpc.php HTTP/1.1" 200 14304 "-" "Mozilla/5.0 (Windows NT 10.0; Win64; x64) AppleWebKit/537.36 (KHTML, like Gecko) Chrome/114.0.0.0 Safari/537.36"
