102.221.34.102 - - [20/Apr/2026:04:49:48 +0300] "POST /xmlrpc.php HTTP/1.1" 500 745 "-" "Mozilla/5.0 (Windows NT 10.0; Win64; x64) AppleWebKit/537.36 (KHTML, like Gecko) Chrome/114.0.0.0 Safari/537.36"
17.246.15.47 - - [20/Apr/2026:04:49:48 +0300] "GET /alternativa-de-bate-papo-por-video-aleatorio-para-45/undefined?ts=1776649788 HTTP/1.1" 500 782 "https://serhatburke.miroglu.net/alternativa-de-bate-papo-por-video-aleatorio-para-45/" "Mozilla/5.0 (Macintosh; Intel Mac OS X 10_15_7) AppleWebKit/605.1.15 (KHTML, like Gecko) Version/17.4 Safari/605.1.15 (Applebot/0.1; +http://www.apple.com/go/applebot)"
185.191.171.8 - - [20/Apr/2026:04:51:05 +0300] "GET /about-me/ HTTP/1.1" 200 0 "-" "Mozilla/5.0 (compatible; SemrushBot/7~bl; +http://www.semrush.com/bot.html)"
17.246.23.231 - - [20/Apr/2026:04:50:11 +0300] "GET /alternativa-de-bate-papo-por-video-aleatorio-para-45/undefined?ts=1776649811 HTTP/1.1" 500 782 "https://serhatburke.miroglu.net/alternativa-de-bate-papo-por-video-aleatorio-para-45/" "Mozilla/5.0 (Macintosh; Intel Mac OS X 10_15_7) AppleWebKit/605.1.15 (KHTML, like Gecko) Version/17.4 Safari/605.1.15 (Applebot/0.1; +http://www.apple.com/go/applebot)"
185.216.113.70 - - [20/Apr/2026:04:52:17 +0300] "POST /wp-cron.php?doing_wp_cron=1776649937.5647749900817871093750 HTTP/1.1" 200 448 "-" "WordPress/6.3.8; https://serhatburke.miroglu.net"
102.221.34.102 - - [20/Apr/2026:04:50:31 +0300] "POST /xmlrpc.php HTTP/1.1" 500 1102 "-" "Mozilla/5.0 (Windows NT 10.0; Win64; x64) AppleWebKit/537.36 (KHTML, like Gecko) Chrome/114.0.0.0 Safari/537.36"
102.221.34.102 - - [20/Apr/2026:04:50:24 +0300] "POST /xmlrpc.php HTTP/1.1" 500 745 "-" "Mozilla/5.0 (Windows NT 10.0; Win64; x64) AppleWebKit/537.36 (KHTML, like Gecko) Chrome/114.0.0.0 Safari/537.36"
17.246.15.41 - - [20/Apr/2026:04:50:34 +0300] "GET /alternativa-de-bate-papo-por-video-aleatorio-para-45/undefined?ts=1776649834 HTTP/1.1" 500 782 "https://serhatburke.miroglu.net/alternativa-de-bate-papo-por-video-aleatorio-para-45/" "Mozilla/5.0 (Macintosh; Intel Mac OS X 10_15_7) AppleWebKit/605.1.15 (KHTML, like Gecko) Version/17.4 Safari/605.1.15 (Applebot/0.1; +http://www.apple.com/go/applebot)"
185.216.113.70 - - [20/Apr/2026:04:52:42 +0300] "POST /wp-cron.php?doing_wp_cron=1776649962.0721280574798583984375 HTTP/1.1" 200 448 "-" "WordPress/6.3.8; https://serhatburke.miroglu.net"
102.221.34.102 - - [20/Apr/2026:04:50:44 +0300] "GET /?p=122540 HTTP/1.1" 500 745 "-" "Mozilla/5.0 (Windows NT 10.0; Win64; x64; rv:124.0) Gecko/20100101 Firefox/124.0"
185.191.171.8 - - [20/Apr/2026:04:51:56 +0300] "GET /about-me/ HTTP/1.1" 200 0 "-" "Mozilla/5.0 (compatible; SemrushBot/7~bl; +http://www.semrush.com/bot.html)"
185.216.113.70 - - [20/Apr/2026:04:52:51 +0300] "POST /wp-cron.php?doing_wp_cron=1776649971.5777308940887451171875 HTTP/1.1" 200 448 "-" "WordPress/6.3.8; https://serhatburke.miroglu.net"
200.25.47.132 - - [20/Apr/2026:04:50:54 +0300] "POST /xmlrpc.php HTTP/1.1" 500 1102 "-" "Mozilla/5.0 (Windows NT 10.0; Win64; x64) AppleWebKit/537.36 (KHTML, like Gecko) Chrome/114.0.0.0 Safari/537.36"
185.216.113.70 - - [20/Apr/2026:04:53:04 +0300] "POST /wp-cron.php?doing_wp_cron=1776649984.2875061035156250000000 HTTP/1.1" 200 448 "-" "WordPress/6.3.8; https://serhatburke.miroglu.net"
17.246.15.220 - - [20/Apr/2026:04:51:07 +0300] "GET /alternativa-de-bate-papo-por-video-aleatorio-para-45/undefined?ts=1776649857 HTTP/1.1" 404 15864 "https://serhatburke.miroglu.net/alternativa-de-bate-papo-por-video-aleatorio-para-45/" "Mozilla/5.0 (Macintosh; Intel Mac OS X 10_15_7) AppleWebKit/605.1.15 (KHTML, like Gecko) Version/17.4 Safari/605.1.15 (Applebot/0.1; +http://www.apple.com/go/applebot)"
185.216.113.70 - - [20/Apr/2026:04:53:11 +0300] "POST /wp-cron.php?doing_wp_cron=1776649991.5552210807800292968750 HTTP/1.1" 200 448 "-" "WordPress/6.3.8; https://serhatburke.miroglu.net"
102.221.34.102 - - [20/Apr/2026:04:51:28 +0300] "POST /xmlrpc.php HTTP/1.1" 500 1102 "-" "Mozilla/5.0 (Windows NT 10.0; Win64; x64) AppleWebKit/537.36 (KHTML, like Gecko) Chrome/114.0.0.0 Safari/537.36"
185.216.113.70 - - [20/Apr/2026:04:53:39 +0300] "POST /wp-cron.php?doing_wp_cron=1776650019.3590829372406005859375 HTTP/1.1" 200 448 "-" "WordPress/6.3.8; https://serhatburke.miroglu.net"
102.221.34.102 - - [20/Apr/2026:04:52:09 +0300] "POST /xmlrpc.php HTTP/1.1" 200 13924 "-" "Mozilla/5.0 (Windows NT 10.0; Win64; x64) AppleWebKit/537.36 (KHTML, like Gecko) Chrome/114.0.0.0 Safari/537.36"
185.216.113.70 - - [20/Apr/2026:04:53:58 +0300] "POST /wp-cron.php?doing_wp_cron=1776650038.3281550407409667968750 HTTP/1.1" 200 448 "-" "WordPress/6.3.8; https://serhatburke.miroglu.net"
102.221.34.102 - - [20/Apr/2026:04:52:24 +0300] "POST /xmlrpc.php HTTP/1.1" 200 861 "-" "Mozilla/5.0 (Windows NT 10.0; Win64; x64) AppleWebKit/537.36 (KHTML, like Gecko) Chrome/114.0.0.0 Safari/537.36"
185.216.113.70 - - [20/Apr/2026:04:54:10 +0300] "POST /wp-cron.php?doing_wp_cron=1776650050.6631050109863281250000 HTTP/1.1" 200 448 "-" "WordPress/6.3.8; https://serhatburke.miroglu.net"
17.246.19.165 - - [20/Apr/2026:04:52:41 +0300] "GET /alternativa-de-bate-papo-por-video-aleatorio-para-45/undefined?ts=1776649857 HTTP/1.1" 404 15864 "https://serhatburke.miroglu.net/alternativa-de-bate-papo-por-video-aleatorio-para-45/" "Mozilla/5.0 (Macintosh; Intel Mac OS X 10_15_7) AppleWebKit/605.1.15 (KHTML, like Gecko) Version/17.4 Safari/605.1.15 (Applebot/0.1; +http://www.apple.com/go/applebot)"
185.216.113.70 - - [20/Apr/2026:04:54:14 +0300] "POST /wp-cron.php?doing_wp_cron=1776650054.6786661148071289062500 HTTP/1.1" 200 448 "-" "WordPress/6.3.8; https://serhatburke.miroglu.net"
17.246.15.229 - - [20/Apr/2026:04:52:43 +0300] "GET /alternativa-de-bate-papo-por-video-aleatorio-para-45/undefined?ts=1776649890 HTTP/1.1" 404 15866 "https://serhatburke.miroglu.net/alternativa-de-bate-papo-por-video-aleatorio-para-45/" "Mozilla/5.0 (Macintosh; Intel Mac OS X 10_15_7) AppleWebKit/605.1.15 (KHTML, like Gecko) Version/17.4 Safari/605.1.15 (Applebot/0.1; +http://www.apple.com/go/applebot)"
185.216.113.70 - - [20/Apr/2026:04:54:24 +0300] "POST /wp-cron.php?doing_wp_cron=1776650064.7930870056152343750000 HTTP/1.1" 200 448 "-" "WordPress/6.3.8; https://serhatburke.miroglu.net"
107.174.141.121 - - [20/Apr/2026:04:52:57 +0300] "GET /28563-2/ HTTP/1.1" 200 18760 "https://serhatburke.miroglu.net/" "Mozilla/5.0 (Macintosh; Intel Mac OS X 10.15; rv:147.0) Gecko/20100101 Firefox/147.0"
107.174.141.121 - - [20/Apr/2026:04:54:30 +0300] "GET /wp-includes/css/dist/block-library/style.min.css?ver=6.3.8 HTTP/1.1" 200 13578 "https://serhatburke.miroglu.net/28563-2/" "Mozilla/5.0 (Windows NT 10.0; Win64; x64) AppleWebKit/537.36 (KHTML, like Gecko) Chrome/145.0.0.0 Safari/537.36"
107.174.141.121 - - [20/Apr/2026:04:54:33 +0300] "GET /wp-content/plugins/contact-form-7/includes/css/styles.css?ver=5.8 HTTP/1.1" 200 1490 "https://serhatburke.miroglu.net/28563-2/" "Mozilla/5.0 (Windows NT 10.0; Win64; x64) AppleWebKit/537.36 (KHTML, like Gecko) Chrome/145.0.0.0 Safari/537.36"
107.174.141.121 - - [20/Apr/2026:04:54:35 +0300] "GET /wp-content/themes/toppic/css/fontello.css?ver=4.2 HTTP/1.1" 200 1802 "https://serhatburke.miroglu.net/28563-2/" "Mozilla/5.0 (Windows NT 10.0; Win64; x64) AppleWebKit/537.36 (KHTML, like Gecko) Chrome/145.0.0.0 Safari/537.36"
107.174.141.121 - - [20/Apr/2026:04:54:37 +0300] "GET /wp-content/themes/toppic/css/reset.css?ver=4.2 HTTP/1.1" 200 1178 "https://serhatburke.miroglu.net/28563-2/" "Mozilla/5.0 (Windows NT 10.0; Win64; x64) AppleWebKit/537.36 (KHTML, like Gecko) Chrome/145.0.0.0 Safari/537.36"
107.174.141.121 - - [20/Apr/2026:04:54:38 +0300] "GET /wp-content/themes/toppic/css/default.css?ver=4.2 HTTP/1.1" 200 1811 "https://serhatburke.miroglu.net/28563-2/" "Mozilla/5.0 (Windows NT 10.0; Win64; x64) AppleWebKit/537.36 (KHTML, like Gecko) Chrome/145.0.0.0 Safari/537.36"
107.174.141.121 - - [20/Apr/2026:04:54:40 +0300] "GET /wp-content/themes/toppic/style.css?ver=4.2 HTTP/1.1" 200 23398 "https://serhatburke.miroglu.net/28563-2/" "Mozilla/5.0 (Windows NT 10.0; Win64; x64) AppleWebKit/537.36 (KHTML, like Gecko) Chrome/145.0.0.0 Safari/537.36"
107.174.141.121 - - [20/Apr/2026:04:54:43 +0300] "GET /wp-content/themes/toppic/css/royalslider.css?ver=4.2 HTTP/1.1" 200 1887 "https://serhatburke.miroglu.net/28563-2/" "Mozilla/5.0 (Windows NT 10.0; Win64; x64) AppleWebKit/537.36 (KHTML, like Gecko) Chrome/145.0.0.0 Safari/537.36"
185.216.113.70 - - [20/Apr/2026:04:54:44 +0300] "POST /wp-cron.php?doing_wp_cron=1776650084.4863519668579101562500 HTTP/1.1" 200 448 "-" "WordPress/6.3.8; https://serhatburke.miroglu.net"
107.174.141.121 - - [20/Apr/2026:04:54:45 +0300] "GET /wp-content/themes/toppic/css/rs-default.css?ver=4.2 HTTP/1.1" 200 2625 "https://serhatburke.miroglu.net/28563-2/" "Mozilla/5.0 (Windows NT 10.0; Win64; x64) AppleWebKit/537.36 (KHTML, like Gecko) Chrome/145.0.0.0 Safari/537.36"
102.221.34.102 - - [20/Apr/2026:04:53:40 +0300] "GET /play-sizzling-hot-luxury-sizzling-hot-fresh-fruit-slot/ HTTP/1.1" 200 75408 "-" "Mozilla/5.0 (Windows NT 10.0; Win64; x64) AppleWebKit/537.36 (KHTML, like Gecko) Chrome/123.0.0.0 Safari/537.36"
107.174.141.121 - - [20/Apr/2026:04:54:46 +0300] "GET /wp-content/themes/toppic/css/lightbox.css?ver=4.2 HTTP/1.1" 200 2956 "https://serhatburke.miroglu.net/28563-2/" "Mozilla/5.0 (Windows NT 10.0; Win64; x64) AppleWebKit/537.36 (KHTML, like Gecko) Chrome/145.0.0.0 Safari/537.36"
107.174.141.121 - - [20/Apr/2026:04:54:49 +0300] "GET /wp-content/themes/toppic/css/woocommerce.css?ver=4.2 HTTP/1.1" 200 2848 "https://serhatburke.miroglu.net/28563-2/" "Mozilla/5.0 (Windows NT 10.0; Win64; x64) AppleWebKit/537.36 (KHTML, like Gecko) Chrome/145.0.0.0 Safari/537.36"
107.174.141.121 - - [20/Apr/2026:04:54:50 +0300] "GET /wp-content/themes/toppic/css/responsive.css?ver=4.2 HTTP/1.1" 200 2796 "https://serhatburke.miroglu.net/28563-2/" "Mozilla/5.0 (Windows NT 10.0; Win64; x64) AppleWebKit/537.36 (KHTML, like Gecko) Chrome/145.0.0.0 Safari/537.36"
107.174.141.121 - - [20/Apr/2026:04:54:52 +0300] "POST /wp-comments-post.php HTTP/1.1" 302 1055 "https://serhatburke.miroglu.net/28563-2/" "Mozilla/5.0 (Macintosh; Intel Mac OS X 10.15; rv:147.0) Gecko/20100101 Firefox/147.0"
185.191.171.12 - - [20/Apr/2026:04:55:07 +0300] "GET /no-title/ HTTP/1.1" 200 21095 "-" "Mozilla/5.0 (compatible; SemrushBot/7~bl; +http://www.semrush.com/bot.html)"
107.174.141.121 - - [20/Apr/2026:04:55:19 +0300] "GET /28563-2/?unapproved=516&moderation-hash=e03b5181f167ea6f6d81fd0c3a5a1a94 HTTP/1.1" 200 19213 "https://serhatburke.miroglu.net/wp-comments-post.php" "Mozilla/5.0 (Macintosh; Intel Mac OS X 10.15; rv:147.0) Gecko/20100101 Firefox/147.0"
185.216.113.70 - - [20/Apr/2026:04:55:46 +0300] "POST /wp-cron.php?doing_wp_cron=1776650146.0547859668731689453125 HTTP/1.1" 200 448 "-" "WordPress/6.3.8; https://serhatburke.miroglu.net"
107.174.141.121 - - [20/Apr/2026:04:55:34 +0300] "GET /28563-2/ HTTP/1.1" 200 18715 "-" "Mozilla/5.0 (compatible; Googlebot/2.1; +http://www.google.com/bot.html)"
185.216.113.70 - - [20/Apr/2026:04:57:03 +0300] "POST /wp-cron.php?doing_wp_cron=1776650223.8040480613708496093750 HTTP/1.1" 200 448 "-" "WordPress/6.3.8; https://serhatburke.miroglu.net"
17.246.15.116 - - [20/Apr/2026:04:56:50 +0300] "GET /alternativa-de-bate-papo-por-video-aleatorio-para-45/undefined?ts=1776650210 HTTP/1.1" 404 15866 "https://serhatburke.miroglu.net/alternativa-de-bate-papo-por-video-aleatorio-para-45/" "Mozilla/5.0 (Macintosh; Intel Mac OS X 10_15_7) AppleWebKit/605.1.15 (KHTML, like Gecko) Version/17.4 Safari/605.1.15 (Applebot/0.1; +http://www.apple.com/go/applebot)"
17.246.15.116 - - [20/Apr/2026:04:57:04 +0300] "GET /alternativa-de-bate-papo-por-video-aleatorio-para-45/undefined?ts=1776650224 HTTP/1.1" 404 15687 "https://serhatburke.miroglu.net/alternativa-de-bate-papo-por-video-aleatorio-para-45/" "Mozilla/5.0 (Macintosh; Intel Mac OS X 10_15_7) AppleWebKit/605.1.15 (KHTML, like Gecko) Version/17.4 Safari/605.1.15 (Applebot/0.1; +http://www.apple.com/go/applebot)"
17.246.15.116 - - [20/Apr/2026:04:57:18 +0300] "GET /alternativa-de-bate-papo-por-video-aleatorio-para-45/undefined?ts=1776650238 HTTP/1.1" 404 15688 "https://serhatburke.miroglu.net/alternativa-de-bate-papo-por-video-aleatorio-para-45/" "Mozilla/5.0 (Macintosh; Intel Mac OS X 10_15_7) AppleWebKit/605.1.15 (KHTML, like Gecko) Version/17.4 Safari/605.1.15 (Applebot/0.1; +http://www.apple.com/go/applebot)"
185.216.113.70 - - [20/Apr/2026:04:57:41 +0300] "POST /wp-cron.php?doing_wp_cron=1776650261.9134550094604492187500 HTTP/1.1" 200 448 "-" "WordPress/6.3.8; https://serhatburke.miroglu.net"
17.246.15.116 - - [20/Apr/2026:04:57:30 +0300] "GET /alternativa-de-bate-papo-por-video-aleatorio-para-45/undefined?ts=1776650250 HTTP/1.1" 404 15688 "https://serhatburke.miroglu.net/alternativa-de-bate-papo-por-video-aleatorio-para-45/" "Mozilla/5.0 (Macintosh; Intel Mac OS X 10_15_7) AppleWebKit/605.1.15 (KHTML, like Gecko) Version/17.4 Safari/605.1.15 (Applebot/0.1; +http://www.apple.com/go/applebot)"
17.246.15.116 - - [20/Apr/2026:04:57:42 +0300] "GET /alternativa-de-bate-papo-por-video-aleatorio-para-45/undefined?ts=1776650262 HTTP/1.1" 404 15699 "https://serhatburke.miroglu.net/alternativa-de-bate-papo-por-video-aleatorio-para-45/" "Mozilla/5.0 (Macintosh; Intel Mac OS X 10_15_7) AppleWebKit/605.1.15 (KHTML, like Gecko) Version/17.4 Safari/605.1.15 (Applebot/0.1; +http://www.apple.com/go/applebot)"
17.246.23.195 - - [20/Apr/2026:04:58:05 +0300] "GET /alternativa-de-bate-papo-por-video-aleatorio-para-45/undefined?ts=1776650285 HTTP/1.1" 404 15866 "https://serhatburke.miroglu.net/alternativa-de-bate-papo-por-video-aleatorio-para-45/" "Mozilla/5.0 (Macintosh; Intel Mac OS X 10_15_7) AppleWebKit/605.1.15 (KHTML, like Gecko) Version/17.4 Safari/605.1.15 (Applebot/0.1; +http://www.apple.com/go/applebot)"
17.246.15.105 - - [20/Apr/2026:04:58:19 +0300] "GET /alternativa-de-bate-papo-por-video-aleatorio-para-45/undefined?ts=1776650299 HTTP/1.1" 404 15867 "https://serhatburke.miroglu.net/alternativa-de-bate-papo-por-video-aleatorio-para-45/" "Mozilla/5.0 (Macintosh; Intel Mac OS X 10_15_7) AppleWebKit/605.1.15 (KHTML, like Gecko) Version/17.4 Safari/605.1.15 (Applebot/0.1; +http://www.apple.com/go/applebot)"
185.216.113.70 - - [20/Apr/2026:04:58:46 +0300] "POST /wp-cron.php?doing_wp_cron=1776650326.0484390258789062500000 HTTP/1.1" 200 448 "-" "WordPress/6.3.8; https://serhatburke.miroglu.net"
17.246.19.145 - - [20/Apr/2026:04:58:33 +0300] "GET /alternativa-de-bate-papo-por-video-aleatorio-para-45/undefined?ts=1776650312 HTTP/1.1" 404 15866 "https://serhatburke.miroglu.net/alternativa-de-bate-papo-por-video-aleatorio-para-45/" "Mozilla/5.0 (Macintosh; Intel Mac OS X 10_15_7) AppleWebKit/605.1.15 (KHTML, like Gecko) Version/17.4 Safari/605.1.15 (Applebot/0.1; +http://www.apple.com/go/applebot)"
17.246.19.13 - - [20/Apr/2026:04:59:05 +0300] "GET /alternativa-de-bate-papo-por-video-aleatorio-para-45/undefined?ts=1776650345 HTTP/1.1" 404 15865 "https://serhatburke.miroglu.net/alternativa-de-bate-papo-por-video-aleatorio-para-45/" "Mozilla/5.0 (Macintosh; Intel Mac OS X 10_15_7) AppleWebKit/605.1.15 (KHTML, like Gecko) Version/17.4 Safari/605.1.15 (Applebot/0.1; +http://www.apple.com/go/applebot)"
17.246.19.13 - - [20/Apr/2026:04:59:19 +0300] "GET /alternativa-de-bate-papo-por-video-aleatorio-para-45/undefined?ts=1776650359 HTTP/1.1" 404 15687 "https://serhatburke.miroglu.net/alternativa-de-bate-papo-por-video-aleatorio-para-45/" "Mozilla/5.0 (Macintosh; Intel Mac OS X 10_15_7) AppleWebKit/605.1.15 (KHTML, like Gecko) Version/17.4 Safari/605.1.15 (Applebot/0.1; +http://www.apple.com/go/applebot)"
185.216.113.70 - - [20/Apr/2026:04:59:40 +0300] "POST /wp-cron.php?doing_wp_cron=1776650380.6733019351959228515625 HTTP/1.1" 200 448 "-" "WordPress/6.3.8; https://serhatburke.miroglu.net"
107.174.141.121 - - [20/Apr/2026:04:59:27 +0300] "GET /28563-2/ HTTP/1.1" 200 18715 "-" "Mozilla/5.0 (compatible; Googlebot/2.1; +http://www.google.com/bot.html)"
17.246.19.13 - - [20/Apr/2026:04:59:33 +0300] "GET /alternativa-de-bate-papo-por-video-aleatorio-para-45/undefined?ts=1776650373 HTTP/1.1" 404 15691 "https://serhatburke.miroglu.net/alternativa-de-bate-papo-por-video-aleatorio-para-45/" "Mozilla/5.0 (Macintosh; Intel Mac OS X 10_15_7) AppleWebKit/605.1.15 (KHTML, like Gecko) Version/17.4 Safari/605.1.15 (Applebot/0.1; +http://www.apple.com/go/applebot)"
17.246.19.13 - - [20/Apr/2026:04:59:48 +0300] "GET /alternativa-de-bate-papo-por-video-aleatorio-para-45/undefined?ts=1776650388 HTTP/1.1" 404 15689 "https://serhatburke.miroglu.net/alternativa-de-bate-papo-por-video-aleatorio-para-45/" "Mozilla/5.0 (Macintosh; Intel Mac OS X 10_15_7) AppleWebKit/605.1.15 (KHTML, like Gecko) Version/17.4 Safari/605.1.15 (Applebot/0.1; +http://www.apple.com/go/applebot)"
17.246.23.214 - - [20/Apr/2026:05:00:11 +0300] "GET /alternativa-de-bate-papo-por-video-aleatorio-para-45/undefined?ts=1776650410 HTTP/1.1" 404 15866 "https://serhatburke.miroglu.net/alternativa-de-bate-papo-por-video-aleatorio-para-45/" "Mozilla/5.0 (Macintosh; Intel Mac OS X 10_15_7) AppleWebKit/605.1.15 (KHTML, like Gecko) Version/17.4 Safari/605.1.15 (Applebot/0.1; +http://www.apple.com/go/applebot)"
185.216.113.70 - - [20/Apr/2026:05:00:59 +0300] "POST /wp-cron.php?doing_wp_cron=1776650458.7957909107208251953125 HTTP/1.1" 200 448 "-" "WordPress/6.3.8; https://serhatburke.miroglu.net"
17.246.15.155 - - [20/Apr/2026:05:00:44 +0300] "GET /alternativa-de-bate-papo-por-video-aleatorio-para-45/undefined?ts=1776650434 HTTP/1.1" 404 15865 "https://serhatburke.miroglu.net/alternativa-de-bate-papo-por-video-aleatorio-para-45/" "Mozilla/5.0 (Macintosh; Intel Mac OS X 10_15_7) AppleWebKit/605.1.15 (KHTML, like Gecko) Version/17.4 Safari/605.1.15 (Applebot/0.1; +http://www.apple.com/go/applebot)"
185.216.113.70 - - [20/Apr/2026:05:02:15 +0300] "POST /wp-cron.php?doing_wp_cron=1776650535.4409940242767333984375 HTTP/1.1" 200 448 "-" "WordPress/6.3.8; https://serhatburke.miroglu.net"
200.25.47.132 - - [20/Apr/2026:05:01:59 +0300] "POST /xmlrpc.php HTTP/1.1" 200 630 "-" "Mozilla/5.0 (Windows NT 10.0; Win64; x64) AppleWebKit/537.36 (KHTML, like Gecko) Chrome/114.0.0.0 Safari/537.36"
200.25.47.132 - - [20/Apr/2026:05:02:22 +0300] "POST /xmlrpc.php HTTP/1.1" 200 11945 "-" "Mozilla/5.0 (Windows NT 10.0; Win64; x64) AppleWebKit/537.36 (KHTML, like Gecko) Chrome/114.0.0.0 Safari/537.36"
185.216.113.70 - - [20/Apr/2026:05:02:49 +0300] "POST /wp-cron.php?doing_wp_cron=1776650569.4275729656219482421875 HTTP/1.1" 200 448 "-" "WordPress/6.3.8; https://serhatburke.miroglu.net"
200.25.47.132 - - [20/Apr/2026:05:02:36 +0300] "GET /cryptowild-local-casino-review-150-to-1-btc-150-free-spins/ HTTP/1.1" 200 72961 "-" "Mozilla/5.0 (Windows NT 10.0; Win64; x64) AppleWebKit/537.36 (KHTML, like Gecko) Chrome/109.0.0.0 Safari/537.36"
185.216.113.70 - - [20/Apr/2026:05:08:59 +0300] "POST /wp-cron.php?doing_wp_cron=1776650939.5506711006164550781250 HTTP/1.1" 200 448 "-" "WordPress/6.3.8; https://serhatburke.miroglu.net"
185.191.171.8 - - [20/Apr/2026:05:08:38 +0300] "GET /a-knowledgeable-casinos-ice-casino-promo-code-existing-customers-no-deposit-that-have-40-no-deposit-free-revolves-2026/ HTTP/1.1" 200 20817 "-" "Mozilla/5.0 (compatible; SemrushBot/7~bl; +http://www.semrush.com/bot.html)"
185.216.113.70 - - [20/Apr/2026:05:11:54 +0300] "POST /wp-cron.php?doing_wp_cron=1776651114.3966419696807861328125 HTTP/1.1" 200 448 "-" "WordPress/6.3.8; https://serhatburke.miroglu.net"
200.25.47.132 - - [20/Apr/2026:05:11:40 +0300] "POST /xmlrpc.php HTTP/1.1" 200 630 "-" "Mozilla/5.0 (Windows NT 10.0; Win64; x64) AppleWebKit/537.36 (KHTML, like Gecko) Chrome/114.0.0.0 Safari/537.36"
200.25.47.132 - - [20/Apr/2026:05:12:01 +0300] "POST /xmlrpc.php HTTP/1.1" 200 11552 "-" "Mozilla/5.0 (Windows NT 10.0; Win64; x64) AppleWebKit/537.36 (KHTML, like Gecko) Chrome/114.0.0.0 Safari/537.36"
200.25.47.132 - - [20/Apr/2026:05:12:15 +0300] "GET /best-on-line-casino-bonuses-in-the-usa-inside-february-2026/ HTTP/1.1" 200 72428 "-" "Mozilla/5.0 (Windows NT 10.0; Win64; x64) AppleWebKit/537.36 (KHTML, like Gecko) Chrome/124.0.0.0 Safari/537.36"
185.216.113.70 - - [20/Apr/2026:05:14:25 +0300] "POST /wp-cron.php?doing_wp_cron=1776651265.3501629829406738281250 HTTP/1.1" 200 448 "-" "WordPress/6.3.8; https://serhatburke.miroglu.net"
102.221.34.102 - - [20/Apr/2026:05:14:11 +0300] "POST /xmlrpc.php HTTP/1.1" 200 630 "-" "Mozilla/5.0 (Windows NT 10.0; Win64; x64) AppleWebKit/537.36 (KHTML, like Gecko) Chrome/114.0.0.0 Safari/537.36"
102.221.34.102 - - [20/Apr/2026:05:14:31 +0300] "POST /xmlrpc.php HTTP/1.1" 200 14756 "-" "Mozilla/5.0 (Windows NT 10.0; Win64; x64) AppleWebKit/537.36 (KHTML, like Gecko) Chrome/114.0.0.0 Safari/537.36"
185.216.113.70 - - [20/Apr/2026:05:14:57 +0300] "POST /wp-cron.php?doing_wp_cron=1776651297.4773910045623779296875 HTTP/1.1" 200 448 "-" "WordPress/6.3.8; https://serhatburke.miroglu.net"
102.221.34.102 - - [20/Apr/2026:05:14:45 +0300] "GET /miracle-stone-trial-gamble-free-slot-on-the-web/ HTTP/1.1" 200 75307 "-" "Mozilla/5.0 (Windows NT 10.0; Win64; x64) AppleWebKit/537.36 (KHTML, like Gecko) Chrome/122.0.0.0 Safari/537.36"
85.208.96.205 - - [20/Apr/2026:05:14:49 +0300] "GET /portfolio/pergasur-selalesi/ HTTP/1.1" 200 18628 "-" "Mozilla/5.0 (compatible; SemrushBot/7~bl; +http://www.semrush.com/bot.html)"
185.191.171.16 - - [20/Apr/2026:05:15:07 +0300] "GET /top-nuevos-casinos-en-linea-chile-2026-quince-las-superiores-juegos-sobre-papel-rpg/ HTTP/1.1" 200 24027 "-" "Mozilla/5.0 (compatible; SemrushBot/7~bl; +http://www.semrush.com/bot.html)"
200.25.47.132 - - [20/Apr/2026:05:15:22 +0300] "POST /xmlrpc.php HTTP/1.1" 200 630 "-" "Mozilla/5.0 (Windows NT 10.0; Win64; x64) AppleWebKit/537.36 (KHTML, like Gecko) Chrome/114.0.0.0 Safari/537.36"
185.216.113.70 - - [20/Apr/2026:05:15:53 +0300] "POST /wp-cron.php?doing_wp_cron=1776651352.9001109600067138671875 HTTP/1.1" 200 448 "-" "WordPress/6.3.8; https://serhatburke.miroglu.net"
200.25.47.132 - - [20/Apr/2026:05:15:41 +0300] "POST /xmlrpc.php HTTP/1.1" 200 10749 "-" "Mozilla/5.0 (Windows NT 10.0; Win64; x64) AppleWebKit/537.36 (KHTML, like Gecko) Chrome/114.0.0.0 Safari/537.36"
200.25.47.132 - - [20/Apr/2026:05:15:54 +0300] "GET /dr-choice-analysis-realize-customer-support-analysis-of-dr-wager/ HTTP/1.1" 200 71737 "-" "Mozilla/5.0 (Windows NT 10.0; rv:125.0) Gecko/20100101 Firefox/125.0"
207.46.13.54 - - [20/Apr/2026:05:16:23 +0300] "GET /post-sitemap9.xml HTTP/2" 200 124278 "-" "Mozilla/5.0 AppleWebKit/537.36 (KHTML, like Gecko; compatible; bingbot/2.0; +http://www.bing.com/bingbot.htm) Chrome/116.0.1938.76 Safari/537.36"
185.216.113.70 - - [20/Apr/2026:05:19:16 +0300] "POST /wp-cron.php?doing_wp_cron=1776651556.3721790313720703125000 HTTP/1.1" 200 448 "-" "WordPress/6.3.8; https://serhatburke.miroglu.net"
85.208.115.230 - - [20/Apr/2026:05:19:02 +0300] "GET /28563-2/ HTTP/1.1" 200 18715 "-" "Mozilla/5.0 (compatible; Googlebot/2.1; +http://www.google.com/bot.html)"
185.191.171.5 - - [20/Apr/2026:05:19:12 +0300] "GET /robots.txt HTTP/1.1" 200 605 "-" "Mozilla/5.0 (compatible; SemrushBot/7~bl; +http://www.semrush.com/bot.html)"
185.191.171.8 - - [20/Apr/2026:05:19:26 +0300] "GET /numeros-mas-frecuentes-de-la-ruleta/ HTTP/1.1" 200 19451 "-" "Mozilla/5.0 (compatible; SemrushBot/7~bl; +http://www.semrush.com/bot.html)"
185.216.113.70 - - [20/Apr/2026:05:20:21 +0300] "POST /wp-cron.php?doing_wp_cron=1776651621.7722690105438232421875 HTTP/1.1" 200 448 "-" "WordPress/6.3.8; https://serhatburke.miroglu.net"
102.221.34.102 - - [20/Apr/2026:05:20:10 +0300] "POST /xmlrpc.php HTTP/1.1" 200 630 "-" "Mozilla/5.0 (Windows NT 10.0; Win64; x64) AppleWebKit/537.36 (KHTML, like Gecko) Chrome/114.0.0.0 Safari/537.36"
200.25.47.132 - - [20/Apr/2026:05:20:27 +0300] "POST /xmlrpc.php HTTP/1.1" 200 630 "-" "Mozilla/5.0 (Windows NT 10.0; Win64; x64) AppleWebKit/537.36 (KHTML, like Gecko) Chrome/114.0.0.0 Safari/537.36"
102.221.34.102 - - [20/Apr/2026:05:20:28 +0300] "POST /xmlrpc.php HTTP/1.1" 200 13475 "-" "Mozilla/5.0 (Windows NT 10.0; Win64; x64) AppleWebKit/537.36 (KHTML, like Gecko) Chrome/114.0.0.0 Safari/537.36"
185.216.113.70 - - [20/Apr/2026:05:20:58 +0300] "POST /wp-cron.php?doing_wp_cron=1776651658.1325829029083251953125 HTTP/1.1" 200 448 "-" "WordPress/6.3.8; https://serhatburke.miroglu.net"
200.25.47.132 - - [20/Apr/2026:05:20:49 +0300] "POST /xmlrpc.php HTTP/1.1" 200 11398 "-" "Mozilla/5.0 (Windows NT 10.0; Win64; x64) AppleWebKit/537.36 (KHTML, like Gecko) Chrome/114.0.0.0 Safari/537.36"
102.221.34.102 - - [20/Apr/2026:05:20:45 +0300] "GET /gamble-miracle-brick-slot-machine-game-on-line-during-the-super-gambling-enterprise/ HTTP/1.1" 200 75169 "-" "Mozilla/5.0 (Windows NT 10.0; Win64; x64) AppleWebKit/537.36 (KHTML, like Gecko) Chrome/122.0.0.0 Safari/537.36"
200.25.47.132 - - [20/Apr/2026:05:21:04 +0300] "GET /dux-local-casino-check-in-account-easily/ HTTP/1.1" 200 71875 "-" "Mozilla/5.0 (Windows NT 10.0; Win64; x64; rv:125.0) Gecko/20100101 Firefox/125.0"
185.216.113.70 - - [20/Apr/2026:05:24:50 +0300] "POST /wp-cron.php?doing_wp_cron=1776651889.9361169338226318359375 HTTP/1.1" 200 448 "-" "WordPress/6.3.8; https://serhatburke.miroglu.net"
102.221.34.102 - - [20/Apr/2026:05:24:36 +0300] "POST /xmlrpc.php HTTP/1.1" 200 630 "-" "Mozilla/5.0 (Windows NT 10.0; Win64; x64) AppleWebKit/537.36 (KHTML, like Gecko) Chrome/114.0.0.0 Safari/537.36"
102.221.34.102 - - [20/Apr/2026:05:24:56 +0300] "POST /xmlrpc.php HTTP/1.1" 200 12131 "-" "Mozilla/5.0 (Windows NT 10.0; Win64; x64) AppleWebKit/537.36 (KHTML, like Gecko) Chrome/114.0.0.0 Safari/537.36"
102.221.34.102 - - [20/Apr/2026:05:25:10 +0300] "GET /jack-and-also-the-beanstalk-totally-free-slot-gamble-netents-jack-plus-the-beanstalk-100percent-free/ HTTP/1.1" 200 74064 "-" "Mozilla/5.0 (Windows NT 10.0; rv:125.0) Gecko/20100101 Firefox/125.0"
200.25.47.132 - - [20/Apr/2026:05:25:12 +0300] "POST /xmlrpc.php HTTP/1.1" 200 630 "-" "Mozilla/5.0 (Windows NT 10.0; Win64; x64) AppleWebKit/537.36 (KHTML, like Gecko) Chrome/114.0.0.0 Safari/537.36"
185.216.113.70 - - [20/Apr/2026:05:25:50 +0300] "POST /wp-cron.php?doing_wp_cron=1776651950.1037850379943847656250 HTTP/1.1" 200 448 "-" "WordPress/6.3.8; https://serhatburke.miroglu.net"
200.25.47.132 - - [20/Apr/2026:05:25:37 +0300] "POST /xmlrpc.php HTTP/1.1" 200 11337 "-" "Mozilla/5.0 (Windows NT 10.0; Win64; x64) AppleWebKit/537.36 (KHTML, like Gecko) Chrome/114.0.0.0 Safari/537.36"
200.25.47.132 - - [20/Apr/2026:05:25:51 +0300] "GET /sign-up-rating-a-1100-invited-provide/ HTTP/1.1" 200 72031 "-" "Mozilla/5.0 (Windows NT 10.0; Win64; x64) AppleWebKit/537.36 (KHTML, like Gecko) Chrome/124.0.0.0 Safari/537.36"
185.216.113.70 - - [20/Apr/2026:05:27:08 +0300] "POST /wp-cron.php?doing_wp_cron=1776652027.9567749500274658203125 HTTP/1.1" 200 448 "-" "WordPress/6.3.8; https://serhatburke.miroglu.net"
185.191.171.19 - - [20/Apr/2026:05:26:55 +0300] "GET /finest-gambling-establishment-programs-in-order-to-win-a-real-income-book-of-ra-slot-online-march-2026/ HTTP/1.1" 200 22073 "-" "Mozilla/5.0 (compatible; SemrushBot/7~bl; +http://www.semrush.com/bot.html)"
185.216.113.70 - - [20/Apr/2026:05:29:08 +0300] "POST /wp-cron.php?doing_wp_cron=1776652148.1986970901489257812500 HTTP/1.1" 200 448 "-" "WordPress/6.3.8; https://serhatburke.miroglu.net"
102.221.34.102 - - [20/Apr/2026:05:28:53 +0300] "POST /xmlrpc.php HTTP/1.1" 200 630 "-" "Mozilla/5.0 (Windows NT 10.0; Win64; x64) AppleWebKit/537.36 (KHTML, like Gecko) Chrome/114.0.0.0 Safari/537.36"
102.221.34.102 - - [20/Apr/2026:05:29:14 +0300] "POST /xmlrpc.php HTTP/1.1" 200 12183 "-" "Mozilla/5.0 (Windows NT 10.0; Win64; x64) AppleWebKit/537.36 (KHTML, like Gecko) Chrome/114.0.0.0 Safari/537.36"
185.216.113.70 - - [20/Apr/2026:05:29:40 +0300] "POST /wp-cron.php?doing_wp_cron=1776652180.2268760204315185546875 HTTP/1.1" 200 448 "-" "WordPress/6.3.8; https://serhatburke.miroglu.net"
102.221.34.102 - - [20/Apr/2026:05:29:28 +0300] "GET /hot-luxury/ HTTP/1.1" 200 71759 "-" "Mozilla/5.0 (Windows NT 10.0; Win64; x64) AppleWebKit/537.36 (KHTML, like Gecko) Chrome/124.0.0.0 Safari/537.36"
200.25.47.132 - - [20/Apr/2026:05:30:09 +0300] "POST /xmlrpc.php HTTP/1.1" 200 630 "-" "Mozilla/5.0 (Windows NT 10.0; Win64; x64) AppleWebKit/537.36 (KHTML, like Gecko) Chrome/114.0.0.0 Safari/537.36"
185.216.113.70 - - [20/Apr/2026:05:30:43 +0300] "POST /wp-cron.php?doing_wp_cron=1776652243.4553461074829101562500 HTTP/1.1" 200 448 "-" "WordPress/6.3.8; https://serhatburke.miroglu.net"
200.25.47.132 - - [20/Apr/2026:05:30:29 +0300] "POST /xmlrpc.php HTTP/1.1" 200 11907 "-" "Mozilla/5.0 (Windows NT 10.0; Win64; x64) AppleWebKit/537.36 (KHTML, like Gecko) Chrome/114.0.0.0 Safari/537.36"
200.25.47.132 - - [20/Apr/2026:05:30:44 +0300] "GET /genius-of-opportunity-self-help-guide-to-online-casinos-gambling-games/ HTTP/1.1" 200 73199 "-" "Mozilla/5.0 (Windows NT 10.0; Win64; x64) AppleWebKit/537.36 (KHTML, like Gecko) Chrome/122.0.0.0 Safari/537.36"
185.216.113.70 - - [20/Apr/2026:05:33:15 +0300] "POST /wp-cron.php?doing_wp_cron=1776652395.6365458965301513671875 HTTP/1.1" 200 448 "-" "WordPress/6.3.8; https://serhatburke.miroglu.net"
102.221.34.102 - - [20/Apr/2026:05:33:08 +0300] "POST /xmlrpc.php HTTP/1.1" 200 630 "-" "Mozilla/5.0 (Windows NT 10.0; Win64; x64) AppleWebKit/537.36 (KHTML, like Gecko) Chrome/114.0.0.0 Safari/537.36"
40.77.167.154 - - [20/Apr/2026:05:33:03 +0300] "GET /post-sitemap58.xml HTTP/2" 200 31206 "-" "Mozilla/5.0 AppleWebKit/537.36 (KHTML, like Gecko; compatible; bingbot/2.0; +http://www.bing.com/bingbot.htm) Chrome/116.0.1938.76 Safari/537.36"
102.221.34.102 - - [20/Apr/2026:05:33:27 +0300] "POST /xmlrpc.php HTTP/1.1" 200 12316 "-" "Mozilla/5.0 (Windows NT 10.0; Win64; x64) AppleWebKit/537.36 (KHTML, like Gecko) Chrome/114.0.0.0 Safari/537.36"
185.216.113.70 - - [20/Apr/2026:05:34:04 +0300] "POST /wp-cron.php?doing_wp_cron=1776652444.1835100650787353515625 HTTP/1.1" 200 448 "-" "WordPress/6.3.8; https://serhatburke.miroglu.net"
102.221.34.102 - - [20/Apr/2026:05:33:49 +0300] "GET /ports-pharaohs-money-comment-a-bad-u-eshop/ HTTP/1.1" 200 72872 "-" "Mozilla/5.0 (Windows NT 10.0; Win64; x64) AppleWebKit/537.36 (KHTML, like Gecko) Chrome/124.0.0.0 Safari/537.36 Edg/124.0.0.0"
139.59.164.118 - - [20/Apr/2026:05:33:56 +0300] "POST /xmlrpc.php HTTP/2" 200 181 "-" "-"
139.59.164.118 - - [20/Apr/2026:05:34:12 +0300] "POST /xmlrpc.php HTTP/2" 200 396 "-" "-"
185.216.113.70 - - [20/Apr/2026:05:35:00 +0300] "POST /wp-cron.php?doing_wp_cron=1776652500.2922410964965820312500 HTTP/1.1" 200 448 "-" "WordPress/6.3.8; https://serhatburke.miroglu.net"
200.25.47.132 - - [20/Apr/2026:05:34:44 +0300] "POST /xmlrpc.php HTTP/1.1" 200 630 "-" "Mozilla/5.0 (Windows NT 10.0; Win64; x64) AppleWebKit/537.36 (KHTML, like Gecko) Chrome/114.0.0.0 Safari/537.36"
200.25.47.132 - - [20/Apr/2026:05:35:07 +0300] "POST /xmlrpc.php HTTP/1.1" 200 11636 "-" "Mozilla/5.0 (Windows NT 10.0; Win64; x64) AppleWebKit/537.36 (KHTML, like Gecko) Chrome/114.0.0.0 Safari/537.36"
200.25.47.132 - - [20/Apr/2026:05:35:25 +0300] "GET /fifty-dragons-pokie-play-for-totally-free-comprehend-opinion/ HTTP/1.1" 200 72455 "-" "Mozilla/5.0 (Windows NT 10.0; rv:109.0) Gecko/20100101 Firefox/115.0"
185.216.113.70 - - [20/Apr/2026:05:37:25 +0300] "POST /wp-cron.php?doing_wp_cron=1776652645.1428999900817871093750 HTTP/1.1" 200 448 "-" "WordPress/6.3.8; https://serhatburke.miroglu.net"
110.138.84.54 - - [20/Apr/2026:05:37:11 +0300] "POST /xmlrpc.php HTTP/2" 200 107 "-" "Mozilla/5.0 (Windows NT 10.0; Win64; x64) AppleWebKit/537.36 (KHTML, like Gecko) Chrome/123.0.0.0 Safari/537.36"
185.216.113.70 - - [20/Apr/2026:05:37:59 +0300] "POST /wp-cron.php?doing_wp_cron=1776652678.9668390750885009765625 HTTP/1.1" 200 448 "-" "WordPress/6.3.8; https://serhatburke.miroglu.net"
102.221.34.102 - - [20/Apr/2026:05:37:47 +0300] "POST /xmlrpc.php HTTP/1.1" 200 630 "-" "Mozilla/5.0 (Windows NT 10.0; Win64; x64) AppleWebKit/537.36 (KHTML, like Gecko) Chrome/114.0.0.0 Safari/537.36"
102.221.34.102 - - [20/Apr/2026:05:38:05 +0300] "POST /xmlrpc.php HTTP/1.1" 200 14519 "-" "Mozilla/5.0 (Windows NT 10.0; Win64; x64) AppleWebKit/537.36 (KHTML, like Gecko) Chrome/114.0.0.0 Safari/537.36"
102.221.34.102 - - [20/Apr/2026:05:38:19 +0300] "GET /thunderstruck-ii-slot-games-trial-play-totally-free-spins/ HTTP/1.1" 200 75370 "-" "Mozilla/5.0 (Windows NT 10.0; Win64; x64) AppleWebKit/537.36 (KHTML, like Gecko) Chrome/122.0.0.0 Safari/537.36"
185.216.113.70 - - [20/Apr/2026:05:39:30 +0300] "POST /wp-cron.php?doing_wp_cron=1776652770.1985740661621093750000 HTTP/1.1" 200 448 "-" "WordPress/6.3.8; https://serhatburke.miroglu.net"
200.25.47.132 - - [20/Apr/2026:05:39:17 +0300] "POST /xmlrpc.php HTTP/1.1" 200 630 "-" "Mozilla/5.0 (Windows NT 10.0; Win64; x64) AppleWebKit/537.36 (KHTML, like Gecko) Chrome/114.0.0.0 Safari/537.36"
200.25.47.132 - - [20/Apr/2026:05:39:37 +0300] "POST /xmlrpc.php HTTP/1.1" 200 11418 "-" "Mozilla/5.0 (Windows NT 10.0; Win64; x64) AppleWebKit/537.36 (KHTML, like Gecko) Chrome/114.0.0.0 Safari/537.36"
200.25.47.132 - - [20/Apr/2026:05:39:52 +0300] "GET /online-casino-games-2026/ HTTP/1.1" 200 71674 "-" "Mozilla/5.0 (Windows NT 10.0; Win64; x64; rv:125.0) Gecko/20100101 Firefox/125.0"
52.167.144.172 - - [20/Apr/2026:05:39:57 +0300] "GET /post-sitemap57.xml HTTP/2" 200 74663 "-" "Mozilla/5.0 AppleWebKit/537.36 (KHTML, like Gecko; compatible; bingbot/2.0; +http://www.bing.com/bingbot.htm) Chrome/116.0.1938.76 Safari/537.36"
185.216.113.70 - - [20/Apr/2026:05:43:18 +0300] "POST /wp-cron.php?doing_wp_cron=1776652998.0864191055297851562500 HTTP/1.1" 200 448 "-" "WordPress/6.3.8; https://serhatburke.miroglu.net"
102.221.34.102 - - [20/Apr/2026:05:43:03 +0300] "POST /xmlrpc.php HTTP/1.1" 200 630 "-" "Mozilla/5.0 (Windows NT 10.0; Win64; x64) AppleWebKit/537.36 (KHTML, like Gecko) Chrome/114.0.0.0 Safari/537.36"
102.221.34.102 - - [20/Apr/2026:05:43:24 +0300] "POST /xmlrpc.php HTTP/1.1" 200 14733 "-" "Mozilla/5.0 (Windows NT 10.0; Win64; x64) AppleWebKit/537.36 (KHTML, like Gecko) Chrome/114.0.0.0 Safari/537.36"
185.216.113.70 - - [20/Apr/2026:05:43:51 +0300] "POST /wp-cron.php?doing_wp_cron=1776653031.2673530578613281250000 HTTP/1.1" 200 448 "-" "WordPress/6.3.8; https://serhatburke.miroglu.net"
200.25.47.132 - - [20/Apr/2026:05:43:42 +0300] "POST /xmlrpc.php HTTP/1.1" 200 630 "-" "Mozilla/5.0 (Windows NT 10.0; Win64; x64) AppleWebKit/537.36 (KHTML, like Gecko) Chrome/114.0.0.0 Safari/537.36"
102.221.34.102 - - [20/Apr/2026:05:43:38 +0300] "GET /zeus-free-casino-slot-games-on-the-web-enjoy-online-game-enjoyment-%E1%90%88-novomatic/ HTTP/1.1" 200 76208 "-" "Mozilla/5.0 (Windows NT 10.0; Win64; x64) AppleWebKit/537.36 (KHTML, like Gecko) Chrome/123.0.0.0 Safari/537.36 OPR/109.0.0.0"
200.25.47.132 - - [20/Apr/2026:05:44:01 +0300] "POST /xmlrpc.php HTTP/1.1" 200 11211 "-" "Mozilla/5.0 (Windows NT 10.0; Win64; x64) AppleWebKit/537.36 (KHTML, like Gecko) Chrome/114.0.0.0 Safari/537.36"
200.25.47.132 - - [20/Apr/2026:05:44:16 +0300] "GET /zodiac-chance-demo-gamble-100-percent-free-casino-online-game/ HTTP/1.1" 200 72345 "-" "Mozilla/5.0 (Windows NT 10.0; Win64; x64) AppleWebKit/537.36 (KHTML, like Gecko) Chrome/122.0.0.0 Safari/537.36"
185.216.113.70 - - [20/Apr/2026:05:47:55 +0300] "POST /wp-cron.php?doing_wp_cron=1776653275.8111960887908935546875 HTTP/1.1" 200 448 "-" "WordPress/6.3.8; https://serhatburke.miroglu.net"
102.221.34.102 - - [20/Apr/2026:05:47:42 +0300] "POST /xmlrpc.php HTTP/1.1" 200 630 "-" "Mozilla/5.0 (Windows NT 10.0; Win64; x64) AppleWebKit/537.36 (KHTML, like Gecko) Chrome/114.0.0.0 Safari/537.36"
102.221.34.102 - - [20/Apr/2026:05:48:02 +0300] "POST /xmlrpc.php HTTP/1.1" 200 14696 "-" "Mozilla/5.0 (Windows NT 10.0; Win64; x64) AppleWebKit/537.36 (KHTML, like Gecko) Chrome/114.0.0.0 Safari/537.36"
200.25.47.132 - - [20/Apr/2026:05:48:15 +0300] "POST /xmlrpc.php HTTP/1.1" 200 630 "-" "Mozilla/5.0 (Windows NT 10.0; Win64; x64) AppleWebKit/537.36 (KHTML, like Gecko) Chrome/114.0.0.0 Safari/537.36"
102.221.34.102 - - [20/Apr/2026:05:48:16 +0300] "GET /better-100-percent-free-spins-no-deposit-bonuses-winnings-real-money/ HTTP/1.1" 200 75772 "-" "Mozilla/5.0 (Windows NT 10.0; Win64; x64) AppleWebKit/537.36 (KHTML, like Gecko) Chrome/123.0.0.0 Safari/537.36 OPR/109.0.0.0"
185.216.113.70 - - [20/Apr/2026:05:48:49 +0300] "POST /wp-cron.php?doing_wp_cron=1776653329.0529139041900634765625 HTTP/1.1" 200 448 "-" "WordPress/6.3.8; https://serhatburke.miroglu.net"
200.25.47.132 - - [20/Apr/2026:05:48:35 +0300] "POST /xmlrpc.php HTTP/1.1" 200 11462 "-" "Mozilla/5.0 (Windows NT 10.0; Win64; x64) AppleWebKit/537.36 (KHTML, like Gecko) Chrome/114.0.0.0 Safari/537.36"
200.25.47.132 - - [20/Apr/2026:05:48:50 +0300] "GET /lucky-trunk-local-casino-a-hundred-as-much-as-200-deposit-extra/ HTTP/1.1" 200 72520 "-" "Mozilla/5.0 (Windows NT 10.0; Win64; x64; rv:124.0) Gecko/20100101 Firefox/124.0"
185.216.113.70 - - [20/Apr/2026:05:52:58 +0300] "POST /wp-cron.php?doing_wp_cron=1776653578.7809000015258789062500 HTTP/1.1" 200 448 "-" "WordPress/6.3.8; https://serhatburke.miroglu.net"
200.25.47.132 - - [20/Apr/2026:05:52:44 +0300] "POST /xmlrpc.php HTTP/1.1" 200 630 "-" "Mozilla/5.0 (Windows NT 10.0; Win64; x64) AppleWebKit/537.36 (KHTML, like Gecko) Chrome/114.0.0.0 Safari/537.36"
85.208.96.201 - - [20/Apr/2026:05:52:52 +0300] "GET /slots-cardio-secure-internet-casino-from-las-vegas-gambling-establishment-apps-on-google-enjoy/ HTTP/1.1" 200 22164 "-" "Mozilla/5.0 (compatible; SemrushBot/7~bl; +http://www.semrush.com/bot.html)"
102.221.34.102 - - [20/Apr/2026:05:52:58 +0300] "POST /xmlrpc.php HTTP/1.1" 200 630 "-" "Mozilla/5.0 (Windows NT 10.0; Win64; x64) AppleWebKit/537.36 (KHTML, like Gecko) Chrome/114.0.0.0 Safari/537.36"
200.25.47.132 - - [20/Apr/2026:05:53:05 +0300] "POST /xmlrpc.php HTTP/1.1" 200 11957 "-" "Mozilla/5.0 (Windows NT 10.0; Win64; x64) AppleWebKit/537.36 (KHTML, like Gecko) Chrome/114.0.0.0 Safari/537.36"
102.221.34.102 - - [20/Apr/2026:05:53:24 +0300] "POST /xmlrpc.php HTTP/1.1" 200 14669 "-" "Mozilla/5.0 (Windows NT 10.0; Win64; x64) AppleWebKit/537.36 (KHTML, like Gecko) Chrome/114.0.0.0 Safari/537.36"
200.25.47.132 - - [20/Apr/2026:05:53:24 +0300] "GET /gratorama-local-casino-no-deposit-incentive-requirements-february-2026/ HTTP/1.1" 200 73487 "-" "Mozilla/5.0 (Windows NT 10.0; Win64; x64; rv:125.0) Gecko/20100101 Firefox/125.0"
102.221.34.102 - - [20/Apr/2026:05:53:38 +0300] "GET /totally-free-ports-online-play-vegas-slot-machine-enjoyment/ HTTP/1.1" 200 75400 "-" "Mozilla/5.0 (Windows NT 10.0; Win64; x64) AppleWebKit/537.36 (KHTML, like Gecko) Chrome/122.0.0.0 Safari/537.36"
185.216.113.70 - - [20/Apr/2026:05:57:28 +0300] "POST /wp-cron.php?doing_wp_cron=1776653848.2658889293670654296875 HTTP/1.1" 200 448 "-" "WordPress/6.3.8; https://serhatburke.miroglu.net"
200.25.47.132 - - [20/Apr/2026:05:57:15 +0300] "POST /xmlrpc.php HTTP/1.1" 200 630 "-" "Mozilla/5.0 (Windows NT 10.0; Win64; x64) AppleWebKit/537.36 (KHTML, like Gecko) Chrome/114.0.0.0 Safari/537.36"
102.221.34.102 - - [20/Apr/2026:05:57:31 +0300] "POST /xmlrpc.php HTTP/1.1" 200 630 "-" "Mozilla/5.0 (Windows NT 10.0; Win64; x64) AppleWebKit/537.36 (KHTML, like Gecko) Chrome/114.0.0.0 Safari/537.36"
200.25.47.132 - - [20/Apr/2026:05:57:35 +0300] "POST /xmlrpc.php HTTP/1.1" 200 11421 "-" "Mozilla/5.0 (Windows NT 10.0; Win64; x64) AppleWebKit/537.36 (KHTML, like Gecko) Chrome/114.0.0.0 Safari/537.36"
102.221.34.102 - - [20/Apr/2026:05:57:52 +0300] "POST /xmlrpc.php HTTP/1.1" 200 14422 "-" "Mozilla/5.0 (Windows NT 10.0; Win64; x64) AppleWebKit/537.36 (KHTML, like Gecko) Chrome/114.0.0.0 Safari/537.36"
200.25.47.132 - - [20/Apr/2026:05:57:51 +0300] "GET /gunsbet-local-casino-review-2026-up-to-2900-invited-bonus/ HTTP/1.1" 200 72422 "-" "Mozilla/5.0 (Windows NT 10.0; Win64; x64) AppleWebKit/537.36 (KHTML, like Gecko) Chrome/124.0.0.0 Safari/537.36"
102.221.34.102 - - [20/Apr/2026:05:58:06 +0300] "GET /wasteland-benefits-2-position-comment-playtech-enjoy-free-demo/ HTTP/1.1" 200 75613 "-" "Mozilla/5.0 (Windows NT 10.0; Win64; x64; rv:125.0) Gecko/20100101 Firefox/125.0"
185.216.113.70 - - [20/Apr/2026:05:59:34 +0300] "POST /wp-cron.php?doing_wp_cron=1776653974.3187160491943359375000 HTTP/1.1" 200 448 "-" "WordPress/6.3.8; https://serhatburke.miroglu.net"
17.246.19.171 - - [20/Apr/2026:05:59:22 +0300] "GET /omegle-sozialpsychologische-betrachtung-von-32/ HTTP/1.1" 200 23128 "-" "Mozilla/5.0 (Macintosh; Intel Mac OS X 10_15_7) AppleWebKit/605.1.15 (KHTML, like Gecko) Version/17.4 Safari/605.1.15 (Applebot/0.1; +http://www.apple.com/go/applebot)"
185.216.113.70 - - [20/Apr/2026:06:01:51 +0300] "POST /wp-cron.php?doing_wp_cron=1776654111.2986838817596435546875 HTTP/1.1" 200 448 "-" "WordPress/6.3.8; https://serhatburke.miroglu.net"
17.246.15.159 - - [20/Apr/2026:06:01:38 +0300] "GET /omegle-sozialpsychologische-betrachtung-von-32/undefined?ts=1776654097 HTTP/1.1" 404 15862 "https://serhatburke.miroglu.net/omegle-sozialpsychologische-betrachtung-von-32/" "Mozilla/5.0 (Macintosh; Intel Mac OS X 10_15_7) AppleWebKit/605.1.15 (KHTML, like Gecko) Version/17.4 Safari/605.1.15 (Applebot/0.1; +http://www.apple.com/go/applebot)"
17.246.15.154 - - [20/Apr/2026:06:01:53 +0300] "GET /omegle-sozialpsychologische-betrachtung-von-32/undefined?ts=1776654112 HTTP/1.1" 404 15860 "https://serhatburke.miroglu.net/omegle-sozialpsychologische-betrachtung-von-32/" "Mozilla/5.0 (Macintosh; Intel Mac OS X 10_15_7) AppleWebKit/605.1.15 (KHTML, like Gecko) Version/17.4 Safari/605.1.15 (Applebot/0.1; +http://www.apple.com/go/applebot)"
17.246.15.154 - - [20/Apr/2026:06:02:06 +0300] "GET /omegle-sozialpsychologische-betrachtung-von-32/undefined?ts=1776654126 HTTP/1.1" 404 15683 "https://serhatburke.miroglu.net/omegle-sozialpsychologische-betrachtung-von-32/" "Mozilla/5.0 (Macintosh; Intel Mac OS X 10_15_7) AppleWebKit/605.1.15 (KHTML, like Gecko) Version/17.4 Safari/605.1.15 (Applebot/0.1; +http://www.apple.com/go/applebot)"
200.25.47.132 - - [20/Apr/2026:06:02:16 +0300] "POST /xmlrpc.php HTTP/1.1" 200 630 "-" "Mozilla/5.0 (Windows NT 10.0; Win64; x64) AppleWebKit/537.36 (KHTML, like Gecko) Chrome/114.0.0.0 Safari/537.36"
17.246.23.148 - - [20/Apr/2026:06:02:19 +0300] "GET /omegle-sozialpsychologische-betrachtung-von-32/undefined?ts=1776654138 HTTP/1.1" 404 15862 "https://serhatburke.miroglu.net/omegle-sozialpsychologische-betrachtung-von-32/" "Mozilla/5.0 (Macintosh; Intel Mac OS X 10_15_7) AppleWebKit/605.1.15 (KHTML, like Gecko) Version/17.4 Safari/605.1.15 (Applebot/0.1; +http://www.apple.com/go/applebot)"
185.216.113.70 - - [20/Apr/2026:06:02:46 +0300] "POST /wp-cron.php?doing_wp_cron=1776654166.7086899280548095703125 HTTP/1.1" 200 448 "-" "WordPress/6.3.8; https://serhatburke.miroglu.net"
17.246.23.148 - - [20/Apr/2026:06:02:34 +0300] "GET /omegle-sozialpsychologische-betrachtung-von-32/undefined?ts=1776654152 HTTP/1.1" 404 15681 "https://serhatburke.miroglu.net/omegle-sozialpsychologische-betrachtung-von-32/" "Mozilla/5.0 (Macintosh; Intel Mac OS X 10_15_7) AppleWebKit/605.1.15 (KHTML, like Gecko) Version/17.4 Safari/605.1.15 (Applebot/0.1; +http://www.apple.com/go/applebot)"
200.25.47.132 - - [20/Apr/2026:06:02:35 +0300] "POST /xmlrpc.php HTTP/1.1" 200 11146 "-" "Mozilla/5.0 (Windows NT 10.0; Win64; x64) AppleWebKit/537.36 (KHTML, like Gecko) Chrome/114.0.0.0 Safari/537.36"
17.246.23.148 - - [20/Apr/2026:06:02:47 +0300] "GET /omegle-sozialpsychologische-betrachtung-von-32/undefined?ts=1776654167 HTTP/1.1" 404 15683 "https://serhatburke.miroglu.net/omegle-sozialpsychologische-betrachtung-von-32/" "Mozilla/5.0 (Macintosh; Intel Mac OS X 10_15_7) AppleWebKit/605.1.15 (KHTML, like Gecko) Version/17.4 Safari/605.1.15 (Applebot/0.1; +http://www.apple.com/go/applebot)"
200.25.47.132 - - [20/Apr/2026:06:02:50 +0300] "GET /2026-guts-com-review-a-reliable-consider-this-internet-casino/ HTTP/1.1" 200 72166 "-" "Mozilla/5.0 (Windows NT 10.0; Win64; x64; rv:124.0) Gecko/20100101 Firefox/124.0"
17.246.19.42 - - [20/Apr/2026:06:03:05 +0300] "GET /omegle-sozialpsychologische-betrachtung-von-32/undefined?ts=1776654184 HTTP/1.1" 404 15861 "https://serhatburke.miroglu.net/omegle-sozialpsychologische-betrachtung-von-32/" "Mozilla/5.0 (Macintosh; Intel Mac OS X 10_15_7) AppleWebKit/605.1.15 (KHTML, like Gecko) Version/17.4 Safari/605.1.15 (Applebot/0.1; +http://www.apple.com/go/applebot)"
17.246.19.42 - - [20/Apr/2026:06:03:18 +0300] "GET /omegle-sozialpsychologische-betrachtung-von-32/undefined?ts=1776654198 HTTP/1.1" 404 15683 "https://serhatburke.miroglu.net/omegle-sozialpsychologische-betrachtung-von-32/" "Mozilla/5.0 (Macintosh; Intel Mac OS X 10_15_7) AppleWebKit/605.1.15 (KHTML, like Gecko) Version/17.4 Safari/605.1.15 (Applebot/0.1; +http://www.apple.com/go/applebot)"
185.216.113.70 - - [20/Apr/2026:06:03:42 +0300] "POST /wp-cron.php?doing_wp_cron=1776654222.6680788993835449218750 HTTP/1.1" 200 448 "-" "WordPress/6.3.8; https://serhatburke.miroglu.net"
17.246.19.42 - - [20/Apr/2026:06:03:30 +0300] "GET /omegle-sozialpsychologische-betrachtung-von-32/undefined?ts=1776654210 HTTP/1.1" 404 15562 "https://serhatburke.miroglu.net/omegle-sozialpsychologische-betrachtung-von-32/" "Mozilla/5.0 (Macintosh; Intel Mac OS X 10_15_7) AppleWebKit/605.1.15 (KHTML, like Gecko) Version/17.4 Safari/605.1.15 (Applebot/0.1; +http://www.apple.com/go/applebot)"
17.246.23.48 - - [20/Apr/2026:06:03:35 +0300] "GET /omegle-sozialpsychologische-betrachtung-von-32/undefined?ts=1776654214 HTTP/1.1" 404 15862 "https://serhatburke.miroglu.net/omegle-sozialpsychologische-betrachtung-von-32/" "Mozilla/5.0 (Macintosh; Intel Mac OS X 10_15_7) AppleWebKit/605.1.15 (KHTML, like Gecko) Version/17.4 Safari/605.1.15 (Applebot/0.1; +http://www.apple.com/go/applebot)"
17.246.23.48 - - [20/Apr/2026:06:03:48 +0300] "GET /omegle-sozialpsychologische-betrachtung-von-32/undefined?ts=1776654228 HTTP/1.1" 404 15683 "https://serhatburke.miroglu.net/omegle-sozialpsychologische-betrachtung-von-32/" "Mozilla/5.0 (Macintosh; Intel Mac OS X 10_15_7) AppleWebKit/605.1.15 (KHTML, like Gecko) Version/17.4 Safari/605.1.15 (Applebot/0.1; +http://www.apple.com/go/applebot)"
102.221.34.102 - - [20/Apr/2026:06:03:48 +0300] "POST /xmlrpc.php HTTP/1.1" 200 630 "-" "Mozilla/5.0 (Windows NT 10.0; Win64; x64) AppleWebKit/537.36 (KHTML, like Gecko) Chrome/114.0.0.0 Safari/537.36"
185.216.113.70 - - [20/Apr/2026:06:04:24 +0300] "POST /wp-cron.php?doing_wp_cron=1776654264.4808020591735839843750 HTTP/1.1" 200 448 "-" "WordPress/6.3.8; https://serhatburke.miroglu.net"
102.221.34.102 - - [20/Apr/2026:06:04:11 +0300] "POST /xmlrpc.php HTTP/1.1" 200 14338 "-" "Mozilla/5.0 (Windows NT 10.0; Win64; x64) AppleWebKit/537.36 (KHTML, like Gecko) Chrome/114.0.0.0 Safari/537.36"
17.246.23.48 - - [20/Apr/2026:06:04:15 +0300] "GET /omegle-sozialpsychologische-betrachtung-von-32/undefined?ts=1776654244 HTTP/1.1" 404 15683 "https://serhatburke.miroglu.net/omegle-sozialpsychologische-betrachtung-von-32/" "Mozilla/5.0 (Macintosh; Intel Mac OS X 10_15_7) AppleWebKit/605.1.15 (KHTML, like Gecko) Version/17.4 Safari/605.1.15 (Applebot/0.1; +http://www.apple.com/go/applebot)"
102.221.34.102 - - [20/Apr/2026:06:04:26 +0300] "GET /no-deposit-totally-free-revolves-added-bonus-requirements-inside-march-2026/ HTTP/1.1" 200 75572 "-" "Mozilla/5.0 (Windows NT 10.0; Win64; x64) AppleWebKit/537.36 (KHTML, like Gecko) Chrome/109.0.0.0 Safari/537.36"
17.246.19.119 - - [20/Apr/2026:06:04:39 +0300] "GET /omegle-sozialpsychologische-betrachtung-von-32/undefined?ts=1776654276 HTTP/1.1" 404 15863 "https://serhatburke.miroglu.net/omegle-sozialpsychologische-betrachtung-von-32/" "Mozilla/5.0 (Macintosh; Intel Mac OS X 10_15_7) AppleWebKit/605.1.15 (KHTML, like Gecko) Version/17.4 Safari/605.1.15 (Applebot/0.1; +http://www.apple.com/go/applebot)"
160.250.186.93 - - [20/Apr/2026:06:04:39 +0300] "GET /zotabet-casino-bonus-premier-depot-2026/ HTTP/1.1" 200 18537 "https://serhatburke.miroglu.net/" "Mozilla/5.0 (X11; Ubuntu; Linux x86_64; rv:148.0) Gecko/20100101 Firefox/148.0"
160.250.186.93 - - [20/Apr/2026:06:04:56 +0300] "GET /wp-includes/css/dist/block-library/style.min.css?ver=6.3.8 HTTP/1.1" 200 13578 "https://serhatburke.miroglu.net/zotabet-casino-bonus-premier-depot-2026/" "Mozilla/5.0 (Windows NT 10.0; Win64; x64) AppleWebKit/537.36 (KHTML, like Gecko) Chrome/145.0.0.0 Safari/537.36"
160.250.186.93 - - [20/Apr/2026:06:04:57 +0300] "GET /wp-content/plugins/contact-form-7/includes/css/styles.css?ver=5.8 HTTP/1.1" 200 1490 "https://serhatburke.miroglu.net/zotabet-casino-bonus-premier-depot-2026/" "Mozilla/5.0 (Windows NT 10.0; Win64; x64) AppleWebKit/537.36 (KHTML, like Gecko) Chrome/145.0.0.0 Safari/537.36"
160.250.186.93 - - [20/Apr/2026:06:04:58 +0300] "GET /wp-content/themes/toppic/css/fontello.css?ver=4.2 HTTP/1.1" 200 1802 "https://serhatburke.miroglu.net/zotabet-casino-bonus-premier-depot-2026/" "Mozilla/5.0 (Windows NT 10.0; Win64; x64) AppleWebKit/537.36 (KHTML, like Gecko) Chrome/145.0.0.0 Safari/537.36"
160.250.186.93 - - [20/Apr/2026:06:04:59 +0300] "GET /wp-content/themes/toppic/css/reset.css?ver=4.2 HTTP/1.1" 200 1178 "https://serhatburke.miroglu.net/zotabet-casino-bonus-premier-depot-2026/" "Mozilla/5.0 (Windows NT 10.0; Win64; x64) AppleWebKit/537.36 (KHTML, like Gecko) Chrome/145.0.0.0 Safari/537.36"
160.250.186.93 - - [20/Apr/2026:06:05:00 +0300] "GET /wp-content/themes/toppic/css/default.css?ver=4.2 HTTP/1.1" 200 1811 "https://serhatburke.miroglu.net/zotabet-casino-bonus-premier-depot-2026/" "Mozilla/5.0 (Windows NT 10.0; Win64; x64) AppleWebKit/537.36 (KHTML, like Gecko) Chrome/145.0.0.0 Safari/537.36"
160.250.186.93 - - [20/Apr/2026:06:05:01 +0300] "GET /wp-content/themes/toppic/style.css?ver=4.2 HTTP/1.1" 200 23398 "https://serhatburke.miroglu.net/zotabet-casino-bonus-premier-depot-2026/" "Mozilla/5.0 (Windows NT 10.0; Win64; x64) AppleWebKit/537.36 (KHTML, like Gecko) Chrome/145.0.0.0 Safari/537.36"
