185.216.113.70 - - [19/Apr/2026:16:01:48 +0300] "POST /wp-cron.php?doing_wp_cron=1776603708.5616860389709472656250 HTTP/1.1" 200 448 "-" "WordPress/6.3.8; https://serhatburke.miroglu.net"
200.25.47.117 - - [19/Apr/2026:16:00:03 +0300] "POST /xmlrpc.php HTTP/1.1" 200 627 "-" "Mozilla/5.0 (Windows NT 10.0; Win64; x64) AppleWebKit/537.36 (KHTML, like Gecko) Chrome/114.0.0.0 Safari/537.36"
200.25.47.117 - - [19/Apr/2026:16:00:02 +0300] "POST /xmlrpc.php HTTP/1.1" 200 10144 "-" "Mozilla/5.0 (Windows NT 10.0; Win64; x64) AppleWebKit/537.36 (KHTML, like Gecko) Chrome/114.0.0.0 Safari/537.36"
185.191.206.81 - - [19/Apr/2026:15:59:53 +0300] "POST /xmlrpc.php HTTP/1.1" 500 745 "-" "Mozilla/5.0 (Windows NT 10.0; Win64; x64) AppleWebKit/537.36 (KHTML, like Gecko) Chrome/114.0.0.0 Safari/537.36"
200.25.47.117 - - [19/Apr/2026:16:00:05 +0300] "POST /xmlrpc.php HTTP/1.1" 500 745 "-" "Mozilla/5.0 (Windows NT 10.0; Win64; x64) AppleWebKit/537.36 (KHTML, like Gecko) Chrome/114.0.0.0 Safari/537.36"
185.191.206.81 - - [19/Apr/2026:16:00:12 +0300] "POST /xmlrpc.php HTTP/1.1" 500 745 "-" "Mozilla/5.0 (Windows NT 10.0; Win64; x64) AppleWebKit/537.36 (KHTML, like Gecko) Chrome/114.0.0.0 Safari/537.36"
185.191.206.81 - - [19/Apr/2026:16:00:27 +0300] "GET /?p=121451 HTTP/1.1" 500 745 "-" "Mozilla/5.0 (Windows NT 10.0; Win64; x64; rv:124.0) Gecko/20100101 Firefox/124.0"
185.216.113.70 - - [19/Apr/2026:16:02:33 +0300] "POST /wp-cron.php?doing_wp_cron=1776603753.4207789897918701171875 HTTP/1.1" 200 448 "-" "WordPress/6.3.8; https://serhatburke.miroglu.net"
200.25.47.117 - - [19/Apr/2026:16:00:37 +0300] "POST /xmlrpc.php HTTP/1.1" 500 1102 "-" "Mozilla/5.0 (Windows NT 10.0; Win64; x64) AppleWebKit/537.36 (KHTML, like Gecko) Chrome/114.0.0.0 Safari/537.36"
17.22.245.187 - - [19/Apr/2026:16:02:41 +0300] "GET /wp-content/uploads/2023/08/favicon-16x16-3.png HTTP/1.1" 200 1095 "-" "Mozilla/5.0 (Macintosh; Intel Mac OS X 10_15_7) AppleWebKit/605.1.15 (KHTML, like Gecko) Version/17.4 Safari/605.1.15 (Applebot/0.1; +http://www.apple.com/go/applebot)"
185.216.113.70 - - [19/Apr/2026:16:02:48 +0300] "POST /wp-cron.php?doing_wp_cron=1776603767.8773260116577148437500 HTTP/1.1" 200 448 "-" "WordPress/6.3.8; https://serhatburke.miroglu.net"
103.219.169.211 - - [19/Apr/2026:16:01:04 +0300] "POST /xmlrpc.php HTTP/1.1" 200 630 "-" "Mozilla/5.0 (Windows NT 10.0; Win64; x64) AppleWebKit/537.36 (KHTML, like Gecko) Chrome/114.0.0.0 Safari/537.36"
185.216.113.70 - - [19/Apr/2026:16:02:55 +0300] "POST /wp-cron.php?doing_wp_cron=1776603775.1732680797576904296875 HTTP/1.1" 200 448 "-" "WordPress/6.3.8; https://serhatburke.miroglu.net"
200.25.47.117 - - [19/Apr/2026:16:01:08 +0300] "POST /xmlrpc.php HTTP/1.1" 200 630 "-" "Mozilla/5.0 (Windows NT 10.0; Win64; x64) AppleWebKit/537.36 (KHTML, like Gecko) Chrome/114.0.0.0 Safari/537.36"
185.216.113.70 - - [19/Apr/2026:16:03:14 +0300] "POST /wp-cron.php?doing_wp_cron=1776603794.3895289897918701171875 HTTP/1.1" 200 448 "-" "WordPress/6.3.8; https://serhatburke.miroglu.net"
200.25.47.117 - - [19/Apr/2026:16:01:17 +0300] "POST /xmlrpc.php HTTP/1.1" 200 9292 "-" "Mozilla/5.0 (Windows NT 10.0; Win64; x64) AppleWebKit/537.36 (KHTML, like Gecko) Chrome/114.0.0.0 Safari/537.36"
185.216.113.70 - - [19/Apr/2026:16:03:32 +0300] "POST /wp-cron.php?doing_wp_cron=1776603811.8625640869140625000000 HTTP/1.1" 200 448 "-" "WordPress/6.3.8; https://serhatburke.miroglu.net"
185.216.113.70 - - [19/Apr/2026:16:03:33 +0300] "POST /wp-cron.php?doing_wp_cron=1776603813.2626199722290039062500 HTTP/1.1" 200 448 "-" "WordPress/6.3.8; https://serhatburke.miroglu.net"
200.25.47.117 - - [19/Apr/2026:16:01:45 +0300] "POST /xmlrpc.php HTTP/1.1" 500 1102 "-" "Mozilla/5.0 (Windows NT 10.0; Win64; x64) AppleWebKit/537.36 (KHTML, like Gecko) Chrome/114.0.0.0 Safari/537.36"
200.25.47.117 - - [19/Apr/2026:16:01:42 +0300] "GET /?p=121455 HTTP/1.1" 301 628 "-" "Mozilla/5.0 (Windows NT 10.0; Win64; x64) AppleWebKit/537.36 (KHTML, like Gecko) Chrome/109.0.0.0 Safari/537.36"
185.216.113.70 - - [19/Apr/2026:16:03:49 +0300] "POST /wp-cron.php?doing_wp_cron=1776603829.0642809867858886718750 HTTP/1.1" 200 448 "-" "WordPress/6.3.8; https://serhatburke.miroglu.net"
103.219.169.211 - - [19/Apr/2026:16:01:52 +0300] "POST /xmlrpc.php HTTP/1.1" 200 11696 "-" "Mozilla/5.0 (Windows NT 10.0; Win64; x64) AppleWebKit/537.36 (KHTML, like Gecko) Chrome/114.0.0.0 Safari/537.36"
185.191.206.81 - - [19/Apr/2026:16:01:57 +0300] "POST /xmlrpc.php HTTP/1.1" 500 745 "-" "Mozilla/5.0 (Windows NT 10.0; Win64; x64) AppleWebKit/537.36 (KHTML, like Gecko) Chrome/114.0.0.0 Safari/537.36"
185.191.206.81 - - [19/Apr/2026:16:02:06 +0300] "POST /xmlrpc.php HTTP/1.1" 500 745 "-" "Mozilla/5.0 (Windows NT 10.0; Win64; x64) AppleWebKit/537.36 (KHTML, like Gecko) Chrome/114.0.0.0 Safari/537.36"
185.216.113.70 - - [19/Apr/2026:16:04:30 +0300] "POST /wp-cron.php?doing_wp_cron=1776603870.1782960891723632812500 HTTP/1.1" 200 448 "-" "WordPress/6.3.8; https://serhatburke.miroglu.net"
103.219.169.211 - - [19/Apr/2026:16:02:44 +0300] "POST /xmlrpc.php HTTP/1.1" 500 1102 "-" "Mozilla/5.0 (Windows NT 10.0; Win64; x64) AppleWebKit/537.36 (KHTML, like Gecko) Chrome/114.0.0.0 Safari/537.36"
185.216.113.70 - - [19/Apr/2026:16:04:46 +0300] "POST /wp-cron.php?doing_wp_cron=1776603886.6839120388031005859375 HTTP/1.1" 200 448 "-" "WordPress/6.3.8; https://serhatburke.miroglu.net"
200.25.47.117 - - [19/Apr/2026:16:02:48 +0300] "POST /xmlrpc.php HTTP/1.1" 500 1102 "-" "Mozilla/5.0 (Windows NT 10.0; Win64; x64) AppleWebKit/537.36 (KHTML, like Gecko) Chrome/114.0.0.0 Safari/537.36"
185.216.113.70 - - [19/Apr/2026:16:04:48 +0300] "POST /wp-cron.php?doing_wp_cron=1776603888.4668359756469726562500 HTTP/1.1" 200 448 "-" "WordPress/6.3.8; https://serhatburke.miroglu.net"
200.25.47.120 - - [19/Apr/2026:16:03:03 +0300] "POST /xmlrpc.php HTTP/1.1" 200 630 "-" "Mozilla/5.0 (Windows NT 10.0; Win64; x64) AppleWebKit/537.36 (KHTML, like Gecko) Chrome/114.0.0.0 Safari/537.36"
185.216.113.70 - - [19/Apr/2026:16:04:52 +0300] "POST /wp-cron.php?doing_wp_cron=1776603891.7184610366821289062500 HTTP/1.1" 200 448 "-" "WordPress/6.3.8; https://serhatburke.miroglu.net"
200.25.47.117 - - [19/Apr/2026:16:03:03 +0300] "POST /xmlrpc.php HTTP/1.1" 200 9292 "-" "Mozilla/5.0 (Windows NT 10.0; Win64; x64) AppleWebKit/537.36 (KHTML, like Gecko) Chrome/114.0.0.0 Safari/537.36"
185.216.113.70 - - [19/Apr/2026:16:05:05 +0300] "POST /wp-cron.php?doing_wp_cron=1776603905.5580620765686035156250 HTTP/1.1" 200 448 "-" "WordPress/6.3.8; https://serhatburke.miroglu.net"
200.25.47.117 - - [19/Apr/2026:16:03:22 +0300] "POST /xmlrpc.php HTTP/1.1" 200 861 "-" "Mozilla/5.0 (Windows NT 10.0; Win64; x64) AppleWebKit/537.36 (KHTML, like Gecko) Chrome/114.0.0.0 Safari/537.36"
185.216.113.70 - - [19/Apr/2026:16:05:16 +0300] "POST /wp-cron.php?doing_wp_cron=1776603916.0812439918518066406250 HTTP/1.1" 200 448 "-" "WordPress/6.3.8; https://serhatburke.miroglu.net"
103.219.169.211 - - [19/Apr/2026:16:03:37 +0300] "POST /xmlrpc.php HTTP/1.1" 200 11696 "-" "Mozilla/5.0 (Windows NT 10.0; Win64; x64) AppleWebKit/537.36 (KHTML, like Gecko) Chrome/114.0.0.0 Safari/537.36"
185.216.113.70 - - [19/Apr/2026:16:05:34 +0300] "POST /wp-cron.php?doing_wp_cron=1776603934.8049559593200683593750 HTTP/1.1" 200 448 "-" "WordPress/6.3.8; https://serhatburke.miroglu.net"
200.25.47.117 - - [19/Apr/2026:16:03:39 +0300] "GET /premia-bez-depozytu-po-kasynach-online/ HTTP/1.1" 200 71375 "-" "Mozilla/5.0 (Windows NT 10.0; Win64; x64) AppleWebKit/537.36 (KHTML, like Gecko) Chrome/109.0.0.0 Safari/537.36"
185.191.206.81 - - [19/Apr/2026:16:03:37 +0300] "GET /?p=121457 HTTP/1.1" 500 745 "-" "Mozilla/5.0 (Windows NT 10.0; Win64; x64; rv:124.0) Gecko/20100101 Firefox/124.0"
185.216.113.70 - - [19/Apr/2026:16:06:09 +0300] "POST /wp-cron.php?doing_wp_cron=1776603968.7811999320983886718750 HTTP/1.1" 200 448 "-" "WordPress/6.3.8; https://serhatburke.miroglu.net"
200.25.47.117 - - [19/Apr/2026:16:04:33 +0300] "POST /xmlrpc.php HTTP/1.1" 200 8446 "-" "Mozilla/5.0 (Windows NT 10.0; Win64; x64) AppleWebKit/537.36 (KHTML, like Gecko) Chrome/114.0.0.0 Safari/537.36"
185.216.113.70 - - [19/Apr/2026:16:06:11 +0300] "POST /wp-cron.php?doing_wp_cron=1776603970.8621590137481689453125 HTTP/1.1" 200 448 "-" "WordPress/6.3.8; https://serhatburke.miroglu.net"
103.219.169.211 - - [19/Apr/2026:16:04:30 +0300] "POST /xmlrpc.php HTTP/1.1" 200 11053 "-" "Mozilla/5.0 (Windows NT 10.0; Win64; x64) AppleWebKit/537.36 (KHTML, like Gecko) Chrome/114.0.0.0 Safari/537.36"
185.216.113.70 - - [19/Apr/2026:16:06:13 +0300] "POST /wp-cron.php?doing_wp_cron=1776603972.7711269855499267578125 HTTP/1.1" 200 448 "-" "WordPress/6.3.8; https://serhatburke.miroglu.net"
103.219.169.211 - - [19/Apr/2026:16:04:32 +0300] "POST /xmlrpc.php HTTP/1.1" 500 1102 "-" "Mozilla/5.0 (Windows NT 10.0; Win64; x64) AppleWebKit/537.36 (KHTML, like Gecko) Chrome/114.0.0.0 Safari/537.36"
185.216.113.70 - - [19/Apr/2026:16:06:31 +0300] "POST /wp-cron.php?doing_wp_cron=1776603991.3659451007843017578125 HTTP/1.1" 200 448 "-" "WordPress/6.3.8; https://serhatburke.miroglu.net"
200.25.47.120 - - [19/Apr/2026:16:04:43 +0300] "POST /xmlrpc.php HTTP/1.1" 500 1102 "-" "Mozilla/5.0 (Windows NT 10.0; Win64; x64) AppleWebKit/537.36 (KHTML, like Gecko) Chrome/114.0.0.0 Safari/537.36"
200.25.47.117 - - [19/Apr/2026:16:04:43 +0300] "GET /?p=121459 HTTP/1.1" 500 745 "-" "Mozilla/5.0 (Windows NT 10.0; Win64; x64) AppleWebKit/537.36 (KHTML, like Gecko) Chrome/123.0.0.0 Safari/537.36 OPR/109.0.0.0"
185.191.206.81 - - [19/Apr/2026:16:05:17 +0300] "POST /xmlrpc.php HTTP/1.1" 500 745 "-" "Mozilla/5.0 (Windows NT 10.0; Win64; x64) AppleWebKit/537.36 (KHTML, like Gecko) Chrome/114.0.0.0 Safari/537.36"
103.219.169.211 - - [19/Apr/2026:16:05:17 +0300] "GET /?p=121461 HTTP/1.1" 500 745 "-" "Mozilla/5.0 (Windows NT 10.0; Win64; x64; rv:124.0) Gecko/20100101 Firefox/124.0"
185.216.113.70 - - [19/Apr/2026:16:07:58 +0300] "POST /wp-cron.php?doing_wp_cron=1776604078.3908469676971435546875 HTTP/1.1" 200 448 "-" "WordPress/6.3.8; https://serhatburke.miroglu.net"
185.216.113.70 - - [19/Apr/2026:16:07:59 +0300] "POST /wp-cron.php?doing_wp_cron=1776604078.9419651031494140625000 HTTP/1.1" 200 448 "-" "WordPress/6.3.8; https://serhatburke.miroglu.net"
185.216.113.70 - - [19/Apr/2026:16:07:59 +0300] "POST /wp-cron.php?doing_wp_cron=1776604079.3947579860687255859375 HTTP/1.1" 200 448 "-" "WordPress/6.3.8; https://serhatburke.miroglu.net"
200.25.47.117 - - [19/Apr/2026:16:06:23 +0300] "POST /xmlrpc.php HTTP/1.1" 200 861 "-" "Mozilla/5.0 (Windows NT 10.0; Win64; x64) AppleWebKit/537.36 (KHTML, like Gecko) Chrome/114.0.0.0 Safari/537.36"
103.219.169.211 - - [19/Apr/2026:16:06:15 +0300] "POST /xmlrpc.php HTTP/1.1" 200 11053 "-" "Mozilla/5.0 (Windows NT 10.0; Win64; x64) AppleWebKit/537.36 (KHTML, like Gecko) Chrome/114.0.0.0 Safari/537.36"
185.216.113.70 - - [19/Apr/2026:16:08:05 +0300] "POST /wp-cron.php?doing_wp_cron=1776604085.7703609466552734375000 HTTP/1.1" 200 448 "-" "WordPress/6.3.8; https://serhatburke.miroglu.net"
200.25.47.120 - - [19/Apr/2026:16:06:28 +0300] "POST /xmlrpc.php HTTP/1.1" 200 13697 "-" "Mozilla/5.0 (Windows NT 10.0; Win64; x64) AppleWebKit/537.36 (KHTML, like Gecko) Chrome/114.0.0.0 Safari/537.36"
200.25.47.117 - - [19/Apr/2026:16:06:11 +0300] "GET /hot-spot-popularne-bezplatne-jak-i-rowniez-ekscytujace-sloty-przy-2025-r/ HTTP/1.1" 200 71283 "-" "Mozilla/5.0 (Windows NT 10.0; Win64; x64) AppleWebKit/537.36 (KHTML, like Gecko) Chrome/122.0.0.0 Safari/537.36"
185.216.113.70 - - [19/Apr/2026:16:08:15 +0300] "POST /wp-cron.php?doing_wp_cron=1776604095.3957009315490722656250 HTTP/1.1" 200 448 "-" "WordPress/6.3.8; https://serhatburke.miroglu.net"
103.219.169.211 - - [19/Apr/2026:16:07:02 +0300] "POST /xmlrpc.php HTTP/1.1" 200 861 "-" "Mozilla/5.0 (Windows NT 10.0; Win64; x64) AppleWebKit/537.36 (KHTML, like Gecko) Chrome/114.0.0.0 Safari/537.36"
185.216.113.70 - - [19/Apr/2026:16:08:37 +0300] "POST /wp-cron.php?doing_wp_cron=1776604116.9120390415191650390625 HTTP/1.1" 200 448 "-" "WordPress/6.3.8; https://serhatburke.miroglu.net"
200.25.47.120 - - [19/Apr/2026:16:07:39 +0300] "POST /xmlrpc.php HTTP/1.1" 500 1102 "-" "Mozilla/5.0 (Windows NT 10.0; Win64; x64) AppleWebKit/537.36 (KHTML, like Gecko) Chrome/114.0.0.0 Safari/537.36"
185.216.113.70 - - [19/Apr/2026:16:08:46 +0300] "POST /wp-cron.php?doing_wp_cron=1776604126.7757310867309570312500 HTTP/1.1" 200 448 "-" "WordPress/6.3.8; https://serhatburke.miroglu.net"
200.25.47.117 - - [19/Apr/2026:16:07:52 +0300] "POST /xmlrpc.php HTTP/1.1" 200 861 "-" "Mozilla/5.0 (Windows NT 10.0; Win64; x64) AppleWebKit/537.36 (KHTML, like Gecko) Chrome/114.0.0.0 Safari/537.36"
185.216.113.70 - - [19/Apr/2026:16:08:48 +0300] "POST /wp-cron.php?doing_wp_cron=1776604127.7669649124145507812500 HTTP/1.1" 200 448 "-" "WordPress/6.3.8; https://serhatburke.miroglu.net"
103.219.169.211 - - [19/Apr/2026:16:07:55 +0300] "GET /?p=121465 HTTP/1.1" 301 660 "-" "Mozilla/5.0 (Windows NT 10.0; Win64; x64) AppleWebKit/537.36 (KHTML, like Gecko) Chrome/123.0.0.0 Safari/537.36"
200.25.47.120 - - [19/Apr/2026:16:08:13 +0300] "POST /xmlrpc.php HTTP/1.1" 200 13697 "-" "Mozilla/5.0 (Windows NT 10.0; Win64; x64) AppleWebKit/537.36 (KHTML, like Gecko) Chrome/114.0.0.0 Safari/537.36"
103.219.169.211 - - [19/Apr/2026:16:08:52 +0300] "GET /kostenfrei-verbunden-blackjack-auffuhren-kostenlos-exklusive-anmeldung/ HTTP/1.1" 200 73640 "-" "Mozilla/5.0 (Windows NT 10.0; Win64; x64) AppleWebKit/537.36 (KHTML, like Gecko) Chrome/123.0.0.0 Safari/537.36"
200.25.47.120 - - [19/Apr/2026:16:09:00 +0300] "GET /casinos-qua-wesentlich-schneller-auszahlung-im-probe-traktandum-ernahrer-2026/ HTTP/1.1" 200 76567 "-" "Mozilla/5.0 (Windows NT 10.0; Win64; x64) AppleWebKit/537.36 (KHTML, like Gecko) Chrome/109.0.0.0 Safari/537.36"
185.216.113.70 - - [19/Apr/2026:16:12:52 +0300] "POST /wp-cron.php?doing_wp_cron=1776604372.1907200813293457031250 HTTP/1.1" 200 448 "-" "WordPress/6.3.8; https://serhatburke.miroglu.net"
17.22.253.229 - - [19/Apr/2026:16:12:37 +0300] "GET /gorgeous-since-the-hades-casino-online-1-free-with-10x-multiplier-microgaming-position-remark-demonstration-february-2026/undefined?ts=1776604339 HTTP/1.1" 404 15924 "https://serhatburke.miroglu.net/gorgeous-since-the-hades-casino-online-1-free-with-10x-multiplier-microgaming-position-remark-demonstration-february-2026/" "Mozilla/5.0 (Macintosh; Intel Mac OS X 10_15_7) AppleWebKit/605.1.15 (KHTML, like Gecko) Version/17.4 Safari/605.1.15 (Applebot/0.1; +http://www.apple.com/go/applebot)"
17.22.245.250 - - [19/Apr/2026:16:12:57 +0300] "GET /gorgeous-since-the-hades-casino-online-1-free-with-10x-multiplier-microgaming-position-remark-demonstration-february-2026/undefined?ts=1776604339 HTTP/1.1" 404 15924 "https://serhatburke.miroglu.net/gorgeous-since-the-hades-casino-online-1-free-with-10x-multiplier-microgaming-position-remark-demonstration-february-2026/" "Mozilla/5.0 (Macintosh; Intel Mac OS X 10_15_7) AppleWebKit/605.1.15 (KHTML, like Gecko) Version/17.4 Safari/605.1.15 (Applebot/0.1; +http://www.apple.com/go/applebot)"
185.216.113.70 - - [19/Apr/2026:16:13:46 +0300] "POST /wp-cron.php?doing_wp_cron=1776604426.0641689300537109375000 HTTP/1.1" 200 448 "-" "WordPress/6.3.8; https://serhatburke.miroglu.net"
17.22.237.116 - - [19/Apr/2026:16:13:27 +0300] "GET /gorgeous-since-the-hades-casino-online-1-free-with-10x-multiplier-microgaming-position-remark-demonstration-february-2026/undefined?ts=1776604390 HTTP/1.1" 404 15925 "https://serhatburke.miroglu.net/gorgeous-since-the-hades-casino-online-1-free-with-10x-multiplier-microgaming-position-remark-demonstration-february-2026/" "Mozilla/5.0 (Macintosh; Intel Mac OS X 10_15_7) AppleWebKit/605.1.15 (KHTML, like Gecko) Version/17.4 Safari/605.1.15 (Applebot/0.1; +http://www.apple.com/go/applebot)"
17.22.253.138 - - [19/Apr/2026:16:13:50 +0300] "GET /gorgeous-since-the-hades-casino-online-1-free-with-10x-multiplier-microgaming-position-remark-demonstration-february-2026/undefined?ts=1776604390 HTTP/1.1" 404 15925 "https://serhatburke.miroglu.net/gorgeous-since-the-hades-casino-online-1-free-with-10x-multiplier-microgaming-position-remark-demonstration-february-2026/" "Mozilla/5.0 (Macintosh; Intel Mac OS X 10_15_7) AppleWebKit/605.1.15 (KHTML, like Gecko) Version/17.4 Safari/605.1.15 (Applebot/0.1; +http://www.apple.com/go/applebot)"
17.22.253.138 - - [19/Apr/2026:16:14:06 +0300] "GET /gorgeous-since-the-hades-casino-online-1-free-with-10x-multiplier-microgaming-position-remark-demonstration-february-2026/undefined?ts=1776604443 HTTP/1.1" 404 15747 "https://serhatburke.miroglu.net/gorgeous-since-the-hades-casino-online-1-free-with-10x-multiplier-microgaming-position-remark-demonstration-february-2026/" "Mozilla/5.0 (Macintosh; Intel Mac OS X 10_15_7) AppleWebKit/605.1.15 (KHTML, like Gecko) Version/17.4 Safari/605.1.15 (Applebot/0.1; +http://www.apple.com/go/applebot)"
185.216.113.70 - - [19/Apr/2026:16:14:51 +0300] "POST /wp-cron.php?doing_wp_cron=1776604491.3319189548492431640625 HTTP/1.1" 200 448 "-" "WordPress/6.3.8; https://serhatburke.miroglu.net"
17.22.237.6 - - [19/Apr/2026:16:14:39 +0300] "GET /gorgeous-since-the-hades-casino-online-1-free-with-10x-multiplier-microgaming-position-remark-demonstration-february-2026/undefined?ts=1776604470 HTTP/1.1" 404 15923 "https://serhatburke.miroglu.net/gorgeous-since-the-hades-casino-online-1-free-with-10x-multiplier-microgaming-position-remark-demonstration-february-2026/" "Mozilla/5.0 (Macintosh; Intel Mac OS X 10_15_7) AppleWebKit/605.1.15 (KHTML, like Gecko) Version/17.4 Safari/605.1.15 (Applebot/0.1; +http://www.apple.com/go/applebot)"
17.22.237.6 - - [19/Apr/2026:16:14:54 +0300] "GET /gorgeous-since-the-hades-casino-online-1-free-with-10x-multiplier-microgaming-position-remark-demonstration-february-2026/undefined?ts=1776604491 HTTP/1.1" 404 15745 "https://serhatburke.miroglu.net/gorgeous-since-the-hades-casino-online-1-free-with-10x-multiplier-microgaming-position-remark-demonstration-february-2026/" "Mozilla/5.0 (Macintosh; Intel Mac OS X 10_15_7) AppleWebKit/605.1.15 (KHTML, like Gecko) Version/17.4 Safari/605.1.15 (Applebot/0.1; +http://www.apple.com/go/applebot)"
103.221.232.222 - - [19/Apr/2026:16:15:01 +0300] "GET /casino-online-skrill-prelievo-veloce/ HTTP/1.1" 200 18092 "https://serhatburke.miroglu.net/" "Mozilla/5.0 (Macintosh; Intel Mac OS X 10_15_7) AppleWebKit/605.1.15 (KHTML, like Gecko)"
17.22.237.6 - - [19/Apr/2026:16:15:11 +0300] "GET /gorgeous-since-the-hades-casino-online-1-free-with-10x-multiplier-microgaming-position-remark-demonstration-february-2026/undefined?ts=1776604508 HTTP/1.1" 404 15745 "https://serhatburke.miroglu.net/gorgeous-since-the-hades-casino-online-1-free-with-10x-multiplier-microgaming-position-remark-demonstration-february-2026/" "Mozilla/5.0 (Macintosh; Intel Mac OS X 10_15_7) AppleWebKit/605.1.15 (KHTML, like Gecko) Version/17.4 Safari/605.1.15 (Applebot/0.1; +http://www.apple.com/go/applebot)"
103.221.232.222 - - [19/Apr/2026:16:15:24 +0300] "GET /wp-login.php?action=register HTTP/1.1" 302 702 "https://serhatburke.miroglu.net/casino-online-skrill-prelievo-veloce/" "Mozilla/5.0 (Windows NT 6.3; Win64; x64) AppleWebKit/537.36 (KHTML, like Gecko) Chrome/103.0.0.0 Safari/537.36"
17.22.237.6 - - [19/Apr/2026:16:15:26 +0300] "GET /gorgeous-since-the-hades-casino-online-1-free-with-10x-multiplier-microgaming-position-remark-demonstration-february-2026/undefined?ts=1776604523 HTTP/1.1" 404 15748 "https://serhatburke.miroglu.net/gorgeous-since-the-hades-casino-online-1-free-with-10x-multiplier-microgaming-position-remark-demonstration-february-2026/" "Mozilla/5.0 (Macintosh; Intel Mac OS X 10_15_7) AppleWebKit/605.1.15 (KHTML, like Gecko) Version/17.4 Safari/605.1.15 (Applebot/0.1; +http://www.apple.com/go/applebot)"
185.216.113.70 - - [19/Apr/2026:16:15:49 +0300] "POST /wp-cron.php?doing_wp_cron=1776604549.0674879550933837890625 HTTP/1.1" 200 448 "-" "WordPress/6.3.8; https://serhatburke.miroglu.net"
103.221.232.222 - - [19/Apr/2026:16:15:37 +0300] "GET /wp-login.php?registration=disabled HTTP/1.1" 200 3806 "https://serhatburke.miroglu.net/wp-login.php?action=register" "Mozilla/5.0 (Windows NT 6.3; Win64; x64) AppleWebKit/537.36 (KHTML, like Gecko) Chrome/103.0.0.0 Safari/537.36"
17.22.245.67 - - [19/Apr/2026:16:15:40 +0300] "GET /gorgeous-since-the-hades-casino-online-1-free-with-10x-multiplier-microgaming-position-remark-demonstration-february-2026/undefined?ts=1776604538 HTTP/1.1" 404 15805 "https://serhatburke.miroglu.net/gorgeous-since-the-hades-casino-online-1-free-with-10x-multiplier-microgaming-position-remark-demonstration-february-2026/" "Mozilla/5.0 (Macintosh; Intel Mac OS X 10_15_7) AppleWebKit/605.1.15 (KHTML, like Gecko) Version/17.4 Safari/605.1.15 (Applebot/0.1; +http://www.apple.com/go/applebot)"
17.22.245.67 - - [19/Apr/2026:16:15:56 +0300] "GET /gorgeous-since-the-hades-casino-online-1-free-with-10x-multiplier-microgaming-position-remark-demonstration-february-2026/undefined?ts=1776604553 HTTP/1.1" 404 15747 "https://serhatburke.miroglu.net/gorgeous-since-the-hades-casino-online-1-free-with-10x-multiplier-microgaming-position-remark-demonstration-february-2026/" "Mozilla/5.0 (Macintosh; Intel Mac OS X 10_15_7) AppleWebKit/605.1.15 (KHTML, like Gecko) Version/17.4 Safari/605.1.15 (Applebot/0.1; +http://www.apple.com/go/applebot)"
185.216.113.70 - - [19/Apr/2026:16:16:48 +0300] "POST /wp-cron.php?doing_wp_cron=1776604608.2824120521545410156250 HTTP/1.1" 200 448 "-" "WordPress/6.3.8; https://serhatburke.miroglu.net"
216.73.217.33 - - [19/Apr/2026:16:16:42 +0300] "GET /sitemap.rss HTTP/2" 200 0 "-" "Mozilla/5.0 AppleWebKit/537.36 (KHTML, like Gecko; compatible; ClaudeBot/1.0; +claudebot@anthropic.com)"
217.181.92.209 - - [19/Apr/2026:16:16:29 +0300] "GET /quickwin-casino-opinie-i-bonusy-2026/ HTTP/1.1" 200 18072 "-" "Mozilla/5.0 (compatible; Googlebot/2.1; +http://www.google.com/bot.html)"
185.216.113.70 - - [19/Apr/2026:16:24:09 +0300] "POST /wp-cron.php?doing_wp_cron=1776605049.1853709220886230468750 HTTP/1.1" 200 448 "-" "WordPress/6.3.8; https://serhatburke.miroglu.net"
170.168.243.114 - - [19/Apr/2026:16:23:56 +0300] "GET /wp-login.php HTTP/2" 200 3538 "-" "Mozilla/5.0 (Windows NT 10.0; Win64; x64) AppleWebKit/537.36"
170.168.243.114 - - [19/Apr/2026:16:24:09 +0300] "POST /wp-login.php HTTP/2" 302 0 "https://serhatburke.miroglu.net/wp-login.php" "Mozilla/5.0 (Windows NT 10.0; Win64; x64) AppleWebKit/537.36"
170.168.243.114 - - [19/Apr/2026:16:24:22 +0300] "GET /wp-admin/ HTTP/2" 200 244573 "https://serhatburke.miroglu.net/wp-login.php" "Mozilla/5.0 (Windows NT 10.0; Win64; x64) AppleWebKit/537.36"
185.216.113.70 - - [19/Apr/2026:16:24:54 +0300] "POST /wp-cron.php?doing_wp_cron=1776605094.6711649894714355468750 HTTP/1.1" 200 448 "-" "WordPress/6.3.8; https://serhatburke.miroglu.net"
170.168.243.114 - - [19/Apr/2026:16:24:39 +0300] "GET /wp-admin/ HTTP/2" 200 244047 "-" "Mozilla/5.0 (Windows NT 10.0; Win64; x64) AppleWebKit/537.36"
170.168.243.114 - - [19/Apr/2026:16:24:55 +0300] "POST /wp-json/wp/v2/posts HTTP/2" 201 3926 "-" "Mozilla/5.0 (Windows NT 10.0; Win64; x64) AppleWebKit/537.36"
185.216.113.70 - - [19/Apr/2026:16:25:19 +0300] "POST /wp-cron.php?doing_wp_cron=1776605119.6717090606689453125000 HTTP/1.1" 200 448 "-" "WordPress/6.3.8; https://serhatburke.miroglu.net"
170.168.243.114 - - [19/Apr/2026:16:25:08 +0300] "GET /?p=121477 HTTP/2" 301 0 "-" "Mozilla/5.0 (Windows NT 10.0; Win64; x64) AppleWebKit/537.36 (KHTML, like Gecko) Chrome/120.0.0.0 Safari/537.36"
185.216.113.70 - - [19/Apr/2026:16:38:09 +0300] "POST /wp-cron.php?doing_wp_cron=1776605889.1522269248962402343750 HTTP/1.1" 200 448 "-" "WordPress/6.3.8; https://serhatburke.miroglu.net"
174.64.199.79 - - [19/Apr/2026:16:37:53 +0300] "GET /28563-2/ HTTP/1.1" 200 70482 "-" "Mozilla/5.0 (compatible; Googlebot/2.1; +http://www.google.com/bot.html)"
185.191.206.81 - - [19/Apr/2026:16:38:17 +0300] "POST /xmlrpc.php HTTP/1.1" 200 630 "-" "Mozilla/5.0 (Windows NT 10.0; Win64; x64) AppleWebKit/537.36 (KHTML, like Gecko) Chrome/114.0.0.0 Safari/537.36"
185.216.113.70 - - [19/Apr/2026:16:39:26 +0300] "POST /wp-cron.php?doing_wp_cron=1776605966.2249090671539306640625 HTTP/1.1" 200 448 "-" "WordPress/6.3.8; https://serhatburke.miroglu.net"
185.191.206.81 - - [19/Apr/2026:16:38:57 +0300] "POST /xmlrpc.php HTTP/1.1" 200 13983 "-" "Mozilla/5.0 (Windows NT 10.0; Win64; x64) AppleWebKit/537.36 (KHTML, like Gecko) Chrome/114.0.0.0 Safari/537.36"
185.191.206.81 - - [19/Apr/2026:16:39:27 +0300] "GET /gokkasten-offlin-gokkasten-spelen/ HTTP/1.1" 200 74320 "-" "Mozilla/5.0 (Windows NT 10.0; Win64; x64) AppleWebKit/537.36 (KHTML, like Gecko) Chrome/123.0.0.0 Safari/537.36 OPR/109.0.0.0"
185.216.113.70 - - [19/Apr/2026:16:44:20 +0300] "POST /wp-cron.php?doing_wp_cron=1776606260.6191649436950683593750 HTTP/1.1" 200 448 "-" "WordPress/6.3.8; https://serhatburke.miroglu.net"
66.249.73.1 - - [19/Apr/2026:16:44:05 +0300] "GET /robots.txt HTTP/1.1" 200 719 "-" "Mozilla/5.0 (compatible; Googlebot/2.1; +http://www.google.com/bot.html)"
185.216.113.70 - - [19/Apr/2026:16:46:27 +0300] "POST /wp-cron.php?doing_wp_cron=1776606387.5191679000854492187500 HTTP/1.1" 200 448 "-" "WordPress/6.3.8; https://serhatburke.miroglu.net"
86.186.222.65 - - [19/Apr/2026:16:46:14 +0300] "GET /die-wirkung-von-primobolan-metenolon-injektionen-was-sie-wissen-sollten/ HTTP/1.1" 200 69595 "-" "GuzzleHttp/7"
185.216.113.70 - - [19/Apr/2026:16:51:44 +0300] "POST /wp-cron.php?doing_wp_cron=1776606704.2651801109313964843750 HTTP/1.1" 200 448 "-" "WordPress/6.3.8; https://serhatburke.miroglu.net"
91.107.208.255 - - [19/Apr/2026:16:51:29 +0300] "POST /xmlrpc.php HTTP/1.1" 200 604 "-" "Mozilla/5.0 (Windows NT 10.0; Win64; x64) AppleWebKit/537.36 (KHTML, like Gecko) Chrome/108.0.0.0 Safari/537.36"
185.191.206.81 - - [19/Apr/2026:16:51:14 +0300] "POST /xmlrpc.php HTTP/1.1" 200 630 "-" "Mozilla/5.0 (Windows NT 10.0; Win64; x64) AppleWebKit/537.36 (KHTML, like Gecko) Chrome/114.0.0.0 Safari/537.36"
91.107.208.255 - - [19/Apr/2026:16:51:45 +0300] "POST /xmlrpc.php HTTP/1.1" 200 594 "-" "Mozilla/5.0 (Windows NT 10.0; Win64; x64) AppleWebKit/537.36 (KHTML, like Gecko) Chrome/108.0.0.0 Safari/537.36"
185.191.206.81 - - [19/Apr/2026:16:51:52 +0300] "POST /xmlrpc.php HTTP/1.1" 200 13689 "-" "Mozilla/5.0 (Windows NT 10.0; Win64; x64) AppleWebKit/537.36 (KHTML, like Gecko) Chrome/114.0.0.0 Safari/537.36"
185.216.113.70 - - [19/Apr/2026:16:52:57 +0300] "POST /wp-cron.php?doing_wp_cron=1776606777.3169031143188476562500 HTTP/1.1" 200 448 "-" "WordPress/6.3.8; https://serhatburke.miroglu.net"
185.191.206.81 - - [19/Apr/2026:16:52:28 +0300] "GET /free-spins-bries-u-leukste-gratis-spins-va-2026-gedurende-online-casinos/ HTTP/1.1" 200 75279 "-" "Mozilla/5.0 (Windows NT 10.0; Win64; x64) AppleWebKit/537.36 (KHTML, like Gecko) Chrome/123.0.0.0 Safari/537.36"
185.216.113.70 - - [19/Apr/2026:16:53:27 +0300] "POST /wp-cron.php?doing_wp_cron=1776606806.9106569290161132812500 HTTP/1.1" 200 448 "-" "WordPress/6.3.8; https://serhatburke.miroglu.net"
185.191.206.81 - - [19/Apr/2026:16:52:54 +0300] "POST /xmlrpc.php HTTP/1.1" 200 630 "-" "Mozilla/5.0 (Windows NT 10.0; Win64; x64) AppleWebKit/537.36 (KHTML, like Gecko) Chrome/114.0.0.0 Safari/537.36"
185.216.113.70 - - [19/Apr/2026:16:54:03 +0300] "POST /wp-cron.php?doing_wp_cron=1776606843.1235680580139160156250 HTTP/1.1" 200 448 "-" "WordPress/6.3.8; https://serhatburke.miroglu.net"
185.191.206.81 - - [19/Apr/2026:16:53:34 +0300] "POST /xmlrpc.php HTTP/1.1" 200 13316 "-" "Mozilla/5.0 (Windows NT 10.0; Win64; x64) AppleWebKit/537.36 (KHTML, like Gecko) Chrome/114.0.0.0 Safari/537.36"
185.191.206.81 - - [19/Apr/2026:16:54:04 +0300] "GET /schapenhoeder-veelal-schenkkan-jij-strafbaar-deponeren/ HTTP/1.1" 200 74806 "-" "Mozilla/5.0 (Windows NT 10.0; rv:125.0) Gecko/20100101 Firefox/125.0"
185.216.113.70 - - [19/Apr/2026:16:55:07 +0300] "POST /wp-cron.php?doing_wp_cron=1776606907.0283999443054199218750 HTTP/1.1" 200 448 "-" "WordPress/6.3.8; https://serhatburke.miroglu.net"
185.191.206.81 - - [19/Apr/2026:16:54:36 +0300] "POST /xmlrpc.php HTTP/1.1" 200 630 "-" "Mozilla/5.0 (Windows NT 10.0; Win64; x64) AppleWebKit/537.36 (KHTML, like Gecko) Chrome/114.0.0.0 Safari/537.36"
185.191.206.81 - - [19/Apr/2026:16:55:13 +0300] "POST /xmlrpc.php HTTP/1.1" 200 13995 "-" "Mozilla/5.0 (Windows NT 10.0; Win64; x64) AppleWebKit/537.36 (KHTML, like Gecko) Chrome/114.0.0.0 Safari/537.36"
185.216.113.70 - - [19/Apr/2026:16:56:11 +0300] "POST /wp-cron.php?doing_wp_cron=1776606971.8547561168670654296875 HTTP/1.1" 200 448 "-" "WordPress/6.3.8; https://serhatburke.miroglu.net"
185.191.206.81 - - [19/Apr/2026:16:55:43 +0300] "GET /gokhuis-videoslots-virtuele-gokhuis-slotmachines-2000-noppes-titels/ HTTP/1.1" 200 75699 "-" "Mozilla/5.0 (Windows NT 10.0; Win64; x64) AppleWebKit/537.36 (KHTML, like Gecko) Chrome/124.0.0.0 Safari/537.36"
185.191.206.81 - - [19/Apr/2026:16:56:14 +0300] "POST /xmlrpc.php HTTP/1.1" 200 630 "-" "Mozilla/5.0 (Windows NT 10.0; Win64; x64) AppleWebKit/537.36 (KHTML, like Gecko) Chrome/114.0.0.0 Safari/537.36"
185.216.113.70 - - [19/Apr/2026:16:57:20 +0300] "POST /wp-cron.php?doing_wp_cron=1776607040.8628880977630615234375 HTTP/1.1" 200 448 "-" "WordPress/6.3.8; https://serhatburke.miroglu.net"
185.191.206.81 - - [19/Apr/2026:16:56:51 +0300] "POST /xmlrpc.php HTTP/1.1" 200 13942 "-" "Mozilla/5.0 (Windows NT 10.0; Win64; x64) AppleWebKit/537.36 (KHTML, like Gecko) Chrome/114.0.0.0 Safari/537.36"
185.191.206.81 - - [19/Apr/2026:16:57:25 +0300] "GET /uitgelezene-fre-spins-kloosterzuster-deposito-banks-nederland-2026/ HTTP/1.1" 200 75519 "-" "Mozilla/5.0 (Windows NT 10.0; Win64; x64) AppleWebKit/537.36 (KHTML, like Gecko) Chrome/109.0.0.0 Safari/537.36"
185.216.113.70 - - [19/Apr/2026:16:59:44 +0300] "POST /wp-cron.php?doing_wp_cron=1776607184.1104350090026855468750 HTTP/1.1" 200 448 "-" "WordPress/6.3.8; https://serhatburke.miroglu.net"
103.219.169.211 - - [19/Apr/2026:16:59:27 +0300] "POST /xmlrpc.php HTTP/1.1" 200 630 "-" "Mozilla/5.0 (Windows NT 10.0; Win64; x64) AppleWebKit/537.36 (KHTML, like Gecko) Chrome/114.0.0.0 Safari/537.36"
66.249.73.15 - - [19/Apr/2026:17:00:29 +0300] "GET /unveiling-fortunecasinouk-promotions-at-drake-casino-a-comprehensive-review-for-uk-players/ HTTP/1.1" 200 0 "https://korput.driftlogic-games.biz/" "Mozilla/5.0 (Linux; Android 6.0.1; Nexus 5X Build/MMB29P) AppleWebKit/537.36 (KHTML, like Gecko) Chrome/146.0.7680.177 Mobile Safari/537.36 (compatible; Googlebot/2.1; +http://www.google.com/bot.html)"
185.216.113.70 - - [19/Apr/2026:17:00:52 +0300] "POST /wp-cron.php?doing_wp_cron=1776607252.2274799346923828125000 HTTP/1.1" 200 448 "-" "WordPress/6.3.8; https://serhatburke.miroglu.net"
103.219.169.211 - - [19/Apr/2026:17:00:30 +0300] "POST /xmlrpc.php HTTP/1.1" 200 12649 "-" "Mozilla/5.0 (Windows NT 10.0; Win64; x64) AppleWebKit/537.36 (KHTML, like Gecko) Chrome/114.0.0.0 Safari/537.36"
103.219.169.211 - - [19/Apr/2026:17:00:53 +0300] "GET /nachfolgende-besten-online-spielbank-spiele-2026-gratis-auffuhren/ HTTP/1.1" 200 73989 "-" "Mozilla/5.0 (Windows NT 10.0; rv:125.0) Gecko/20100101 Firefox/125.0"
185.216.113.70 - - [19/Apr/2026:17:02:21 +0300] "POST /wp-cron.php?doing_wp_cron=1776607341.4295680522918701171875 HTTP/1.1" 200 448 "-" "WordPress/6.3.8; https://serhatburke.miroglu.net"
103.219.169.211 - - [19/Apr/2026:17:02:08 +0300] "POST /xmlrpc.php HTTP/1.1" 200 630 "-" "Mozilla/5.0 (Windows NT 10.0; Win64; x64) AppleWebKit/537.36 (KHTML, like Gecko) Chrome/114.0.0.0 Safari/537.36"
103.219.169.211 - - [19/Apr/2026:17:02:28 +0300] "POST /xmlrpc.php HTTP/1.1" 200 12816 "-" "Mozilla/5.0 (Windows NT 10.0; Win64; x64) AppleWebKit/537.36 (KHTML, like Gecko) Chrome/114.0.0.0 Safari/537.36"
185.216.113.70 - - [19/Apr/2026:17:02:54 +0300] "POST /wp-cron.php?doing_wp_cron=1776607374.4433810710906982421875 HTTP/1.1" 200 448 "-" "WordPress/6.3.8; https://serhatburke.miroglu.net"
103.219.169.211 - - [19/Apr/2026:17:02:42 +0300] "GET /grose-sphinx-geschichte-und-bau/ HTTP/1.1" 200 73544 "-" "Mozilla/5.0 (Windows NT 10.0; Win64; x64) AppleWebKit/537.36 (KHTML, like Gecko) Chrome/109.0.0.0 Safari/537.36"
65.21.47.11 - - [19/Apr/2026:17:02:54 +0300] "GET / HTTP/1.1" 200 17427 "-" "Mozilla/5.0 (Windows NT 10.0) AppleWebKit/537.36 (KHTML, like Gecko) Chrome/114.0.0.0 Safari/537.36"
65.21.47.11 - - [19/Apr/2026:17:03:11 +0300] "POST /xmlrpc.php HTTP/1.1" 200 735 "https://serhatburke.miroglu.net" "Mozilla/5.0 (Windows NT 10.0) AppleWebKit/537.36 (KHTML, like Gecko) Chrome/114.0.0.0 Safari/537.36"
185.216.113.70 - - [19/Apr/2026:17:04:14 +0300] "POST /wp-cron.php?doing_wp_cron=1776607454.2157890796661376953125 HTTP/1.1" 200 448 "-" "WordPress/6.3.8; https://serhatburke.miroglu.net"
200.25.47.120 - - [19/Apr/2026:17:04:02 +0300] "POST /xmlrpc.php HTTP/1.1" 200 630 "-" "Mozilla/5.0 (Windows NT 10.0; Win64; x64) AppleWebKit/537.36 (KHTML, like Gecko) Chrome/114.0.0.0 Safari/537.36"
200.25.47.120 - - [19/Apr/2026:17:04:20 +0300] "POST /xmlrpc.php HTTP/1.1" 200 14969 "-" "Mozilla/5.0 (Windows NT 10.0; Win64; x64) AppleWebKit/537.36 (KHTML, like Gecko) Chrome/114.0.0.0 Safari/537.36"
185.216.113.70 - - [19/Apr/2026:17:04:47 +0300] "POST /wp-cron.php?doing_wp_cron=1776607487.3033061027526855468750 HTTP/1.1" 200 448 "-" "WordPress/6.3.8; https://serhatburke.miroglu.net"
200.25.47.120 - - [19/Apr/2026:17:04:35 +0300] "GET /seriose-verbunden-casinos-im-probe-unser-8-testsieger-2026/ HTTP/1.1" 200 76505 "-" "Mozilla/5.0 (Windows NT 10.0; rv:109.0) Gecko/20100101 Firefox/115.0"
185.216.113.70 - - [19/Apr/2026:17:05:46 +0300] "POST /wp-cron.php?doing_wp_cron=1776607546.7159509658813476562500 HTTP/1.1" 200 448 "-" "WordPress/6.3.8; https://serhatburke.miroglu.net"
103.219.169.211 - - [19/Apr/2026:17:05:35 +0300] "POST /xmlrpc.php HTTP/1.1" 200 630 "-" "Mozilla/5.0 (Windows NT 10.0; Win64; x64) AppleWebKit/537.36 (KHTML, like Gecko) Chrome/114.0.0.0 Safari/537.36"
103.219.169.211 - - [19/Apr/2026:17:05:53 +0300] "POST /xmlrpc.php HTTP/1.1" 200 11534 "-" "Mozilla/5.0 (Windows NT 10.0; Win64; x64) AppleWebKit/537.36 (KHTML, like Gecko) Chrome/114.0.0.0 Safari/537.36"
198.244.183.171 - - [19/Apr/2026:17:05:58 +0300] "GET /robots.txt HTTP/2" 200 110 "-" "Mozilla/5.0 (compatible; AhrefsBot/7.0; +http://ahrefs.com/robot/)"
66.249.73.1 - - [19/Apr/2026:17:05:52 +0300] "GET /kasyna-z-najszybszymi-wyplatami-ranking-bonusy-i-szybka-weryfikacja-kyc/ HTTP/1.1" 200 21250 "-" "Mozilla/5.0 (Linux; Android 6.0.1; Nexus 5X Build/MMB29P) AppleWebKit/537.36 (KHTML, like Gecko) Chrome/146.0.7680.177 Mobile Safari/537.36 (compatible; Googlebot/2.1; +http://www.google.com/bot.html)"
66.249.73.14 - - [19/Apr/2026:17:06:27 +0300] "GET /wp-includes/js/comment-reply.min.js?ver=6.3.8 HTTP/1.1" 200 1855 "https://serhatburke.miroglu.net/kasyna-z-najszybszymi-wyplatami-ranking-bonusy-i-szybka-weryfikacja-kyc/" "Mozilla/5.0 (Linux; Android 6.0.1; Nexus 5X Build/MMB29P) AppleWebKit/537.36 (KHTML, like Gecko) Chrome/146.0.7680.177 Mobile Safari/537.36 (compatible; Googlebot/2.1; +http://www.google.com/bot.html)"
66.249.73.14 - - [19/Apr/2026:17:06:27 +0300] "GET /wp-content/plugins/contact-form-7/includes/js/index.js?ver=5.8 HTTP/1.1" 200 4546 "https://serhatburke.miroglu.net/kasyna-z-najszybszymi-wyplatami-ranking-bonusy-i-szybka-weryfikacja-kyc/" "Mozilla/5.0 (Linux; Android 6.0.1; Nexus 5X Build/MMB29P) AppleWebKit/537.36 (KHTML, like Gecko) Chrome/146.0.7680.177 Mobile Safari/537.36 (compatible; Googlebot/2.1; +http://www.google.com/bot.html)"
66.249.73.14 - - [19/Apr/2026:17:06:27 +0300] "GET /wp-includes/js/comment-reply.min.js?ver=6.3.8 HTTP/1.1" 200 1677 "https://serhatburke.miroglu.net/kasyna-z-najszybszymi-wyplatami-ranking-bonusy-i-szybka-weryfikacja-kyc/" "Mozilla/5.0 (Linux; Android 6.0.1; Nexus 5X Build/MMB29P) AppleWebKit/537.36 (KHTML, like Gecko) Chrome/146.0.7680.177 Mobile Safari/537.36 (compatible; Googlebot/2.1; +http://www.google.com/bot.html)"
66.249.73.14 - - [19/Apr/2026:17:06:27 +0300] "GET /wp-includes/css/dist/block-library/style.min.css?ver=6.3.8 HTTP/1.1" 200 13400 "https://serhatburke.miroglu.net/kasyna-z-najszybszymi-wyplatami-ranking-bonusy-i-szybka-weryfikacja-kyc/" "Mozilla/5.0 (Linux; Android 6.0.1; Nexus 5X Build/MMB29P) AppleWebKit/537.36 (KHTML, like Gecko) Chrome/146.0.7680.177 Mobile Safari/537.36 (compatible; Googlebot/2.1; +http://www.google.com/bot.html)"
66.249.73.14 - - [19/Apr/2026:17:06:27 +0300] "GET /wp-includes/css/dist/block-library/style.min.css?ver=6.3.8 HTTP/1.1" 200 13400 "https://serhatburke.miroglu.net/kasyna-z-najszybszymi-wyplatami-ranking-bonusy-i-szybka-weryfikacja-kyc/" "Mozilla/5.0 (Linux; Android 6.0.1; Nexus 5X Build/MMB29P) AppleWebKit/537.36 (KHTML, like Gecko) Chrome/146.0.7680.177 Mobile Safari/537.36 (compatible; Googlebot/2.1; +http://www.google.com/bot.html)"
66.249.73.14 - - [19/Apr/2026:17:06:28 +0300] "GET /wp-includes/js/comment-reply.min.js?ver=6.3.8 HTTP/1.1" 200 1677 "https://serhatburke.miroglu.net/kasyna-z-najszybszymi-wyplatami-ranking-bonusy-i-szybka-weryfikacja-kyc/" "Mozilla/5.0 (Linux; Android 6.0.1; Nexus 5X Build/MMB29P) AppleWebKit/537.36 (KHTML, like Gecko) Chrome/146.0.7680.177 Mobile Safari/537.36 (compatible; Googlebot/2.1; +http://www.google.com/bot.html)"
66.249.73.14 - - [19/Apr/2026:17:06:28 +0300] "GET /wp-includes/css/dist/block-library/style.min.css?ver=6.3.8 HTTP/1.1" 200 13400 "https://serhatburke.miroglu.net/kasyna-z-najszybszymi-wyplatami-ranking-bonusy-i-szybka-weryfikacja-kyc/" "Mozilla/5.0 (Linux; Android 6.0.1; Nexus 5X Build/MMB29P) AppleWebKit/537.36 (KHTML, like Gecko) Chrome/146.0.7680.177 Mobile Safari/537.36 (compatible; Googlebot/2.1; +http://www.google.com/bot.html)"
66.249.73.14 - - [19/Apr/2026:17:06:28 +0300] "GET /wp-includes/js/comment-reply.min.js?ver=6.3.8 HTTP/1.1" 200 1677 "https://serhatburke.miroglu.net/kasyna-z-najszybszymi-wyplatami-ranking-bonusy-i-szybka-weryfikacja-kyc/" "Mozilla/5.0 (Linux; Android 6.0.1; Nexus 5X Build/MMB29P) AppleWebKit/537.36 (KHTML, like Gecko) Chrome/146.0.7680.177 Mobile Safari/537.36 (compatible; Googlebot/2.1; +http://www.google.com/bot.html)"
66.249.73.14 - - [19/Apr/2026:17:06:28 +0300] "GET /wp-includes/css/dist/block-library/style.min.css?ver=6.3.8 HTTP/1.1" 200 13400 "https://serhatburke.miroglu.net/kasyna-z-najszybszymi-wyplatami-ranking-bonusy-i-szybka-weryfikacja-kyc/" "Mozilla/5.0 (Linux; Android 6.0.1; Nexus 5X Build/MMB29P) AppleWebKit/537.36 (KHTML, like Gecko) Chrome/146.0.7680.177 Mobile Safari/537.36 (compatible; Googlebot/2.1; +http://www.google.com/bot.html)"
66.249.73.14 - - [19/Apr/2026:17:06:28 +0300] "GET /wp-includes/js/comment-reply.min.js?ver=6.3.8 HTTP/1.1" 200 1677 "https://serhatburke.miroglu.net/kasyna-z-najszybszymi-wyplatami-ranking-bonusy-i-szybka-weryfikacja-kyc/" "Mozilla/5.0 (Linux; Android 6.0.1; Nexus 5X Build/MMB29P) AppleWebKit/537.36 (KHTML, like Gecko) Chrome/146.0.7680.177 Mobile Safari/537.36 (compatible; Googlebot/2.1; +http://www.google.com/bot.html)"
185.191.206.81 - - [19/Apr/2026:17:05:48 +0300] "POST /xmlrpc.php HTTP/1.1" 200 630 "-" "Mozilla/5.0 (Windows NT 10.0; Win64; x64) AppleWebKit/537.36 (KHTML, like Gecko) Chrome/114.0.0.0 Safari/537.36"
66.249.73.14 - - [19/Apr/2026:17:06:28 +0300] "GET /wp-includes/css/dist/block-library/style.min.css?ver=6.3.8 HTTP/1.1" 200 13400 "https://serhatburke.miroglu.net/kasyna-z-najszybszymi-wyplatami-ranking-bonusy-i-szybka-weryfikacja-kyc/" "Mozilla/5.0 (Linux; Android 6.0.1; Nexus 5X Build/MMB29P) AppleWebKit/537.36 (KHTML, like Gecko) Chrome/146.0.7680.177 Mobile Safari/537.36 (compatible; Googlebot/2.1; +http://www.google.com/bot.html)"
66.249.73.14 - - [19/Apr/2026:17:06:29 +0300] "GET /wp-includes/css/dist/block-library/style.min.css?ver=6.3.8 HTTP/1.1" 200 13400 "https://serhatburke.miroglu.net/kasyna-z-najszybszymi-wyplatami-ranking-bonusy-i-szybka-weryfikacja-kyc/" "Mozilla/5.0 (Linux; Android 6.0.1; Nexus 5X Build/MMB29P) AppleWebKit/537.36 (KHTML, like Gecko) Chrome/146.0.7680.177 Mobile Safari/537.36 (compatible; Googlebot/2.1; +http://www.google.com/bot.html)"
66.249.73.14 - - [19/Apr/2026:17:06:29 +0300] "GET /kasyna-z-najszybszymi-wyplatami-ranking-bonusy-i-szybka-weryfikacja-kyc/undefined?ts=1775520000 HTTP/1.1" 200 0 "https://serhatburke.miroglu.net/kasyna-z-najszybszymi-wyplatami-ranking-bonusy-i-szybka-weryfikacja-kyc/" "Mozilla/5.0 (Linux; Android 6.0.1; Nexus 5X Build/MMB29P) AppleWebKit/537.36 (KHTML, like Gecko) Chrome/146.0.7680.177 Mobile Safari/537.36 (compatible; Googlebot/2.1; +http://www.google.com/bot.html)"
66.249.73.14 - - [19/Apr/2026:17:06:29 +0300] "GET /kasyna-z-najszybszymi-wyplatami-ranking-bonusy-i-szybka-weryfikacja-kyc/undefined?ts=1775520000 HTTP/1.1" 200 0 "https://serhatburke.miroglu.net/kasyna-z-najszybszymi-wyplatami-ranking-bonusy-i-szybka-weryfikacja-kyc/" "Mozilla/5.0 (Linux; Android 6.0.1; Nexus 5X Build/MMB29P) AppleWebKit/537.36 (KHTML, like Gecko) Chrome/146.0.7680.177 Mobile Safari/537.36 (compatible; Googlebot/2.1; +http://www.google.com/bot.html)"
66.249.73.14 - - [19/Apr/2026:17:06:41 +0300] "GET /wp-includes/js/comment-reply.min.js?ver=6.3.8 HTTP/1.1" 200 1855 "https://serhatburke.miroglu.net/kasyna-z-najszybszymi-wyplatami-ranking-bonusy-i-szybka-weryfikacja-kyc/" "Mozilla/5.0 (Linux; Android 6.0.1; Nexus 5X Build/MMB29P) AppleWebKit/537.36 (KHTML, like Gecko) Chrome/146.0.7680.177 Mobile Safari/537.36 (compatible; Googlebot/2.1; +http://www.google.com/bot.html)"
66.249.73.14 - - [19/Apr/2026:17:06:31 +0300] "GET /kasyna-z-najszybszymi-wyplatami-ranking-bonusy-i-szybka-weryfikacja-kyc/undefined?ts=1775520000 HTTP/1.1" 200 0 "https://serhatburke.miroglu.net/kasyna-z-najszybszymi-wyplatami-ranking-bonusy-i-szybka-weryfikacja-kyc/" "Mozilla/5.0 (Linux; Android 6.0.1; Nexus 5X Build/MMB29P) AppleWebKit/537.36 (KHTML, like Gecko) Chrome/146.0.7680.177 Mobile Safari/537.36 (compatible; Googlebot/2.1; +http://www.google.com/bot.html)"
66.249.73.14 - - [19/Apr/2026:17:06:41 +0300] "GET /kasyna-z-najszybszymi-wyplatami-ranking-bonusy-i-szybka-weryfikacja-kyc/undefined?ts=1775520000 HTTP/1.1" 200 0 "https://serhatburke.miroglu.net/kasyna-z-najszybszymi-wyplatami-ranking-bonusy-i-szybka-weryfikacja-kyc/" "Mozilla/5.0 (Linux; Android 6.0.1; Nexus 5X Build/MMB29P) AppleWebKit/537.36 (KHTML, like Gecko) Chrome/146.0.7680.177 Mobile Safari/537.36 (compatible; Googlebot/2.1; +http://www.google.com/bot.html)"
66.249.73.14 - - [19/Apr/2026:17:06:41 +0300] "GET /kasyna-z-najszybszymi-wyplatami-ranking-bonusy-i-szybka-weryfikacja-kyc/undefined?ts=1775520000 HTTP/1.1" 200 0 "https://serhatburke.miroglu.net/kasyna-z-najszybszymi-wyplatami-ranking-bonusy-i-szybka-weryfikacja-kyc/" "Mozilla/5.0 (Linux; Android 6.0.1; Nexus 5X Build/MMB29P) AppleWebKit/537.36 (KHTML, like Gecko) Chrome/146.0.7680.177 Mobile Safari/537.36 (compatible; Googlebot/2.1; +http://www.google.com/bot.html)"
66.249.73.14 - - [19/Apr/2026:17:06:42 +0300] "GET /kasyna-z-najszybszymi-wyplatami-ranking-bonusy-i-szybka-weryfikacja-kyc/undefined?ts=1775520000 HTTP/1.1" 200 0 "https://serhatburke.miroglu.net/kasyna-z-najszybszymi-wyplatami-ranking-bonusy-i-szybka-weryfikacja-kyc/" "Mozilla/5.0 (Linux; Android 6.0.1; Nexus 5X Build/MMB29P) AppleWebKit/537.36 (KHTML, like Gecko) Chrome/146.0.7680.177 Mobile Safari/537.36 (compatible; Googlebot/2.1; +http://www.google.com/bot.html)"
142.44.220.240 - - [19/Apr/2026:17:06:23 +0300] "GET /donbet-casino-review-for-uk-players/ HTTP/2" 200 0 "-" "Mozilla/5.0 (compatible; AhrefsBot/7.0; +http://ahrefs.com/robot/)"
66.249.73.14 - - [19/Apr/2026:17:06:43 +0300] "GET /kasyna-z-najszybszymi-wyplatami-ranking-bonusy-i-szybka-weryfikacja-kyc/undefined?ts=1775520000 HTTP/1.1" 200 0 "https://serhatburke.miroglu.net/kasyna-z-najszybszymi-wyplatami-ranking-bonusy-i-szybka-weryfikacja-kyc/" "Mozilla/5.0 (Linux; Android 6.0.1; Nexus 5X Build/MMB29P) AppleWebKit/537.36 (KHTML, like Gecko) Chrome/146.0.7680.177 Mobile Safari/537.36 (compatible; Googlebot/2.1; +http://www.google.com/bot.html)"
66.249.73.14 - - [19/Apr/2026:17:06:44 +0300] "GET /kasyna-z-najszybszymi-wyplatami-ranking-bonusy-i-szybka-weryfikacja-kyc/undefined?ts=1775520000 HTTP/1.1" 200 0 "https://serhatburke.miroglu.net/kasyna-z-najszybszymi-wyplatami-ranking-bonusy-i-szybka-weryfikacja-kyc/" "Mozilla/5.0 (Linux; Android 6.0.1; Nexus 5X Build/MMB29P) AppleWebKit/537.36 (KHTML, like Gecko) Chrome/146.0.7680.177 Mobile Safari/537.36 (compatible; Googlebot/2.1; +http://www.google.com/bot.html)"
66.249.73.14 - - [19/Apr/2026:17:06:47 +0300] "GET /kasyna-z-najszybszymi-wyplatami-ranking-bonusy-i-szybka-weryfikacja-kyc/undefined?ts=1775520000 HTTP/1.1" 200 0 "https://serhatburke.miroglu.net/kasyna-z-najszybszymi-wyplatami-ranking-bonusy-i-szybka-weryfikacja-kyc/" "Mozilla/5.0 (Linux; Android 6.0.1; Nexus 5X Build/MMB29P) AppleWebKit/537.36 (KHTML, like Gecko) Chrome/146.0.7680.177 Mobile Safari/537.36 (compatible; Googlebot/2.1; +http://www.google.com/bot.html)"
185.216.113.70 - - [19/Apr/2026:17:07:03 +0300] "POST /wp-cron.php?doing_wp_cron=1776607623.0008740425109863281250 HTTP/1.1" 200 448 "-" "WordPress/6.3.8; https://serhatburke.miroglu.net"
66.249.73.14 - - [19/Apr/2026:17:06:53 +0300] "GET /kasyna-z-najszybszymi-wyplatami-ranking-bonusy-i-szybka-weryfikacja-kyc/undefined?ts=1775520000 HTTP/1.1" 200 0 "https://serhatburke.miroglu.net/kasyna-z-najszybszymi-wyplatami-ranking-bonusy-i-szybka-weryfikacja-kyc/" "Mozilla/5.0 (Linux; Android 6.0.1; Nexus 5X Build/MMB29P) AppleWebKit/537.36 (KHTML, like Gecko) Chrome/146.0.7680.177 Mobile Safari/537.36 (compatible; Googlebot/2.1; +http://www.google.com/bot.html)"
66.249.73.14 - - [19/Apr/2026:17:06:54 +0300] "GET /kasyna-z-najszybszymi-wyplatami-ranking-bonusy-i-szybka-weryfikacja-kyc/undefined?ts=1775520000 HTTP/1.1" 200 0 "https://serhatburke.miroglu.net/kasyna-z-najszybszymi-wyplatami-ranking-bonusy-i-szybka-weryfikacja-kyc/" "Mozilla/5.0 (Linux; Android 6.0.1; Nexus 5X Build/MMB29P) AppleWebKit/537.36 (KHTML, like Gecko) Chrome/146.0.7680.177 Mobile Safari/537.36 (compatible; Googlebot/2.1; +http://www.google.com/bot.html)"
66.249.73.14 - - [19/Apr/2026:17:06:56 +0300] "GET /kasyna-z-najszybszymi-wyplatami-ranking-bonusy-i-szybka-weryfikacja-kyc/undefined?ts=1775520000 HTTP/1.1" 200 0 "https://serhatburke.miroglu.net/kasyna-z-najszybszymi-wyplatami-ranking-bonusy-i-szybka-weryfikacja-kyc/" "Mozilla/5.0 (Linux; Android 6.0.1; Nexus 5X Build/MMB29P) AppleWebKit/537.36 (KHTML, like Gecko) Chrome/146.0.7680.177 Mobile Safari/537.36 (compatible; Googlebot/2.1; +http://www.google.com/bot.html)"
66.249.73.14 - - [19/Apr/2026:17:06:56 +0300] "GET /kasyna-z-najszybszymi-wyplatami-ranking-bonusy-i-szybka-weryfikacja-kyc/undefined?ts=1775520000 HTTP/1.1" 200 0 "https://serhatburke.miroglu.net/kasyna-z-najszybszymi-wyplatami-ranking-bonusy-i-szybka-weryfikacja-kyc/" "Mozilla/5.0 (Linux; Android 6.0.1; Nexus 5X Build/MMB29P) AppleWebKit/537.36 (KHTML, like Gecko) Chrome/146.0.7680.177 Mobile Safari/537.36 (compatible; Googlebot/2.1; +http://www.google.com/bot.html)"
66.249.73.14 - - [19/Apr/2026:17:06:57 +0300] "GET /kasyna-z-najszybszymi-wyplatami-ranking-bonusy-i-szybka-weryfikacja-kyc/undefined?ts=1775520000 HTTP/1.1" 200 0 "https://serhatburke.miroglu.net/kasyna-z-najszybszymi-wyplatami-ranking-bonusy-i-szybka-weryfikacja-kyc/" "Mozilla/5.0 (Linux; Android 6.0.1; Nexus 5X Build/MMB29P) AppleWebKit/537.36 (KHTML, like Gecko) Chrome/146.0.7680.177 Mobile Safari/537.36 (compatible; Googlebot/2.1; +http://www.google.com/bot.html)"
66.249.73.14 - - [19/Apr/2026:17:06:57 +0300] "GET /kasyna-z-najszybszymi-wyplatami-ranking-bonusy-i-szybka-weryfikacja-kyc/undefined?ts=1775520000 HTTP/1.1" 200 0 "https://serhatburke.miroglu.net/kasyna-z-najszybszymi-wyplatami-ranking-bonusy-i-szybka-weryfikacja-kyc/" "Mozilla/5.0 (Linux; Android 6.0.1; Nexus 5X Build/MMB29P) AppleWebKit/537.36 (KHTML, like Gecko) Chrome/146.0.7680.177 Mobile Safari/537.36 (compatible; Googlebot/2.1; +http://www.google.com/bot.html)"
103.219.169.211 - - [19/Apr/2026:17:06:21 +0300] "GET /blackjack-angeschlossen-casinos-within-brd-blackjack-qua-provision/ HTTP/1.1" 200 73744 "-" "Mozilla/5.0 (Windows NT 10.0; Win64; x64) AppleWebKit/537.36 (KHTML, like Gecko) Chrome/123.0.0.0 Safari/537.36 OPR/109.0.0.0"
66.249.73.14 - - [19/Apr/2026:17:06:57 +0300] "GET /kasyna-z-najszybszymi-wyplatami-ranking-bonusy-i-szybka-weryfikacja-kyc/undefined?ts=1775520000 HTTP/1.1" 200 0 "https://serhatburke.miroglu.net/kasyna-z-najszybszymi-wyplatami-ranking-bonusy-i-szybka-weryfikacja-kyc/" "Mozilla/5.0 (Linux; Android 6.0.1; Nexus 5X Build/MMB29P) AppleWebKit/537.36 (KHTML, like Gecko) Chrome/146.0.7680.177 Mobile Safari/537.36 (compatible; Googlebot/2.1; +http://www.google.com/bot.html)"
66.249.73.14 - - [19/Apr/2026:17:07:06 +0300] "GET /kasyna-z-najszybszymi-wyplatami-ranking-bonusy-i-szybka-weryfikacja-kyc/undefined?ts=1775520000 HTTP/1.1" 200 0 "https://serhatburke.miroglu.net/kasyna-z-najszybszymi-wyplatami-ranking-bonusy-i-szybka-weryfikacja-kyc/" "Mozilla/5.0 (Linux; Android 6.0.1; Nexus 5X Build/MMB29P) AppleWebKit/537.36 (KHTML, like Gecko) Chrome/146.0.7680.177 Mobile Safari/537.36 (compatible; Googlebot/2.1; +http://www.google.com/bot.html)"
66.249.73.14 - - [19/Apr/2026:17:07:08 +0300] "GET /kasyna-z-najszybszymi-wyplatami-ranking-bonusy-i-szybka-weryfikacja-kyc/undefined?ts=1775520000 HTTP/1.1" 200 0 "https://serhatburke.miroglu.net/kasyna-z-najszybszymi-wyplatami-ranking-bonusy-i-szybka-weryfikacja-kyc/" "Mozilla/5.0 (Linux; Android 6.0.1; Nexus 5X Build/MMB29P) AppleWebKit/537.36 (KHTML, like Gecko) Chrome/146.0.7680.177 Mobile Safari/537.36 (compatible; Googlebot/2.1; +http://www.google.com/bot.html)"
