160.250.186.93 - - [20/Apr/2026:06:05:03 +0300] "GET /wp-content/themes/toppic/css/royalslider.css?ver=4.2 HTTP/1.1" 200 1887 "https://serhatburke.miroglu.net/zotabet-casino-bonus-premier-depot-2026/" "Mozilla/5.0 (Windows NT 10.0; Win64; x64) AppleWebKit/537.36 (KHTML, like Gecko) Chrome/145.0.0.0 Safari/537.36"
160.250.186.93 - - [20/Apr/2026:06:05:04 +0300] "GET /wp-content/themes/toppic/css/rs-default.css?ver=4.2 HTTP/1.1" 200 2625 "https://serhatburke.miroglu.net/zotabet-casino-bonus-premier-depot-2026/" "Mozilla/5.0 (Windows NT 10.0; Win64; x64) AppleWebKit/537.36 (KHTML, like Gecko) Chrome/145.0.0.0 Safari/537.36"
160.250.186.93 - - [20/Apr/2026:06:05:05 +0300] "GET /wp-content/themes/toppic/css/lightbox.css?ver=4.2 HTTP/1.1" 200 2956 "https://serhatburke.miroglu.net/zotabet-casino-bonus-premier-depot-2026/" "Mozilla/5.0 (Windows NT 10.0; Win64; x64) AppleWebKit/537.36 (KHTML, like Gecko) Chrome/145.0.0.0 Safari/537.36"
160.250.186.93 - - [20/Apr/2026:06:05:06 +0300] "GET /wp-content/themes/toppic/css/woocommerce.css?ver=4.2 HTTP/1.1" 200 2848 "https://serhatburke.miroglu.net/zotabet-casino-bonus-premier-depot-2026/" "Mozilla/5.0 (Windows NT 10.0; Win64; x64) AppleWebKit/537.36 (KHTML, like Gecko) Chrome/145.0.0.0 Safari/537.36"
160.250.186.93 - - [20/Apr/2026:06:05:07 +0300] "GET /wp-content/themes/toppic/css/responsive.css?ver=4.2 HTTP/1.1" 200 2796 "https://serhatburke.miroglu.net/zotabet-casino-bonus-premier-depot-2026/" "Mozilla/5.0 (Windows NT 10.0; Win64; x64) AppleWebKit/537.36 (KHTML, like Gecko) Chrome/145.0.0.0 Safari/537.36"
185.216.113.70 - - [20/Apr/2026:06:05:09 +0300] "POST /wp-cron.php?doing_wp_cron=1776654309.7555050849914550781250 HTTP/1.1" 200 448 "-" "WordPress/6.3.8; https://serhatburke.miroglu.net"
17.246.19.119 - - [20/Apr/2026:06:04:57 +0300] "GET /omegle-sozialpsychologische-betrachtung-von-32/undefined?ts=1776654293 HTTP/1.1" 404 15567 "https://serhatburke.miroglu.net/omegle-sozialpsychologische-betrachtung-von-32/" "Mozilla/5.0 (Macintosh; Intel Mac OS X 10_15_7) AppleWebKit/605.1.15 (KHTML, like Gecko) Version/17.4 Safari/605.1.15 (Applebot/0.1; +http://www.apple.com/go/applebot)"
160.250.186.93 - - [20/Apr/2026:06:05:08 +0300] "POST /wp-comments-post.php HTTP/1.1" 302 1087 "https://serhatburke.miroglu.net/zotabet-casino-bonus-premier-depot-2026/" "Mozilla/5.0 (X11; Ubuntu; Linux x86_64; rv:148.0) Gecko/20100101 Firefox/148.0"
160.250.186.93 - - [20/Apr/2026:06:05:22 +0300] "GET /zotabet-casino-bonus-premier-depot-2026/?unapproved=517&moderation-hash=a7af5b8a0c3c42ece7ae2d0b35be5b94 HTTP/1.1" 200 18973 "https://serhatburke.miroglu.net/wp-comments-post.php" "Mozilla/5.0 (X11; Ubuntu; Linux x86_64; rv:148.0) Gecko/20100101 Firefox/148.0"
185.216.113.70 - - [20/Apr/2026:06:05:43 +0300] "POST /wp-cron.php?doing_wp_cron=1776654343.2124190330505371093750 HTTP/1.1" 200 448 "-" "WordPress/6.3.8; https://serhatburke.miroglu.net"
174.138.16.211 - - [20/Apr/2026:06:05:28 +0300] "GET /casino-online-skrill-prelievo-veloce/ HTTP/1.1" 200 18092 "https://serhatburke.miroglu.net/" "Mozilla/5.0 (X11; Fedora; Linux x86_64; rv:114.0) Gecko/20100101 Firefox/114.0"
160.250.186.93 - - [20/Apr/2026:06:05:37 +0300] "GET /zotabet-casino-bonus-premier-depot-2026/ HTTP/1.1" 200 18530 "-" "Mozilla/5.0 (compatible; Googlebot/2.1; +http://www.google.com/bot.html)"
17.246.23.45 - - [20/Apr/2026:06:05:43 +0300] "GET /omegle-sozialpsychologische-betrachtung-von-32/undefined?ts=1776654310 HTTP/1.1" 404 15860 "https://serhatburke.miroglu.net/omegle-sozialpsychologische-betrachtung-von-32/" "Mozilla/5.0 (Macintosh; Intel Mac OS X 10_15_7) AppleWebKit/605.1.15 (KHTML, like Gecko) Version/17.4 Safari/605.1.15 (Applebot/0.1; +http://www.apple.com/go/applebot)"
174.138.16.211 - - [20/Apr/2026:06:05:50 +0300] "GET /wp-login.php?action=register HTTP/1.1" 302 702 "https://serhatburke.miroglu.net/casino-online-skrill-prelievo-veloce/" "Mozilla/5.0 (Windows NT 6.3; Win64; x64) AppleWebKit/537.36 (KHTML, like Gecko) Chrome/103.0.0.0 Safari/537.36"
17.246.23.234 - - [20/Apr/2026:06:05:48 +0300] "GET /omegle-sozialpsychologische-betrachtung-von-32/undefined?ts=1776654347 HTTP/1.1" 404 15741 "https://serhatburke.miroglu.net/omegle-sozialpsychologische-betrachtung-von-32/" "Mozilla/5.0 (Macintosh; Intel Mac OS X 10_15_7) AppleWebKit/605.1.15 (KHTML, like Gecko) Version/17.4 Safari/605.1.15 (Applebot/0.1; +http://www.apple.com/go/applebot)"
17.246.19.119 - - [20/Apr/2026:06:06:11 +0300] "GET /omegle-sozialpsychologische-betrachtung-von-32/undefined?ts=1776654370 HTTP/1.1" 404 15861 "https://serhatburke.miroglu.net/omegle-sozialpsychologische-betrachtung-von-32/" "Mozilla/5.0 (Macintosh; Intel Mac OS X 10_15_7) AppleWebKit/605.1.15 (KHTML, like Gecko) Version/17.4 Safari/605.1.15 (Applebot/0.1; +http://www.apple.com/go/applebot)"
174.138.16.211 - - [20/Apr/2026:06:06:20 +0300] "GET /wp-login.php?action=register HTTP/1.1" 302 702 "https://serhatburke.miroglu.net/casino-online-skrill-prelievo-veloce/" "Mozilla/5.0 (Windows NT 6.3; Win64; x64) AppleWebKit/537.36 (KHTML, like Gecko) Chrome/103.0.0.0 Safari/537.36"
185.216.113.70 - - [20/Apr/2026:06:06:45 +0300] "POST /wp-cron.php?doing_wp_cron=1776654405.2529780864715576171875 HTTP/1.1" 200 448 "-" "WordPress/6.3.8; https://serhatburke.miroglu.net"
17.246.19.119 - - [20/Apr/2026:06:06:31 +0300] "GET /omegle-sozialpsychologische-betrachtung-von-32/undefined?ts=1776654391 HTTP/1.1" 404 15683 "https://serhatburke.miroglu.net/omegle-sozialpsychologische-betrachtung-von-32/" "Mozilla/5.0 (Macintosh; Intel Mac OS X 10_15_7) AppleWebKit/605.1.15 (KHTML, like Gecko) Version/17.4 Safari/605.1.15 (Applebot/0.1; +http://www.apple.com/go/applebot)"
174.138.16.211 - - [20/Apr/2026:06:06:35 +0300] "GET /wp-login.php?registration=disabled HTTP/1.1" 200 3806 "https://serhatburke.miroglu.net/wp-login.php?action=register" "Mozilla/5.0 (Windows NT 6.3; Win64; x64) AppleWebKit/537.36 (KHTML, like Gecko) Chrome/103.0.0.0 Safari/537.36"
17.246.19.50 - - [20/Apr/2026:06:06:46 +0300] "GET /omegle-sozialpsychologische-betrachtung-von-32/undefined?ts=1776654406 HTTP/1.1" 404 15862 "https://serhatburke.miroglu.net/omegle-sozialpsychologische-betrachtung-von-32/" "Mozilla/5.0 (Macintosh; Intel Mac OS X 10_15_7) AppleWebKit/605.1.15 (KHTML, like Gecko) Version/17.4 Safari/605.1.15 (Applebot/0.1; +http://www.apple.com/go/applebot)"
17.246.19.50 - - [20/Apr/2026:06:07:05 +0300] "GET /omegle-sozialpsychologische-betrachtung-von-32/undefined?ts=1776654425 HTTP/1.1" 404 15683 "https://serhatburke.miroglu.net/omegle-sozialpsychologische-betrachtung-von-32/" "Mozilla/5.0 (Macintosh; Intel Mac OS X 10_15_7) AppleWebKit/605.1.15 (KHTML, like Gecko) Version/17.4 Safari/605.1.15 (Applebot/0.1; +http://www.apple.com/go/applebot)"
17.246.15.58 - - [20/Apr/2026:06:07:20 +0300] "GET /omegle-sozialpsychologische-betrachtung-von-32/undefined?ts=1776654440 HTTP/1.1" 404 15862 "https://serhatburke.miroglu.net/omegle-sozialpsychologische-betrachtung-von-32/" "Mozilla/5.0 (Macintosh; Intel Mac OS X 10_15_7) AppleWebKit/605.1.15 (KHTML, like Gecko) Version/17.4 Safari/605.1.15 (Applebot/0.1; +http://www.apple.com/go/applebot)"
185.216.113.70 - - [20/Apr/2026:06:09:52 +0300] "POST /wp-cron.php?doing_wp_cron=1776654592.3945031166076660156250 HTTP/1.1" 200 448 "-" "WordPress/6.3.8; https://serhatburke.miroglu.net"
17.246.19.7 - - [20/Apr/2026:06:09:36 +0300] "GET /omegle-sozialpsychologische-betrachtung-von-32/undefined?ts=1776654576 HTTP/1.1" 404 15861 "https://serhatburke.miroglu.net/omegle-sozialpsychologische-betrachtung-von-32/" "Mozilla/5.0 (Macintosh; Intel Mac OS X 10_15_7) AppleWebKit/605.1.15 (KHTML, like Gecko) Version/17.4 Safari/605.1.15 (Applebot/0.1; +http://www.apple.com/go/applebot)"
17.246.19.7 - - [20/Apr/2026:06:09:53 +0300] "GET /omegle-sozialpsychologische-betrachtung-von-32/undefined?ts=1776654593 HTTP/1.1" 404 15685 "https://serhatburke.miroglu.net/omegle-sozialpsychologische-betrachtung-von-32/" "Mozilla/5.0 (Macintosh; Intel Mac OS X 10_15_7) AppleWebKit/605.1.15 (KHTML, like Gecko) Version/17.4 Safari/605.1.15 (Applebot/0.1; +http://www.apple.com/go/applebot)"
17.246.19.7 - - [20/Apr/2026:06:10:11 +0300] "GET /omegle-sozialpsychologische-betrachtung-von-32/undefined?ts=1776654611 HTTP/1.1" 404 15683 "https://serhatburke.miroglu.net/omegle-sozialpsychologische-betrachtung-von-32/" "Mozilla/5.0 (Macintosh; Intel Mac OS X 10_15_7) AppleWebKit/605.1.15 (KHTML, like Gecko) Version/17.4 Safari/605.1.15 (Applebot/0.1; +http://www.apple.com/go/applebot)"
17.246.19.7 - - [20/Apr/2026:06:10:23 +0300] "GET /omegle-sozialpsychologische-betrachtung-von-32/undefined?ts=1776654623 HTTP/1.1" 404 15653 "https://serhatburke.miroglu.net/omegle-sozialpsychologische-betrachtung-von-32/" "Mozilla/5.0 (Macintosh; Intel Mac OS X 10_15_7) AppleWebKit/605.1.15 (KHTML, like Gecko) Version/17.4 Safari/605.1.15 (Applebot/0.1; +http://www.apple.com/go/applebot)"
185.216.113.70 - - [20/Apr/2026:06:10:48 +0300] "POST /wp-cron.php?doing_wp_cron=1776654648.7831289768218994140625 HTTP/1.1" 200 448 "-" "WordPress/6.3.8; https://serhatburke.miroglu.net"
17.246.19.7 - - [20/Apr/2026:06:10:37 +0300] "GET /omegle-sozialpsychologische-betrachtung-von-32/undefined?ts=1776654636 HTTP/1.1" 404 15683 "https://serhatburke.miroglu.net/omegle-sozialpsychologische-betrachtung-von-32/" "Mozilla/5.0 (Macintosh; Intel Mac OS X 10_15_7) AppleWebKit/605.1.15 (KHTML, like Gecko) Version/17.4 Safari/605.1.15 (Applebot/0.1; +http://www.apple.com/go/applebot)"
17.246.23.246 - - [20/Apr/2026:06:10:50 +0300] "GET /omegle-sozialpsychologische-betrachtung-von-32/undefined?ts=1776654649 HTTP/1.1" 404 15860 "https://serhatburke.miroglu.net/omegle-sozialpsychologische-betrachtung-von-32/" "Mozilla/5.0 (Macintosh; Intel Mac OS X 10_15_7) AppleWebKit/605.1.15 (KHTML, like Gecko) Version/17.4 Safari/605.1.15 (Applebot/0.1; +http://www.apple.com/go/applebot)"
17.246.15.78 - - [20/Apr/2026:06:11:18 +0300] "GET /omegle-sozialpsychologische-betrachtung-von-32/undefined?ts=1776654668 HTTP/1.1" 404 15861 "https://serhatburke.miroglu.net/omegle-sozialpsychologische-betrachtung-von-32/" "Mozilla/5.0 (Macintosh; Intel Mac OS X 10_15_7) AppleWebKit/605.1.15 (KHTML, like Gecko) Version/17.4 Safari/605.1.15 (Applebot/0.1; +http://www.apple.com/go/applebot)"
185.216.113.70 - - [20/Apr/2026:06:12:06 +0300] "POST /wp-cron.php?doing_wp_cron=1776654726.3757820129394531250000 HTTP/1.1" 200 448 "-" "WordPress/6.3.8; https://serhatburke.miroglu.net"
17.246.15.203 - - [20/Apr/2026:06:11:54 +0300] "GET /omegle-sozialpsychologische-betrachtung-von-32/undefined?ts=1776654713 HTTP/1.1" 404 15862 "https://serhatburke.miroglu.net/omegle-sozialpsychologische-betrachtung-von-32/" "Mozilla/5.0 (Macintosh; Intel Mac OS X 10_15_7) AppleWebKit/605.1.15 (KHTML, like Gecko) Version/17.4 Safari/605.1.15 (Applebot/0.1; +http://www.apple.com/go/applebot)"
17.246.15.203 - - [20/Apr/2026:06:12:07 +0300] "GET /omegle-sozialpsychologische-betrachtung-von-32/undefined?ts=1776654727 HTTP/1.1" 404 15684 "https://serhatburke.miroglu.net/omegle-sozialpsychologische-betrachtung-von-32/" "Mozilla/5.0 (Macintosh; Intel Mac OS X 10_15_7) AppleWebKit/605.1.15 (KHTML, like Gecko) Version/17.4 Safari/605.1.15 (Applebot/0.1; +http://www.apple.com/go/applebot)"
185.216.113.70 - - [20/Apr/2026:06:12:40 +0300] "POST /wp-cron.php?doing_wp_cron=1776654760.7181529998779296875000 HTTP/1.1" 200 448 "-" "WordPress/6.3.8; https://serhatburke.miroglu.net"
200.25.47.132 - - [20/Apr/2026:06:12:29 +0300] "POST /xmlrpc.php HTTP/1.1" 200 630 "-" "Mozilla/5.0 (Windows NT 10.0; Win64; x64) AppleWebKit/537.36 (KHTML, like Gecko) Chrome/114.0.0.0 Safari/537.36"
200.25.47.132 - - [20/Apr/2026:06:12:47 +0300] "POST /xmlrpc.php HTTP/1.1" 200 11231 "-" "Mozilla/5.0 (Windows NT 10.0; Win64; x64) AppleWebKit/537.36 (KHTML, like Gecko) Chrome/114.0.0.0 Safari/537.36"
17.246.19.49 - - [20/Apr/2026:06:12:52 +0300] "GET /omegle-sozialpsychologische-betrachtung-von-32/undefined?ts=1776654741 HTTP/1.1" 404 15863 "https://serhatburke.miroglu.net/omegle-sozialpsychologische-betrachtung-von-32/" "Mozilla/5.0 (Macintosh; Intel Mac OS X 10_15_7) AppleWebKit/605.1.15 (KHTML, like Gecko) Version/17.4 Safari/605.1.15 (Applebot/0.1; +http://www.apple.com/go/applebot)"
200.25.47.132 - - [20/Apr/2026:06:13:01 +0300] "GET /all-of-us-casinos-2025-the-new-top-local-casino-web-sites/ HTTP/1.1" 200 72284 "-" "Mozilla/5.0 (Windows NT 10.0; Win64; x64) AppleWebKit/537.36 (KHTML, like Gecko) Chrome/124.0.0.0 Safari/537.36 Edg/124.0.0.0"
185.216.113.70 - - [20/Apr/2026:06:13:49 +0300] "POST /wp-cron.php?doing_wp_cron=1776654829.8779311180114746093750 HTTP/1.1" 200 448 "-" "WordPress/6.3.8; https://serhatburke.miroglu.net"
17.246.15.61 - - [20/Apr/2026:06:13:37 +0300] "GET /omegle-sozialpsychologische-betrachtung-von-32/undefined?ts=1776654790 HTTP/1.1" 404 15861 "https://serhatburke.miroglu.net/omegle-sozialpsychologische-betrachtung-von-32/" "Mozilla/5.0 (Macintosh; Intel Mac OS X 10_15_7) AppleWebKit/605.1.15 (KHTML, like Gecko) Version/17.4 Safari/605.1.15 (Applebot/0.1; +http://www.apple.com/go/applebot)"
17.246.23.165 - - [20/Apr/2026:06:13:41 +0300] "GET /omegle-sozialpsychologische-betrachtung-von-32/undefined?ts=1776654790 HTTP/1.1" 404 15861 "https://serhatburke.miroglu.net/omegle-sozialpsychologische-betrachtung-von-32/" "Mozilla/5.0 (Macintosh; Intel Mac OS X 10_15_7) AppleWebKit/605.1.15 (KHTML, like Gecko) Version/17.4 Safari/605.1.15 (Applebot/0.1; +http://www.apple.com/go/applebot)"
185.216.113.70 - - [20/Apr/2026:06:15:22 +0300] "POST /wp-cron.php?doing_wp_cron=1776654922.2083868980407714843750 HTTP/1.1" 200 448 "-" "WordPress/6.3.8; https://serhatburke.miroglu.net"
102.221.34.102 - - [20/Apr/2026:06:15:09 +0300] "POST /xmlrpc.php HTTP/1.1" 200 630 "-" "Mozilla/5.0 (Windows NT 10.0; Win64; x64) AppleWebKit/537.36 (KHTML, like Gecko) Chrome/114.0.0.0 Safari/537.36"
160.250.186.93 - - [20/Apr/2026:06:15:23 +0300] "GET /zotabet-casino-bonus-premier-depot-2026/ HTTP/1.1" 200 18530 "-" "Mozilla/5.0 (compatible; Googlebot/2.1; +http://www.google.com/bot.html)"
102.221.34.102 - - [20/Apr/2026:06:15:29 +0300] "POST /xmlrpc.php HTTP/1.1" 200 11733 "-" "Mozilla/5.0 (Windows NT 10.0; Win64; x64) AppleWebKit/537.36 (KHTML, like Gecko) Chrome/114.0.0.0 Safari/537.36"
102.221.34.102 - - [20/Apr/2026:06:15:49 +0300] "GET /santas-ranch-demo-gamble-totally-free-slot-games/ HTTP/1.1" 200 72342 "-" "Mozilla/5.0 (Windows NT 10.0; rv:125.0) Gecko/20100101 Firefox/125.0"
200.25.47.132 - - [20/Apr/2026:06:16:21 +0300] "POST /xmlrpc.php HTTP/1.1" 200 630 "-" "Mozilla/5.0 (Windows NT 10.0; Win64; x64) AppleWebKit/537.36 (KHTML, like Gecko) Chrome/114.0.0.0 Safari/537.36"
185.216.113.70 - - [20/Apr/2026:06:16:58 +0300] "POST /wp-cron.php?doing_wp_cron=1776655018.2701170444488525390625 HTTP/1.1" 200 448 "-" "WordPress/6.3.8; https://serhatburke.miroglu.net"
200.25.47.132 - - [20/Apr/2026:06:16:42 +0300] "POST /xmlrpc.php HTTP/1.1" 200 11158 "-" "Mozilla/5.0 (Windows NT 10.0; Win64; x64) AppleWebKit/537.36 (KHTML, like Gecko) Chrome/114.0.0.0 Safari/537.36"
200.25.47.132 - - [20/Apr/2026:06:17:00 +0300] "GET /understanding-betting-requirements/ HTTP/1.1" 200 71438 "-" "Mozilla/5.0 (Windows NT 10.0; Win64; x64) AppleWebKit/537.36 (KHTML, like Gecko) Chrome/123.0.0.0 Safari/537.36"
185.216.113.70 - - [20/Apr/2026:06:21:16 +0300] "POST /wp-cron.php?doing_wp_cron=1776655276.0106220245361328125000 HTTP/1.1" 200 448 "-" "WordPress/6.3.8; https://serhatburke.miroglu.net"
102.221.34.102 - - [20/Apr/2026:06:21:01 +0300] "POST /xmlrpc.php HTTP/1.1" 200 630 "-" "Mozilla/5.0 (Windows NT 10.0; Win64; x64) AppleWebKit/537.36 (KHTML, like Gecko) Chrome/114.0.0.0 Safari/537.36"
102.221.34.102 - - [20/Apr/2026:06:21:22 +0300] "POST /xmlrpc.php HTTP/1.1" 200 14966 "-" "Mozilla/5.0 (Windows NT 10.0; Win64; x64) AppleWebKit/537.36 (KHTML, like Gecko) Chrome/114.0.0.0 Safari/537.36"
200.25.47.132 - - [20/Apr/2026:06:21:25 +0300] "POST /xmlrpc.php HTTP/1.1" 200 630 "-" "Mozilla/5.0 (Windows NT 10.0; Win64; x64) AppleWebKit/537.36 (KHTML, like Gecko) Chrome/114.0.0.0 Safari/537.36"
185.216.113.70 - - [20/Apr/2026:06:21:51 +0300] "POST /wp-cron.php?doing_wp_cron=1776655311.1475811004638671875000 HTTP/1.1" 200 448 "-" "WordPress/6.3.8; https://serhatburke.miroglu.net"
102.221.34.102 - - [20/Apr/2026:06:21:38 +0300] "GET /pharaos-wide-range-red-hot-firepot-slot-try-for-online/ HTTP/1.1" 200 75535 "-" "Mozilla/5.0 (Windows NT 10.0; Win64; x64; rv:125.0) Gecko/20100101 Firefox/125.0"
200.25.47.132 - - [20/Apr/2026:06:21:46 +0300] "POST /xmlrpc.php HTTP/1.1" 200 11220 "-" "Mozilla/5.0 (Windows NT 10.0; Win64; x64) AppleWebKit/537.36 (KHTML, like Gecko) Chrome/114.0.0.0 Safari/537.36"
200.25.47.132 - - [20/Apr/2026:06:22:01 +0300] "GET /are-there-gambling-enterprises-within-the-otherwise-close-branson/ HTTP/1.1" 200 72483 "-" "Mozilla/5.0 (Windows NT 10.0; Win64; x64) AppleWebKit/537.36 (KHTML, like Gecko) Chrome/122.0.0.0 Safari/537.36"
185.216.113.70 - - [20/Apr/2026:06:23:07 +0300] "POST /wp-cron.php?doing_wp_cron=1776655387.6631200313568115234375 HTTP/1.1" 200 448 "-" "WordPress/6.3.8; https://serhatburke.miroglu.net"
85.208.96.208 - - [20/Apr/2026:06:22:54 +0300] "GET /robots.txt HTTP/1.1" 200 605 "-" "Mozilla/5.0 (compatible; SemrushBot/7~bl; +http://www.semrush.com/bot.html)"
185.191.171.16 - - [20/Apr/2026:06:23:09 +0300] "GET /greatest-united-states-gambling-establishment-incentives-2026-verified-sign-up-wild-spirit-paypal-bonuses/ HTTP/1.1" 200 22005 "-" "Mozilla/5.0 (compatible; SemrushBot/7~bl; +http://www.semrush.com/bot.html)"
185.216.113.70 - - [20/Apr/2026:06:24:52 +0300] "POST /wp-cron.php?doing_wp_cron=1776655492.1426179409027099609375 HTTP/1.1" 200 448 "-" "WordPress/6.3.8; https://serhatburke.miroglu.net"
85.208.96.199 - - [20/Apr/2026:06:24:36 +0300] "GET /5-runde-gratuite-in-narcos-champagne-joc-bonus-insa-plata-of-rulaj-ofer/ HTTP/1.1" 200 22683 "-" "Mozilla/5.0 (compatible; SemrushBot/7~bl; +http://www.semrush.com/bot.html)"
185.216.113.70 - - [20/Apr/2026:06:26:18 +0300] "POST /wp-cron.php?doing_wp_cron=1776655578.8828690052032470703125 HTTP/1.1" 200 448 "-" "WordPress/6.3.8; https://serhatburke.miroglu.net"
200.25.47.132 - - [20/Apr/2026:06:26:04 +0300] "POST /xmlrpc.php HTTP/1.1" 200 630 "-" "Mozilla/5.0 (Windows NT 10.0; Win64; x64) AppleWebKit/537.36 (KHTML, like Gecko) Chrome/114.0.0.0 Safari/537.36"
200.25.47.132 - - [20/Apr/2026:06:26:25 +0300] "POST /xmlrpc.php HTTP/1.1" 200 11796 "-" "Mozilla/5.0 (Windows NT 10.0; Win64; x64) AppleWebKit/537.36 (KHTML, like Gecko) Chrome/114.0.0.0 Safari/537.36"
185.216.113.70 - - [20/Apr/2026:06:26:59 +0300] "POST /wp-cron.php?doing_wp_cron=1776655619.6524059772491455078125 HTTP/1.1" 200 448 "-" "WordPress/6.3.8; https://serhatburke.miroglu.net"
200.25.47.132 - - [20/Apr/2026:06:26:44 +0300] "GET /better-web-based-casinos-uk-better-casino-site-checklist-upgraded-march-2026/ HTTP/1.1" 200 73443 "-" "Mozilla/5.0 (Windows NT 10.0; rv:125.0) Gecko/20100101 Firefox/125.0"
185.216.113.70 - - [20/Apr/2026:06:27:57 +0300] "POST /wp-cron.php?doing_wp_cron=1776655677.7159080505371093750000 HTTP/1.1" 200 448 "-" "WordPress/6.3.8; https://serhatburke.miroglu.net"
102.221.34.102 - - [20/Apr/2026:06:27:42 +0300] "POST /xmlrpc.php HTTP/1.1" 200 630 "-" "Mozilla/5.0 (Windows NT 10.0; Win64; x64) AppleWebKit/537.36 (KHTML, like Gecko) Chrome/114.0.0.0 Safari/537.36"
52.167.144.236 - - [20/Apr/2026:06:27:48 +0300] "GET /post-sitemap10.xml HTTP/2" 200 99917 "-" "Mozilla/5.0 AppleWebKit/537.36 (KHTML, like Gecko; compatible; bingbot/2.0; +http://www.bing.com/bingbot.htm) Chrome/116.0.1938.76 Safari/537.36"
102.221.34.102 - - [20/Apr/2026:06:28:04 +0300] "POST /xmlrpc.php HTTP/1.1" 200 14667 "-" "Mozilla/5.0 (Windows NT 10.0; Win64; x64) AppleWebKit/537.36 (KHTML, like Gecko) Chrome/114.0.0.0 Safari/537.36"
102.221.34.102 - - [20/Apr/2026:06:28:21 +0300] "GET /5-dragons-pokie-play-for-free-realize-opinion/ HTTP/1.1" 200 75087 "-" "Mozilla/5.0 (Windows NT 10.0; Win64; x64) AppleWebKit/537.36 (KHTML, like Gecko) Chrome/124.0.0.0 Safari/537.36 Edg/124.0.0.0"
185.216.113.70 - - [20/Apr/2026:06:31:02 +0300] "POST /wp-cron.php?doing_wp_cron=1776655861.8794739246368408203125 HTTP/1.1" 200 448 "-" "WordPress/6.3.8; https://serhatburke.miroglu.net"
200.25.47.132 - - [20/Apr/2026:06:30:45 +0300] "POST /xmlrpc.php HTTP/1.1" 200 630 "-" "Mozilla/5.0 (Windows NT 10.0; Win64; x64) AppleWebKit/537.36 (KHTML, like Gecko) Chrome/114.0.0.0 Safari/537.36"
200.25.47.132 - - [20/Apr/2026:06:31:09 +0300] "POST /xmlrpc.php HTTP/1.1" 200 11648 "-" "Mozilla/5.0 (Windows NT 10.0; Win64; x64) AppleWebKit/537.36 (KHTML, like Gecko) Chrome/114.0.0.0 Safari/537.36"
200.25.47.132 - - [20/Apr/2026:06:31:24 +0300] "GET /lord-happy-gambling-establishment-app-review-cellular-gambling-with-two-hundred-extra/ HTTP/1.1" 200 73339 "-" "Mozilla/5.0 (Windows NT 10.0; Win64; x64) AppleWebKit/537.36 (KHTML, like Gecko) Chrome/124.0.0.0 Safari/537.36"
185.216.113.70 - - [20/Apr/2026:06:32:15 +0300] "POST /wp-cron.php?doing_wp_cron=1776655935.5496730804443359375000 HTTP/1.1" 200 448 "-" "WordPress/6.3.8; https://serhatburke.miroglu.net"
185.191.171.18 - - [20/Apr/2026:06:32:01 +0300] "GET /casino-glory-payment-time-what-uk-players-should-expect/ HTTP/1.1" 200 20202 "-" "Mozilla/5.0 (compatible; SemrushBot/7~bl; +http://www.semrush.com/bot.html)"
185.216.113.70 - - [20/Apr/2026:06:32:54 +0300] "POST /wp-cron.php?doing_wp_cron=1776655973.8826739788055419921875 HTTP/1.1" 200 448 "-" "WordPress/6.3.8; https://serhatburke.miroglu.net"
216.73.217.121 - - [20/Apr/2026:06:32:40 +0300] "GET /robots.txt HTTP/2" 200 110 "-" "Mozilla/5.0 AppleWebKit/537.36 (KHTML, like Gecko; compatible; ClaudeBot/1.0; +claudebot@anthropic.com)"
216.73.217.121 - - [20/Apr/2026:06:32:54 +0300] "GET /sitemap.xml HTTP/2" 200 0 "-" "Mozilla/5.0 AppleWebKit/537.36 (KHTML, like Gecko; compatible; ClaudeBot/1.0; +claudebot@anthropic.com)"
185.216.113.70 - - [20/Apr/2026:06:33:46 +0300] "POST /wp-cron.php?doing_wp_cron=1776656026.7110519409179687500000 HTTP/1.1" 200 448 "-" "WordPress/6.3.8; https://serhatburke.miroglu.net"
185.191.171.19 - - [20/Apr/2026:06:33:32 +0300] "GET /jackpotcity-casino-analisis-y-no-ha-transpirado-bonos-de-ladbrokes-casino-en-linea-superior-admision-2026/ HTTP/1.1" 200 24178 "-" "Mozilla/5.0 (compatible; SemrushBot/7~bl; +http://www.semrush.com/bot.html)"
185.216.113.70 - - [20/Apr/2026:06:34:51 +0300] "POST /wp-cron.php?doing_wp_cron=1776656091.3208210468292236328125 HTTP/1.1" 200 448 "-" "WordPress/6.3.8; https://serhatburke.miroglu.net"
102.221.34.102 - - [20/Apr/2026:06:34:37 +0300] "POST /xmlrpc.php HTTP/1.1" 200 630 "-" "Mozilla/5.0 (Windows NT 10.0; Win64; x64) AppleWebKit/537.36 (KHTML, like Gecko) Chrome/114.0.0.0 Safari/537.36"
102.221.34.102 - - [20/Apr/2026:06:34:58 +0300] "POST /xmlrpc.php HTTP/1.1" 200 14293 "-" "Mozilla/5.0 (Windows NT 10.0; Win64; x64) AppleWebKit/537.36 (KHTML, like Gecko) Chrome/114.0.0.0 Safari/537.36"
200.25.47.132 - - [20/Apr/2026:06:35:16 +0300] "POST /xmlrpc.php HTTP/1.1" 200 630 "-" "Mozilla/5.0 (Windows NT 10.0; Win64; x64) AppleWebKit/537.36 (KHTML, like Gecko) Chrome/114.0.0.0 Safari/537.36"
102.221.34.102 - - [20/Apr/2026:06:35:14 +0300] "GET /100-percent-free-slots-on-the-internet-enjoy-10000-slots-at-no-cost/ HTTP/1.1" 200 75307 "-" "Mozilla/5.0 (Windows NT 10.0; rv:109.0) Gecko/20100101 Firefox/115.0"
185.216.113.70 - - [20/Apr/2026:06:35:50 +0300] "POST /wp-cron.php?doing_wp_cron=1776656150.7109179496765136718750 HTTP/1.1" 200 448 "-" "WordPress/6.3.8; https://serhatburke.miroglu.net"
200.25.47.132 - - [20/Apr/2026:06:35:37 +0300] "POST /xmlrpc.php HTTP/1.1" 200 11508 "-" "Mozilla/5.0 (Windows NT 10.0; Win64; x64) AppleWebKit/537.36 (KHTML, like Gecko) Chrome/114.0.0.0 Safari/537.36"
200.25.47.132 - - [20/Apr/2026:06:35:52 +0300] "GET /official-website/ HTTP/1.1" 200 71564 "-" "Mozilla/5.0 (Windows NT 10.0; Win64; x64; rv:124.0) Gecko/20100101 Firefox/124.0"