185.216.113.70 - - [19/Apr/2026:12:20:15 +0300] "POST /wp-cron.php?doing_wp_cron=1776590415.5609738826751708984375 HTTP/1.1" 200 448 "-" "WordPress/6.3.8; https://serhatburke.miroglu.net"
45.137.78.26 - xtw18387cbd1 [19/Apr/2026:12:20:04 +0300] "POST /xmlrpc.php HTTP/1.1" 200 0 "-" "Mozilla/5.0 (Macintosh; Intel Mac OS X 12_5) AppleWebKit/537.36 (KHTML, like Gecko) Chrome/114.0.0.0 Safari/537.36 Vivaldi/5.3.2679.68"
185.191.206.81 - - [19/Apr/2026:12:19:43 +0300] "POST /xmlrpc.php HTTP/1.1" 200 630 "-" "Mozilla/5.0 (Windows NT 10.0; Win64; x64) AppleWebKit/537.36 (KHTML, like Gecko) Chrome/114.0.0.0 Safari/537.36"
45.137.78.26 - xtw18387cbd1 [19/Apr/2026:12:20:20 +0300] "POST /xmlrpc.php HTTP/1.1" 200 0 "-" "Mozilla/5.0 (Macintosh; Intel Mac OS X 12_5) AppleWebKit/537.36 (KHTML, like Gecko) Chrome/114.0.0.0 Safari/537.36 Vivaldi/5.3.2679.68"
200.25.47.107 - - [19/Apr/2026:12:20:13 +0300] "GET /play-21700-free-erreichbar-spielsaal-games-no-download/ HTTP/1.1" 200 76100 "-" "Mozilla/5.0 (Windows NT 10.0; Win64; x64) AppleWebKit/537.36 (KHTML, like Gecko) Chrome/109.0.0.0 Safari/537.36"
200.25.47.107 - - [19/Apr/2026:12:20:15 +0300] "POST /xmlrpc.php HTTP/1.1" 200 630 "-" "Mozilla/5.0 (Windows NT 10.0; Win64; x64) AppleWebKit/537.36 (KHTML, like Gecko) Chrome/114.0.0.0 Safari/537.36"
45.137.78.26 - xtw18387cbd1 [19/Apr/2026:12:20:45 +0300] "POST /xmlrpc.php HTTP/1.1" 200 0 "-" "Mozilla/5.0 (Macintosh; Intel Mac OS X 12_5) AppleWebKit/537.36 (KHTML, like Gecko) Chrome/114.0.0.0 Safari/537.36 Vivaldi/5.3.2679.68"
185.216.113.70 - - [19/Apr/2026:12:20:57 +0300] "POST /wp-cron.php?doing_wp_cron=1776590457.0164339542388916015625 HTTP/1.1" 200 448 "-" "WordPress/6.3.8; https://serhatburke.miroglu.net"
200.25.47.107 - - [19/Apr/2026:12:20:47 +0300] "POST /xmlrpc.php HTTP/1.1" 200 15188 "-" "Mozilla/5.0 (Windows NT 10.0; Win64; x64) AppleWebKit/537.36 (KHTML, like Gecko) Chrome/114.0.0.0 Safari/537.36"
185.191.206.81 - - [19/Apr/2026:12:20:21 +0300] "POST /xmlrpc.php HTTP/1.1" 200 13442 "-" "Mozilla/5.0 (Windows NT 10.0; Win64; x64) AppleWebKit/537.36 (KHTML, like Gecko) Chrome/114.0.0.0 Safari/537.36"
45.137.78.26 - xtw18387cbd1 [19/Apr/2026:12:21:09 +0300] "POST /xmlrpc.php HTTP/1.1" 200 0 "-" "Mozilla/5.0 (Macintosh; Intel Mac OS X 12_5) AppleWebKit/537.36 (KHTML, like Gecko) Chrome/114.0.0.0 Safari/537.36 Vivaldi/5.3.2679.68"
200.25.47.107 - - [19/Apr/2026:12:21:01 +0300] "GET /goldbet-casino-genkele-depositiebonus-ontvang-heden-gratis-spins/ HTTP/1.1" 200 76878 "-" "Mozilla/5.0 (Windows NT 10.0; Win64; x64) AppleWebKit/537.36 (KHTML, like Gecko) Chrome/123.0.0.0 Safari/537.36"
185.191.206.81 - - [19/Apr/2026:12:21:01 +0300] "GET /dix-tours-gratuits-pour-rainbow-riches/ HTTP/1.1" 200 73898 "-" "Mozilla/5.0 (Windows NT 10.0; Win64; x64) AppleWebKit/537.36 (KHTML, like Gecko) Chrome/122.0.0.0 Safari/537.36"
45.137.78.26 - xtw18387cbd1 [19/Apr/2026:12:21:34 +0300] "POST /xmlrpc.php HTTP/1.1" 200 0 "-" "Mozilla/5.0 (Macintosh; Intel Mac OS X 12_5) AppleWebKit/537.36 (KHTML, like Gecko) Chrome/114.0.0.0 Safari/537.36 Vivaldi/5.3.2679.68"
185.216.113.70 - - [19/Apr/2026:12:21:45 +0300] "POST /wp-cron.php?doing_wp_cron=1776590505.3712038993835449218750 HTTP/1.1" 200 448 "-" "WordPress/6.3.8; https://serhatburke.miroglu.net"
103.219.169.211 - - [19/Apr/2026:12:21:47 +0300] "POST /xmlrpc.php HTTP/1.1" 200 630 "-" "Mozilla/5.0 (Windows NT 10.0; Win64; x64) AppleWebKit/537.36 (KHTML, like Gecko) Chrome/114.0.0.0 Safari/537.36"
45.137.78.26 - xtw18387cbd1 [19/Apr/2026:12:21:53 +0300] "POST /xmlrpc.php HTTP/1.1" 200 0 "-" "Mozilla/5.0 (Macintosh; Intel Mac OS X 12_5) AppleWebKit/537.36 (KHTML, like Gecko) Chrome/114.0.0.0 Safari/537.36 Vivaldi/5.3.2679.68"
185.216.113.70 - - [19/Apr/2026:12:22:18 +0300] "POST /wp-cron.php?doing_wp_cron=1776590538.2653129100799560546875 HTTP/1.1" 200 448 "-" "WordPress/6.3.8; https://serhatburke.miroglu.net"
103.219.169.211 - - [19/Apr/2026:12:22:06 +0300] "POST /xmlrpc.php HTTP/1.1" 200 12163 "-" "Mozilla/5.0 (Windows NT 10.0; Win64; x64) AppleWebKit/537.36 (KHTML, like Gecko) Chrome/114.0.0.0 Safari/537.36"
45.137.78.26 - xtw18387cbd1 [19/Apr/2026:12:22:17 +0300] "POST /xmlrpc.php HTTP/1.1" 200 0 "-" "Mozilla/5.0 (Macintosh; Intel Mac OS X 12_5) AppleWebKit/537.36 (KHTML, like Gecko) Chrome/114.0.0.0 Safari/537.36 Vivaldi/5.3.2679.68"
103.219.169.211 - - [19/Apr/2026:12:22:19 +0300] "GET /eye-of-horus-freispiele-bestimmen-pro-maximale-gewinne/ HTTP/1.1" 200 73354 "-" "Mozilla/5.0 (Windows NT 10.0; Win64; x64) AppleWebKit/537.36 (KHTML, like Gecko) Chrome/109.0.0.0 Safari/537.36"
45.137.78.26 - xtw18387cbd1 [19/Apr/2026:12:22:35 +0300] "POST /xmlrpc.php HTTP/1.1" 200 0 "-" "Mozilla/5.0 (Macintosh; Intel Mac OS X 12_5) AppleWebKit/537.36 (KHTML, like Gecko) Chrome/114.0.0.0 Safari/537.36 Vivaldi/5.3.2679.68"
200.25.47.107 - - [19/Apr/2026:12:22:22 +0300] "POST /xmlrpc.php HTTP/1.1" 200 630 "-" "Mozilla/5.0 (Windows NT 10.0; Win64; x64) AppleWebKit/537.36 (KHTML, like Gecko) Chrome/114.0.0.0 Safari/537.36"
45.137.78.26 - xtw18387cbd1 [19/Apr/2026:12:22:52 +0300] "POST /xmlrpc.php HTTP/1.1" 200 0 "-" "Mozilla/5.0 (Macintosh; Intel Mac OS X 12_5) AppleWebKit/537.36 (KHTML, like Gecko) Chrome/114.0.0.0 Safari/537.36 Vivaldi/5.3.2679.68"
200.25.47.107 - - [19/Apr/2026:12:22:52 +0300] "POST /xmlrpc.php HTTP/1.1" 200 14416 "-" "Mozilla/5.0 (Windows NT 10.0; Win64; x64) AppleWebKit/537.36 (KHTML, like Gecko) Chrome/114.0.0.0 Safari/537.36"
200.25.47.107 - - [19/Apr/2026:12:23:11 +0300] "GET /gokhal-app-nederlan-2026-beste-apps-van-offlin-casinos/ HTTP/1.1" 200 75477 "-" "Mozilla/5.0 (Windows NT 10.0; Win64; x64; rv:124.0) Gecko/20100101 Firefox/124.0"
185.216.113.70 - - [19/Apr/2026:12:24:06 +0300] "POST /wp-cron.php?doing_wp_cron=1776590646.4443380832672119140625 HTTP/1.1" 200 448 "-" "WordPress/6.3.8; https://serhatburke.miroglu.net"
193.202.9.101 - - [19/Apr/2026:12:23:52 +0300] "GET / HTTP/2" 200 18708 "-" "Mozilla/5.0 (Macintosh; Intel Mac OS X 10_15_7) AppleWebKit/537.36 (KHTML, like Gecko) Chrome/120.0.0.0 Safari/537.36"
200.25.47.107 - - [19/Apr/2026:12:24:01 +0300] "POST /xmlrpc.php HTTP/1.1" 200 630 "-" "Mozilla/5.0 (Windows NT 10.0; Win64; x64) AppleWebKit/537.36 (KHTML, like Gecko) Chrome/114.0.0.0 Safari/537.36"
200.25.47.107 - - [19/Apr/2026:12:24:23 +0300] "POST /xmlrpc.php HTTP/1.1" 200 15214 "-" "Mozilla/5.0 (Windows NT 10.0; Win64; x64) AppleWebKit/537.36 (KHTML, like Gecko) Chrome/114.0.0.0 Safari/537.36"
185.216.113.70 - - [19/Apr/2026:12:24:41 +0300] "POST /wp-cron.php?doing_wp_cron=1776590681.4869990348815917968750 HTTP/1.1" 200 448 "-" "WordPress/6.3.8; https://serhatburke.miroglu.net"
200.25.47.107 - - [19/Apr/2026:12:24:27 +0300] "POST /xmlrpc.php HTTP/1.1" 200 630 "-" "Mozilla/5.0 (Windows NT 10.0; Win64; x64) AppleWebKit/537.36 (KHTML, like Gecko) Chrome/114.0.0.0 Safari/537.36"
200.25.47.107 - - [19/Apr/2026:12:24:40 +0300] "GET /comeon-spielsaal-test-2026-an-dieser-stelle-100-maklercourtage-abzuglich-einzahlung/ HTTP/1.1" 200 77223 "-" "Mozilla/5.0 (Windows NT 10.0; Win64; x64) AppleWebKit/537.36 (KHTML, like Gecko) Chrome/122.0.0.0 Safari/537.36"
200.25.47.107 - - [19/Apr/2026:12:24:48 +0300] "POST /xmlrpc.php HTTP/1.1" 200 14975 "-" "Mozilla/5.0 (Windows NT 10.0; Win64; x64) AppleWebKit/537.36 (KHTML, like Gecko) Chrome/114.0.0.0 Safari/537.36"
103.219.169.211 - - [19/Apr/2026:12:24:56 +0300] "POST /xmlrpc.php HTTP/1.1" 200 630 "-" "Mozilla/5.0 (Windows NT 10.0; Win64; x64) AppleWebKit/537.36 (KHTML, like Gecko) Chrome/114.0.0.0 Safari/537.36"
200.25.47.107 - - [19/Apr/2026:12:25:13 +0300] "GET /fre-spins-plusteken-andere-bonussen-tactvol-behalve-3500-voor-spins/ HTTP/1.1" 200 76204 "-" "Mozilla/5.0 (Windows NT 10.0; Win64; x64; rv:125.0) Gecko/20100101 Firefox/125.0"
103.219.169.211 - - [19/Apr/2026:12:25:21 +0300] "POST /xmlrpc.php HTTP/1.1" 200 12500 "-" "Mozilla/5.0 (Windows NT 10.0; Win64; x64) AppleWebKit/537.36 (KHTML, like Gecko) Chrome/114.0.0.0 Safari/537.36"
185.216.113.70 - - [19/Apr/2026:12:25:47 +0300] "POST /wp-cron.php?doing_wp_cron=1776590747.0870399475097656250000 HTTP/1.1" 200 448 "-" "WordPress/6.3.8; https://serhatburke.miroglu.net"
103.219.169.211 - - [19/Apr/2026:12:25:35 +0300] "GET /eye-of-slot-magic-81-lines-horus-cheats-pc-tipps-tricks-vermarktung-intel/ HTTP/1.1" 200 74145 "-" "Mozilla/5.0 (Windows NT 10.0; rv:109.0) Gecko/20100101 Firefox/115.0"
200.25.47.107 - - [19/Apr/2026:12:26:27 +0300] "POST /xmlrpc.php HTTP/1.1" 200 630 "-" "Mozilla/5.0 (Windows NT 10.0; Win64; x64) AppleWebKit/537.36 (KHTML, like Gecko) Chrome/114.0.0.0 Safari/537.36"
185.216.113.70 - - [19/Apr/2026:12:26:57 +0300] "POST /wp-cron.php?doing_wp_cron=1776590817.2071239948272705078125 HTTP/1.1" 200 448 "-" "WordPress/6.3.8; https://serhatburke.miroglu.net"
200.25.47.107 - - [19/Apr/2026:12:26:45 +0300] "POST /xmlrpc.php HTTP/1.1" 200 14371 "-" "Mozilla/5.0 (Windows NT 10.0; Win64; x64) AppleWebKit/537.36 (KHTML, like Gecko) Chrome/114.0.0.0 Safari/537.36"
200.25.47.107 - - [19/Apr/2026:12:26:59 +0300] "GET /free-spins-magazine-525-free-spins-bij-legale-belgische-casinos/ HTTP/1.1" 200 75620 "-" "Mozilla/5.0 (Windows NT 10.0; Win64; x64) AppleWebKit/537.36 (KHTML, like Gecko) Chrome/123.0.0.0 Safari/537.36"
185.216.113.70 - - [19/Apr/2026:12:28:02 +0300] "POST /wp-cron.php?doing_wp_cron=1776590882.5337879657745361328125 HTTP/1.1" 200 448 "-" "WordPress/6.3.8; https://serhatburke.miroglu.net"
103.219.169.211 - - [19/Apr/2026:12:27:50 +0300] "POST /xmlrpc.php HTTP/1.1" 200 630 "-" "Mozilla/5.0 (Windows NT 10.0; Win64; x64) AppleWebKit/537.36 (KHTML, like Gecko) Chrome/114.0.0.0 Safari/537.36"
103.219.169.211 - - [19/Apr/2026:12:28:09 +0300] "POST /xmlrpc.php HTTP/1.1" 200 12760 "-" "Mozilla/5.0 (Windows NT 10.0; Win64; x64) AppleWebKit/537.36 (KHTML, like Gecko) Chrome/114.0.0.0 Safari/537.36"
200.25.47.107 - - [19/Apr/2026:12:28:16 +0300] "POST /xmlrpc.php HTTP/1.1" 200 630 "-" "Mozilla/5.0 (Windows NT 10.0; Win64; x64) AppleWebKit/537.36 (KHTML, like Gecko) Chrome/114.0.0.0 Safari/537.36"
103.219.169.211 - - [19/Apr/2026:12:28:22 +0300] "GET /online-casino-bis-zu-2-500-200-bares-spins/ HTTP/1.1" 200 74125 "-" "Mozilla/5.0 (Windows NT 10.0; Win64; x64) AppleWebKit/537.36 (KHTML, like Gecko) Chrome/123.0.0.0 Safari/537.36"
185.216.113.70 - - [19/Apr/2026:12:28:48 +0300] "POST /wp-cron.php?doing_wp_cron=1776590927.9261689186096191406250 HTTP/1.1" 200 448 "-" "WordPress/6.3.8; https://serhatburke.miroglu.net"
200.25.47.107 - - [19/Apr/2026:12:28:35 +0300] "POST /xmlrpc.php HTTP/1.1" 200 16089 "-" "Mozilla/5.0 (Windows NT 10.0; Win64; x64) AppleWebKit/537.36 (KHTML, like Gecko) Chrome/114.0.0.0 Safari/537.36"
200.25.47.107 - - [19/Apr/2026:12:28:36 +0300] "POST /xmlrpc.php HTTP/1.1" 200 630 "-" "Mozilla/5.0 (Windows NT 10.0; Win64; x64) AppleWebKit/537.36 (KHTML, like Gecko) Chrome/114.0.0.0 Safari/537.36"
200.25.47.107 - - [19/Apr/2026:12:28:49 +0300] "GET /offizielle-internetseite-ihr-landeshauptstadt-dresden/ HTTP/1.1" 200 77325 "-" "Mozilla/5.0 (Windows NT 10.0; Win64; x64) AppleWebKit/537.36 (KHTML, like Gecko) Chrome/124.0.0.0 Safari/537.36"
200.25.47.107 - - [19/Apr/2026:12:28:56 +0300] "POST /xmlrpc.php HTTP/1.1" 200 15019 "-" "Mozilla/5.0 (Windows NT 10.0; Win64; x64) AppleWebKit/537.36 (KHTML, like Gecko) Chrome/114.0.0.0 Safari/537.36"
200.25.47.107 - - [19/Apr/2026:12:29:10 +0300] "GET /de-eersterangs-10-echt-geld-bank-sites-vanuit-nederlan-te-2026/ HTTP/1.1" 200 76361 "-" "Mozilla/5.0 (Windows NT 10.0; Win64; x64) AppleWebKit/537.36 (KHTML, like Gecko) Chrome/123.0.0.0 Safari/537.36"
185.216.113.70 - - [19/Apr/2026:12:30:05 +0300] "POST /wp-cron.php?doing_wp_cron=1776591005.5139989852905273437500 HTTP/1.1" 200 448 "-" "WordPress/6.3.8; https://serhatburke.miroglu.net"
84.200.80.218 - - [19/Apr/2026:12:29:53 +0300] "POST /xmlrpc.php HTTP/1.1" 200 94531 "-" "Mozilla/5.0 (Windows NT 6.1; Win64; x64) AppleWebKit/537.36 (KHTML, like Gecko) Chrome/80.0.3987.149 Safari/537.36"
84.200.80.218 - - [19/Apr/2026:12:30:05 +0300] "POST /xmlrpc.php HTTP/1.1" 200 486 "-" "Mozilla/5.0 (Windows NT 6.1; Win64; x64) AppleWebKit/537.36 (KHTML, like Gecko) Chrome/80.0.3987.149 Safari/537.36"
84.200.80.218 - - [19/Apr/2026:12:30:18 +0300] "POST /xmlrpc.php HTTP/1.1" 200 489 "-" "Mozilla/5.0 (Windows NT 6.1; Win64; x64) AppleWebKit/537.36 (KHTML, like Gecko) Chrome/80.0.3987.149 Safari/537.36"
185.216.113.70 - - [19/Apr/2026:12:30:42 +0300] "POST /wp-cron.php?doing_wp_cron=1776591042.0270009040832519531250 HTTP/1.1" 200 448 "-" "WordPress/6.3.8; https://serhatburke.miroglu.net"
84.200.80.218 - - [19/Apr/2026:12:30:30 +0300] "POST /xmlrpc.php HTTP/1.1" 200 292860 "-" "Mozilla/5.0 (Windows NT 6.1; Win64; x64) AppleWebKit/537.36 (KHTML, like Gecko) Chrome/80.0.3987.149 Safari/537.36"
185.191.206.81 - - [19/Apr/2026:12:30:23 +0300] "POST /xmlrpc.php HTTP/1.1" 200 630 "-" "Mozilla/5.0 (Windows NT 10.0; Win64; x64) AppleWebKit/537.36 (KHTML, like Gecko) Chrome/114.0.0.0 Safari/537.36"
200.25.47.107 - - [19/Apr/2026:12:30:53 +0300] "POST /xmlrpc.php HTTP/1.1" 200 630 "-" "Mozilla/5.0 (Windows NT 10.0; Win64; x64) AppleWebKit/537.36 (KHTML, like Gecko) Chrome/114.0.0.0 Safari/537.36"
103.219.169.211 - - [19/Apr/2026:12:31:02 +0300] "POST /xmlrpc.php HTTP/1.1" 200 630 "-" "Mozilla/5.0 (Windows NT 10.0; Win64; x64) AppleWebKit/537.36 (KHTML, like Gecko) Chrome/114.0.0.0 Safari/537.36"
185.216.113.70 - - [19/Apr/2026:12:31:24 +0300] "POST /wp-cron.php?doing_wp_cron=1776591084.0187830924987792968750 HTTP/1.1" 200 448 "-" "WordPress/6.3.8; https://serhatburke.miroglu.net"
200.25.47.107 - - [19/Apr/2026:12:31:12 +0300] "POST /xmlrpc.php HTTP/1.1" 200 14524 "-" "Mozilla/5.0 (Windows NT 10.0; Win64; x64) AppleWebKit/537.36 (KHTML, like Gecko) Chrome/114.0.0.0 Safari/537.36"
185.191.206.81 - - [19/Apr/2026:12:30:58 +0300] "POST /xmlrpc.php HTTP/1.1" 200 13891 "-" "Mozilla/5.0 (Windows NT 10.0; Win64; x64) AppleWebKit/537.36 (KHTML, like Gecko) Chrome/114.0.0.0 Safari/537.36"
103.219.169.211 - - [19/Apr/2026:12:31:22 +0300] "POST /xmlrpc.php HTTP/1.1" 200 12478 "-" "Mozilla/5.0 (Windows NT 10.0; Win64; x64) AppleWebKit/537.36 (KHTML, like Gecko) Chrome/114.0.0.0 Safari/537.36"
200.25.47.107 - - [19/Apr/2026:12:31:25 +0300] "GET /free-spins-gokhal-2026-voor-spins-bonus-te-eersterangs-casinos/ HTTP/1.1" 200 75652 "-" "Mozilla/5.0 (Windows NT 10.0; Win64; x64) AppleWebKit/537.36 (KHTML, like Gecko) Chrome/123.0.0.0 Safari/537.36"
103.219.169.211 - - [19/Apr/2026:12:31:42 +0300] "GET /diese-besonderheiten-kein-einzahlungsbonus-deal-or-no-deal-hat-diese-eye-of-nun-gehen-horus-app-adaptation-costa-rica-costa-rica/ HTTP/1.1" 200 75809 "-" "Mozilla/5.0 (Windows NT 10.0; Win64; x64; rv:124.0) Gecko/20100101 Firefox/124.0"
185.191.206.81 - - [19/Apr/2026:12:31:29 +0300] "GET /cashpot-live-casino-review-and-bonuses/ HTTP/1.1" 200 74493 "-" "Mozilla/5.0 (Windows NT 10.0; Win64; x64) AppleWebKit/537.36 (KHTML, like Gecko) Chrome/122.0.0.0 Safari/537.36"
107.152.46.202 - - [19/Apr/2026:12:32:05 +0300] "GET /automaty-hazard-online/ HTTP/1.1" 200 17664 "-" "Mozilla/5.0 (Windows NT 10.0; Win64; x64) AppleWebKit/537.36 (KHTML, like Gecko) Chrome/114.0.0.0 Safari/537.36 Vivaldi/5.3.2679.68"
185.216.113.70 - - [19/Apr/2026:12:32:44 +0300] "POST /wp-cron.php?doing_wp_cron=1776591164.8794329166412353515625 HTTP/1.1" 200 448 "-" "WordPress/6.3.8; https://serhatburke.miroglu.net"
200.25.47.107 - - [19/Apr/2026:12:32:33 +0300] "POST /xmlrpc.php HTTP/1.1" 200 630 "-" "Mozilla/5.0 (Windows NT 10.0; Win64; x64) AppleWebKit/537.36 (KHTML, like Gecko) Chrome/114.0.0.0 Safari/537.36"
185.191.206.81 - - [19/Apr/2026:12:32:24 +0300] "POST /xmlrpc.php HTTP/1.1" 200 630 "-" "Mozilla/5.0 (Windows NT 10.0; Win64; x64) AppleWebKit/537.36 (KHTML, like Gecko) Chrome/114.0.0.0 Safari/537.36"
200.25.47.107 - - [19/Apr/2026:12:32:51 +0300] "POST /xmlrpc.php HTTP/1.1" 200 14870 "-" "Mozilla/5.0 (Windows NT 10.0; Win64; x64) AppleWebKit/537.36 (KHTML, like Gecko) Chrome/114.0.0.0 Safari/537.36"
200.25.47.107 - - [19/Apr/2026:12:33:08 +0300] "POST /xmlrpc.php HTTP/1.1" 200 630 "-" "Mozilla/5.0 (Windows NT 10.0; Win64; x64) AppleWebKit/537.36 (KHTML, like Gecko) Chrome/114.0.0.0 Safari/537.36"
200.25.47.107 - - [19/Apr/2026:12:33:08 +0300] "GET /angeschlossen-spielsaal-freispiele-2026-fur-nusse-auffuhren/ HTTP/1.1" 200 76372 "-" "Mozilla/5.0 (Windows NT 10.0; rv:109.0) Gecko/20100101 Firefox/115.0"
185.191.206.81 - - [19/Apr/2026:12:32:58 +0300] "POST /xmlrpc.php HTTP/1.1" 200 13783 "-" "Mozilla/5.0 (Windows NT 10.0; Win64; x64) AppleWebKit/537.36 (KHTML, like Gecko) Chrome/114.0.0.0 Safari/537.36"
185.216.113.70 - - [19/Apr/2026:12:33:50 +0300] "POST /wp-cron.php?doing_wp_cron=1776591230.8552091121673583984375 HTTP/1.1" 200 448 "-" "WordPress/6.3.8; https://serhatburke.miroglu.net"
200.25.47.107 - - [19/Apr/2026:12:33:34 +0300] "POST /xmlrpc.php HTTP/1.1" 200 14462 "-" "Mozilla/5.0 (Windows NT 10.0; Win64; x64) AppleWebKit/537.36 (KHTML, like Gecko) Chrome/114.0.0.0 Safari/537.36"
200.25.47.107 - - [19/Apr/2026:12:33:52 +0300] "GET /voor-gokkasten-acteren/ HTTP/1.1" 200 74708 "-" "Mozilla/5.0 (Windows NT 10.0; rv:109.0) Gecko/20100101 Firefox/115.0"
185.191.206.81 - - [19/Apr/2026:12:33:35 +0300] "GET /galet-gratuite-jeux-de-galet-quelque-peu-avec-winpalacecasino/ HTTP/1.1" 200 75039 "-" "Mozilla/5.0 (Windows NT 10.0; rv:125.0) Gecko/20100101 Firefox/125.0"
103.219.169.211 - - [19/Apr/2026:12:34:15 +0300] "POST /xmlrpc.php HTTP/1.1" 200 630 "-" "Mozilla/5.0 (Windows NT 10.0; Win64; x64) AppleWebKit/537.36 (KHTML, like Gecko) Chrome/114.0.0.0 Safari/537.36"
185.216.113.70 - - [19/Apr/2026:12:34:47 +0300] "POST /wp-cron.php?doing_wp_cron=1776591287.2944159507751464843750 HTTP/1.1" 200 448 "-" "WordPress/6.3.8; https://serhatburke.miroglu.net"
103.219.169.211 - - [19/Apr/2026:12:34:34 +0300] "POST /xmlrpc.php HTTP/1.1" 200 12977 "-" "Mozilla/5.0 (Windows NT 10.0; Win64; x64) AppleWebKit/537.36 (KHTML, like Gecko) Chrome/114.0.0.0 Safari/537.36"
103.219.169.211 - - [19/Apr/2026:12:34:48 +0300] "GET /hydrargyrum-slot-blos-eintragung-testen/ HTTP/1.1" 200 73721 "-" "Mozilla/5.0 (Windows NT 10.0; Win64; x64) AppleWebKit/537.36 (KHTML, like Gecko) Chrome/109.0.0.0 Safari/537.36"
192.142.53.92 - - [19/Apr/2026:12:35:15 +0300] "GET /is-your-frt-trigger-legal-in-the-united-states-15/ HTTP/2" 200 274592 "-" "Mozilla/5.0 (Windows NT 10.0; Win64; x64) AppleWebKit/537.36 (KHTML, like Gecko) Chrome/124.0.0.0 Safari/537.36"
200.25.47.107 - - [19/Apr/2026:12:35:20 +0300] "POST /xmlrpc.php HTTP/1.1" 200 630 "-" "Mozilla/5.0 (Windows NT 10.0; Win64; x64) AppleWebKit/537.36 (KHTML, like Gecko) Chrome/114.0.0.0 Safari/537.36"
185.191.206.81 - - [19/Apr/2026:12:35:02 +0300] "POST /xmlrpc.php HTTP/1.1" 200 630 "-" "Mozilla/5.0 (Windows NT 10.0; Win64; x64) AppleWebKit/537.36 (KHTML, like Gecko) Chrome/114.0.0.0 Safari/537.36"
185.216.113.70 - - [19/Apr/2026:12:35:51 +0300] "POST /wp-cron.php?doing_wp_cron=1776591351.6035869121551513671875 HTTP/1.1" 200 448 "-" "WordPress/6.3.8; https://serhatburke.miroglu.net"
200.25.47.107 - - [19/Apr/2026:12:35:39 +0300] "POST /xmlrpc.php HTTP/1.1" 200 15538 "-" "Mozilla/5.0 (Windows NT 10.0; Win64; x64) AppleWebKit/537.36 (KHTML, like Gecko) Chrome/114.0.0.0 Safari/537.36"
185.191.206.81 - - [19/Apr/2026:12:35:39 +0300] "POST /xmlrpc.php HTTP/1.1" 200 13552 "-" "Mozilla/5.0 (Windows NT 10.0; Win64; x64) AppleWebKit/537.36 (KHTML, like Gecko) Chrome/114.0.0.0 Safari/537.36"
200.25.47.107 - - [19/Apr/2026:12:35:53 +0300] "GET /beeindiging-in-romantiek-liefdesslotjes-afsterven-van-compositie-parijzenaar/ HTTP/1.1" 200 77541 "-" "Mozilla/5.0 (Windows NT 10.0; Win64; x64) AppleWebKit/537.36 (KHTML, like Gecko) Chrome/109.0.0.0 Safari/537.36"
37.139.53.240 - - [19/Apr/2026:12:36:01 +0300] "POST / HTTP/2" 200 16638 "-" "Mozilla/5.0 (Macintosh; Intel Mac OS X 10_15_7) AppleWebKit/537.36 (KHTML, like Gecko) Chrome/131.0.0.0 Safari/537.36"
185.191.206.81 - - [19/Apr/2026:12:36:09 +0300] "GET /des-dix-meilleurs-salle-de-jeu-de-amuser-a-la-caillou-direct-dans-2024/ HTTP/1.1" 200 74901 "-" "Mozilla/5.0 (Windows NT 10.0; rv:109.0) Gecko/20100101 Firefox/115.0"
185.216.113.70 - - [19/Apr/2026:12:36:53 +0300] "POST /wp-cron.php?doing_wp_cron=1776591413.8062329292297363281250 HTTP/1.1" 200 448 "-" "WordPress/6.3.8; https://serhatburke.miroglu.net"
200.25.47.107 - - [19/Apr/2026:12:36:42 +0300] "POST /xmlrpc.php HTTP/1.1" 200 630 "-" "Mozilla/5.0 (Windows NT 10.0; Win64; x64) AppleWebKit/537.36 (KHTML, like Gecko) Chrome/114.0.0.0 Safari/537.36"
200.25.47.107 - - [19/Apr/2026:12:37:00 +0300] "POST /xmlrpc.php HTTP/1.1" 200 16262 "-" "Mozilla/5.0 (Windows NT 10.0; Win64; x64) AppleWebKit/537.36 (KHTML, like Gecko) Chrome/114.0.0.0 Safari/537.36"
200.25.47.107 - - [19/Apr/2026:12:37:14 +0300] "GET /kasino-unter-einsatz-von-5-ecu-einzahlung-beste-5-eur-casinos-within-2026/ HTTP/1.1" 200 77860 "-" "Mozilla/5.0 (Windows NT 10.0; rv:109.0) Gecko/20100101 Firefox/115.0"
103.219.169.211 - - [19/Apr/2026:12:37:22 +0300] "POST /xmlrpc.php HTTP/1.1" 200 630 "-" "Mozilla/5.0 (Windows NT 10.0; Win64; x64) AppleWebKit/537.36 (KHTML, like Gecko) Chrome/114.0.0.0 Safari/537.36"
200.25.47.107 - - [19/Apr/2026:12:37:25 +0300] "POST /xmlrpc.php HTTP/1.1" 200 630 "-" "Mozilla/5.0 (Windows NT 10.0; Win64; x64) AppleWebKit/537.36 (KHTML, like Gecko) Chrome/114.0.0.0 Safari/537.36"
185.216.113.70 - - [19/Apr/2026:12:37:52 +0300] "POST /wp-cron.php?doing_wp_cron=1776591472.4241371154785156250000 HTTP/1.1" 200 448 "-" "WordPress/6.3.8; https://serhatburke.miroglu.net"
103.219.169.211 - - [19/Apr/2026:12:37:40 +0300] "POST /xmlrpc.php HTTP/1.1" 200 14710 "-" "Mozilla/5.0 (Windows NT 10.0; Win64; x64) AppleWebKit/537.36 (KHTML, like Gecko) Chrome/114.0.0.0 Safari/537.36"
200.25.47.107 - - [19/Apr/2026:12:37:43 +0300] "POST /xmlrpc.php HTTP/1.1" 200 14613 "-" "Mozilla/5.0 (Windows NT 10.0; Win64; x64) AppleWebKit/537.36 (KHTML, like Gecko) Chrome/114.0.0.0 Safari/537.36"
103.219.169.211 - - [19/Apr/2026:12:37:53 +0300] "GET /spiele-eye-of-horus-gebuhrenfrei-as-part-of-hauptgewinn-de/ HTTP/1.1" 200 75897 "-" "Mozilla/5.0 (Windows NT 10.0; Win64; x64) AppleWebKit/537.36 (KHTML, like Gecko) Chrome/123.0.0.0 Safari/537.36"
200.25.47.107 - - [19/Apr/2026:12:37:59 +0300] "GET /wat-zegt-het-wetgeving-over-gokkasten/ HTTP/1.1" 200 75393 "-" "Mozilla/5.0 (Windows NT 10.0; Win64; x64) AppleWebKit/537.36 (KHTML, like Gecko) Chrome/109.0.0.0 Safari/537.36"
185.191.206.81 - - [19/Apr/2026:12:37:52 +0300] "POST /xmlrpc.php HTTP/1.1" 200 630 "-" "Mozilla/5.0 (Windows NT 10.0; Win64; x64) AppleWebKit/537.36 (KHTML, like Gecko) Chrome/114.0.0.0 Safari/537.36"
185.216.113.70 - - [19/Apr/2026:12:39:05 +0300] "POST /wp-cron.php?doing_wp_cron=1776591545.7867460250854492187500 HTTP/1.1" 200 448 "-" "WordPress/6.3.8; https://serhatburke.miroglu.net"
185.191.206.81 - - [19/Apr/2026:12:38:37 +0300] "POST /xmlrpc.php HTTP/1.1" 200 13713 "-" "Mozilla/5.0 (Windows NT 10.0; Win64; x64) AppleWebKit/537.36 (KHTML, like Gecko) Chrome/114.0.0.0 Safari/537.36"
200.25.47.107 - - [19/Apr/2026:12:39:13 +0300] "POST /xmlrpc.php HTTP/1.1" 200 630 "-" "Mozilla/5.0 (Windows NT 10.0; Win64; x64) AppleWebKit/537.36 (KHTML, like Gecko) Chrome/114.0.0.0 Safari/537.36"
185.191.206.81 - - [19/Apr/2026:12:39:07 +0300] "GET /sizzling-terme-conseille-deluxe-deux-win-ways-jouer-un-brin-gratuite/ HTTP/1.1" 200 75388 "-" "Mozilla/5.0 (Windows NT 10.0; Win64; x64) AppleWebKit/537.36 (KHTML, like Gecko) Chrome/109.0.0.0 Safari/537.36"
185.216.113.70 - - [19/Apr/2026:12:39:43 +0300] "POST /wp-cron.php?doing_wp_cron=1776591583.2011590003967285156250 HTTP/1.1" 200 448 "-" "WordPress/6.3.8; https://serhatburke.miroglu.net"
74.109.10.214 - admlnlx [19/Apr/2026:12:39:31 +0300] "GET /wp-json/wp/v2/posts?context=edit&slug=kasyna-z-najszybszymi-wyplatami-ranking-bonusy-i-szybka-weryfikacja-kyc&per_page=5&_fields=id,link,slug,status,content HTTP/2" 200 6 "-" "Mozilla/5.0 (Windows NT 10.0; Win64; x64) AppleWebKit/537.36 (KHTML, like Gecko) Chrome/145.0.0.0 Safari/537.36"
200.25.47.107 - - [19/Apr/2026:12:39:33 +0300] "POST /xmlrpc.php HTTP/1.1" 200 14727 "-" "Mozilla/5.0 (Windows NT 10.0; Win64; x64) AppleWebKit/537.36 (KHTML, like Gecko) Chrome/114.0.0.0 Safari/537.36"
74.109.10.214 - admlnlx [19/Apr/2026:12:39:43 +0300] "GET /wp-json/wp/v2/posts?context=edit&search=https%3A%2F%2Fpl.trustpilot.com%2Freview%2Fgroj.pl&per_page=50&_fields=id,link,slug,status,content HTTP/2" 200 6 "-" "Mozilla/5.0 (Windows NT 10.0; Win64; x64) AppleWebKit/537.36 (KHTML, like Gecko) Chrome/145.0.0.0 Safari/537.36"
200.25.47.107 - - [19/Apr/2026:12:39:48 +0300] "GET /beste-casino-over-10-gratis-spins-buitenshuis-storting-holland/ HTTP/1.1" 200 76215 "-" "Mozilla/5.0 (Windows NT 10.0; Win64; x64) AppleWebKit/537.36 (KHTML, like Gecko) Chrome/122.0.0.0 Safari/537.36"
74.109.10.214 - admlnlx [19/Apr/2026:12:40:04 +0300] "POST /wp-json/wp/v2/posts HTTP/2" 201 5840 "-" "Mozilla/5.0 (Windows NT 10.0; Win64; x64) AppleWebKit/537.36 (KHTML, like Gecko) Chrome/145.0.0.0 Safari/537.36"
103.219.169.211 - - [19/Apr/2026:12:40:08 +0300] "POST /xmlrpc.php HTTP/1.1" 200 630 "-" "Mozilla/5.0 (Windows NT 10.0; Win64; x64) AppleWebKit/537.36 (KHTML, like Gecko) Chrome/114.0.0.0 Safari/537.36"
185.216.113.70 - - [19/Apr/2026:12:40:39 +0300] "POST /wp-cron.php?doing_wp_cron=1776591639.1767721176147460937500 HTTP/1.1" 200 448 "-" "WordPress/6.3.8; https://serhatburke.miroglu.net"
103.219.169.211 - - [19/Apr/2026:12:40:27 +0300] "POST /xmlrpc.php HTTP/1.1" 200 15824 "-" "Mozilla/5.0 (Windows NT 10.0; Win64; x64) AppleWebKit/537.36 (KHTML, like Gecko) Chrome/114.0.0.0 Safari/537.36"
103.219.169.211 - - [19/Apr/2026:12:40:40 +0300] "GET /%E1%90%88-eye-of-diese-seiten-horus-gebuhrenfrei-verhalten-meine-ruckmeldung-blos-registrierung-aslan-neferler-tim-costa-rica/ HTTP/1.1" 200 79050 "-" "Mozilla/5.0 (Windows NT 10.0; rv:125.0) Gecko/20100101 Firefox/125.0"
200.25.47.107 - - [19/Apr/2026:12:40:48 +0300] "POST /xmlrpc.php HTTP/1.1" 200 630 "-" "Mozilla/5.0 (Windows NT 10.0; Win64; x64) AppleWebKit/537.36 (KHTML, like Gecko) Chrome/114.0.0.0 Safari/537.36"
200.25.47.107 - - [19/Apr/2026:12:41:07 +0300] "POST /xmlrpc.php HTTP/1.1" 200 630 "-" "Mozilla/5.0 (Windows NT 10.0; Win64; x64) AppleWebKit/537.36 (KHTML, like Gecko) Chrome/114.0.0.0 Safari/537.36"
200.25.47.107 - - [19/Apr/2026:12:41:08 +0300] "POST /xmlrpc.php HTTP/1.1" 200 14997 "-" "Mozilla/5.0 (Windows NT 10.0; Win64; x64) AppleWebKit/537.36 (KHTML, like Gecko) Chrome/114.0.0.0 Safari/537.36"
185.216.113.70 - - [19/Apr/2026:12:41:40 +0300] "POST /wp-cron.php?doing_wp_cron=1776591700.6909389495849609375000 HTTP/1.1" 200 448 "-" "WordPress/6.3.8; https://serhatburke.miroglu.net"
200.25.47.107 - - [19/Apr/2026:12:41:26 +0300] "GET /die-besten-spielbank-freispiele-abzuglich-einzahlung-inoffizieller-mitarbeiter-marsch-2026/ HTTP/1.1" 200 77213 "-" "Mozilla/5.0 (Windows NT 10.0; Win64; x64) AppleWebKit/537.36 (KHTML, like Gecko) Chrome/124.0.0.0 Safari/537.36 Edg/124.0.0.0"
185.191.206.81 - - [19/Apr/2026:12:41:11 +0300] "POST /xmlrpc.php HTTP/1.1" 200 630 "-" "Mozilla/5.0 (Windows NT 10.0; Win64; x64) AppleWebKit/537.36 (KHTML, like Gecko) Chrome/114.0.0.0 Safari/537.36"
200.25.47.107 - - [19/Apr/2026:12:41:30 +0300] "POST /xmlrpc.php HTTP/1.1" 200 14554 "-" "Mozilla/5.0 (Windows NT 10.0; Win64; x64) AppleWebKit/537.36 (KHTML, like Gecko) Chrome/114.0.0.0 Safari/537.36"
200.25.47.107 - - [19/Apr/2026:12:41:46 +0300] "GET /online-gokkasten-lieve-speel-fruitautomaten-jacks-nl/ HTTP/1.1" 200 75691 "-" "Mozilla/5.0 (Windows NT 10.0; Win64; x64) AppleWebKit/537.36 (KHTML, like Gecko) Chrome/124.0.0.0 Safari/537.36 Edg/124.0.0.0"
185.191.206.81 - - [19/Apr/2026:12:41:51 +0300] "POST /xmlrpc.php HTTP/1.1" 200 13879 "-" "Mozilla/5.0 (Windows NT 10.0; Win64; x64) AppleWebKit/537.36 (KHTML, like Gecko) Chrome/114.0.0.0 Safari/537.36"
185.216.113.70 - - [19/Apr/2026:12:42:53 +0300] "POST /wp-cron.php?doing_wp_cron=1776591773.8209950923919677734375 HTTP/1.1" 200 448 "-" "WordPress/6.3.8; https://serhatburke.miroglu.net"
185.191.206.81 - - [19/Apr/2026:12:42:25 +0300] "GET /ans-sky-vegas-book-of-ra-sites-en-compagnie-de-meurtrieres-normand-my-blog/ HTTP/1.1" 200 75340 "-" "Mozilla/5.0 (Windows NT 10.0; rv:125.0) Gecko/20100101 Firefox/125.0"
200.25.47.107 - - [19/Apr/2026:12:43:02 +0300] "POST /xmlrpc.php HTTP/1.1" 200 630 "-" "Mozilla/5.0 (Windows NT 10.0; Win64; x64) AppleWebKit/537.36 (KHTML, like Gecko) Chrome/114.0.0.0 Safari/537.36"
103.219.169.211 - - [19/Apr/2026:12:43:08 +0300] "POST /xmlrpc.php HTTP/1.1" 200 630 "-" "Mozilla/5.0 (Windows NT 10.0; Win64; x64) AppleWebKit/537.36 (KHTML, like Gecko) Chrome/114.0.0.0 Safari/537.36"
185.216.113.70 - - [19/Apr/2026:12:43:34 +0300] "POST /wp-cron.php?doing_wp_cron=1776591814.2304708957672119140625 HTTP/1.1" 200 448 "-" "WordPress/6.3.8; https://serhatburke.miroglu.net"
200.25.47.107 - - [19/Apr/2026:12:43:21 +0300] "POST /xmlrpc.php HTTP/1.1" 200 14594 "-" "Mozilla/5.0 (Windows NT 10.0; Win64; x64) AppleWebKit/537.36 (KHTML, like Gecko) Chrome/114.0.0.0 Safari/537.36"
103.219.169.211 - - [19/Apr/2026:12:43:27 +0300] "POST /xmlrpc.php HTTP/1.1" 200 12471 "-" "Mozilla/5.0 (Windows NT 10.0; Win64; x64) AppleWebKit/537.36 (KHTML, like Gecko) Chrome/114.0.0.0 Safari/537.36"
200.25.47.107 - - [19/Apr/2026:12:43:36 +0300] "GET /installeer-gij-mobiele-toepassing/ HTTP/1.1" 200 75701 "-" "Mozilla/5.0 (Windows NT 10.0; Win64; x64) AppleWebKit/537.36 (KHTML, like Gecko) Chrome/122.0.0.0 Safari/537.36"
103.219.169.211 - - [19/Apr/2026:12:43:42 +0300] "GET /beste-online-casinos-2026-220-geprufte-casinos-im-kollationieren/ HTTP/1.1" 200 74410 "-" "Mozilla/5.0 (Windows NT 10.0; Win64; x64) AppleWebKit/537.36 (KHTML, like Gecko) Chrome/123.0.0.0 Safari/537.36"
216.26.230.19 - - [19/Apr/2026:12:44:09 +0300] "GET /wp-login.php HTTP/2" 200 3092 "-" "Mozilla/5.0 (Windows NT 10.0; Win64; x64; rv:127.0) Gecko/20100101 Firefox/127.0"
216.26.230.19 - - [19/Apr/2026:12:44:21 +0300] "POST /xmlrpc.php HTTP/2" 200 110 "-" "Mozilla/5.0 (Windows NT 10.0; Win64; x64) AppleWebKit/537.36 (KHTML, like Gecko) Chrome/124.0.6367.207 Safari/537.36"
185.216.113.70 - - [19/Apr/2026:12:44:46 +0300] "POST /wp-cron.php?doing_wp_cron=1776591886.4278190135955810546875 HTTP/1.1" 200 448 "-" "WordPress/6.3.8; https://serhatburke.miroglu.net"
216.26.230.19 - - [19/Apr/2026:12:44:34 +0300] "POST /xmlrpc.php HTTP/2" 200 3197 "-" "Mozilla/5.0 (Macintosh; Intel Mac OS X 13_5) AppleWebKit/605.1.15 (KHTML, like Gecko) Version/17.5 Safari/605.1.15"
185.216.113.70 - - [19/Apr/2026:12:45:04 +0300] "POST /wp-cron.php?doing_wp_cron=1776591904.7985370159149169921875 HTTP/1.1" 200 448 "-" "WordPress/6.3.8; https://serhatburke.miroglu.net"
185.191.206.81 - - [19/Apr/2026:12:44:35 +0300] "POST /xmlrpc.php HTTP/1.1" 200 630 "-" "Mozilla/5.0 (Windows NT 10.0; Win64; x64) AppleWebKit/537.36 (KHTML, like Gecko) Chrome/114.0.0.0 Safari/537.36"
200.25.47.107 - - [19/Apr/2026:12:44:55 +0300] "POST /xmlrpc.php HTTP/1.1" 200 630 "-" "Mozilla/5.0 (Windows NT 10.0; Win64; x64) AppleWebKit/537.36 (KHTML, like Gecko) Chrome/114.0.0.0 Safari/537.36"
200.25.47.107 - - [19/Apr/2026:12:44:56 +0300] "POST /xmlrpc.php HTTP/1.1" 200 630 "-" "Mozilla/5.0 (Windows NT 10.0; Win64; x64) AppleWebKit/537.36 (KHTML, like Gecko) Chrome/114.0.0.0 Safari/537.36"
200.25.47.107 - - [19/Apr/2026:12:45:17 +0300] "POST /xmlrpc.php HTTP/1.1" 200 14318 "-" "Mozilla/5.0 (Windows NT 10.0; Win64; x64) AppleWebKit/537.36 (KHTML, like Gecko) Chrome/114.0.0.0 Safari/537.36"
200.25.47.107 - - [19/Apr/2026:12:45:18 +0300] "POST /xmlrpc.php HTTP/1.1" 200 14799 "-" "Mozilla/5.0 (Windows NT 10.0; Win64; x64) AppleWebKit/537.36 (KHTML, like Gecko) Chrome/114.0.0.0 Safari/537.36"
185.191.206.81 - - [19/Apr/2026:12:45:12 +0300] "POST /xmlrpc.php HTTP/1.1" 200 13791 "-" "Mozilla/5.0 (Windows NT 10.0; Win64; x64) AppleWebKit/537.36 (KHTML, like Gecko) Chrome/114.0.0.0 Safari/537.36"
200.25.47.107 - - [19/Apr/2026:12:45:35 +0300] "GET /freispiele-abzuglich-einzahlung-2026-100percent-gebuhrenfrei-and-fix/ HTTP/1.1" 200 76654 "-" "Mozilla/5.0 (Windows NT 10.0; rv:125.0) Gecko/20100101 Firefox/125.0"
200.25.47.107 - - [19/Apr/2026:12:45:35 +0300] "GET /cardplayer-voldoet-over-jouw-mobiele-telefoontoestel-u-digitale-hoofdsta-nieuwegein/ HTTP/1.1" 200 76316 "-" "Mozilla/5.0 (Windows NT 10.0; Win64; x64) AppleWebKit/537.36 (KHTML, like Gecko) Chrome/109.0.0.0 Safari/537.36"
185.216.113.70 - - [19/Apr/2026:12:46:06 +0300] "POST /wp-cron.php?doing_wp_cron=1776591966.3868870735168457031250 HTTP/1.1" 200 448 "-" "WordPress/6.3.8; https://serhatburke.miroglu.net"
185.244.152.212 - - [19/Apr/2026:12:45:53 +0300] "GET / HTTP/1.1" 200 19355 "-" "Mozilla/5.0 (Windows NT 10.0; Win64; x64) AppleWebKit/537.36 (KHTML, like Gecko) Chrome/120.0.0.0 Safari/537.36"
185.216.113.70 - - [19/Apr/2026:12:46:15 +0300] "POST /wp-cron.php?doing_wp_cron=1776591975.3992910385131835937500 HTTP/1.1" 200 448 "-" "WordPress/6.3.8; https://serhatburke.miroglu.net"
185.216.113.70 - - [19/Apr/2026:12:46:16 +0300] "POST /wp-cron.php?doing_wp_cron=1776591976.3045539855957031250000 HTTP/1.1" 200 448 "-" "WordPress/6.3.8; https://serhatburke.miroglu.net"
103.219.169.211 - - [19/Apr/2026:12:46:03 +0300] "POST /xmlrpc.php HTTP/1.1" 200 630 "-" "Mozilla/5.0 (Windows NT 10.0; Win64; x64) AppleWebKit/537.36 (KHTML, like Gecko) Chrome/114.0.0.0 Safari/537.36"
185.191.206.81 - - [19/Apr/2026:12:45:46 +0300] "GET /comme-mettre-en-ligne-des-applications-pour-kaspersky-sur-portable-et-ios/ HTTP/1.1" 200 75282 "-" "Mozilla/5.0 (Windows NT 10.0; Win64; x64; rv:125.0) Gecko/20100101 Firefox/125.0"
103.219.169.211 - - [19/Apr/2026:12:46:23 +0300] "POST /xmlrpc.php HTTP/1.1" 200 12870 "-" "Mozilla/5.0 (Windows NT 10.0; Win64; x64) AppleWebKit/537.36 (KHTML, like Gecko) Chrome/114.0.0.0 Safari/537.36"
192.142.53.92 - - [19/Apr/2026:12:46:26 +0300] "GET /is-your-frt-trigger-legal-in-the-united-states-15/ HTTP/2" 200 274601 "-" "Mozilla/5.0 (Windows NT 10.0; Win64; x64) AppleWebKit/537.36 (KHTML, like Gecko) Chrome/124.0.0.0 Safari/537.36"
185.216.113.70 - - [19/Apr/2026:12:46:52 +0300] "POST /wp-cron.php?doing_wp_cron=1776592011.9007411003112792968750 HTTP/1.1" 200 448 "-" "WordPress/6.3.8; https://serhatburke.miroglu.net"
200.25.47.107 - - [19/Apr/2026:12:46:39 +0300] "POST /xmlrpc.php HTTP/1.1" 200 630 "-" "Mozilla/5.0 (Windows NT 10.0; Win64; x64) AppleWebKit/537.36 (KHTML, like Gecko) Chrome/114.0.0.0 Safari/537.36"
103.219.169.211 - - [19/Apr/2026:12:46:42 +0300] "GET /unser-besten-live-casinos-2026-spiele-provision-live-pusher/ HTTP/1.1" 200 74480 "-" "Mozilla/5.0 (Windows NT 10.0; Win64; x64) AppleWebKit/537.36 (KHTML, like Gecko) Chrome/109.0.0.0 Safari/537.36"
200.25.47.107 - - [19/Apr/2026:12:46:58 +0300] "POST /xmlrpc.php HTTP/1.1" 200 16554 "-" "Mozilla/5.0 (Windows NT 10.0; Win64; x64) AppleWebKit/537.36 (KHTML, like Gecko) Chrome/114.0.0.0 Safari/537.36"
200.25.47.107 - - [19/Apr/2026:12:47:12 +0300] "GET /eur-krijgt-geen-stortingsbonus-te-nederlan-speel-noppes-plu-stormwind-werkelijk/ HTTP/1.1" 200 78196 "-" "Mozilla/5.0 (Windows NT 10.0; Win64; x64; rv:124.0) Gecko/20100101 Firefox/124.0"
185.216.113.70 - - [19/Apr/2026:12:48:19 +0300] "POST /wp-cron.php?doing_wp_cron=1776592099.7021698951721191406250 HTTP/1.1" 200 448 "-" "WordPress/6.3.8; https://serhatburke.miroglu.net"
200.25.47.107 - - [19/Apr/2026:12:48:07 +0300] "POST /xmlrpc.php HTTP/1.1" 200 630 "-" "Mozilla/5.0 (Windows NT 10.0; Win64; x64) AppleWebKit/537.36 (KHTML, like Gecko) Chrome/114.0.0.0 Safari/537.36"
185.191.206.81 - - [19/Apr/2026:12:47:54 +0300] "POST /xmlrpc.php HTTP/1.1" 200 630 "-" "Mozilla/5.0 (Windows NT 10.0; Win64; x64) AppleWebKit/537.36 (KHTML, like Gecko) Chrome/114.0.0.0 Safari/537.36"
200.25.47.107 - - [19/Apr/2026:12:48:26 +0300] "POST /xmlrpc.php HTTP/1.1" 200 15611 "-" "Mozilla/5.0 (Windows NT 10.0; Win64; x64) AppleWebKit/537.36 (KHTML, like Gecko) Chrome/114.0.0.0 Safari/537.36"
185.216.113.70 - - [19/Apr/2026:12:48:53 +0300] "POST /wp-cron.php?doing_wp_cron=1776592133.6896150112152099609375 HTTP/1.1" 200 448 "-" "WordPress/6.3.8; https://serhatburke.miroglu.net"
200.25.47.107 - - [19/Apr/2026:12:48:42 +0300] "GET /bwin-gokhal-kloosterlinge-deposit-bonus-nederland-keus-nou-kosteloos-beloningen/ HTTP/1.1" 200 77139 "-" "Mozilla/5.0 (Windows NT 10.0; Win64; x64) AppleWebKit/537.36 (KHTML, like Gecko) Chrome/124.0.0.0 Safari/537.36"
185.191.206.81 - - [19/Apr/2026:12:48:30 +0300] "POST /xmlrpc.php HTTP/1.1" 200 13416 "-" "Mozilla/5.0 (Windows NT 10.0; Win64; x64) AppleWebKit/537.36 (KHTML, like Gecko) Chrome/114.0.0.0 Safari/537.36"
200.25.47.107 - - [19/Apr/2026:12:48:51 +0300] "POST /xmlrpc.php HTTP/1.1" 200 630 "-" "Mozilla/5.0 (Windows NT 10.0; Win64; x64) AppleWebKit/537.36 (KHTML, like Gecko) Chrome/114.0.0.0 Safari/537.36"
200.25.47.107 - - [19/Apr/2026:12:49:11 +0300] "POST /xmlrpc.php HTTP/1.1" 200 15350 "-" "Mozilla/5.0 (Windows NT 10.0; Win64; x64) AppleWebKit/537.36 (KHTML, like Gecko) Chrome/114.0.0.0 Safari/537.36"
185.191.206.81 - - [19/Apr/2026:12:49:01 +0300] "GET /50-tours-sans-frais-sans-classe-du-notre-pays-2026/ HTTP/1.1" 200 74330 "-" "Mozilla/5.0 (Windows NT 10.0; Win64; x64) AppleWebKit/537.36 (KHTML, like Gecko) Chrome/109.0.0.0 Safari/537.36"
200.25.47.107 - - [19/Apr/2026:12:49:25 +0300] "GET /online-spielbank-gratis-22-000-demo-kasino-spiele/ HTTP/1.1" 200 76532 "-" "Mozilla/5.0 (Windows NT 10.0; Win64; x64) AppleWebKit/537.36 (KHTML, like Gecko) Chrome/109.0.0.0 Safari/537.36"
185.216.113.70 - - [19/Apr/2026:12:49:55 +0300] "POST /wp-cron.php?doing_wp_cron=1776592195.1214699745178222656250 HTTP/1.1" 200 448 "-" "WordPress/6.3.8; https://serhatburke.miroglu.net"
200.25.47.107 - - [19/Apr/2026:12:49:41 +0300] "POST /xmlrpc.php HTTP/1.1" 200 630 "-" "Mozilla/5.0 (Windows NT 10.0; Win64; x64) AppleWebKit/537.36 (KHTML, like Gecko) Chrome/114.0.0.0 Safari/537.36"
200.25.47.107 - - [19/Apr/2026:12:50:02 +0300] "POST /xmlrpc.php HTTP/1.1" 200 15122 "-" "Mozilla/5.0 (Windows NT 10.0; Win64; x64) AppleWebKit/537.36 (KHTML, like Gecko) Chrome/114.0.0.0 Safari/537.36"
200.25.47.107 - - [19/Apr/2026:12:50:19 +0300] "GET /kloosterzuster-deposit-verzekeringspremie-casino-bonussen-buiten-storten-om-2024/ HTTP/1.1" 200 76484 "-" "Mozilla/5.0 (Windows NT 10.0; Win64; x64) AppleWebKit/537.36 (KHTML, like Gecko) Chrome/124.0.0.0 Safari/537.36 Edg/124.0.0.0"
185.216.113.70 - - [19/Apr/2026:12:51:37 +0300] "POST /wp-cron.php?doing_wp_cron=1776592297.8760850429534912109375 HTTP/1.1" 200 448 "-" "WordPress/6.3.8; https://serhatburke.miroglu.net"
200.25.47.107 - - [19/Apr/2026:12:51:25 +0300] "POST /xmlrpc.php HTTP/1.1" 200 630 "-" "Mozilla/5.0 (Windows NT 10.0; Win64; x64) AppleWebKit/537.36 (KHTML, like Gecko) Chrome/114.0.0.0 Safari/537.36"
185.191.206.81 - - [19/Apr/2026:12:51:19 +0300] "POST /xmlrpc.php HTTP/1.1" 200 630 "-" "Mozilla/5.0 (Windows NT 10.0; Win64; x64) AppleWebKit/537.36 (KHTML, like Gecko) Chrome/114.0.0.0 Safari/537.36"
200.25.47.107 - - [19/Apr/2026:12:51:44 +0300] "POST /xmlrpc.php HTTP/1.1" 200 15802 "-" "Mozilla/5.0 (Windows NT 10.0; Win64; x64) AppleWebKit/537.36 (KHTML, like Gecko) Chrome/114.0.0.0 Safari/537.36"
66.249.73.14 - - [19/Apr/2026:12:51:58 +0300] "GET /robots.txt HTTP/1.1" 200 719 "-" "Mozilla/5.0 (compatible; Googlebot/2.1; +http://www.google.com/bot.html)"
200.25.47.107 - - [19/Apr/2026:12:52:00 +0300] "GET /bwin-gokhuis-kloosterlinge-deposito-verzekeringspremie-nederland-keus-nu-noppes-beloningen/ HTTP/1.1" 200 77638 "-" "Mozilla/5.0 (Windows NT 10.0; Win64; x64) AppleWebKit/537.36 (KHTML, like Gecko) Chrome/123.0.0.0 Safari/537.36"
185.191.206.81 - - [19/Apr/2026:12:51:55 +0300] "POST /xmlrpc.php HTTP/1.1" 200 13629 "-" "Mozilla/5.0 (Windows NT 10.0; Win64; x64) AppleWebKit/537.36 (KHTML, like Gecko) Chrome/114.0.0.0 Safari/537.36"
40.77.167.126 - - [19/Apr/2026:12:52:14 +0300] "GET /post-sitemap10.xml HTTP/2" 200 87446 "-" "Mozilla/5.0 AppleWebKit/537.36 (KHTML, like Gecko; compatible; bingbot/2.0; +http://www.bing.com/bingbot.htm) Chrome/116.0.1938.76 Safari/537.36"
185.216.113.70 - - [19/Apr/2026:12:52:50 +0300] "POST /wp-cron.php?doing_wp_cron=1776592370.7706840038299560546875 HTTP/1.1" 200 448 "-" "WordPress/6.3.8; https://serhatburke.miroglu.net"
200.25.47.107 - - [19/Apr/2026:12:52:37 +0300] "POST /xmlrpc.php HTTP/1.1" 200 630 "-" "Mozilla/5.0 (Windows NT 10.0; Win64; x64) AppleWebKit/537.36 (KHTML, like Gecko) Chrome/114.0.0.0 Safari/537.36"
185.216.113.70 - - [19/Apr/2026:12:53:04 +0300] "POST /wp-cron.php?doing_wp_cron=1776592383.9769968986511230468750 HTTP/1.1" 200 448 "-" "WordPress/6.3.8; https://serhatburke.miroglu.net"
66.249.73.14 - - [19/Apr/2026:12:52:55 +0300] "GET /unveiling-fortunecasinouk-promotions-at-drake-casino-a-comprehensive-review-for-uk-players/undefined?ts=1775520000 HTTP/1.1" 200 0 "https://serhatburke.miroglu.net/unveiling-fortunecasinouk-promotions-at-drake-casino-a-comprehensive-review-for-uk-players/" "Mozilla/5.0 (Linux; Android 6.0.1; Nexus 5X Build/MMB29P) AppleWebKit/537.36 (KHTML, like Gecko) Chrome/146.0.7680.177 Mobile Safari/537.36 (compatible; Googlebot/2.1; +http://www.google.com/bot.html)"
185.191.206.81 - - [19/Apr/2026:12:52:32 +0300] "GET /miss-kitty-appareil-vers-thunes-a-ce-jour-aristocrat-machine-a-sous-desinteressees-un-brin/ HTTP/1.1" 200 75561 "-" "Mozilla/5.0 (Windows NT 10.0; Win64; x64) AppleWebKit/537.36 (KHTML, like Gecko) Chrome/123.0.0.0 Safari/537.36"
66.249.73.14 - - [19/Apr/2026:12:53:07 +0300] "GET /unveiling-fortunecasinouk-promotions-at-drake-casino-a-comprehensive-review-for-uk-players/undefined?ts=1775520000 HTTP/1.1" 200 0 "https://serhatburke.miroglu.net/unveiling-fortunecasinouk-promotions-at-drake-casino-a-comprehensive-review-for-uk-players/" "Mozilla/5.0 (Linux; Android 6.0.1; Nexus 5X Build/MMB29P) AppleWebKit/537.36 (KHTML, like Gecko) Chrome/146.0.7680.177 Mobile Safari/537.36 (compatible; Googlebot/2.1; +http://www.google.com/bot.html)"
200.25.47.107 - - [19/Apr/2026:12:52:57 +0300] "POST /xmlrpc.php HTTP/1.1" 200 15286 "-" "Mozilla/5.0 (Windows NT 10.0; Win64; x64) AppleWebKit/537.36 (KHTML, like Gecko) Chrome/114.0.0.0 Safari/537.36"
200.25.47.107 - - [19/Apr/2026:12:53:00 +0300] "POST /xmlrpc.php HTTP/1.1" 200 630 "-" "Mozilla/5.0 (Windows NT 10.0; Win64; x64) AppleWebKit/537.36 (KHTML, like Gecko) Chrome/114.0.0.0 Safari/537.36"
200.25.47.107 - - [19/Apr/2026:12:53:28 +0300] "GET /50-freispiele-abzuglich-einzahlung-fix-erhaltlich-2026/ HTTP/1.1" 200 76975 "-" "Mozilla/5.0 (Windows NT 10.0; Win64; x64) AppleWebKit/537.36 (KHTML, like Gecko) Chrome/122.0.0.0 Safari/537.36"
200.25.47.107 - - [19/Apr/2026:12:53:35 +0300] "POST /xmlrpc.php HTTP/1.1" 200 15207 "-" "Mozilla/5.0 (Windows NT 10.0; Win64; x64) AppleWebKit/537.36 (KHTML, like Gecko) Chrome/114.0.0.0 Safari/537.36"
185.216.113.70 - - [19/Apr/2026:12:54:07 +0300] "POST /wp-cron.php?doing_wp_cron=1776592447.1665201187133789062500 HTTP/1.1" 200 448 "-" "WordPress/6.3.8; https://serhatburke.miroglu.net"
200.25.47.107 - - [19/Apr/2026:12:53:52 +0300] "GET /50-kosteloos-spins-buiten-storting-2026-legale-keuzes/ HTTP/1.1" 200 76220 "-" "Mozilla/5.0 (Windows NT 10.0; Win64; x64; rv:124.0) Gecko/20100101 Firefox/124.0"
185.216.113.70 - - [19/Apr/2026:12:54:53 +0300] "POST /wp-cron.php?doing_wp_cron=1776592493.6781818866729736328125 HTTP/1.1" 200 448 "-" "WordPress/6.3.8; https://serhatburke.miroglu.net"
200.25.47.107 - - [19/Apr/2026:12:54:42 +0300] "POST /xmlrpc.php HTTP/1.1" 200 630 "-" "Mozilla/5.0 (Windows NT 10.0; Win64; x64) AppleWebKit/537.36 (KHTML, like Gecko) Chrome/114.0.0.0 Safari/537.36"
185.191.206.81 - - [19/Apr/2026:12:54:29 +0300] "POST /xmlrpc.php HTTP/1.1" 200 630 "-" "Mozilla/5.0 (Windows NT 10.0; Win64; x64) AppleWebKit/537.36 (KHTML, like Gecko) Chrome/114.0.0.0 Safari/537.36"
200.25.47.107 - - [19/Apr/2026:12:55:00 +0300] "POST /xmlrpc.php HTTP/1.1" 200 14845 "-" "Mozilla/5.0 (Windows NT 10.0; Win64; x64) AppleWebKit/537.36 (KHTML, like Gecko) Chrome/114.0.0.0 Safari/537.36"
200.25.47.107 - - [19/Apr/2026:12:55:14 +0300] "GET /jackpo-slots-speel-apprecieren-gij-beste-jackpot-schrijven-te-nederland-vanuit-lentemaan-2026/ HTTP/1.1" 200 76776 "-" "Mozilla/5.0 (Windows NT 10.0; Win64; x64) AppleWebKit/537.36 (KHTML, like Gecko) Chrome/122.0.0.0 Safari/537.36"
185.191.206.81 - - [19/Apr/2026:12:55:04 +0300] "POST /xmlrpc.php HTTP/1.1" 200 13421 "-" "Mozilla/5.0 (Windows NT 10.0; Win64; x64) AppleWebKit/537.36 (KHTML, like Gecko) Chrome/114.0.0.0 Safari/537.36"
185.216.113.70 - - [19/Apr/2026:12:55:52 +0300] "POST /wp-cron.php?doing_wp_cron=1776592552.2755138874053955078125 HTTP/1.1" 200 448 "-" "WordPress/6.3.8; https://serhatburke.miroglu.net"
130.49.79.191 - - [19/Apr/2026:12:55:40 +0300] "POST /xmlrpc.php HTTP/2" 200 140 "-" "WordPress/XMLRPC Client"
185.191.206.81 - - [19/Apr/2026:12:55:34 +0300] "GET /amuser-gratis-un-tantinet-a-jacks-du-coup-better-poker/ HTTP/1.1" 200 74370 "-" "Mozilla/5.0 (Windows NT 10.0; Win64; x64; rv:125.0) Gecko/20100101 Firefox/125.0"
130.49.79.191 - - [19/Apr/2026:12:55:52 +0300] "GET /?p=121106 HTTP/2" 301 0 "-" "Mozilla/5.0 (Windows NT 10.0; Win64; x64) AppleWebKit/537.36 (KHTML, like Gecko) Chrome/120.0.0.0 Safari/537.36"
200.25.47.107 - - [19/Apr/2026:12:56:26 +0300] "POST /xmlrpc.php HTTP/1.1" 200 630 "-" "Mozilla/5.0 (Windows NT 10.0; Win64; x64) AppleWebKit/537.36 (KHTML, like Gecko) Chrome/114.0.0.0 Safari/537.36"
185.216.113.70 - - [19/Apr/2026:12:56:57 +0300] "POST /wp-cron.php?doing_wp_cron=1776592617.4269800186157226562500 HTTP/1.1" 200 448 "-" "WordPress/6.3.8; https://serhatburke.miroglu.net"
200.25.47.107 - - [19/Apr/2026:12:56:45 +0300] "POST /xmlrpc.php HTTP/1.1" 200 15042 "-" "Mozilla/5.0 (Windows NT 10.0; Win64; x64) AppleWebKit/537.36 (KHTML, like Gecko) Chrome/114.0.0.0 Safari/537.36"
200.25.47.107 - - [19/Apr/2026:12:56:59 +0300] "GET /vinnig-voor-online-gokkasten-niemand-downloa-ofwe-aanmelding-benodigd-gokkasten-ervoor-lust/ HTTP/1.1" 200 76900 "-" "Mozilla/5.0 (Windows NT 10.0; Win64; x64) AppleWebKit/537.36 (KHTML, like Gecko) Chrome/124.0.0.0 Safari/537.36 Edg/124.0.0.0"
185.216.113.70 - - [19/Apr/2026:12:58:16 +0300] "POST /wp-cron.php?doing_wp_cron=1776592696.4856250286102294921875 HTTP/1.1" 200 448 "-" "WordPress/6.3.8; https://serhatburke.miroglu.net"
185.191.206.81 - - [19/Apr/2026:12:57:42 +0300] "POST /xmlrpc.php HTTP/1.1" 200 630 "-" "Mozilla/5.0 (Windows NT 10.0; Win64; x64) AppleWebKit/537.36 (KHTML, like Gecko) Chrome/114.0.0.0 Safari/537.36"
200.25.47.107 - - [19/Apr/2026:12:58:09 +0300] "POST /xmlrpc.php HTTP/1.1" 200 630 "-" "Mozilla/5.0 (Windows NT 10.0; Win64; x64) AppleWebKit/537.36 (KHTML, like Gecko) Chrome/114.0.0.0 Safari/537.36"
200.25.47.107 - - [19/Apr/2026:12:58:27 +0300] "POST /xmlrpc.php HTTP/1.1" 200 14152 "-" "Mozilla/5.0 (Windows NT 10.0; Win64; x64) AppleWebKit/537.36 (KHTML, like Gecko) Chrome/114.0.0.0 Safari/537.36"
185.216.113.70 - - [19/Apr/2026:12:58:47 +0300] "POST /wp-cron.php?doing_wp_cron=1776592727.2623589038848876953125 HTTP/1.1" 200 448 "-" "WordPress/6.3.8; https://serhatburke.miroglu.net"
103.219.169.211 - - [19/Apr/2026:12:58:34 +0300] "POST /xmlrpc.php HTTP/1.1" 200 630 "-" "Mozilla/5.0 (Windows NT 10.0; Win64; x64) AppleWebKit/537.36 (KHTML, like Gecko) Chrome/114.0.0.0 Safari/537.36"
185.191.206.81 - - [19/Apr/2026:12:58:24 +0300] "POST /xmlrpc.php HTTP/1.1" 200 13541 "-" "Mozilla/5.0 (Windows NT 10.0; Win64; x64) AppleWebKit/537.36 (KHTML, like Gecko) Chrome/114.0.0.0 Safari/537.36"
200.25.47.107 - - [19/Apr/2026:12:58:43 +0300] "GET /gokkasten-online-echt-bankbiljet-2026-top-gokkasten-spelen-pro-in-bankbiljet/ HTTP/1.1" 200 75711 "-" "Mozilla/5.0 (Windows NT 10.0; Win64; x64) AppleWebKit/537.36 (KHTML, like Gecko) Chrome/123.0.0.0 Safari/537.36"
103.219.169.211 - - [19/Apr/2026:12:58:54 +0300] "POST /xmlrpc.php HTTP/1.1" 200 12270 "-" "Mozilla/5.0 (Windows NT 10.0; Win64; x64) AppleWebKit/537.36 (KHTML, like Gecko) Chrome/114.0.0.0 Safari/537.36"
103.219.169.211 - - [19/Apr/2026:12:59:10 +0300] "GET /lucky-days-spielsaal-1000-bonus-100-freispiele/ HTTP/1.1" 200 73188 "-" "Mozilla/5.0 (Windows NT 10.0; Win64; x64) AppleWebKit/537.36 (KHTML, like Gecko) Chrome/124.0.0.0 Safari/537.36"
185.191.206.81 - - [19/Apr/2026:12:58:55 +0300] "GET /mot-dans-votre-appareil-a-sous-gratuite-wolf-run-de-igt/ HTTP/1.1" 200 74514 "-" "Mozilla/5.0 (Windows NT 10.0; Win64; x64) AppleWebKit/537.36 (KHTML, like Gecko) Chrome/122.0.0.0 Safari/537.36"
185.216.113.70 - - [19/Apr/2026:12:59:57 +0300] "POST /wp-cron.php?doing_wp_cron=1776592797.8249928951263427734375 HTTP/1.1" 200 448 "-" "WordPress/6.3.8; https://serhatburke.miroglu.net"
200.25.47.107 - - [19/Apr/2026:12:59:43 +0300] "POST /xmlrpc.php HTTP/1.1" 200 630 "-" "Mozilla/5.0 (Windows NT 10.0; Win64; x64) AppleWebKit/537.36 (KHTML, like Gecko) Chrome/114.0.0.0 Safari/537.36"
200.25.47.107 - - [19/Apr/2026:13:00:05 +0300] "POST /xmlrpc.php HTTP/1.1" 200 14158 "-" "Mozilla/5.0 (Windows NT 10.0; Win64; x64) AppleWebKit/537.36 (KHTML, like Gecko) Chrome/114.0.0.0 Safari/537.36"
200.25.47.107 - - [19/Apr/2026:13:00:18 +0300] "GET /gratis-gokkasten-spelen-demo-slots-zonder-registratie/ HTTP/1.1" 200 75302 "-" "Mozilla/5.0 (Windows NT 10.0; Win64; x64) AppleWebKit/537.36 (KHTML, like Gecko) Chrome/123.0.0.0 Safari/537.36 OPR/109.0.0.0"
185.216.113.70 - - [19/Apr/2026:13:01:21 +0300] "POST /wp-cron.php?doing_wp_cron=1776592881.2295699119567871093750 HTTP/1.1" 200 448 "-" "WordPress/6.3.8; https://serhatburke.miroglu.net"
185.191.206.81 - - [19/Apr/2026:13:00:52 +0300] "POST /xmlrpc.php HTTP/1.1" 200 630 "-" "Mozilla/5.0 (Windows NT 10.0; Win64; x64) AppleWebKit/537.36 (KHTML, like Gecko) Chrome/114.0.0.0 Safari/537.36"
200.25.47.107 - - [19/Apr/2026:13:01:21 +0300] "POST /xmlrpc.php HTTP/1.1" 200 630 "-" "Mozilla/5.0 (Windows NT 10.0; Win64; x64) AppleWebKit/537.36 (KHTML, like Gecko) Chrome/114.0.0.0 Safari/537.36"
