185.216.113.70 - - [19/Apr/2026:10:17:41 +0300] "POST /wp-cron.php?doing_wp_cron=1776583061.2818648815155029296875 HTTP/1.1" 200 448 "-" "WordPress/6.3.8; https://serhatburke.miroglu.net"
185.191.206.81 - - [19/Apr/2026:10:17:10 +0300] "POST /xmlrpc.php HTTP/1.1" 200 630 "-" "Mozilla/5.0 (Windows NT 10.0; Win64; x64) AppleWebKit/537.36 (KHTML, like Gecko) Chrome/114.0.0.0 Safari/537.36"
200.25.47.107 - - [19/Apr/2026:10:17:32 +0300] "GET /speel-voor-gokkasten-en-niemand-download-nederlands-online-gokspellen/ HTTP/1.1" 200 76111 "-" "Mozilla/5.0 (Windows NT 10.0; Win64; x64) AppleWebKit/537.36 (KHTML, like Gecko) Chrome/124.0.0.0 Safari/537.36 Edg/124.0.0.0"
107.152.46.252 - - [19/Apr/2026:10:17:52 +0300] "GET /beste-casino-site-belgie-hoge-inzet/ HTTP/1.1" 200 18613 "-" "Mozilla/5.0 (Windows NT 10.0; Win64; x64) AppleWebKit/537.36 (KHTML, like Gecko) Chrome/114.0.0.0 Safari/537.36 Vivaldi/5.3.2679.68"
98.98.21.215 - - [19/Apr/2026:10:17:56 +0300] "POST /xmlrpc.php HTTP/1.1" 200 630 "-" "Mozilla/5.0 (Windows NT 10.0; Win64; x64) AppleWebKit/537.36 (KHTML, like Gecko) Chrome/114.0.0.0 Safari/537.36"
185.191.206.81 - - [19/Apr/2026:10:17:48 +0300] "POST /xmlrpc.php HTTP/1.1" 200 11992 "-" "Mozilla/5.0 (Windows NT 10.0; Win64; x64) AppleWebKit/537.36 (KHTML, like Gecko) Chrome/114.0.0.0 Safari/537.36"
185.216.113.70 - - [19/Apr/2026:10:18:48 +0300] "POST /wp-cron.php?doing_wp_cron=1776583128.4012110233306884765625 HTTP/1.1" 200 448 "-" "WordPress/6.3.8; https://serhatburke.miroglu.net"
98.98.21.215 - - [19/Apr/2026:10:18:24 +0300] "POST /xmlrpc.php HTTP/1.1" 200 10098 "-" "Mozilla/5.0 (Windows NT 10.0; Win64; x64) AppleWebKit/537.36 (KHTML, like Gecko) Chrome/114.0.0.0 Safari/537.36"
52.167.144.171 - - [19/Apr/2026:10:18:28 +0300] "GET /sitemaps.xml HTTP/2" 302 0 "-" "Mozilla/5.0 AppleWebKit/537.36 (KHTML, like Gecko; compatible; bingbot/2.0; +http://www.bing.com/bingbot.htm) Chrome/116.0.1938.76 Safari/537.36"
185.191.206.81 - - [19/Apr/2026:10:18:27 +0300] "GET /basketball-superstar-position-demonstration-microgaming/ HTTP/1.1" 200 72744 "-" "Mozilla/5.0 (Windows NT 10.0; Win64; x64) AppleWebKit/537.36 (KHTML, like Gecko) Chrome/122.0.0.0 Safari/537.36"
98.98.21.215 - - [19/Apr/2026:10:18:49 +0300] "GET /fimmtiu-bestu-goldbet-hlutdeildarinnskraning-okeypis-spilavitin-an-innborgunar-arid-2026/ HTTP/1.1" 200 72899 "-" "Mozilla/5.0 (Windows NT 10.0; Win64; x64) AppleWebKit/537.36 (KHTML, like Gecko) Chrome/124.0.0.0 Safari/537.36"
52.167.144.171 - - [19/Apr/2026:10:18:57 +0300] "GET /sitemap.xml HTTP/2" 200 1095 "-" "Mozilla/5.0 AppleWebKit/537.36 (KHTML, like Gecko; compatible; bingbot/2.0; +http://www.bing.com/bingbot.htm) Chrome/116.0.1938.76 Safari/537.36"
185.216.113.70 - - [19/Apr/2026:10:19:43 +0300] "POST /wp-cron.php?doing_wp_cron=1776583183.8523879051208496093750 HTTP/1.1" 200 448 "-" "WordPress/6.3.8; https://serhatburke.miroglu.net"
200.25.47.107 - - [19/Apr/2026:10:19:28 +0300] "POST /xmlrpc.php HTTP/1.1" 200 630 "-" "Mozilla/5.0 (Windows NT 10.0; Win64; x64) AppleWebKit/537.36 (KHTML, like Gecko) Chrome/114.0.0.0 Safari/537.36"
200.25.47.107 - - [19/Apr/2026:10:19:49 +0300] "POST /xmlrpc.php HTTP/1.1" 200 630 "-" "Mozilla/5.0 (Windows NT 10.0; Win64; x64) AppleWebKit/537.36 (KHTML, like Gecko) Chrome/114.0.0.0 Safari/537.36"
200.25.47.107 - - [19/Apr/2026:10:19:51 +0300] "POST /xmlrpc.php HTTP/1.1" 200 13714 "-" "Mozilla/5.0 (Windows NT 10.0; Win64; x64) AppleWebKit/537.36 (KHTML, like Gecko) Chrome/114.0.0.0 Safari/537.36"
98.98.21.215 - - [19/Apr/2026:10:19:55 +0300] "POST /xmlrpc.php HTTP/1.1" 200 630 "-" "Mozilla/5.0 (Windows NT 10.0; Win64; x64) AppleWebKit/537.36 (KHTML, like Gecko) Chrome/114.0.0.0 Safari/537.36"
185.216.113.70 - - [19/Apr/2026:10:20:44 +0300] "POST /wp-cron.php?doing_wp_cron=1776583244.4589660167694091796875 HTTP/1.1" 200 448 "-" "WordPress/6.3.8; https://serhatburke.miroglu.net"
103.219.169.211 - - [19/Apr/2026:10:20:18 +0300] "POST /xmlrpc.php HTTP/1.1" 200 630 "-" "Mozilla/5.0 (Windows NT 10.0; Win64; x64) AppleWebKit/537.36 (KHTML, like Gecko) Chrome/114.0.0.0 Safari/537.36"
200.25.47.107 - - [19/Apr/2026:10:20:20 +0300] "POST /xmlrpc.php HTTP/1.1" 200 15920 "-" "Mozilla/5.0 (Windows NT 10.0; Win64; x64) AppleWebKit/537.36 (KHTML, like Gecko) Chrome/114.0.0.0 Safari/537.36"
200.25.47.107 - - [19/Apr/2026:10:20:19 +0300] "GET /downloa-voor-gokspellen-voor-pilletje-allemaal-136-casinos-om-noor-nederland/ HTTP/1.1" 200 75429 "-" "Mozilla/5.0 (Windows NT 10.0; Win64; x64) AppleWebKit/537.36 (KHTML, like Gecko) Chrome/109.0.0.0 Safari/537.36"
98.98.21.215 - - [19/Apr/2026:10:20:28 +0300] "POST /xmlrpc.php HTTP/1.1" 200 10474 "-" "Mozilla/5.0 (Windows NT 10.0; Win64; x64) AppleWebKit/537.36 (KHTML, like Gecko) Chrome/114.0.0.0 Safari/537.36"
103.219.169.211 - - [19/Apr/2026:10:20:51 +0300] "POST /xmlrpc.php HTTP/1.1" 200 11922 "-" "Mozilla/5.0 (Windows NT 10.0; Win64; x64) AppleWebKit/537.36 (KHTML, like Gecko) Chrome/114.0.0.0 Safari/537.36"
200.25.47.107 - - [19/Apr/2026:10:20:51 +0300] "GET /5-phoenix-reborn-kostenlose-spins-150-freispiele-inside-el-torero/ HTTP/1.1" 200 77656 "-" "Mozilla/5.0 (Windows NT 10.0; Win64; x64) AppleWebKit/537.36 (KHTML, like Gecko) Chrome/122.0.0.0 Safari/537.36"
98.98.21.215 - - [19/Apr/2026:10:21:00 +0300] "GET /fimmtiu-kynningarkodar-spilavitis-vulkan-vegas-an-innborgunar-drekar/ HTTP/1.1" 200 72561 "-" "Mozilla/5.0 (Windows NT 10.0; Win64; x64) AppleWebKit/537.36 (KHTML, like Gecko) Chrome/123.0.0.0 Safari/537.36 OPR/109.0.0.0"
185.191.206.81 - - [19/Apr/2026:10:20:44 +0300] "POST /xmlrpc.php HTTP/1.1" 200 630 "-" "Mozilla/5.0 (Windows NT 10.0; Win64; x64) AppleWebKit/537.36 (KHTML, like Gecko) Chrome/114.0.0.0 Safari/537.36"
185.216.113.70 - - [19/Apr/2026:10:21:39 +0300] "POST /wp-cron.php?doing_wp_cron=1776583299.0151579380035400390625 HTTP/1.1" 200 448 "-" "WordPress/6.3.8; https://serhatburke.miroglu.net"
103.219.169.211 - - [19/Apr/2026:10:21:25 +0300] "GET /angeschlossen-casino-freispiele-free-spins-ohne-einzahlung-marz-2026/ HTTP/1.1" 200 73727 "-" "Mozilla/5.0 (Windows NT 10.0; Win64; x64; rv:124.0) Gecko/20100101 Firefox/124.0"
193.203.9.20 - - [19/Apr/2026:10:21:45 +0300] "GET /wp-login.php HTTP/2" 200 0 "-" "Mozilla/5.0 (Windows NT 10.0; Win64; x64) AppleWebKit/537.36"
98.98.21.215 - - [19/Apr/2026:10:21:46 +0300] "POST /xmlrpc.php HTTP/1.1" 200 630 "-" "Mozilla/5.0 (Windows NT 10.0; Win64; x64) AppleWebKit/537.36 (KHTML, like Gecko) Chrome/114.0.0.0 Safari/537.36"
200.25.47.107 - - [19/Apr/2026:10:21:59 +0300] "POST /xmlrpc.php HTTP/1.1" 200 630 "-" "Mozilla/5.0 (Windows NT 10.0; Win64; x64) AppleWebKit/537.36 (KHTML, like Gecko) Chrome/114.0.0.0 Safari/537.36"
185.191.206.81 - - [19/Apr/2026:10:21:43 +0300] "POST /xmlrpc.php HTTP/1.1" 200 12132 "-" "Mozilla/5.0 (Windows NT 10.0; Win64; x64) AppleWebKit/537.36 (KHTML, like Gecko) Chrome/114.0.0.0 Safari/537.36"
170.168.240.120 - - [19/Apr/2026:10:22:10 +0300] "GET / HTTP/1.1" 200 19471 "-" "Mozilla/5.0 (Windows NT 10.0; Win64; x64) AppleWebKit/537.36 (KHTML, like Gecko) Chrome/120.0.0.0 Safari/537.36"
185.216.113.70 - - [19/Apr/2026:10:22:41 +0300] "POST /wp-cron.php?doing_wp_cron=1776583361.2820329666137695312500 HTTP/1.1" 200 448 "-" "WordPress/6.3.8; https://serhatburke.miroglu.net"
157.22.44.192 - - [19/Apr/2026:10:22:16 +0300] "GET /wp-login.php HTTP/2" 200 3537 "-" "Mozilla/5.0 (Windows NT 10.0; Win64; x64) AppleWebKit/537.36"
185.216.113.70 - - [19/Apr/2026:10:22:58 +0300] "POST /wp-cron.php?doing_wp_cron=1776583378.0835471153259277343750 HTTP/1.1" 200 448 "-" "WordPress/6.3.8; https://serhatburke.miroglu.net"
98.98.21.215 - - [19/Apr/2026:10:22:27 +0300] "POST /xmlrpc.php HTTP/1.1" 200 10252 "-" "Mozilla/5.0 (Windows NT 10.0; Win64; x64) AppleWebKit/537.36 (KHTML, like Gecko) Chrome/114.0.0.0 Safari/537.36"
200.25.47.107 - - [19/Apr/2026:10:22:35 +0300] "POST /xmlrpc.php HTTP/1.1" 200 15281 "-" "Mozilla/5.0 (Windows NT 10.0; Win64; x64) AppleWebKit/537.36 (KHTML, like Gecko) Chrome/114.0.0.0 Safari/537.36"
157.22.44.192 - - [19/Apr/2026:10:22:41 +0300] "POST /wp-login.php HTTP/2" 200 0 "https://serhatburke.miroglu.net/wp-login.php" "Mozilla/5.0 (Windows NT 10.0; Win64; x64) AppleWebKit/537.36"
185.191.206.81 - - [19/Apr/2026:10:22:32 +0300] "GET /greatest-on-the-internet-pokies-the-real-deal-money-in-australia-2026/ HTTP/1.1" 200 73342 "-" "Mozilla/5.0 (Windows NT 10.0; Win64; x64) AppleWebKit/537.36 (KHTML, like Gecko) Chrome/123.0.0.0 Safari/537.36"
98.98.21.215 - - [19/Apr/2026:10:22:59 +0300] "GET /meilleurs-hvatning-vulkan-vegas-vedmal-fyrir-stadbundid-spilaviti-crypto-2026-tillogur-um-bienvenue-jusqua-5-btc/ HTTP/1.1" 200 73287 "-" "Mozilla/5.0 (Windows NT 10.0; Win64; x64) AppleWebKit/537.36 (KHTML, like Gecko) Chrome/122.0.0.0 Safari/537.36"
170.168.240.120 - - [19/Apr/2026:10:23:12 +0300] "GET /wp-login.php HTTP/2" 200 3537 "-" "Mozilla/5.0 (Windows NT 10.0; Win64; x64) AppleWebKit/537.36"
200.25.47.107 - - [19/Apr/2026:10:23:13 +0300] "GET /herleef-de-nostalgie-voor-oude-gokkasten-spelen-en-plezier-va-u-afgelopen/ HTTP/1.1" 200 76641 "-" "Mozilla/5.0 (Windows NT 10.0; Win64; x64) AppleWebKit/537.36 (KHTML, like Gecko) Chrome/123.0.0.0 Safari/537.36"
185.216.113.70 - - [19/Apr/2026:10:23:56 +0300] "POST /wp-cron.php?doing_wp_cron=1776583436.4396328926086425781250 HTTP/1.1" 200 448 "-" "WordPress/6.3.8; https://serhatburke.miroglu.net"
170.168.240.120 - - [19/Apr/2026:10:23:36 +0300] "POST /wp-login.php HTTP/2" 302 0 "https://serhatburke.miroglu.net/wp-login.php" "Mozilla/5.0 (Windows NT 10.0; Win64; x64) AppleWebKit/537.36"
98.98.21.215 - - [19/Apr/2026:10:23:37 +0300] "POST /xmlrpc.php HTTP/1.1" 200 630 "-" "Mozilla/5.0 (Windows NT 10.0; Win64; x64) AppleWebKit/537.36 (KHTML, like Gecko) Chrome/114.0.0.0 Safari/537.36"
103.219.169.211 - - [19/Apr/2026:10:23:47 +0300] "POST /xmlrpc.php HTTP/1.1" 200 630 "-" "Mozilla/5.0 (Windows NT 10.0; Win64; x64) AppleWebKit/537.36 (KHTML, like Gecko) Chrome/114.0.0.0 Safari/537.36"
170.168.240.120 - - [19/Apr/2026:10:23:56 +0300] "GET /wp-admin/ HTTP/2" 200 0 "https://serhatburke.miroglu.net/wp-login.php" "Mozilla/5.0 (Windows NT 10.0; Win64; x64) AppleWebKit/537.36"
200.25.47.107 - - [19/Apr/2026:10:24:03 +0300] "POST /xmlrpc.php HTTP/1.1" 200 630 "-" "Mozilla/5.0 (Windows NT 10.0; Win64; x64) AppleWebKit/537.36 (KHTML, like Gecko) Chrome/114.0.0.0 Safari/537.36"
98.98.21.215 - - [19/Apr/2026:10:24:03 +0300] "POST /xmlrpc.php HTTP/1.1" 200 10336 "-" "Mozilla/5.0 (Windows NT 10.0; Win64; x64) AppleWebKit/537.36 (KHTML, like Gecko) Chrome/114.0.0.0 Safari/537.36"
146.19.140.208 - - [19/Apr/2026:10:24:26 +0300] "GET /wp-login.php HTTP/2" 200 0 "-" "Mozilla/5.0 (Windows NT 10.0; Win64; x64) AppleWebKit/537.36"
185.216.113.70 - - [19/Apr/2026:10:25:00 +0300] "POST /wp-cron.php?doing_wp_cron=1776583500.7600600719451904296875 HTTP/1.1" 200 448 "-" "WordPress/6.3.8; https://serhatburke.miroglu.net"
103.219.169.211 - - [19/Apr/2026:10:24:20 +0300] "POST /xmlrpc.php HTTP/1.1" 200 12093 "-" "Mozilla/5.0 (Windows NT 10.0; Win64; x64) AppleWebKit/537.36 (KHTML, like Gecko) Chrome/114.0.0.0 Safari/537.36"
185.216.113.70 - - [19/Apr/2026:10:25:11 +0300] "POST /wp-cron.php?doing_wp_cron=1776583511.1605849266052246093750 HTTP/1.1" 200 448 "-" "WordPress/6.3.8; https://serhatburke.miroglu.net"
185.216.113.70 - - [19/Apr/2026:10:25:24 +0300] "POST /wp-cron.php?doing_wp_cron=1776583524.1765038967132568359375 HTTP/1.1" 200 448 "-" "WordPress/6.3.8; https://serhatburke.miroglu.net"
185.191.206.81 - - [19/Apr/2026:10:24:22 +0300] "POST /xmlrpc.php HTTP/1.1" 200 630 "-" "Mozilla/5.0 (Windows NT 10.0; Win64; x64) AppleWebKit/537.36 (KHTML, like Gecko) Chrome/114.0.0.0 Safari/537.36"
83.97.117.97 - - [19/Apr/2026:10:24:57 +0300] "GET /wp-login.php HTTP/2" 200 0 "-" "Mozilla/5.0 (Windows NT 10.0; Win64; x64) AppleWebKit/537.36"
185.216.113.70 - - [19/Apr/2026:10:24:31 +0300] "POST /wp-admin/admin-ajax.php?action=as_async_request_queue_runner&nonce=63999d53ea HTTP/1.1" 200 1039 "-" "WordPress/6.3.8; https://serhatburke.miroglu.net"
200.25.47.107 - - [19/Apr/2026:10:24:38 +0300] "POST /xmlrpc.php HTTP/1.1" 200 630 "-" "Mozilla/5.0 (Windows NT 10.0; Win64; x64) AppleWebKit/537.36 (KHTML, like Gecko) Chrome/114.0.0.0 Safari/537.36"
98.98.21.215 - - [19/Apr/2026:10:24:40 +0300] "GET /syning-a-spilakassa-i-netspilaviti-an-innborgunar-vulkan-vegas-center-court-njottu-og-okeypis-snuninga/ HTTP/1.1" 200 73227 "-" "Mozilla/5.0 (Windows NT 10.0; Win64; x64) AppleWebKit/537.36 (KHTML, like Gecko) Chrome/124.0.0.0 Safari/537.36 Edg/124.0.0.0"
200.25.47.107 - - [19/Apr/2026:10:24:45 +0300] "POST /xmlrpc.php HTTP/1.1" 200 14987 "-" "Mozilla/5.0 (Windows NT 10.0; Win64; x64) AppleWebKit/537.36 (KHTML, like Gecko) Chrome/114.0.0.0 Safari/537.36"
103.219.169.211 - - [19/Apr/2026:10:25:02 +0300] "GET /erhalte-25-gebuhrenfrei-abzuglich-einzahlung-inside-einen-verbunden-casinos/ HTTP/1.1" 200 73718 "-" "Mozilla/5.0 (Windows NT 10.0; Win64; x64) AppleWebKit/537.36 (KHTML, like Gecko) Chrome/109.0.0.0 Safari/537.36"
98.98.21.215 - - [19/Apr/2026:10:25:26 +0300] "POST /xmlrpc.php HTTP/1.1" 200 630 "-" "Mozilla/5.0 (Windows NT 10.0; Win64; x64) AppleWebKit/537.36 (KHTML, like Gecko) Chrome/114.0.0.0 Safari/537.36"
200.25.47.107 - - [19/Apr/2026:10:25:39 +0300] "POST /xmlrpc.php HTTP/1.1" 200 14803 "-" "Mozilla/5.0 (Windows NT 10.0; Win64; x64) AppleWebKit/537.36 (KHTML, like Gecko) Chrome/114.0.0.0 Safari/537.36"
200.25.47.107 - - [19/Apr/2026:10:25:41 +0300] "GET /beste-casino-maklercourtage-ohne-einzahlung-2026-no-abschlagzahlung-bonus/ HTTP/1.1" 200 76701 "-" "Mozilla/5.0 (Windows NT 10.0; Win64; x64) AppleWebKit/537.36 (KHTML, like Gecko) Chrome/122.0.0.0 Safari/537.36"
185.216.113.70 - - [19/Apr/2026:10:26:31 +0300] "POST /wp-cron.php?doing_wp_cron=1776583591.8053550720214843750000 HTTP/1.1" 200 448 "-" "WordPress/6.3.8; https://serhatburke.miroglu.net"
185.191.206.81 - - [19/Apr/2026:10:25:32 +0300] "POST /xmlrpc.php HTTP/1.1" 200 11470 "-" "Mozilla/5.0 (Windows NT 10.0; Win64; x64) AppleWebKit/537.36 (KHTML, like Gecko) Chrome/114.0.0.0 Safari/537.36"
185.216.113.70 - - [19/Apr/2026:10:26:33 +0300] "POST /wp-cron.php?doing_wp_cron=1776583593.6712739467620849609375 HTTP/1.1" 200 448 "-" "WordPress/6.3.8; https://serhatburke.miroglu.net"
200.25.47.107 - - [19/Apr/2026:10:26:18 +0300] "GET /lieve-casino-verzekeringspremie-behalve-stortin-zelfs-25-kosteloos/ HTTP/1.1" 200 76228 "-" "Mozilla/5.0 (Windows NT 10.0; Win64; x64) AppleWebKit/537.36 (KHTML, like Gecko) Chrome/123.0.0.0 Safari/537.36 OPR/109.0.0.0"
98.98.21.215 - - [19/Apr/2026:10:26:19 +0300] "POST /xmlrpc.php HTTP/1.1" 200 9957 "-" "Mozilla/5.0 (Windows NT 10.0; Win64; x64) AppleWebKit/537.36 (KHTML, like Gecko) Chrome/114.0.0.0 Safari/537.36"
200.25.47.107 - - [19/Apr/2026:10:26:40 +0300] "POST /xmlrpc.php HTTP/1.1" 200 630 "-" "Mozilla/5.0 (Windows NT 10.0; Win64; x64) AppleWebKit/537.36 (KHTML, like Gecko) Chrome/114.0.0.0 Safari/537.36"
98.98.21.215 - - [19/Apr/2026:10:26:36 +0300] "GET /leovegas-askriftartilbod-bretlands-mars-spilaviti-an-innborgunar-goldbet-2026-2026-fadu-50-okeypis-snuninga/ HTTP/1.1" 200 72779 "-" "Mozilla/5.0 (Windows NT 10.0; Win64; x64) AppleWebKit/537.36 (KHTML, like Gecko) Chrome/122.0.0.0 Safari/537.36"
91.218.123.63 - - [19/Apr/2026:10:26:53 +0300] "POST /xmlrpc.php HTTP/2" 200 0 "-" "WordPress/XMLRPC Client"
103.219.169.211 - - [19/Apr/2026:10:27:12 +0300] "POST /xmlrpc.php HTTP/1.1" 200 630 "-" "Mozilla/5.0 (Windows NT 10.0; Win64; x64) AppleWebKit/537.36 (KHTML, like Gecko) Chrome/114.0.0.0 Safari/537.36"
185.191.206.81 - - [19/Apr/2026:10:26:33 +0300] "GET /best-pa-online-casinos-2026-best-pennsylvania-gambling-enterprise-websites/ HTTP/1.1" 200 72905 "-" "Mozilla/5.0 (Windows NT 10.0; rv:109.0) Gecko/20100101 Firefox/115.0"
98.98.21.215 - - [19/Apr/2026:10:27:18 +0300] "POST /xmlrpc.php HTTP/1.1" 200 630 "-" "Mozilla/5.0 (Windows NT 10.0; Win64; x64) AppleWebKit/537.36 (KHTML, like Gecko) Chrome/114.0.0.0 Safari/537.36"
185.216.113.70 - - [19/Apr/2026:10:27:41 +0300] "POST /wp-cron.php?doing_wp_cron=1776583661.0067729949951171875000 HTTP/1.1" 200 448 "-" "WordPress/6.3.8; https://serhatburke.miroglu.net"
200.25.47.107 - - [19/Apr/2026:10:27:20 +0300] "POST /xmlrpc.php HTTP/1.1" 200 15067 "-" "Mozilla/5.0 (Windows NT 10.0; Win64; x64) AppleWebKit/537.36 (KHTML, like Gecko) Chrome/114.0.0.0 Safari/537.36"
185.216.113.70 - - [19/Apr/2026:10:27:42 +0300] "POST /wp-cron.php?doing_wp_cron=1776583662.6641209125518798828125 HTTP/1.1" 200 448 "-" "WordPress/6.3.8; https://serhatburke.miroglu.net"
83.97.117.210 - - [19/Apr/2026:10:27:23 +0300] "POST /xmlrpc.php HTTP/2" 200 141 "-" "WordPress/XMLRPC Client"
185.216.113.70 - - [19/Apr/2026:10:28:00 +0300] "POST /wp-cron.php?doing_wp_cron=1776583680.1905090808868408203125 HTTP/1.1" 200 448 "-" "WordPress/6.3.8; https://serhatburke.miroglu.net"
103.219.169.211 - - [19/Apr/2026:10:27:33 +0300] "POST /xmlrpc.php HTTP/1.1" 200 12579 "-" "Mozilla/5.0 (Windows NT 10.0; Win64; x64) AppleWebKit/537.36 (KHTML, like Gecko) Chrome/114.0.0.0 Safari/537.36"
83.97.117.210 - - [19/Apr/2026:10:27:43 +0300] "GET /?p=120705 HTTP/2" 200 0 "-" "Mozilla/5.0 (Windows NT 10.0; Win64; x64) AppleWebKit/537.36 (KHTML, like Gecko) Chrome/120.0.0.0 Safari/537.36"
98.98.21.215 - - [19/Apr/2026:10:27:43 +0300] "POST /xmlrpc.php HTTP/1.1" 200 10786 "-" "Mozilla/5.0 (Windows NT 10.0; Win64; x64) AppleWebKit/537.36 (KHTML, like Gecko) Chrome/114.0.0.0 Safari/537.36"
200.25.47.107 - - [19/Apr/2026:10:27:42 +0300] "GET /gokkasten-inlichting-gokkasten-gratis-online-spelen/ HTTP/1.1" 200 75961 "-" "Mozilla/5.0 (Windows NT 10.0; rv:109.0) Gecko/20100101 Firefox/115.0"
103.219.169.211 - - [19/Apr/2026:10:28:01 +0300] "GET /100-freispiele-blos-einzahlung-traktandum-register-dritter-monat-des-jahres-2026/ HTTP/1.1" 200 74716 "-" "Mozilla/5.0 (Windows NT 10.0; rv:125.0) Gecko/20100101 Firefox/125.0"
200.25.47.107 - - [19/Apr/2026:10:28:19 +0300] "POST /xmlrpc.php HTTP/1.1" 200 630 "-" "Mozilla/5.0 (Windows NT 10.0; Win64; x64) AppleWebKit/537.36 (KHTML, like Gecko) Chrome/114.0.0.0 Safari/537.36"
98.98.21.215 - - [19/Apr/2026:10:28:23 +0300] "GET /bestu-goldbet-app-apk-nidurhal-netspilavitin-fyrir-raunverulega-peninga-i-bandarikjunum-2025/ HTTP/1.1" 200 72918 "-" "Mozilla/5.0 (Windows NT 10.0; Win64; x64) AppleWebKit/537.36 (KHTML, like Gecko) Chrome/124.0.0.0 Safari/537.36"
185.191.206.81 - - [19/Apr/2026:10:28:09 +0300] "POST /xmlrpc.php HTTP/1.1" 200 630 "-" "Mozilla/5.0 (Windows NT 10.0; Win64; x64) AppleWebKit/537.36 (KHTML, like Gecko) Chrome/114.0.0.0 Safari/537.36"
185.216.113.70 - - [19/Apr/2026:10:28:57 +0300] "POST /wp-cron.php?doing_wp_cron=1776583736.9306681156158447265625 HTTP/1.1" 200 448 "-" "WordPress/6.3.8; https://serhatburke.miroglu.net"
200.25.47.107 - - [19/Apr/2026:10:28:43 +0300] "POST /xmlrpc.php HTTP/1.1" 200 630 "-" "Mozilla/5.0 (Windows NT 10.0; Win64; x64) AppleWebKit/537.36 (KHTML, like Gecko) Chrome/114.0.0.0 Safari/537.36"
200.25.47.107 - - [19/Apr/2026:10:28:49 +0300] "POST /xmlrpc.php HTTP/1.1" 200 14007 "-" "Mozilla/5.0 (Windows NT 10.0; Win64; x64) AppleWebKit/537.36 (KHTML, like Gecko) Chrome/114.0.0.0 Safari/537.36"
200.25.47.107 - - [19/Apr/2026:10:29:04 +0300] "POST /xmlrpc.php HTTP/1.1" 200 15238 "-" "Mozilla/5.0 (Windows NT 10.0; Win64; x64) AppleWebKit/537.36 (KHTML, like Gecko) Chrome/114.0.0.0 Safari/537.36"
200.25.47.107 - - [19/Apr/2026:10:29:07 +0300] "GET /wunderino-bonus-code-2026-400percent-neukundenbonus-einlosen/ HTTP/1.1" 200 75571 "-" "Mozilla/5.0 (Windows NT 10.0; Win64; x64) AppleWebKit/537.36 (KHTML, like Gecko) Chrome/124.0.0.0 Safari/537.36 Edg/124.0.0.0"
98.98.21.215 - - [19/Apr/2026:10:29:12 +0300] "POST /xmlrpc.php HTTP/1.1" 200 630 "-" "Mozilla/5.0 (Windows NT 10.0; Win64; x64) AppleWebKit/537.36 (KHTML, like Gecko) Chrome/114.0.0.0 Safari/537.36"
200.25.47.107 - - [19/Apr/2026:10:29:30 +0300] "GET /gratis-online-speelautomaten-geniet-va-demospellen/ HTTP/1.1" 200 76287 "-" "Mozilla/5.0 (Windows NT 10.0; Win64; x64) AppleWebKit/537.36 (KHTML, like Gecko) Chrome/123.0.0.0 Safari/537.36"
185.191.206.81 - - [19/Apr/2026:10:29:02 +0300] "POST /xmlrpc.php HTTP/1.1" 200 11906 "-" "Mozilla/5.0 (Windows NT 10.0; Win64; x64) AppleWebKit/537.36 (KHTML, like Gecko) Chrome/114.0.0.0 Safari/537.36"
185.216.113.70 - - [19/Apr/2026:10:29:52 +0300] "POST /wp-cron.php?doing_wp_cron=1776583791.9980289936065673828125 HTTP/1.1" 200 448 "-" "WordPress/6.3.8; https://serhatburke.miroglu.net"
98.98.21.215 - - [19/Apr/2026:10:29:39 +0300] "POST /xmlrpc.php HTTP/1.1" 200 9321 "-" "Mozilla/5.0 (Windows NT 10.0; Win64; x64) AppleWebKit/537.36 (KHTML, like Gecko) Chrome/114.0.0.0 Safari/537.36"
98.98.21.215 - - [19/Apr/2026:10:29:53 +0300] "GET /athugasemd-um-er-goldbet-oruggt-stodu-thunderstruck-ii/ HTTP/1.1" 200 70624 "-" "Mozilla/5.0 (Windows NT 10.0; Win64; x64; rv:125.0) Gecko/20100101 Firefox/125.0"
185.216.113.70 - - [19/Apr/2026:10:30:16 +0300] "POST /wp-cron.php?doing_wp_cron=1776583816.6919410228729248046875 HTTP/1.1" 200 448 "-" "WordPress/6.3.8; https://serhatburke.miroglu.net"
185.191.206.81 - - [19/Apr/2026:10:29:45 +0300] "GET /free-harbors-on-the-web-societal-gambling-enterprise/ HTTP/1.1" 200 72638 "-" "Mozilla/5.0 (Windows NT 10.0; Win64; x64; rv:125.0) Gecko/20100101 Firefox/125.0"
103.219.169.211 - - [19/Apr/2026:10:30:37 +0300] "POST /xmlrpc.php HTTP/1.1" 200 630 "-" "Mozilla/5.0 (Windows NT 10.0; Win64; x64) AppleWebKit/537.36 (KHTML, like Gecko) Chrome/114.0.0.0 Safari/537.36"
200.25.47.107 - - [19/Apr/2026:10:30:56 +0300] "POST /xmlrpc.php HTTP/1.1" 200 630 "-" "Mozilla/5.0 (Windows NT 10.0; Win64; x64) AppleWebKit/537.36 (KHTML, like Gecko) Chrome/114.0.0.0 Safari/537.36"
103.219.169.211 - - [19/Apr/2026:10:30:56 +0300] "POST /xmlrpc.php HTTP/1.1" 200 12802 "-" "Mozilla/5.0 (Windows NT 10.0; Win64; x64) AppleWebKit/537.36 (KHTML, like Gecko) Chrome/114.0.0.0 Safari/537.36"
185.216.113.70 - - [19/Apr/2026:10:31:29 +0300] "POST /wp-cron.php?doing_wp_cron=1776583888.9904000759124755859375 HTTP/1.1" 200 448 "-" "WordPress/6.3.8; https://serhatburke.miroglu.net"
103.219.169.211 - - [19/Apr/2026:10:31:13 +0300] "GET /eye-of-horus-app-land-der-dichter-und-denker-variabel-vortragen-blos-download/ HTTP/1.1" 200 74862 "-" "Mozilla/5.0 (Windows NT 10.0; rv:109.0) Gecko/20100101 Firefox/115.0"
185.216.113.70 - - [19/Apr/2026:10:31:31 +0300] "POST /wp-cron.php?doing_wp_cron=1776583891.4445900917053222656250 HTTP/1.1" 200 448 "-" "WordPress/6.3.8; https://serhatburke.miroglu.net"
200.25.47.107 - - [19/Apr/2026:10:31:17 +0300] "POST /xmlrpc.php HTTP/1.1" 200 14610 "-" "Mozilla/5.0 (Windows NT 10.0; Win64; x64) AppleWebKit/537.36 (KHTML, like Gecko) Chrome/114.0.0.0 Safari/537.36"
200.25.47.107 - - [19/Apr/2026:10:31:33 +0300] "GET /sociale-bank-games-voor-vertier-voor-spelletjes/ HTTP/1.1" 200 75529 "-" "Mozilla/5.0 (Windows NT 10.0; Win64; x64) AppleWebKit/537.36 (KHTML, like Gecko) Chrome/109.0.0.0 Safari/537.36"
200.25.47.107 - - [19/Apr/2026:10:32:11 +0300] "POST /xmlrpc.php HTTP/1.1" 200 630 "-" "Mozilla/5.0 (Windows NT 10.0; Win64; x64) AppleWebKit/537.36 (KHTML, like Gecko) Chrome/114.0.0.0 Safari/537.36"
185.191.206.81 - - [19/Apr/2026:10:31:44 +0300] "POST /xmlrpc.php HTTP/1.1" 200 630 "-" "Mozilla/5.0 (Windows NT 10.0; Win64; x64) AppleWebKit/537.36 (KHTML, like Gecko) Chrome/114.0.0.0 Safari/537.36"
185.216.113.70 - - [19/Apr/2026:10:32:41 +0300] "POST /wp-cron.php?doing_wp_cron=1776583961.6827840805053710937500 HTTP/1.1" 200 448 "-" "WordPress/6.3.8; https://serhatburke.miroglu.net"
200.25.47.107 - - [19/Apr/2026:10:32:29 +0300] "POST /xmlrpc.php HTTP/1.1" 200 15283 "-" "Mozilla/5.0 (Windows NT 10.0; Win64; x64) AppleWebKit/537.36 (KHTML, like Gecko) Chrome/114.0.0.0 Safari/537.36"
200.25.47.107 - - [19/Apr/2026:10:32:43 +0300] "GET /nachfolgende-siedler-iv-diese-dunkle-s-download/ HTTP/1.1" 200 76643 "-" "Mozilla/5.0 (Windows NT 10.0; Win64; x64) AppleWebKit/537.36 (KHTML, like Gecko) Chrome/122.0.0.0 Safari/537.36"
185.216.113.70 - - [19/Apr/2026:10:32:59 +0300] "POST /wp-cron.php?doing_wp_cron=1776583979.5615830421447753906250 HTTP/1.1" 200 448 "-" "WordPress/6.3.8; https://serhatburke.miroglu.net"
185.191.206.81 - - [19/Apr/2026:10:32:31 +0300] "POST /xmlrpc.php HTTP/1.1" 200 11471 "-" "Mozilla/5.0 (Windows NT 10.0; Win64; x64) AppleWebKit/537.36 (KHTML, like Gecko) Chrome/114.0.0.0 Safari/537.36"
200.25.47.107 - - [19/Apr/2026:10:33:11 +0300] "POST /xmlrpc.php HTTP/1.1" 200 630 "-" "Mozilla/5.0 (Windows NT 10.0; Win64; x64) AppleWebKit/537.36 (KHTML, like Gecko) Chrome/114.0.0.0 Safari/537.36"
185.191.206.81 - - [19/Apr/2026:10:33:01 +0300] "GET /ten-finest-real-money-casinos-on-the-internet-in-australia-to-have-2025-march-modify/ HTTP/1.1" 200 72896 "-" "Mozilla/5.0 (Windows NT 10.0; Win64; x64) AppleWebKit/537.36 (KHTML, like Gecko) Chrome/122.0.0.0 Safari/537.36"
98.98.21.215 - - [19/Apr/2026:10:33:26 +0300] "POST /xmlrpc.php HTTP/1.1" 200 630 "-" "Mozilla/5.0 (Windows NT 10.0; Win64; x64) AppleWebKit/537.36 (KHTML, like Gecko) Chrome/114.0.0.0 Safari/537.36"
200.25.47.107 - - [19/Apr/2026:10:33:30 +0300] "POST /xmlrpc.php HTTP/1.1" 200 14693 "-" "Mozilla/5.0 (Windows NT 10.0; Win64; x64) AppleWebKit/537.36 (KHTML, like Gecko) Chrome/114.0.0.0 Safari/537.36"
185.216.113.70 - - [19/Apr/2026:10:34:01 +0300] "POST /wp-cron.php?doing_wp_cron=1776584040.9777350425720214843750 HTTP/1.1" 200 448 "-" "WordPress/6.3.8; https://serhatburke.miroglu.net"
212.34.148.156 - - [19/Apr/2026:10:33:37 +0300] "GET /zotabet-casino-bonus-premier-depot-2026/ HTTP/1.1" 200 18530 "-" "Mozilla/5.0 (compatible; Googlebot/2.1; +http://www.google.com/bot.html)"
185.216.113.70 - - [19/Apr/2026:10:34:03 +0300] "POST /wp-cron.php?doing_wp_cron=1776584043.1620869636535644531250 HTTP/1.1" 200 448 "-" "WordPress/6.3.8; https://serhatburke.miroglu.net"
159.223.61.53 - - [19/Apr/2026:10:33:38 +0300] "GET /casino-online-skrill-prelievo-veloce/ HTTP/1.1" 200 18194 "https://serhatburke.miroglu.net/" "Mozilla/5.0 (Macintosh; Intel Mac OS X 10.15; rv:149.0) Gecko/20100101 Firefox/149.0"
185.216.113.70 - - [19/Apr/2026:10:34:15 +0300] "POST /wp-cron.php?doing_wp_cron=1776584055.5730381011962890625000 HTTP/1.1" 200 448 "-" "WordPress/6.3.8; https://serhatburke.miroglu.net"
98.98.21.215 - - [19/Apr/2026:10:33:44 +0300] "POST /xmlrpc.php HTTP/1.1" 200 9728 "-" "Mozilla/5.0 (Windows NT 10.0; Win64; x64) AppleWebKit/537.36 (KHTML, like Gecko) Chrome/114.0.0.0 Safari/537.36"
185.216.113.70 - - [19/Apr/2026:10:34:18 +0300] "POST /wp-cron.php?doing_wp_cron=1776584058.0923349857330322265625 HTTP/1.1" 200 448 "-" "WordPress/6.3.8; https://serhatburke.miroglu.net"
103.219.169.211 - - [19/Apr/2026:10:33:46 +0300] "POST /xmlrpc.php HTTP/1.1" 200 630 "-" "Mozilla/5.0 (Windows NT 10.0; Win64; x64) AppleWebKit/537.36 (KHTML, like Gecko) Chrome/114.0.0.0 Safari/537.36"
185.216.113.70 - - [19/Apr/2026:10:34:19 +0300] "POST /wp-cron.php?doing_wp_cron=1776584058.8110170364379882812500 HTTP/1.1" 200 448 "-" "WordPress/6.3.8; https://serhatburke.miroglu.net"
200.25.47.107 - - [19/Apr/2026:10:33:46 +0300] "GET /fre-slots-speel-noppes-slots-gokkasten-gedurende-eentje-offlin-gokhal/ HTTP/1.1" 200 76258 "-" "Mozilla/5.0 (Windows NT 10.0; Win64; x64) AppleWebKit/537.36 (KHTML, like Gecko) Chrome/123.0.0.0 Safari/537.36 OPR/109.0.0.0"
159.223.61.53 - - [19/Apr/2026:10:34:08 +0300] "GET /wp-login.php?action=register HTTP/1.1" 302 702 "https://serhatburke.miroglu.net/casino-online-skrill-prelievo-veloce/" "Mozilla/5.0 (Windows NT 6.3; Win64; x64) AppleWebKit/537.36 (KHTML, like Gecko) Chrome/103.0.0.0 Safari/537.36"
98.98.21.215 - - [19/Apr/2026:10:34:16 +0300] "GET /bar-club-black-colored-dele-20-rrotullime-falas-dhe-mund-te-merrni-nje-bonus-shtese-prej-ice-casino-rrotullime-falas-pa-depozitim-1000-falas/ HTTP/1.1" 200 73208 "-" "Mozilla/5.0 (Windows NT 10.0; Win64; x64) AppleWebKit/537.36 (KHTML, like Gecko) Chrome/122.0.0.0 Safari/537.36"
103.219.169.211 - - [19/Apr/2026:10:34:25 +0300] "POST /xmlrpc.php HTTP/1.1" 200 12057 "-" "Mozilla/5.0 (Windows NT 10.0; Win64; x64) AppleWebKit/537.36 (KHTML, like Gecko) Chrome/114.0.0.0 Safari/537.36"
159.223.61.53 - - [19/Apr/2026:10:34:38 +0300] "GET /wp-login.php?action=register HTTP/1.1" 302 702 "https://serhatburke.miroglu.net/casino-online-skrill-prelievo-veloce/" "Mozilla/5.0 (Windows NT 6.3; Win64; x64) AppleWebKit/537.36 (KHTML, like Gecko) Chrome/103.0.0.0 Safari/537.36"
185.216.113.70 - - [19/Apr/2026:10:35:27 +0300] "POST /wp-cron.php?doing_wp_cron=1776584127.5918600559234619140625 HTTP/1.1" 200 448 "-" "WordPress/6.3.8; https://serhatburke.miroglu.net"
159.223.61.53 - - [19/Apr/2026:10:35:09 +0300] "GET /wp-login.php?action=register HTTP/1.1" 302 702 "https://serhatburke.miroglu.net/casino-online-skrill-prelievo-veloce/" "Mozilla/5.0 (Windows NT 6.3; Win64; x64) AppleWebKit/537.36 (KHTML, like Gecko) Chrome/103.0.0.0 Safari/537.36"
185.216.113.70 - - [19/Apr/2026:10:35:32 +0300] "POST /wp-cron.php?doing_wp_cron=1776584132.5849959850311279296875 HTTP/1.1" 200 448 "-" "WordPress/6.3.8; https://serhatburke.miroglu.net"
103.219.169.211 - - [19/Apr/2026:10:35:14 +0300] "GET /spielbank-provision-ohne-einzahlung-2026-neue-no-anzahlung-boni/ HTTP/1.1" 200 73696 "-" "Mozilla/5.0 (Windows NT 10.0; rv:125.0) Gecko/20100101 Firefox/125.0"
185.216.113.70 - - [19/Apr/2026:10:35:42 +0300] "POST /wp-cron.php?doing_wp_cron=1776584142.2659900188446044921875 HTTP/1.1" 200 448 "-" "WordPress/6.3.8; https://serhatburke.miroglu.net"
185.191.206.81 - - [19/Apr/2026:10:35:04 +0300] "POST /xmlrpc.php HTTP/1.1" 200 630 "-" "Mozilla/5.0 (Windows NT 10.0; Win64; x64) AppleWebKit/537.36 (KHTML, like Gecko) Chrome/114.0.0.0 Safari/537.36"
200.25.47.107 - - [19/Apr/2026:10:35:26 +0300] "POST /xmlrpc.php HTTP/1.1" 200 630 "-" "Mozilla/5.0 (Windows NT 10.0; Win64; x64) AppleWebKit/537.36 (KHTML, like Gecko) Chrome/114.0.0.0 Safari/537.36"
159.223.61.53 - - [19/Apr/2026:10:35:28 +0300] "GET /wp-login.php?registration=disabled HTTP/1.1" 200 3806 "https://serhatburke.miroglu.net/wp-login.php?action=register" "Mozilla/5.0 (Windows NT 6.3; Win64; x64) AppleWebKit/537.36 (KHTML, like Gecko) Chrome/103.0.0.0 Safari/537.36"
200.25.47.107 - - [19/Apr/2026:10:35:57 +0300] "POST /xmlrpc.php HTTP/1.1" 200 14444 "-" "Mozilla/5.0 (Windows NT 10.0; Win64; x64) AppleWebKit/537.36 (KHTML, like Gecko) Chrome/114.0.0.0 Safari/537.36"
200.25.47.107 - - [19/Apr/2026:10:36:00 +0300] "POST /xmlrpc.php HTTP/1.1" 200 630 "-" "Mozilla/5.0 (Windows NT 10.0; Win64; x64) AppleWebKit/537.36 (KHTML, like Gecko) Chrome/114.0.0.0 Safari/537.36"
185.191.206.81 - - [19/Apr/2026:10:35:49 +0300] "POST /xmlrpc.php HTTP/1.1" 200 12298 "-" "Mozilla/5.0 (Windows NT 10.0; Win64; x64) AppleWebKit/537.36 (KHTML, like Gecko) Chrome/114.0.0.0 Safari/537.36"
185.216.113.70 - - [19/Apr/2026:10:36:30 +0300] "POST /wp-cron.php?doing_wp_cron=1776584190.3760559558868408203125 HTTP/1.1" 200 448 "-" "WordPress/6.3.8; https://serhatburke.miroglu.net"
200.25.47.107 - - [19/Apr/2026:10:36:17 +0300] "GET /welkomstbonus-zonder-betaling-vinnig-kosteloos-gokhuis/ HTTP/1.1" 200 75530 "-" "Mozilla/5.0 (Windows NT 10.0; Win64; x64) AppleWebKit/537.36 (KHTML, like Gecko) Chrome/124.0.0.0 Safari/537.36 Edg/124.0.0.0"
200.25.47.107 - - [19/Apr/2026:10:36:23 +0300] "POST /xmlrpc.php HTTP/1.1" 200 15217 "-" "Mozilla/5.0 (Windows NT 10.0; Win64; x64) AppleWebKit/537.36 (KHTML, like Gecko) Chrome/114.0.0.0 Safari/537.36"
37.27.132.190 - - [19/Apr/2026:10:36:27 +0300] "GET / HTTP/1.1" 200 17427 "-" "Mozilla/5.0 (Windows NT 10.0) AppleWebKit/537.36 (KHTML, like Gecko) Chrome/114.0.0.0 Safari/537.36"
200.25.47.107 - - [19/Apr/2026:10:36:45 +0300] "GET /futuriti-casino-erfahrungen-2026-vorwarnung-vorweg-betrug-as-part-of-futuriti/ HTTP/1.1" 200 77440 "-" "Mozilla/5.0 (Windows NT 10.0; Win64; x64) AppleWebKit/537.36 (KHTML, like Gecko) Chrome/109.0.0.0 Safari/537.36"
185.216.113.70 - - [19/Apr/2026:10:37:12 +0300] "POST /wp-cron.php?doing_wp_cron=1776584232.3300750255584716796875 HTTP/1.1" 200 448 "-" "WordPress/6.3.8; https://serhatburke.miroglu.net"
185.191.206.81 - - [19/Apr/2026:10:36:28 +0300] "GET /enjoy-jack-plus-the-beanstalk-status-free-no-obtain/ HTTP/1.1" 200 72922 "-" "Mozilla/5.0 (Windows NT 10.0; Win64; x64; rv:125.0) Gecko/20100101 Firefox/125.0"
37.27.132.190 - - [19/Apr/2026:10:36:51 +0300] "POST /xmlrpc.php HTTP/1.1" 200 735 "https://serhatburke.miroglu.net" "Mozilla/5.0 (Windows NT 10.0) AppleWebKit/537.36 (KHTML, like Gecko) Chrome/114.0.0.0 Safari/537.36"
103.219.169.211 - - [19/Apr/2026:10:36:49 +0300] "POST /xmlrpc.php HTTP/1.1" 200 630 "-" "Mozilla/5.0 (Windows NT 10.0; Win64; x64) AppleWebKit/537.36 (KHTML, like Gecko) Chrome/114.0.0.0 Safari/537.36"
185.231.205.241 - - [19/Apr/2026:10:37:02 +0300] "GET /beste-casino-site-belgie-hoge-inzet/ HTTP/1.1" 200 18613 "-" "Mozilla/5.0 (Windows NT 10.0; Win64; x64) AppleWebKit/537.36 (KHTML, like Gecko) Chrome/114.0.0.0 Safari/537.36 Vivaldi/5.3.2679.68"
103.219.169.211 - - [19/Apr/2026:10:37:19 +0300] "POST /xmlrpc.php HTTP/1.1" 200 11786 "-" "Mozilla/5.0 (Windows NT 10.0; Win64; x64) AppleWebKit/537.36 (KHTML, like Gecko) Chrome/114.0.0.0 Safari/537.36"
103.219.169.211 - - [19/Apr/2026:10:37:34 +0300] "GET /50-freispiele-abzuglich-einzahlung-fix-zuganglich-2026/ HTTP/1.1" 200 73055 "-" "Mozilla/5.0 (Windows NT 10.0; Win64; x64; rv:124.0) Gecko/20100101 Firefox/124.0"
200.25.47.107 - - [19/Apr/2026:10:37:36 +0300] "POST /xmlrpc.php HTTP/1.1" 200 630 "-" "Mozilla/5.0 (Windows NT 10.0; Win64; x64) AppleWebKit/537.36 (KHTML, like Gecko) Chrome/114.0.0.0 Safari/537.36"
185.216.113.70 - - [19/Apr/2026:10:38:15 +0300] "POST /wp-cron.php?doing_wp_cron=1776584295.0366659164428710937500 HTTP/1.1" 200 448 "-" "WordPress/6.3.8; https://serhatburke.miroglu.net"
200.25.47.107 - - [19/Apr/2026:10:37:58 +0300] "POST /xmlrpc.php HTTP/1.1" 200 15174 "-" "Mozilla/5.0 (Windows NT 10.0; Win64; x64) AppleWebKit/537.36 (KHTML, like Gecko) Chrome/114.0.0.0 Safari/537.36"
185.216.113.70 - - [19/Apr/2026:10:38:24 +0300] "POST /wp-cron.php?doing_wp_cron=1776584304.7821009159088134765625 HTTP/1.1" 200 448 "-" "WordPress/6.3.8; https://serhatburke.miroglu.net"
148.56.186.241 - - [19/Apr/2026:10:38:04 +0300] "GET /optimizing-bodybuilding-the-safe-and-effective-use-of-steroids/ HTTP/1.1" 200 67771 "-" "GuzzleHttp/7"
185.216.113.70 - - [19/Apr/2026:10:38:28 +0300] "POST /wp-cron.php?doing_wp_cron=1776584308.8807280063629150390625 HTTP/1.1" 200 448 "-" "WordPress/6.3.8; https://serhatburke.miroglu.net"
191.89.223.1 - - [19/Apr/2026:10:38:06 +0300] "GET /understanding-mod-grf-1-a-comprehensive-overview/ HTTP/1.1" 200 66867 "-" "GuzzleHttp/7"
200.25.47.107 - - [19/Apr/2026:10:38:17 +0300] "GET /casino-slots-gokkasten-apps-inschatten-google-play/ HTTP/1.1" 200 75916 "-" "Mozilla/5.0 (Windows NT 10.0; rv:125.0) Gecko/20100101 Firefox/125.0"
185.191.206.81 - - [19/Apr/2026:10:38:35 +0300] "POST /xmlrpc.php HTTP/1.1" 200 630 "-" "Mozilla/5.0 (Windows NT 10.0; Win64; x64) AppleWebKit/537.36 (KHTML, like Gecko) Chrome/114.0.0.0 Safari/537.36"
185.216.113.70 - - [19/Apr/2026:10:39:45 +0300] "POST /wp-cron.php?doing_wp_cron=1776584385.6113541126251220703125 HTTP/1.1" 200 448 "-" "WordPress/6.3.8; https://serhatburke.miroglu.net"
185.191.206.81 - - [19/Apr/2026:10:39:16 +0300] "POST /xmlrpc.php HTTP/1.1" 200 12118 "-" "Mozilla/5.0 (Windows NT 10.0; Win64; x64) AppleWebKit/537.36 (KHTML, like Gecko) Chrome/114.0.0.0 Safari/537.36"
200.25.47.107 - - [19/Apr/2026:10:39:46 +0300] "POST /xmlrpc.php HTTP/1.1" 200 630 "-" "Mozilla/5.0 (Windows NT 10.0; Win64; x64) AppleWebKit/537.36 (KHTML, like Gecko) Chrome/114.0.0.0 Safari/537.36"
200.25.47.107 - - [19/Apr/2026:10:40:03 +0300] "POST /xmlrpc.php HTTP/1.1" 200 630 "-" "Mozilla/5.0 (Windows NT 10.0; Win64; x64) AppleWebKit/537.36 (KHTML, like Gecko) Chrome/114.0.0.0 Safari/537.36"
185.191.206.81 - - [19/Apr/2026:10:39:47 +0300] "GET /twenty-five-free-revolves-to-your-subscription-no-deposit-southern-area-africa-2026/ HTTP/1.1" 200 73624 "-" "Mozilla/5.0 (Windows NT 10.0; Win64; x64; rv:125.0) Gecko/20100101 Firefox/125.0"
185.216.113.70 - - [19/Apr/2026:10:40:33 +0300] "POST /wp-cron.php?doing_wp_cron=1776584433.0083379745483398437500 HTTP/1.1" 200 448 "-" "WordPress/6.3.8; https://serhatburke.miroglu.net"
103.219.169.211 - - [19/Apr/2026:10:40:09 +0300] "POST /xmlrpc.php HTTP/1.1" 200 630 "-" "Mozilla/5.0 (Windows NT 10.0; Win64; x64) AppleWebKit/537.36 (KHTML, like Gecko) Chrome/114.0.0.0 Safari/537.36"
200.25.47.107 - - [19/Apr/2026:10:40:11 +0300] "POST /xmlrpc.php HTTP/1.1" 200 15108 "-" "Mozilla/5.0 (Windows NT 10.0; Win64; x64) AppleWebKit/537.36 (KHTML, like Gecko) Chrome/114.0.0.0 Safari/537.36"
98.98.21.215 - - [19/Apr/2026:10:40:13 +0300] "POST /xmlrpc.php HTTP/1.1" 200 630 "-" "Mozilla/5.0 (Windows NT 10.0; Win64; x64) AppleWebKit/537.36 (KHTML, like Gecko) Chrome/114.0.0.0 Safari/537.36"
200.25.47.107 - - [19/Apr/2026:10:40:25 +0300] "POST /xmlrpc.php HTTP/1.1" 200 15639 "-" "Mozilla/5.0 (Windows NT 10.0; Win64; x64) AppleWebKit/537.36 (KHTML, like Gecko) Chrome/114.0.0.0 Safari/537.36"
103.219.169.211 - - [19/Apr/2026:10:40:40 +0300] "POST /xmlrpc.php HTTP/1.1" 200 12005 "-" "Mozilla/5.0 (Windows NT 10.0; Win64; x64) AppleWebKit/537.36 (KHTML, like Gecko) Chrome/114.0.0.0 Safari/537.36"
200.25.47.107 - - [19/Apr/2026:10:40:38 +0300] "GET /gratis-gokkasten-acteren/ HTTP/1.1" 200 75318 "-" "Mozilla/5.0 (Windows NT 10.0; rv:125.0) Gecko/20100101 Firefox/125.0"
98.98.21.215 - - [19/Apr/2026:10:40:48 +0300] "POST /xmlrpc.php HTTP/1.1" 200 10532 "-" "Mozilla/5.0 (Windows NT 10.0; Win64; x64) AppleWebKit/537.36 (KHTML, like Gecko) Chrome/114.0.0.0 Safari/537.36"
200.25.47.107 - - [19/Apr/2026:10:41:01 +0300] "GET /partnersuche-in-spreeathen-fur-singles-erst-als-50/ HTTP/1.1" 200 76557 "-" "Mozilla/5.0 (Windows NT 10.0; Win64; x64; rv:124.0) Gecko/20100101 Firefox/124.0"
103.219.169.211 - - [19/Apr/2026:10:41:15 +0300] "GET /spiele-fruit-mania-rhfp-kostenlos-as-part-of-hauptpreis-de/ HTTP/1.1" 200 73038 "-" "Mozilla/5.0 (Windows NT 10.0; rv:125.0) Gecko/20100101 Firefox/125.0"
98.98.21.215 - - [19/Apr/2026:10:41:19 +0300] "GET /rishikimi-i-lojes-slot-iron-man-2-rtp-rishikim-kazino-verde-casino-e-playtech-96/ HTTP/1.1" 200 72346 "-" "Mozilla/5.0 (Windows NT 10.0; Win64; x64) AppleWebKit/537.36 (KHTML, like Gecko) Chrome/123.0.0.0 Safari/537.36 OPR/109.0.0.0"
185.216.113.70 - - [19/Apr/2026:10:41:58 +0300] "POST /wp-cron.php?doing_wp_cron=1776584518.1486620903015136718750 HTTP/1.1" 200 448 "-" "WordPress/6.3.8; https://serhatburke.miroglu.net"
200.25.47.107 - - [19/Apr/2026:10:41:46 +0300] "POST /xmlrpc.php HTTP/1.1" 200 630 "-" "Mozilla/5.0 (Windows NT 10.0; Win64; x64) AppleWebKit/537.36 (KHTML, like Gecko) Chrome/114.0.0.0 Safari/537.36"
200.25.47.107 - - [19/Apr/2026:10:42:05 +0300] "POST /xmlrpc.php HTTP/1.1" 200 14901 "-" "Mozilla/5.0 (Windows NT 10.0; Win64; x64) AppleWebKit/537.36 (KHTML, like Gecko) Chrome/114.0.0.0 Safari/537.36"
200.25.47.107 - - [19/Apr/2026:10:42:19 +0300] "GET /gratis-performen-appreciren-slots-te-zeker-offlin-bank-behalve-bankbiljet/ HTTP/1.1" 200 76695 "-" "Mozilla/5.0 (Windows NT 10.0; rv:125.0) Gecko/20100101 Firefox/125.0"
98.98.21.215 - - [19/Apr/2026:10:42:24 +0300] "POST /xmlrpc.php HTTP/1.1" 200 630 "-" "Mozilla/5.0 (Windows NT 10.0; Win64; x64) AppleWebKit/537.36 (KHTML, like Gecko) Chrome/114.0.0.0 Safari/537.36"
185.216.113.70 - - [19/Apr/2026:10:42:40 +0300] "POST /wp-cron.php?doing_wp_cron=1776584560.8960590362548828125000 HTTP/1.1" 200 448 "-" "WordPress/6.3.8; https://serhatburke.miroglu.net"
185.191.206.81 - - [19/Apr/2026:10:42:12 +0300] "POST /xmlrpc.php HTTP/1.1" 200 630 "-" "Mozilla/5.0 (Windows NT 10.0; Win64; x64) AppleWebKit/537.36 (KHTML, like Gecko) Chrome/114.0.0.0 Safari/537.36"
98.98.21.215 - - [19/Apr/2026:10:42:42 +0300] "POST /xmlrpc.php HTTP/1.1" 200 10507 "-" "Mozilla/5.0 (Windows NT 10.0; Win64; x64) AppleWebKit/537.36 (KHTML, like Gecko) Chrome/114.0.0.0 Safari/537.36"
98.98.21.215 - - [19/Apr/2026:10:42:59 +0300] "GET /ne-kodi-promo-verde-casino-internet-baste-sportive-kazino-lokale-dhe-poker/ HTTP/1.1" 200 72391 "-" "Mozilla/5.0 (Windows NT 10.0; Win64; x64) AppleWebKit/537.36 (KHTML, like Gecko) Chrome/123.0.0.0 Safari/537.36"
185.191.206.81 - - [19/Apr/2026:10:42:48 +0300] "POST /xmlrpc.php HTTP/1.1" 200 11689 "-" "Mozilla/5.0 (Windows NT 10.0; Win64; x64) AppleWebKit/537.36 (KHTML, like Gecko) Chrome/114.0.0.0 Safari/537.36"
103.219.169.211 - - [19/Apr/2026:10:43:08 +0300] "POST /xmlrpc.php HTTP/1.1" 200 630 "-" "Mozilla/5.0 (Windows NT 10.0; Win64; x64) AppleWebKit/537.36 (KHTML, like Gecko) Chrome/114.0.0.0 Safari/537.36"
185.216.113.70 - - [19/Apr/2026:10:43:47 +0300] "POST /wp-cron.php?doing_wp_cron=1776584627.0321190357208251953125 HTTP/1.1" 200 448 "-" "WordPress/6.3.8; https://serhatburke.miroglu.net"
103.219.169.211 - - [19/Apr/2026:10:43:29 +0300] "POST /xmlrpc.php HTTP/1.1" 200 15352 "-" "Mozilla/5.0 (Windows NT 10.0; Win64; x64) AppleWebKit/537.36 (KHTML, like Gecko) Chrome/114.0.0.0 Safari/537.36"
185.191.206.81 - - [19/Apr/2026:10:43:21 +0300] "GET /finest-internet-casino-web-sites-the-real-deal-money/ HTTP/1.1" 200 72531 "-" "Mozilla/5.0 (Windows NT 10.0; Win64; x64) AppleWebKit/537.36 (KHTML, like Gecko) Chrome/109.0.0.0 Safari/537.36"
200.25.47.107 - - [19/Apr/2026:10:43:42 +0300] "POST /xmlrpc.php HTTP/1.1" 200 630 "-" "Mozilla/5.0 (Windows NT 10.0; Win64; x64) AppleWebKit/537.36 (KHTML, like Gecko) Chrome/114.0.0.0 Safari/537.36"
103.219.169.211 - - [19/Apr/2026:10:43:49 +0300] "GET /futuriti-spielsaal-review-2026-maklercourtage-freispiele-jackpots/ HTTP/1.1" 200 77448 "-" "Mozilla/5.0 (Windows NT 10.0; Win64; x64) AppleWebKit/537.36 (KHTML, like Gecko) Chrome/123.0.0.0 Safari/537.36"
200.25.47.107 - - [19/Apr/2026:10:43:59 +0300] "POST /xmlrpc.php HTTP/1.1" 200 630 "-" "Mozilla/5.0 (Windows NT 10.0; Win64; x64) AppleWebKit/537.36 (KHTML, like Gecko) Chrome/114.0.0.0 Safari/537.36"
200.25.47.107 - - [19/Apr/2026:10:44:14 +0300] "POST /xmlrpc.php HTTP/1.1" 200 15409 "-" "Mozilla/5.0 (Windows NT 10.0; Win64; x64) AppleWebKit/537.36 (KHTML, like Gecko) Chrome/114.0.0.0 Safari/537.36"
185.216.113.70 - - [19/Apr/2026:10:44:47 +0300] "POST /wp-cron.php?doing_wp_cron=1776584687.0918090343475341796875 HTTP/1.1" 200 448 "-" "WordPress/6.3.8; https://serhatburke.miroglu.net"
200.25.47.107 - - [19/Apr/2026:10:44:29 +0300] "POST /xmlrpc.php HTTP/1.1" 200 14698 "-" "Mozilla/5.0 (Windows NT 10.0; Win64; x64) AppleWebKit/537.36 (KHTML, like Gecko) Chrome/114.0.0.0 Safari/537.36"
200.25.47.107 - - [19/Apr/2026:10:44:32 +0300] "GET /free-slots-play-32178-gokhuis-fietsslot-demos/ HTTP/1.1" 200 76472 "-" "Mozilla/5.0 (Windows NT 10.0; rv:125.0) Gecko/20100101 Firefox/125.0"
98.98.21.215 - - [19/Apr/2026:10:44:42 +0300] "POST /xmlrpc.php HTTP/1.1" 200 630 "-" "Mozilla/5.0 (Windows NT 10.0; Win64; x64) AppleWebKit/537.36 (KHTML, like Gecko) Chrome/114.0.0.0 Safari/537.36"
200.25.47.107 - - [19/Apr/2026:10:44:48 +0300] "GET /eye-of-horus-gratis-zum-besten-geben-blos-anmeldung/ HTTP/1.1" 200 75818 "-" "Mozilla/5.0 (Windows NT 10.0; Win64; x64) AppleWebKit/537.36 (KHTML, like Gecko) Chrome/122.0.0.0 Safari/537.36"
98.98.21.215 - - [19/Apr/2026:10:45:17 +0300] "POST /xmlrpc.php HTTP/1.1" 200 10704 "-" "Mozilla/5.0 (Windows NT 10.0; Win64; x64) AppleWebKit/537.36 (KHTML, like Gecko) Chrome/114.0.0.0 Safari/537.36"
185.216.113.70 - - [19/Apr/2026:10:45:52 +0300] "POST /wp-cron.php?doing_wp_cron=1776584751.9677450656890869140625 HTTP/1.1" 200 448 "-" "WordPress/6.3.8; https://serhatburke.miroglu.net"
98.98.21.215 - - [19/Apr/2026:10:45:36 +0300] "GET /ndermarrjet-aplikacioni-i-agjentit-ice-casino-me-te-mira-te-lojerave-te-fatit-me-bonus-pa-depozite-tani-ofrojne-kode-bonusi-2026/ HTTP/1.1" 200 73970 "-" "Mozilla/5.0 (Windows NT 10.0; Win64; x64) AppleWebKit/537.36 (KHTML, like Gecko) Chrome/123.0.0.0 Safari/537.36 OPR/109.0.0.0"
185.191.206.81 - - [19/Apr/2026:10:45:26 +0300] "POST /xmlrpc.php HTTP/1.1" 200 630 "-" "Mozilla/5.0 (Windows NT 10.0; Win64; x64) AppleWebKit/537.36 (KHTML, like Gecko) Chrome/114.0.0.0 Safari/537.36"
200.25.47.107 - - [19/Apr/2026:10:45:47 +0300] "POST /xmlrpc.php HTTP/1.1" 200 630 "-" "Mozilla/5.0 (Windows NT 10.0; Win64; x64) AppleWebKit/537.36 (KHTML, like Gecko) Chrome/114.0.0.0 Safari/537.36"
103.219.169.211 - - [19/Apr/2026:10:46:02 +0300] "POST /xmlrpc.php HTTP/1.1" 200 630 "-" "Mozilla/5.0 (Windows NT 10.0; Win64; x64) AppleWebKit/537.36 (KHTML, like Gecko) Chrome/114.0.0.0 Safari/537.36"
200.25.47.107 - - [19/Apr/2026:10:46:12 +0300] "POST /xmlrpc.php HTTP/1.1" 200 14518 "-" "Mozilla/5.0 (Windows NT 10.0; Win64; x64) AppleWebKit/537.36 (KHTML, like Gecko) Chrome/114.0.0.0 Safari/537.36"
185.216.113.70 - - [19/Apr/2026:10:46:48 +0300] "POST /wp-cron.php?doing_wp_cron=1776584808.1907749176025390625000 HTTP/1.1" 200 448 "-" "WordPress/6.3.8; https://serhatburke.miroglu.net"
103.219.169.211 - - [19/Apr/2026:10:46:31 +0300] "POST /xmlrpc.php HTTP/1.1" 200 12793 "-" "Mozilla/5.0 (Windows NT 10.0; Win64; x64) AppleWebKit/537.36 (KHTML, like Gecko) Chrome/114.0.0.0 Safari/537.36"
185.191.206.81 - - [19/Apr/2026:10:46:11 +0300] "POST /xmlrpc.php HTTP/1.1" 200 11672 "-" "Mozilla/5.0 (Windows NT 10.0; Win64; x64) AppleWebKit/537.36 (KHTML, like Gecko) Chrome/114.0.0.0 Safari/537.36"
200.25.47.107 - - [19/Apr/2026:10:46:36 +0300] "GET /beste-fre-spins-2026-mogelijkheid-gratis-bank-spins-deals/ HTTP/1.1" 200 75619 "-" "Mozilla/5.0 (Windows NT 10.0; Win64; x64; rv:124.0) Gecko/20100101 Firefox/124.0"
103.219.169.211 - - [19/Apr/2026:10:46:50 +0300] "GET /empfohlene-spiele-pro-eltern/ HTTP/1.1" 200 73307 "-" "Mozilla/5.0 (Windows NT 10.0; Win64; x64) AppleWebKit/537.36 (KHTML, like Gecko) Chrome/123.0.0.0 Safari/537.36"
98.98.21.215 - - [19/Apr/2026:10:46:53 +0300] "POST /xmlrpc.php HTTP/1.1" 200 630 "-" "Mozilla/5.0 (Windows NT 10.0; Win64; x64) AppleWebKit/537.36 (KHTML, like Gecko) Chrome/114.0.0.0 Safari/537.36"
185.191.206.81 - - [19/Apr/2026:10:46:50 +0300] "GET /greatest-on-the-web-pokies-in-australia-to-experience-the-real-deal-currency-2025/ HTTP/1.1" 200 73080 "-" "Mozilla/5.0 (Windows NT 10.0; Win64; x64) AppleWebKit/537.36 (KHTML, like Gecko) Chrome/109.0.0.0 Safari/537.36"
98.98.21.215 - - [19/Apr/2026:10:47:24 +0300] "POST /xmlrpc.php HTTP/1.1" 200 10900 "-" "Mozilla/5.0 (Windows NT 10.0; Win64; x64) AppleWebKit/537.36 (KHTML, like Gecko) Chrome/114.0.0.0 Safari/537.36"
185.216.113.70 - - [19/Apr/2026:10:47:49 +0300] "POST /wp-cron.php?doing_wp_cron=1776584869.7199449539184570312500 HTTP/1.1" 200 448 "-" "WordPress/6.3.8; https://serhatburke.miroglu.net"
98.98.21.215 - - [19/Apr/2026:10:47:37 +0300] "GET /kazinote-put-me-vlere-5-dollare-ne-verde-casino-hyrje-regjistrimi-shqiperia-zelanden-e-re/ HTTP/1.1" 200 73168 "-" "Mozilla/5.0 (Windows NT 10.0; Win64; x64) AppleWebKit/537.36 (KHTML, like Gecko) Chrome/123.0.0.0 Safari/537.36 OPR/109.0.0.0"
200.25.47.107 - - [19/Apr/2026:10:47:42 +0300] "POST /xmlrpc.php HTTP/1.1" 200 630 "-" "Mozilla/5.0 (Windows NT 10.0; Win64; x64) AppleWebKit/537.36 (KHTML, like Gecko) Chrome/114.0.0.0 Safari/537.36"
200.25.47.107 - - [19/Apr/2026:10:47:57 +0300] "POST /xmlrpc.php HTTP/1.1" 200 630 "-" "Mozilla/5.0 (Windows NT 10.0; Win64; x64) AppleWebKit/537.36 (KHTML, like Gecko) Chrome/114.0.0.0 Safari/537.36"
200.25.47.107 - - [19/Apr/2026:10:48:01 +0300] "POST /xmlrpc.php HTTP/1.1" 200 15684 "-" "Mozilla/5.0 (Windows NT 10.0; Win64; x64) AppleWebKit/537.36 (KHTML, like Gecko) Chrome/114.0.0.0 Safari/537.36"
200.25.47.107 - - [19/Apr/2026:10:48:15 +0300] "GET /eye-of-horus-auf-10-je-wen-lohnt-sich-high-stake-schon/ HTTP/1.1" 200 76650 "-" "Mozilla/5.0 (Windows NT 10.0; Win64; x64) AppleWebKit/537.36 (KHTML, like Gecko) Chrome/124.0.0.0 Safari/537.36"
200.25.47.107 - - [19/Apr/2026:10:48:16 +0300] "POST /xmlrpc.php HTTP/1.1" 200 15850 "-" "Mozilla/5.0 (Windows NT 10.0; Win64; x64) AppleWebKit/537.36 (KHTML, like Gecko) Chrome/114.0.0.0 Safari/537.36"
185.216.113.70 - - [19/Apr/2026:10:48:42 +0300] "POST /wp-cron.php?doing_wp_cron=1776584922.3215289115905761718750 HTTP/1.1" 200 448 "-" "WordPress/6.3.8; https://serhatburke.miroglu.net"
200.25.47.107 - - [19/Apr/2026:10:48:31 +0300] "GET /slots-plu-gokkasten-inschatten-mobiel-smartphone-ofwe-pilletje-performen/ HTTP/1.1" 200 77281 "-" "Mozilla/5.0 (Windows NT 10.0; Win64; x64) AppleWebKit/537.36 (KHTML, like Gecko) Chrome/124.0.0.0 Safari/537.36 Edg/124.0.0.0"
98.98.21.215 - - [19/Apr/2026:10:49:00 +0300] "POST /xmlrpc.php HTTP/1.1" 200 630 "-" "Mozilla/5.0 (Windows NT 10.0; Win64; x64) AppleWebKit/537.36 (KHTML, like Gecko) Chrome/114.0.0.0 Safari/537.36"
185.191.206.81 - - [19/Apr/2026:10:48:50 +0300] "POST /xmlrpc.php HTTP/1.1" 200 630 "-" "Mozilla/5.0 (Windows NT 10.0; Win64; x64) AppleWebKit/537.36 (KHTML, like Gecko) Chrome/114.0.0.0 Safari/537.36"
185.216.113.70 - - [19/Apr/2026:10:49:30 +0300] "POST /wp-cron.php?doing_wp_cron=1776584970.6349968910217285156250 HTTP/1.1" 200 448 "-" "WordPress/6.3.8; https://serhatburke.miroglu.net"
98.98.21.215 - - [19/Apr/2026:10:49:18 +0300] "POST /xmlrpc.php HTTP/1.1" 200 9943 "-" "Mozilla/5.0 (Windows NT 10.0; Win64; x64) AppleWebKit/537.36 (KHTML, like Gecko) Chrome/114.0.0.0 Safari/537.36"
98.98.21.215 - - [19/Apr/2026:10:49:31 +0300] "GET /rishikimi-i-kazinose-harbors-angel-nga-rekomandimet-profesionale-dhe-vulkan-vegas-kontakt-ne-shqiperi-te-lojtareve-2026/ HTTP/1.1" 200 72912 "-" "Mozilla/5.0 (Windows NT 10.0; Win64; x64) AppleWebKit/537.36 (KHTML, like Gecko) Chrome/123.0.0.0 Safari/537.36 OPR/109.0.0.0"
185.216.113.70 - - [19/Apr/2026:10:49:56 +0300] "POST /wp-cron.php?doing_wp_cron=1776584996.7536358833312988281250 HTTP/1.1" 200 448 "-" "WordPress/6.3.8; https://serhatburke.miroglu.net"
185.191.206.81 - - [19/Apr/2026:10:49:25 +0300] "POST /xmlrpc.php HTTP/1.1" 200 12151 "-" "Mozilla/5.0 (Windows NT 10.0; Win64; x64) AppleWebKit/537.36 (KHTML, like Gecko) Chrome/114.0.0.0 Safari/537.36"
