185.191.206.81 - - [19/Apr/2026:14:51:34 +0300] "POST /xmlrpc.php HTTP/1.1" 200 13759 "-" "Mozilla/5.0 (Windows NT 10.0; Win64; x64) AppleWebKit/537.36 (KHTML, like Gecko) Chrome/114.0.0.0 Safari/537.36"
185.216.113.70 - - [19/Apr/2026:14:52:33 +0300] "POST /wp-cron.php?doing_wp_cron=1776599553.6528239250183105468750 HTTP/1.1" 200 448 "-" "WordPress/6.3.8; https://serhatburke.miroglu.net"
185.191.206.81 - - [19/Apr/2026:14:52:04 +0300] "GET /belles-machine-vers-avec-quelque-peu-guide-2026/ HTTP/1.1" 200 74426 "-" "Mozilla/5.0 (Windows NT 10.0; Win64; x64) AppleWebKit/537.36 (KHTML, like Gecko) Chrome/123.0.0.0 Safari/537.36 OPR/109.0.0.0"
185.216.113.70 - - [19/Apr/2026:14:53:47 +0300] "POST /wp-cron.php?doing_wp_cron=1776599627.4009439945220947265625 HTTP/1.1" 200 448 "-" "WordPress/6.3.8; https://serhatburke.miroglu.net"
185.191.206.81 - - [19/Apr/2026:14:53:17 +0300] "POST /xmlrpc.php HTTP/1.1" 200 630 "-" "Mozilla/5.0 (Windows NT 10.0; Win64; x64) AppleWebKit/537.36 (KHTML, like Gecko) Chrome/114.0.0.0 Safari/537.36"
185.191.206.81 - - [19/Apr/2026:14:53:54 +0300] "POST /xmlrpc.php HTTP/1.1" 200 13917 "-" "Mozilla/5.0 (Windows NT 10.0; Win64; x64) AppleWebKit/537.36 (KHTML, like Gecko) Chrome/114.0.0.0 Safari/537.36"
185.216.113.70 - - [19/Apr/2026:14:54:52 +0300] "POST /wp-cron.php?doing_wp_cron=1776599692.7856330871582031250000 HTTP/1.1" 200 448 "-" "WordPress/6.3.8; https://serhatburke.miroglu.net"
185.191.206.81 - - [19/Apr/2026:14:54:24 +0300] "GET /tours-sans-frais-salle-de-jeu-dans-samuser-ou-comment-du-mettre-i-lepreuve-en-2026/ HTTP/1.1" 200 75794 "-" "Mozilla/5.0 (Windows NT 10.0; rv:125.0) Gecko/20100101 Firefox/125.0"
40.77.167.150 - - [19/Apr/2026:14:55:13 +0300] "GET /post-sitemap57.xml HTTP/2" 200 66092 "-" "Mozilla/5.0 AppleWebKit/537.36 (KHTML, like Gecko; compatible; bingbot/2.0; +http://www.bing.com/bingbot.htm) Chrome/116.0.1938.76 Safari/537.36"
185.216.113.70 - - [19/Apr/2026:14:55:59 +0300] "POST /wp-cron.php?doing_wp_cron=1776599759.8625218868255615234375 HTTP/1.1" 200 448 "-" "WordPress/6.3.8; https://serhatburke.miroglu.net"
185.191.206.81 - - [19/Apr/2026:14:55:31 +0300] "POST /xmlrpc.php HTTP/1.1" 200 630 "-" "Mozilla/5.0 (Windows NT 10.0; Win64; x64) AppleWebKit/537.36 (KHTML, like Gecko) Chrome/114.0.0.0 Safari/537.36"
185.191.206.81 - - [19/Apr/2026:14:56:07 +0300] "POST /xmlrpc.php HTTP/1.1" 200 13241 "-" "Mozilla/5.0 (Windows NT 10.0; Win64; x64) AppleWebKit/537.36 (KHTML, like Gecko) Chrome/114.0.0.0 Safari/537.36"
185.216.113.70 - - [19/Apr/2026:14:57:05 +0300] "POST /wp-cron.php?doing_wp_cron=1776599825.8629300594329833984375 HTTP/1.1" 200 448 "-" "WordPress/6.3.8; https://serhatburke.miroglu.net"
185.191.206.81 - - [19/Apr/2026:14:56:37 +0300] "GET /vigilance-malins-pour-salle-de-jeu-pardon-mettre-en-ligne-poser-leurs-apps-pour-xperia-ios/ HTTP/1.1" 200 75127 "-" "Mozilla/5.0 (Windows NT 10.0; Win64; x64; rv:125.0) Gecko/20100101 Firefox/125.0"
185.216.113.70 - - [19/Apr/2026:14:58:13 +0300] "POST /wp-cron.php?doing_wp_cron=1776599893.6635639667510986328125 HTTP/1.1" 200 448 "-" "WordPress/6.3.8; https://serhatburke.miroglu.net"
66.249.73.14 - - [19/Apr/2026:14:58:00 +0300] "GET /unveiling-fortunecasinouk-promotions-at-drake-casino-a-comprehensive-review-for-uk-players/ HTTP/1.1" 200 19315 "-" "Mozilla/5.0 (Linux; Android 6.0.1; Nexus 5X Build/MMB29P) AppleWebKit/537.36 (KHTML, like Gecko) Chrome/146.0.7680.177 Mobile Safari/537.36 (compatible; Googlebot/2.1; +http://www.google.com/bot.html)"
66.249.73.15 - - [19/Apr/2026:14:58:22 +0300] "GET /wp-content/themes/toppic/js/scrollMonitor.js?ver=4.2 HTTP/1.1" 200 3166 "https://serhatburke.miroglu.net/unveiling-fortunecasinouk-promotions-at-drake-casino-a-comprehensive-review-for-uk-players/" "Mozilla/5.0 (Linux; Android 6.0.1; Nexus 5X Build/MMB29P) AppleWebKit/537.36 (KHTML, like Gecko) Chrome/146.0.7680.177 Mobile Safari/537.36 (compatible; Googlebot/2.1; +http://www.google.com/bot.html)"
185.191.206.81 - - [19/Apr/2026:14:57:52 +0300] "POST /xmlrpc.php HTTP/1.1" 200 630 "-" "Mozilla/5.0 (Windows NT 10.0; Win64; x64) AppleWebKit/537.36 (KHTML, like Gecko) Chrome/114.0.0.0 Safari/537.36"
185.216.113.70 - - [19/Apr/2026:14:58:58 +0300] "POST /wp-cron.php?doing_wp_cron=1776599938.1131489276885986328125 HTTP/1.1" 200 448 "-" "WordPress/6.3.8; https://serhatburke.miroglu.net"
185.191.206.81 - - [19/Apr/2026:14:58:29 +0300] "POST /xmlrpc.php HTTP/1.1" 200 14184 "-" "Mozilla/5.0 (Windows NT 10.0; Win64; x64) AppleWebKit/537.36 (KHTML, like Gecko) Chrome/114.0.0.0 Safari/537.36"
66.249.73.14 - - [19/Apr/2026:14:58:57 +0300] "GET /unveiling-fortunecasinouk-promotions-at-drake-casino-a-comprehensive-review-for-uk-players/ HTTP/1.1" 200 19315 "-" "Mozilla/5.0 (Linux; Android 6.0.1; Nexus 5X Build/MMB29P) AppleWebKit/537.36 (KHTML, like Gecko) Chrome/146.0.7680.177 Mobile Safari/537.36 (compatible; Googlebot/2.1; +http://www.google.com/bot.html)"
66.249.73.14 - - [19/Apr/2026:14:59:17 +0300] "GET /unveiling-fortunecasinouk-promotions-at-drake-casino-a-comprehensive-review-for-uk-players/undefined?ts=1775520000 HTTP/1.1" 200 0 "https://serhatburke.miroglu.net/unveiling-fortunecasinouk-promotions-at-drake-casino-a-comprehensive-review-for-uk-players/" "Mozilla/5.0 (Linux; Android 6.0.1; Nexus 5X Build/MMB29P) AppleWebKit/537.36 (KHTML, like Gecko) Chrome/146.0.7680.177 Mobile Safari/537.36 (compatible; Googlebot/2.1; +http://www.google.com/bot.html)"
185.191.206.81 - - [19/Apr/2026:14:59:00 +0300] "GET /lieu-starburst-via-netent-du-france-rtp-habitudes-details/ HTTP/1.1" 200 75441 "-" "Mozilla/5.0 (Windows NT 10.0; Win64; x64) AppleWebKit/537.36 (KHTML, like Gecko) Chrome/124.0.0.0 Safari/537.36 Edg/124.0.0.0"
66.249.73.14 - - [19/Apr/2026:14:59:30 +0300] "GET /unveiling-fortunecasinouk-promotions-at-drake-casino-a-comprehensive-review-for-uk-players/undefined?ts=1775520000 HTTP/1.1" 200 0 "https://serhatburke.miroglu.net/unveiling-fortunecasinouk-promotions-at-drake-casino-a-comprehensive-review-for-uk-players/" "Mozilla/5.0 (Linux; Android 6.0.1; Nexus 5X Build/MMB29P) AppleWebKit/537.36 (KHTML, like Gecko) Chrome/146.0.7680.177 Mobile Safari/537.36 (compatible; Googlebot/2.1; +http://www.google.com/bot.html)"
185.216.113.70 - - [19/Apr/2026:14:59:44 +0300] "POST /wp-cron.php?doing_wp_cron=1776599983.9236669540405273437500 HTTP/1.1" 200 448 "-" "WordPress/6.3.8; https://serhatburke.miroglu.net"
66.249.73.14 - - [19/Apr/2026:14:59:42 +0300] "GET /unveiling-fortunecasinouk-promotions-at-drake-casino-a-comprehensive-review-for-uk-players/undefined?ts=1775520000 HTTP/1.1" 200 0 "https://serhatburke.miroglu.net/unveiling-fortunecasinouk-promotions-at-drake-casino-a-comprehensive-review-for-uk-players/" "Mozilla/5.0 (Linux; Android 6.0.1; Nexus 5X Build/MMB29P) AppleWebKit/537.36 (KHTML, like Gecko) Chrome/146.0.7680.177 Mobile Safari/537.36 (compatible; Googlebot/2.1; +http://www.google.com/bot.html)"
66.249.73.14 - - [19/Apr/2026:14:59:54 +0300] "GET /unveiling-fortunecasinouk-promotions-at-drake-casino-a-comprehensive-review-for-uk-players/undefined?ts=1775520000 HTTP/1.1" 200 0 "https://serhatburke.miroglu.net/unveiling-fortunecasinouk-promotions-at-drake-casino-a-comprehensive-review-for-uk-players/" "Mozilla/5.0 (Linux; Android 6.0.1; Nexus 5X Build/MMB29P) AppleWebKit/537.36 (KHTML, like Gecko) Chrome/146.0.7680.177 Mobile Safari/537.36 (compatible; Googlebot/2.1; +http://www.google.com/bot.html)"
66.249.73.14 - - [19/Apr/2026:15:00:06 +0300] "GET /unveiling-fortunecasinouk-promotions-at-drake-casino-a-comprehensive-review-for-uk-players/undefined?ts=1775520000 HTTP/1.1" 200 0 "https://serhatburke.miroglu.net/unveiling-fortunecasinouk-promotions-at-drake-casino-a-comprehensive-review-for-uk-players/" "Mozilla/5.0 (Linux; Android 6.0.1; Nexus 5X Build/MMB29P) AppleWebKit/537.36 (KHTML, like Gecko) Chrome/146.0.7680.177 Mobile Safari/537.36 (compatible; Googlebot/2.1; +http://www.google.com/bot.html)"
185.191.206.81 - - [19/Apr/2026:14:59:57 +0300] "POST /xmlrpc.php HTTP/1.1" 200 630 "-" "Mozilla/5.0 (Windows NT 10.0; Win64; x64) AppleWebKit/537.36 (KHTML, like Gecko) Chrome/114.0.0.0 Safari/537.36"
185.216.113.70 - - [19/Apr/2026:15:01:04 +0300] "POST /wp-cron.php?doing_wp_cron=1776600064.4264171123504638671875 HTTP/1.1" 200 448 "-" "WordPress/6.3.8; https://serhatburke.miroglu.net"
185.191.206.81 - - [19/Apr/2026:15:00:35 +0300] "POST /xmlrpc.php HTTP/1.1" 200 13615 "-" "Mozilla/5.0 (Windows NT 10.0; Win64; x64) AppleWebKit/537.36 (KHTML, like Gecko) Chrome/114.0.0.0 Safari/537.36"
103.219.169.211 - - [19/Apr/2026:15:01:03 +0300] "POST /xmlrpc.php HTTP/1.1" 200 630 "-" "Mozilla/5.0 (Windows NT 10.0; Win64; x64) AppleWebKit/537.36 (KHTML, like Gecko) Chrome/114.0.0.0 Safari/537.36"
103.219.169.211 - - [19/Apr/2026:15:01:30 +0300] "POST /xmlrpc.php HTTP/1.1" 200 12533 "-" "Mozilla/5.0 (Windows NT 10.0; Win64; x64) AppleWebKit/537.36 (KHTML, like Gecko) Chrome/114.0.0.0 Safari/537.36"
185.191.206.81 - - [19/Apr/2026:15:01:07 +0300] "GET /en-public-casino-dans-un-pays-europeen-77-salle-de-jeu-en-direct-un-peu-2026/ HTTP/1.1" 200 75165 "-" "Mozilla/5.0 (Windows NT 10.0; rv:125.0) Gecko/20100101 Firefox/125.0"
103.219.169.211 - - [19/Apr/2026:15:01:46 +0300] "GET /ein-faszinierender-slot-atomar-charmanten-agyptischen-angelegenheit/ HTTP/1.1" 200 74397 "-" "Mozilla/5.0 (Windows NT 10.0; Win64; x64) AppleWebKit/537.36 (KHTML, like Gecko) Chrome/122.0.0.0 Safari/537.36"
185.216.113.70 - - [19/Apr/2026:15:02:25 +0300] "POST /wp-cron.php?doing_wp_cron=1776600145.6855220794677734375000 HTTP/1.1" 200 448 "-" "WordPress/6.3.8; https://serhatburke.miroglu.net"
185.191.206.81 - - [19/Apr/2026:15:01:54 +0300] "POST /xmlrpc.php HTTP/1.1" 200 630 "-" "Mozilla/5.0 (Windows NT 10.0; Win64; x64) AppleWebKit/537.36 (KHTML, like Gecko) Chrome/114.0.0.0 Safari/537.36"
185.191.206.81 - - [19/Apr/2026:15:02:32 +0300] "POST /xmlrpc.php HTTP/1.1" 200 13284 "-" "Mozilla/5.0 (Windows NT 10.0; Win64; x64) AppleWebKit/537.36 (KHTML, like Gecko) Chrome/114.0.0.0 Safari/537.36"
185.216.113.70 - - [19/Apr/2026:15:03:33 +0300] "POST /wp-cron.php?doing_wp_cron=1776600213.0476450920104980468750 HTTP/1.1" 200 448 "-" "WordPress/6.3.8; https://serhatburke.miroglu.net"
185.191.206.81 - - [19/Apr/2026:15:03:04 +0300] "GET /le-toilettage-de-casino-davantage-faciles-pour-samuser-golden-riviera-salle-de-jeu/ HTTP/1.1" 200 75249 "-" "Mozilla/5.0 (Windows NT 10.0; Win64; x64) AppleWebKit/537.36 (KHTML, like Gecko) Chrome/122.0.0.0 Safari/537.36"
200.25.47.134 - - [19/Apr/2026:15:03:34 +0300] "POST /xmlrpc.php HTTP/1.1" 200 630 "-" "Mozilla/5.0 (Windows NT 10.0; Win64; x64) AppleWebKit/537.36 (KHTML, like Gecko) Chrome/114.0.0.0 Safari/537.36"
103.219.169.211 - - [19/Apr/2026:15:03:37 +0300] "POST /xmlrpc.php HTTP/1.1" 200 630 "-" "Mozilla/5.0 (Windows NT 10.0; Win64; x64) AppleWebKit/537.36 (KHTML, like Gecko) Chrome/114.0.0.0 Safari/537.36"
185.216.113.70 - - [19/Apr/2026:15:04:13 +0300] "POST /wp-cron.php?doing_wp_cron=1776600252.9813480377197265625000 HTTP/1.1" 200 448 "-" "WordPress/6.3.8; https://serhatburke.miroglu.net"
200.25.47.134 - - [19/Apr/2026:15:03:58 +0300] "POST /xmlrpc.php HTTP/1.1" 200 15918 "-" "Mozilla/5.0 (Windows NT 10.0; Win64; x64) AppleWebKit/537.36 (KHTML, like Gecko) Chrome/114.0.0.0 Safari/537.36"
103.219.169.211 - - [19/Apr/2026:15:04:01 +0300] "POST /xmlrpc.php HTTP/1.1" 200 11935 "-" "Mozilla/5.0 (Windows NT 10.0; Win64; x64) AppleWebKit/537.36 (KHTML, like Gecko) Chrome/114.0.0.0 Safari/537.36"
200.25.47.134 - - [19/Apr/2026:15:04:14 +0300] "GET /vortragen-sie-qua-ihr-platino-casino-app-je-androide-damit-echtgeld-jetzt-runterladen-satellite-solutions-telecom/ HTTP/1.1" 200 78841 "-" "Mozilla/5.0 (Windows NT 10.0; Win64; x64) AppleWebKit/537.36 (KHTML, like Gecko) Chrome/123.0.0.0 Safari/537.36"
103.219.169.211 - - [19/Apr/2026:15:04:20 +0300] "GET /eye-of-horus-slot-2025-innerster-wanderstern-klassiker-im-probe-de/ HTTP/1.1" 200 73696 "-" "Mozilla/5.0 (Windows NT 10.0; Win64; x64; rv:124.0) Gecko/20100101 Firefox/124.0"
185.216.113.70 - - [19/Apr/2026:15:04:44 +0300] "POST /wp-cron.php?doing_wp_cron=1776600284.3503189086914062500000 HTTP/1.1" 200 448 "-" "WordPress/6.3.8; https://serhatburke.miroglu.net"
185.191.206.81 - - [19/Apr/2026:15:04:06 +0300] "POST /xmlrpc.php HTTP/1.1" 200 630 "-" "Mozilla/5.0 (Windows NT 10.0; Win64; x64) AppleWebKit/537.36 (KHTML, like Gecko) Chrome/114.0.0.0 Safari/537.36"
185.191.206.81 - - [19/Apr/2026:15:04:53 +0300] "POST /xmlrpc.php HTTP/1.1" 200 13846 "-" "Mozilla/5.0 (Windows NT 10.0; Win64; x64) AppleWebKit/537.36 (KHTML, like Gecko) Chrome/114.0.0.0 Safari/537.36"
185.216.113.70 - - [19/Apr/2026:15:05:49 +0300] "POST /wp-cron.php?doing_wp_cron=1776600349.0362389087677001953125 HTTP/1.1" 200 448 "-" "WordPress/6.3.8; https://serhatburke.miroglu.net"
65.111.5.38 - - [19/Apr/2026:15:05:36 +0300] "GET /zotabet-casino-bonus-premier-depot-2026/ HTTP/1.1" 200 18530 "-" "Mozilla/5.0 (compatible; Googlebot/2.1; +http://www.google.com/bot.html)"
185.191.206.81 - - [19/Apr/2026:15:05:24 +0300] "GET /pour-effectuer-nos-instrument-vers-thunes-mega-moolah-avec-2011-vers-2026/ HTTP/1.1" 200 75428 "-" "Mozilla/5.0 (Windows NT 10.0; Win64; x64) AppleWebKit/537.36 (KHTML, like Gecko) Chrome/123.0.0.0 Safari/537.36 OPR/109.0.0.0"
185.216.113.70 - - [19/Apr/2026:15:06:47 +0300] "POST /wp-cron.php?doing_wp_cron=1776600407.3927609920501708984375 HTTP/1.1" 200 448 "-" "WordPress/6.3.8; https://serhatburke.miroglu.net"
185.191.206.81 - - [19/Apr/2026:15:06:16 +0300] "POST /xmlrpc.php HTTP/1.1" 200 630 "-" "Mozilla/5.0 (Windows NT 10.0; Win64; x64) AppleWebKit/537.36 (KHTML, like Gecko) Chrome/114.0.0.0 Safari/537.36"
185.191.206.81 - - [19/Apr/2026:15:06:55 +0300] "POST /xmlrpc.php HTTP/1.1" 200 13395 "-" "Mozilla/5.0 (Windows NT 10.0; Win64; x64) AppleWebKit/537.36 (KHTML, like Gecko) Chrome/114.0.0.0 Safari/537.36"
103.219.169.211 - - [19/Apr/2026:15:07:14 +0300] "POST /xmlrpc.php HTTP/1.1" 200 630 "-" "Mozilla/5.0 (Windows NT 10.0; Win64; x64) AppleWebKit/537.36 (KHTML, like Gecko) Chrome/114.0.0.0 Safari/537.36"
200.25.47.134 - - [19/Apr/2026:15:07:16 +0300] "POST /xmlrpc.php HTTP/1.1" 200 630 "-" "Mozilla/5.0 (Windows NT 10.0; Win64; x64) AppleWebKit/537.36 (KHTML, like Gecko) Chrome/114.0.0.0 Safari/537.36"
185.216.113.70 - - [19/Apr/2026:15:07:54 +0300] "POST /wp-cron.php?doing_wp_cron=1776600474.0054469108581542968750 HTTP/1.1" 200 448 "-" "WordPress/6.3.8; https://serhatburke.miroglu.net"
103.219.169.211 - - [19/Apr/2026:15:07:37 +0300] "POST /xmlrpc.php HTTP/1.1" 200 12022 "-" "Mozilla/5.0 (Windows NT 10.0; Win64; x64) AppleWebKit/537.36 (KHTML, like Gecko) Chrome/114.0.0.0 Safari/537.36"
200.25.47.134 - - [19/Apr/2026:15:07:38 +0300] "POST /xmlrpc.php HTTP/1.1" 200 15949 "-" "Mozilla/5.0 (Windows NT 10.0; Win64; x64) AppleWebKit/537.36 (KHTML, like Gecko) Chrome/114.0.0.0 Safari/537.36"
185.191.206.81 - - [19/Apr/2026:15:07:28 +0300] "GET /galet-autorisation-quelque-peu/ HTTP/1.1" 200 73749 "-" "Mozilla/5.0 (Windows NT 10.0; Win64; x64; rv:125.0) Gecko/20100101 Firefox/125.0"
103.219.169.211 - - [19/Apr/2026:15:07:55 +0300] "GET /roulette-unter-einsatz-von-echtgeld-tipps-strategien-pro-erfolgreiches-auffuhren-%E5%A4%AA%E7%94%B0%E9%9B%BB%E5%AD%90-%E6%96%B0%E3%81%97%E3%81%84%E3%83%A2%E3%83%8E%E4%BD%9C%E3%82%8A%E3%82%92/ HTTP/1.1" 200 77248 "-" "Mozilla/5.0 (Windows NT 10.0; Win64; x64; rv:125.0) Gecko/20100101 Firefox/125.0"
200.25.47.134 - - [19/Apr/2026:15:07:55 +0300] "GET /online-spielsaal-freispiele-and-free-spins-abzuglich-einzahlung-marz-2026/ HTTP/1.1" 200 77652 "-" "Mozilla/5.0 (Windows NT 10.0; Win64; x64; rv:125.0) Gecko/20100101 Firefox/125.0"
185.191.206.81 - - [19/Apr/2026:15:08:09 +0300] "POST /xmlrpc.php HTTP/1.1" 200 630 "-" "Mozilla/5.0 (Windows NT 10.0; Win64; x64) AppleWebKit/537.36 (KHTML, like Gecko) Chrome/114.0.0.0 Safari/537.36"
185.216.113.70 - - [19/Apr/2026:15:09:20 +0300] "POST /wp-cron.php?doing_wp_cron=1776600560.3304669857025146484375 HTTP/1.1" 200 448 "-" "WordPress/6.3.8; https://serhatburke.miroglu.net"
185.191.206.81 - - [19/Apr/2026:15:08:47 +0300] "POST /xmlrpc.php HTTP/1.1" 200 13330 "-" "Mozilla/5.0 (Windows NT 10.0; Win64; x64) AppleWebKit/537.36 (KHTML, like Gecko) Chrome/114.0.0.0 Safari/537.36"
200.25.47.134 - - [19/Apr/2026:15:09:30 +0300] "POST /xmlrpc.php HTTP/1.1" 200 630 "-" "Mozilla/5.0 (Windows NT 10.0; Win64; x64) AppleWebKit/537.36 (KHTML, like Gecko) Chrome/114.0.0.0 Safari/537.36"
185.191.206.81 - - [19/Apr/2026:15:09:23 +0300] "GET /50-tours-non-payants-a-lexclusion-de-conserve-2026-produits-authentiquees/ HTTP/1.1" 200 75112 "-" "Mozilla/5.0 (Windows NT 10.0; rv:125.0) Gecko/20100101 Firefox/125.0"
185.216.113.70 - - [19/Apr/2026:15:10:07 +0300] "POST /wp-cron.php?doing_wp_cron=1776600607.4353148937225341796875 HTTP/1.1" 200 448 "-" "WordPress/6.3.8; https://serhatburke.miroglu.net"
200.25.47.134 - - [19/Apr/2026:15:09:53 +0300] "POST /xmlrpc.php HTTP/1.1" 200 14835 "-" "Mozilla/5.0 (Windows NT 10.0; Win64; x64) AppleWebKit/537.36 (KHTML, like Gecko) Chrome/114.0.0.0 Safari/537.36"
200.25.47.134 - - [19/Apr/2026:15:10:08 +0300] "GET /casumo-spielbank-untersuchung-100-pramie-spielsaal-within-futuriti-50-freispiele-2026-lark-official-website/ HTTP/1.1" 200 77792 "-" "Mozilla/5.0 (Windows NT 10.0; Win64; x64; rv:125.0) Gecko/20100101 Firefox/125.0"
185.191.206.81 - - [19/Apr/2026:15:10:08 +0300] "POST /xmlrpc.php HTTP/1.1" 200 630 "-" "Mozilla/5.0 (Windows NT 10.0; Win64; x64) AppleWebKit/537.36 (KHTML, like Gecko) Chrome/114.0.0.0 Safari/537.36"
185.216.113.70 - - [19/Apr/2026:15:11:02 +0300] "POST /wp-cron.php?doing_wp_cron=1776600662.0431671142578125000000 HTTP/1.1" 200 448 "-" "WordPress/6.3.8; https://serhatburke.miroglu.net"
103.219.169.211 - - [19/Apr/2026:15:10:46 +0300] "POST /xmlrpc.php HTTP/1.1" 200 630 "-" "Mozilla/5.0 (Windows NT 10.0; Win64; x64) AppleWebKit/537.36 (KHTML, like Gecko) Chrome/114.0.0.0 Safari/537.36"
103.219.169.211 - - [19/Apr/2026:15:11:09 +0300] "POST /xmlrpc.php HTTP/1.1" 200 12906 "-" "Mozilla/5.0 (Windows NT 10.0; Win64; x64) AppleWebKit/537.36 (KHTML, like Gecko) Chrome/114.0.0.0 Safari/537.36"
185.216.113.70 - - [19/Apr/2026:15:11:31 +0300] "POST /wp-cron.php?doing_wp_cron=1776600691.1866619586944580078125 HTTP/1.1" 200 448 "-" "WordPress/6.3.8; https://serhatburke.miroglu.net"
185.191.206.81 - - [19/Apr/2026:15:10:55 +0300] "POST /xmlrpc.php HTTP/1.1" 200 13623 "-" "Mozilla/5.0 (Windows NT 10.0; Win64; x64) AppleWebKit/537.36 (KHTML, like Gecko) Chrome/114.0.0.0 Safari/537.36"
103.219.169.211 - - [19/Apr/2026:15:11:25 +0300] "GET /beste-paypal-erreichbar-casinos-2026-alle-anbieter-as-part-of-land-der-dichter-und-denker/ HTTP/1.1" 200 75326 "-" "Mozilla/5.0 (Windows NT 10.0; Win64; x64) AppleWebKit/537.36 (KHTML, like Gecko) Chrome/109.0.0.0 Safari/537.36"
200.25.47.134 - - [19/Apr/2026:15:12:02 +0300] "POST /xmlrpc.php HTTP/1.1" 200 630 "-" "Mozilla/5.0 (Windows NT 10.0; Win64; x64) AppleWebKit/537.36 (KHTML, like Gecko) Chrome/114.0.0.0 Safari/537.36"
185.191.206.81 - - [19/Apr/2026:15:11:53 +0300] "GET /site-internet-parti-des-jeux-en-compagnie-de-salle-de-jeu-un-peu/ HTTP/1.1" 200 74923 "-" "Mozilla/5.0 (Windows NT 10.0; Win64; x64; rv:125.0) Gecko/20100101 Firefox/125.0"
200.25.47.117 - - [19/Apr/2026:15:12:12 +0300] "POST /xmlrpc.php HTTP/1.1" 200 630 "-" "Mozilla/5.0 (Windows NT 10.0; Win64; x64) AppleWebKit/537.36 (KHTML, like Gecko) Chrome/114.0.0.0 Safari/537.36"
185.216.113.70 - - [19/Apr/2026:15:12:37 +0300] "POST /wp-cron.php?doing_wp_cron=1776600757.1557259559631347656250 HTTP/1.1" 200 448 "-" "WordPress/6.3.8; https://serhatburke.miroglu.net"
200.25.47.134 - - [19/Apr/2026:15:12:24 +0300] "POST /xmlrpc.php HTTP/1.1" 200 15621 "-" "Mozilla/5.0 (Windows NT 10.0; Win64; x64) AppleWebKit/537.36 (KHTML, like Gecko) Chrome/114.0.0.0 Safari/537.36"
200.25.47.117 - - [19/Apr/2026:15:12:33 +0300] "POST /xmlrpc.php HTTP/1.1" 200 15217 "-" "Mozilla/5.0 (Windows NT 10.0; Win64; x64) AppleWebKit/537.36 (KHTML, like Gecko) Chrome/114.0.0.0 Safari/537.36"
200.25.47.134 - - [19/Apr/2026:15:12:39 +0300] "GET /echtgeld-casinos-ihr-guide-uber-das-auffuhren-um-echtgeld/ HTTP/1.1" 200 77132 "-" "Mozilla/5.0 (Windows NT 10.0; rv:125.0) Gecko/20100101 Firefox/125.0"
200.25.47.117 - - [19/Apr/2026:15:12:51 +0300] "GET /gokkasten-speel-waarderen-online-gokkasten-voor-of-in-werkelijk-geld/ HTTP/1.1" 200 76755 "-" "Mozilla/5.0 (Windows NT 10.0; Win64; x64; rv:125.0) Gecko/20100101 Firefox/125.0"
185.216.113.70 - - [19/Apr/2026:15:14:39 +0300] "POST /wp-cron.php?doing_wp_cron=1776600879.4168889522552490234375 HTTP/1.1" 200 448 "-" "WordPress/6.3.8; https://serhatburke.miroglu.net"
103.219.169.211 - - [19/Apr/2026:15:14:25 +0300] "POST /xmlrpc.php HTTP/1.1" 200 630 "-" "Mozilla/5.0 (Windows NT 10.0; Win64; x64) AppleWebKit/537.36 (KHTML, like Gecko) Chrome/114.0.0.0 Safari/537.36"
103.219.169.211 - - [19/Apr/2026:15:14:46 +0300] "POST /xmlrpc.php HTTP/1.1" 200 12711 "-" "Mozilla/5.0 (Windows NT 10.0; Win64; x64) AppleWebKit/537.36 (KHTML, like Gecko) Chrome/114.0.0.0 Safari/537.36"
103.219.169.211 - - [19/Apr/2026:15:15:03 +0300] "GET /wunderino-pramie-code-2026-400-neukundenbonus-einlosen/ HTTP/1.1" 200 74090 "-" "Mozilla/5.0 (Windows NT 10.0; Win64; x64) AppleWebKit/537.36 (KHTML, like Gecko) Chrome/109.0.0.0 Safari/537.36"
200.25.47.134 - - [19/Apr/2026:15:15:10 +0300] "POST /xmlrpc.php HTTP/1.1" 200 630 "-" "Mozilla/5.0 (Windows NT 10.0; Win64; x64) AppleWebKit/537.36 (KHTML, like Gecko) Chrome/114.0.0.0 Safari/537.36"
185.216.113.70 - - [19/Apr/2026:15:15:43 +0300] "POST /wp-cron.php?doing_wp_cron=1776600943.3507549762725830078125 HTTP/1.1" 200 448 "-" "WordPress/6.3.8; https://serhatburke.miroglu.net"
200.25.47.134 - - [19/Apr/2026:15:15:29 +0300] "POST /xmlrpc.php HTTP/1.1" 200 15214 "-" "Mozilla/5.0 (Windows NT 10.0; Win64; x64) AppleWebKit/537.36 (KHTML, like Gecko) Chrome/114.0.0.0 Safari/537.36"
200.25.47.117 - - [19/Apr/2026:15:15:41 +0300] "POST /xmlrpc.php HTTP/1.1" 200 630 "-" "Mozilla/5.0 (Windows NT 10.0; Win64; x64) AppleWebKit/537.36 (KHTML, like Gecko) Chrome/114.0.0.0 Safari/537.36"
200.25.47.134 - - [19/Apr/2026:15:15:45 +0300] "GET /online-spielsaal-provision-unter-einsatz-von-and-abzuglich-einzahlung-inoffizieller-mitarbeiter-kollationieren/ HTTP/1.1" 200 78061 "-" "Mozilla/5.0 (Windows NT 10.0; Win64; x64) AppleWebKit/537.36 (KHTML, like Gecko) Chrome/109.0.0.0 Safari/537.36"
200.25.47.117 - - [19/Apr/2026:15:16:05 +0300] "POST /xmlrpc.php HTTP/1.1" 200 14657 "-" "Mozilla/5.0 (Windows NT 10.0; Win64; x64) AppleWebKit/537.36 (KHTML, like Gecko) Chrome/114.0.0.0 Safari/537.36"
200.25.47.117 - - [19/Apr/2026:15:16:19 +0300] "GET /speel-30-000-gratis-gokkasten-gokhal-spellen-online/ HTTP/1.1" 200 75620 "-" "Mozilla/5.0 (Windows NT 10.0; rv:125.0) Gecko/20100101 Firefox/125.0"
185.216.113.70 - - [19/Apr/2026:15:17:44 +0300] "POST /wp-cron.php?doing_wp_cron=1776601064.8561220169067382812500 HTTP/1.1" 200 448 "-" "WordPress/6.3.8; https://serhatburke.miroglu.net"
103.219.169.211 - - [19/Apr/2026:15:17:31 +0300] "POST /xmlrpc.php HTTP/1.1" 200 630 "-" "Mozilla/5.0 (Windows NT 10.0; Win64; x64) AppleWebKit/537.36 (KHTML, like Gecko) Chrome/114.0.0.0 Safari/537.36"
107.152.46.252 - - [19/Apr/2026:15:17:38 +0300] "GET /zotabet-casino-bonus-premier-depot-2026/ HTTP/1.1" 200 18537 "https://serhatburke.miroglu.net/" "Mozilla/5.0 (Windows NT 10.0; WOW64) AppleWebKit/537.36 (KHTML, like Gecko) Chrome/114.0.0.0 Safari/537.36 Vivaldi/5.3.2679.68"
200.25.47.134 - - [19/Apr/2026:15:17:45 +0300] "POST /xmlrpc.php HTTP/1.1" 200 630 "-" "Mozilla/5.0 (Windows NT 10.0; Win64; x64) AppleWebKit/537.36 (KHTML, like Gecko) Chrome/114.0.0.0 Safari/537.36"
103.219.169.211 - - [19/Apr/2026:15:17:52 +0300] "POST /xmlrpc.php HTTP/1.1" 200 15151 "-" "Mozilla/5.0 (Windows NT 10.0; Win64; x64) AppleWebKit/537.36 (KHTML, like Gecko) Chrome/114.0.0.0 Safari/537.36"
107.152.46.252 - - [19/Apr/2026:15:18:00 +0300] "POST /wp-comments-post.php HTTP/1.1" 302 1087 "https://serhatburke.miroglu.net/zotabet-casino-bonus-premier-depot-2026/" "Mozilla/5.0 (Windows NT 10.0; WOW64) AppleWebKit/537.36 (KHTML, like Gecko) Chrome/114.0.0.0 Safari/537.36 Vivaldi/5.3.2679.68"
200.25.47.117 - - [19/Apr/2026:15:18:10 +0300] "POST /xmlrpc.php HTTP/1.1" 200 630 "-" "Mozilla/5.0 (Windows NT 10.0; Win64; x64) AppleWebKit/537.36 (KHTML, like Gecko) Chrome/114.0.0.0 Safari/537.36"
200.25.47.134 - - [19/Apr/2026:15:18:16 +0300] "POST /xmlrpc.php HTTP/1.1" 200 14697 "-" "Mozilla/5.0 (Windows NT 10.0; Win64; x64) AppleWebKit/537.36 (KHTML, like Gecko) Chrome/114.0.0.0 Safari/537.36"
107.152.46.252 - - [19/Apr/2026:15:18:21 +0300] "GET /zotabet-casino-bonus-premier-depot-2026/?unapproved=503&moderation-hash=f14b47469b1b9fb38c9de6b5abe50012 HTTP/1.1" 200 18957 "https://serhatburke.miroglu.net/wp-comments-post.php" "Mozilla/5.0 (Windows NT 10.0; WOW64) AppleWebKit/537.36 (KHTML, like Gecko) Chrome/114.0.0.0 Safari/537.36 Vivaldi/5.3.2679.68"
103.219.169.211 - - [19/Apr/2026:15:18:17 +0300] "GET /lizenzierte-seriose-anbieter-im-test/ HTTP/1.1" 200 75768 "-" "Mozilla/5.0 (Windows NT 10.0; Win64; x64) AppleWebKit/537.36 (KHTML, like Gecko) Chrome/122.0.0.0 Safari/537.36"
185.216.113.70 - - [19/Apr/2026:15:18:55 +0300] "POST /wp-cron.php?doing_wp_cron=1776601135.7105379104614257812500 HTTP/1.1" 200 448 "-" "WordPress/6.3.8; https://serhatburke.miroglu.net"
200.25.47.117 - - [19/Apr/2026:15:18:37 +0300] "POST /xmlrpc.php HTTP/1.1" 200 11833 "-" "Mozilla/5.0 (Windows NT 10.0; Win64; x64) AppleWebKit/537.36 (KHTML, like Gecko) Chrome/114.0.0.0 Safari/537.36"
107.152.46.252 - - [19/Apr/2026:15:18:39 +0300] "GET /zotabet-casino-bonus-premier-depot-2026/ HTTP/1.1" 200 18530 "-" "Mozilla/5.0 (Windows NT 10.0; WOW64) AppleWebKit/537.36 (KHTML, like Gecko) Chrome/114.0.0.0 Safari/537.36 Vivaldi/5.3.2679.68"
200.25.47.134 - - [19/Apr/2026:15:18:38 +0300] "GET /der-beste-erreichbar-casino-bonus-exklusive-einzahlung-2026/ HTTP/1.1" 200 76124 "-" "Mozilla/5.0 (Windows NT 10.0; Win64; x64) AppleWebKit/537.36 (KHTML, like Gecko) Chrome/109.0.0.0 Safari/537.36"
200.25.47.117 - - [19/Apr/2026:15:18:57 +0300] "GET /blazer-5-nettcasinoer-med-ekte-formue-danselat-og-vinn-edel-penger/ HTTP/1.1" 200 73180 "-" "Mozilla/5.0 (Windows NT 10.0; Win64; x64) AppleWebKit/537.36 (KHTML, like Gecko) Chrome/123.0.0.0 Safari/537.36 OPR/109.0.0.0"
185.216.113.70 - - [19/Apr/2026:15:20:02 +0300] "POST /wp-cron.php?doing_wp_cron=1776601202.0989561080932617187500 HTTP/1.1" 200 448 "-" "WordPress/6.3.8; https://serhatburke.miroglu.net"
66.249.73.14 - - [19/Apr/2026:15:19:46 +0300] "GET /robots.txt HTTP/1.1" 200 719 "-" "Mozilla/5.0 (compatible; Googlebot/2.1; +http://www.google.com/bot.html)"
66.249.73.15 - - [19/Apr/2026:15:20:04 +0300] "GET /elevate-your-gameplay-master-the-thrill-of-increasing/ HTTP/1.1" 200 19914 "-" "Mozilla/5.0 (Linux; Android 6.0.1; Nexus 5X Build/MMB29P) AppleWebKit/537.36 (KHTML, like Gecko) Chrome/146.0.7680.177 Mobile Safari/537.36 (compatible; GoogleOther)"
185.191.206.81 - - [19/Apr/2026:15:19:50 +0300] "POST /xmlrpc.php HTTP/1.1" 200 630 "-" "Mozilla/5.0 (Windows NT 10.0; Win64; x64) AppleWebKit/537.36 (KHTML, like Gecko) Chrome/114.0.0.0 Safari/537.36"
185.216.113.70 - - [19/Apr/2026:15:20:19 +0300] "GET / HTTP/1.1" 200 19451 "-" "WordPress/6.3.8; https://serhatburke.miroglu.net"
66.249.73.14 - - [19/Apr/2026:15:20:32 +0300] "GET /elevate-your-gameplay-master-the-thrill-of-increasing/undefined?ts=1775520000 HTTP/1.1" 200 0 "https://serhatburke.miroglu.net/elevate-your-gameplay-master-the-thrill-of-increasing/" "Mozilla/5.0 (Linux; Android 6.0.1; Nexus 5X Build/MMB29P) AppleWebKit/537.36 (KHTML, like Gecko) Chrome/146.0.7680.177 Mobile Safari/537.36 (compatible; GoogleOther)"
185.216.113.70 - - [19/Apr/2026:15:20:24 +0300] "GET / HTTP/1.1" 200 17082 "-" "WordPress/6.3.8; https://serhatburke.miroglu.net"
66.249.73.14 - - [19/Apr/2026:15:20:44 +0300] "GET /elevate-your-gameplay-master-the-thrill-of-increasing/undefined?ts=1775520000 HTTP/1.1" 200 0 "https://serhatburke.miroglu.net/elevate-your-gameplay-master-the-thrill-of-increasing/" "Mozilla/5.0 (Linux; Android 6.0.1; Nexus 5X Build/MMB29P) AppleWebKit/537.36 (KHTML, like Gecko) Chrome/146.0.7680.177 Mobile Safari/537.36 (compatible; GoogleOther)"
185.216.113.70 - - [19/Apr/2026:15:20:56 +0300] "POST /wp-cron.php?doing_wp_cron=1776601255.8970758914947509765625 HTTP/1.1" 200 448 "-" "WordPress/6.3.8; https://serhatburke.miroglu.net"
103.219.169.211 - - [19/Apr/2026:15:20:40 +0300] "POST /xmlrpc.php HTTP/1.1" 200 630 "-" "Mozilla/5.0 (Windows NT 10.0; Win64; x64) AppleWebKit/537.36 (KHTML, like Gecko) Chrome/114.0.0.0 Safari/537.36"
66.249.73.14 - - [19/Apr/2026:15:20:56 +0300] "GET /elevate-your-gameplay-master-the-thrill-of-increasing/undefined?ts=1775520000 HTTP/1.1" 200 0 "https://serhatburke.miroglu.net/elevate-your-gameplay-master-the-thrill-of-increasing/" "Mozilla/5.0 (Linux; Android 6.0.1; Nexus 5X Build/MMB29P) AppleWebKit/537.36 (KHTML, like Gecko) Chrome/146.0.7680.177 Mobile Safari/537.36 (compatible; GoogleOther)"
185.216.113.70 - - [19/Apr/2026:15:21:15 +0300] "POST /wp-cron.php?doing_wp_cron=1776601275.2851688861846923828125 HTTP/1.1" 200 448 "-" "WordPress/6.3.8; https://serhatburke.miroglu.net"
185.191.206.81 - - [19/Apr/2026:15:20:34 +0300] "POST /xmlrpc.php HTTP/1.1" 200 11822 "-" "Mozilla/5.0 (Windows NT 10.0; Win64; x64) AppleWebKit/537.36 (KHTML, like Gecko) Chrome/114.0.0.0 Safari/537.36"
66.249.73.14 - - [19/Apr/2026:15:21:08 +0300] "GET /elevate-your-gameplay-master-the-thrill-of-increasing/undefined?ts=1775520000 HTTP/1.1" 200 0 "https://serhatburke.miroglu.net/elevate-your-gameplay-master-the-thrill-of-increasing/" "Mozilla/5.0 (Linux; Android 6.0.1; Nexus 5X Build/MMB29P) AppleWebKit/537.36 (KHTML, like Gecko) Chrome/146.0.7680.177 Mobile Safari/537.36 (compatible; GoogleOther)"
103.219.169.211 - - [19/Apr/2026:15:21:11 +0300] "POST /xmlrpc.php HTTP/1.1" 200 12500 "-" "Mozilla/5.0 (Windows NT 10.0; Win64; x64) AppleWebKit/537.36 (KHTML, like Gecko) Chrome/114.0.0.0 Safari/537.36"
200.25.47.134 - - [19/Apr/2026:15:21:17 +0300] "POST /xmlrpc.php HTTP/1.1" 200 630 "-" "Mozilla/5.0 (Windows NT 10.0; Win64; x64) AppleWebKit/537.36 (KHTML, like Gecko) Chrome/114.0.0.0 Safari/537.36"
107.152.46.252 - - [19/Apr/2026:15:21:22 +0300] "GET /zotabet-casino-bonus-premier-depot-2026/ HTTP/1.1" 200 18530 "-" "Mozilla/5.0 (Windows NT 10.0; Win64; x64) AppleWebKit/537.36 (KHTML, like Gecko) Chrome/114.0.0.0 Safari/537.36 Vivaldi/5.3.2679.68"
103.219.169.211 - - [19/Apr/2026:15:21:48 +0300] "GET /freispiele-ohne-einzahlung-2026-100-gratis-sofortig/ HTTP/1.1" 200 73767 "-" "Mozilla/5.0 (Windows NT 10.0; Win64; x64) AppleWebKit/537.36 (KHTML, like Gecko) Chrome/123.0.0.0 Safari/537.36"
185.191.206.81 - - [19/Apr/2026:15:21:15 +0300] "GET /big-casino-esame-critico-completa-opinioni-gratifica-app-mobilio/ HTTP/1.1" 200 73503 "-" "Mozilla/5.0 (Windows NT 10.0; Win64; x64) AppleWebKit/537.36 (KHTML, like Gecko) Chrome/122.0.0.0 Safari/537.36"
185.216.113.70 - - [19/Apr/2026:15:22:13 +0300] "POST /wp-cron.php?doing_wp_cron=1776601333.8745799064636230468750 HTTP/1.1" 200 448 "-" "WordPress/6.3.8; https://serhatburke.miroglu.net"
200.25.47.134 - - [19/Apr/2026:15:21:59 +0300] "POST /xmlrpc.php HTTP/1.1" 200 15704 "-" "Mozilla/5.0 (Windows NT 10.0; Win64; x64) AppleWebKit/537.36 (KHTML, like Gecko) Chrome/114.0.0.0 Safari/537.36"
200.25.47.134 - - [19/Apr/2026:15:22:15 +0300] "GET /wunderino-maklercourtage-2-codes-agent-jane-blonde-spielsaal-and-kupon-ohne-einzahlung/ HTTP/1.1" 200 78212 "-" "Mozilla/5.0 (Windows NT 10.0; Win64; x64) AppleWebKit/537.36 (KHTML, like Gecko) Chrome/123.0.0.0 Safari/537.36"
45.91.236.98 - - [19/Apr/2026:15:23:27 +0300] "GET /wp-config-sample.php?callzlswp HTTP/1.1" 200 595 "-" "Mozilla/5.0 (Macintosh; Intel Mac OS X 10_13_3) AppleWebKit/537.36 (KHTML, like Gecko) Chrome/66.0.3359.117 Safari/537.36"
198.13.190.60 - - [19/Apr/2026:15:23:49 +0300] "POST /wp-config-sample.php?callzlswp HTTP/1.1" 200 595 "-" "Mozilla/5.0 (Macintosh; Intel Mac OS X 10_12) AppleWebKit/602.1.38 (KHTML, like Gecko) Version/10.0 Safari/602.1.38"
198.13.190.60 - - [19/Apr/2026:15:23:52 +0300] "POST /wp-config-sample.php?callzlswp HTTP/1.1" 200 503 "-" "Mozilla/5.0 (Windows NT 6.1; WOW64; Trident/7.0; Ypkch32; rv:11.0) like Gecko"
185.216.113.70 - - [19/Apr/2026:15:24:04 +0300] "POST /wp-cron.php?doing_wp_cron=1776601444.5941369533538818359375 HTTP/1.1" 200 448 "-" "WordPress/6.3.8; https://serhatburke.miroglu.net"
103.219.169.211 - - [19/Apr/2026:15:23:52 +0300] "POST /xmlrpc.php HTTP/1.1" 200 630 "-" "Mozilla/5.0 (Windows NT 10.0; Win64; x64) AppleWebKit/537.36 (KHTML, like Gecko) Chrome/114.0.0.0 Safari/537.36"
103.219.169.211 - - [19/Apr/2026:15:24:11 +0300] "POST /xmlrpc.php HTTP/1.1" 200 11887 "-" "Mozilla/5.0 (Windows NT 10.0; Win64; x64) AppleWebKit/537.36 (KHTML, like Gecko) Chrome/114.0.0.0 Safari/537.36"
103.219.169.211 - - [19/Apr/2026:15:24:25 +0300] "GET /play-now-4/ HTTP/1.1" 200 72247 "-" "Mozilla/5.0 (Windows NT 10.0; Win64; x64) AppleWebKit/537.36 (KHTML, like Gecko) Chrome/124.0.0.0 Safari/537.36"
185.216.113.70 - - [19/Apr/2026:15:24:49 +0300] "POST /wp-cron.php?doing_wp_cron=1776601489.6458179950714111328125 HTTP/1.1" 200 448 "-" "WordPress/6.3.8; https://serhatburke.miroglu.net"
200.25.47.134 - - [19/Apr/2026:15:24:36 +0300] "POST /xmlrpc.php HTTP/1.1" 200 630 "-" "Mozilla/5.0 (Windows NT 10.0; Win64; x64) AppleWebKit/537.36 (KHTML, like Gecko) Chrome/114.0.0.0 Safari/537.36"
200.25.47.134 - - [19/Apr/2026:15:24:56 +0300] "POST /xmlrpc.php HTTP/1.1" 200 14457 "-" "Mozilla/5.0 (Windows NT 10.0; Win64; x64) AppleWebKit/537.36 (KHTML, like Gecko) Chrome/114.0.0.0 Safari/537.36"
200.25.47.134 - - [19/Apr/2026:15:25:11 +0300] "GET /traktandum-anbieter-2026/ HTTP/1.1" 200 74985 "-" "Mozilla/5.0 (Windows NT 10.0; rv:125.0) Gecko/20100101 Firefox/125.0"
185.216.113.70 - - [19/Apr/2026:15:26:58 +0300] "POST /wp-cron.php?doing_wp_cron=1776601618.0785129070281982421875 HTTP/1.1" 200 448 "-" "WordPress/6.3.8; https://serhatburke.miroglu.net"
185.191.206.81 - - [19/Apr/2026:15:26:27 +0300] "POST /xmlrpc.php HTTP/1.1" 500 1102 "-" "Mozilla/5.0 (Windows NT 10.0; Win64; x64) AppleWebKit/537.36 (KHTML, like Gecko) Chrome/114.0.0.0 Safari/537.36"
200.25.47.117 - - [19/Apr/2026:15:27:00 +0300] "POST /xmlrpc.php HTTP/1.1" 200 630 "-" "Mozilla/5.0 (Windows NT 10.0; Win64; x64) AppleWebKit/537.36 (KHTML, like Gecko) Chrome/114.0.0.0 Safari/537.36"
103.219.169.211 - - [19/Apr/2026:15:27:02 +0300] "POST /xmlrpc.php HTTP/1.1" 200 630 "-" "Mozilla/5.0 (Windows NT 10.0; Win64; x64) AppleWebKit/537.36 (KHTML, like Gecko) Chrome/114.0.0.0 Safari/537.36"
200.25.47.117 - - [19/Apr/2026:15:27:24 +0300] "POST /xmlrpc.php HTTP/1.1" 200 11836 "-" "Mozilla/5.0 (Windows NT 10.0; Win64; x64) AppleWebKit/537.36 (KHTML, like Gecko) Chrome/114.0.0.0 Safari/537.36"
103.219.169.211 - - [19/Apr/2026:15:27:27 +0300] "POST /xmlrpc.php HTTP/1.1" 200 12069 "-" "Mozilla/5.0 (Windows NT 10.0; Win64; x64) AppleWebKit/537.36 (KHTML, like Gecko) Chrome/114.0.0.0 Safari/537.36"
200.25.47.117 - - [19/Apr/2026:15:27:41 +0300] "GET /prisliste-knusleri-avslore-rentene-for-spareproduktene/ HTTP/1.1" 200 73158 "-" "Mozilla/5.0 (Windows NT 10.0; Win64; x64) AppleWebKit/537.36 (KHTML, like Gecko) Chrome/124.0.0.0 Safari/537.36"
103.219.169.211 - - [19/Apr/2026:15:27:43 +0300] "GET /spielbank-maklercourtage-exklusive-einzahlung-2026-no-frankierung-provision/ HTTP/1.1" 200 74188 "-" "Mozilla/5.0 (Windows NT 10.0; Win64; x64; rv:125.0) Gecko/20100101 Firefox/125.0"
185.216.113.70 - - [19/Apr/2026:15:28:22 +0300] "POST /wp-cron.php?doing_wp_cron=1776601702.9191720485687255859375 HTTP/1.1" 200 448 "-" "WordPress/6.3.8; https://serhatburke.miroglu.net"
200.25.47.134 - - [19/Apr/2026:15:28:08 +0300] "POST /xmlrpc.php HTTP/1.1" 200 630 "-" "Mozilla/5.0 (Windows NT 10.0; Win64; x64) AppleWebKit/537.36 (KHTML, like Gecko) Chrome/114.0.0.0 Safari/537.36"
200.25.47.134 - - [19/Apr/2026:15:28:29 +0300] "POST /xmlrpc.php HTTP/1.1" 200 15519 "-" "Mozilla/5.0 (Windows NT 10.0; Win64; x64) AppleWebKit/537.36 (KHTML, like Gecko) Chrome/114.0.0.0 Safari/537.36"
200.25.47.117 - - [19/Apr/2026:15:28:37 +0300] "POST /xmlrpc.php HTTP/1.1" 200 630 "-" "Mozilla/5.0 (Windows NT 10.0; Win64; x64) AppleWebKit/537.36 (KHTML, like Gecko) Chrome/114.0.0.0 Safari/537.36"
200.25.47.134 - - [19/Apr/2026:15:28:46 +0300] "GET /erreichbar-kasino-legal-and-schwarz-as-part-of-deutschland-2025/ HTTP/1.1" 200 76947 "-" "Mozilla/5.0 (Windows NT 10.0; Win64; x64) AppleWebKit/537.36 (KHTML, like Gecko) Chrome/123.0.0.0 Safari/537.36 OPR/109.0.0.0"
200.25.47.117 - - [19/Apr/2026:15:28:57 +0300] "POST /xmlrpc.php HTTP/1.1" 200 11958 "-" "Mozilla/5.0 (Windows NT 10.0; Win64; x64) AppleWebKit/537.36 (KHTML, like Gecko) Chrome/114.0.0.0 Safari/537.36"
185.216.113.70 - - [19/Apr/2026:15:29:25 +0300] "POST /wp-cron.php?doing_wp_cron=1776601764.8762159347534179687500 HTTP/1.1" 200 448 "-" "WordPress/6.3.8; https://serhatburke.miroglu.net"
200.25.47.117 - - [19/Apr/2026:15:29:12 +0300] "GET /beste-casino-for-nett-inni-2026-blazer-10-norske-nettcasinoer/ HTTP/1.1" 200 73071 "-" "Mozilla/5.0 (Windows NT 10.0; Win64; x64) AppleWebKit/537.36 (KHTML, like Gecko) Chrome/109.0.0.0 Safari/537.36"
185.216.113.70 - - [19/Apr/2026:15:30:33 +0300] "POST /wp-cron.php?doing_wp_cron=1776601833.0441799163818359375000 HTTP/1.1" 200 448 "-" "WordPress/6.3.8; https://serhatburke.miroglu.net"
200.25.47.117 - - [19/Apr/2026:15:30:14 +0300] "POST /xmlrpc.php HTTP/1.1" 200 630 "-" "Mozilla/5.0 (Windows NT 10.0; Win64; x64) AppleWebKit/537.36 (KHTML, like Gecko) Chrome/114.0.0.0 Safari/537.36"
103.219.169.211 - - [19/Apr/2026:15:30:23 +0300] "POST /xmlrpc.php HTTP/1.1" 200 630 "-" "Mozilla/5.0 (Windows NT 10.0; Win64; x64) AppleWebKit/537.36 (KHTML, like Gecko) Chrome/114.0.0.0 Safari/537.36"
200.25.47.117 - - [19/Apr/2026:15:30:39 +0300] "POST /xmlrpc.php HTTP/1.1" 200 11975 "-" "Mozilla/5.0 (Windows NT 10.0; Win64; x64) AppleWebKit/537.36 (KHTML, like Gecko) Chrome/114.0.0.0 Safari/537.36"
103.219.169.211 - - [19/Apr/2026:15:30:44 +0300] "POST /xmlrpc.php HTTP/1.1" 200 11448 "-" "Mozilla/5.0 (Windows NT 10.0; Win64; x64) AppleWebKit/537.36 (KHTML, like Gecko) Chrome/114.0.0.0 Safari/537.36"
216.73.217.33 - - [19/Apr/2026:15:30:54 +0300] "GET /robots.txt HTTP/2" 200 110 "-" "Mozilla/5.0 AppleWebKit/537.36 (KHTML, like Gecko; compatible; ClaudeBot/1.0; +claudebot@anthropic.com)"
200.25.47.117 - - [19/Apr/2026:15:30:54 +0300] "GET /fri-spilleautomater-2024-se-norges-beste-big-bang-1-innskudd-assortiment-bec-equipment-llc-boiler-service-sales-repairs-chicagoland-area/ HTTP/1.1" 200 75475 "-" "Mozilla/5.0 (Windows NT 10.0; Win64; x64) AppleWebKit/537.36 (KHTML, like Gecko) Chrome/109.0.0.0 Safari/537.36"
103.219.169.211 - - [19/Apr/2026:15:31:00 +0300] "GET /beste-angeschlossen-casinos-2026-220-geprufte-casinos-im-kollation/ HTTP/1.1" 200 73178 "-" "Mozilla/5.0 (Windows NT 10.0; Win64; x64) AppleWebKit/537.36 (KHTML, like Gecko) Chrome/122.0.0.0 Safari/537.36"
216.73.217.33 - - [19/Apr/2026:15:31:14 +0300] "GET /unlock-top-benefits-with-bonus-code-gamblezen-casino-for-uk-players/ HTTP/2" 200 0 "-" "Mozilla/5.0 AppleWebKit/537.36 (KHTML, like Gecko; compatible; ClaudeBot/1.0; +claudebot@anthropic.com)"
185.216.113.70 - - [19/Apr/2026:15:32:01 +0300] "POST /wp-cron.php?doing_wp_cron=1776601921.0891768932342529296875 HTTP/1.1" 200 448 "-" "WordPress/6.3.8; https://serhatburke.miroglu.net"
200.25.47.134 - - [19/Apr/2026:15:31:49 +0300] "POST /xmlrpc.php HTTP/1.1" 200 630 "-" "Mozilla/5.0 (Windows NT 10.0; Win64; x64) AppleWebKit/537.36 (KHTML, like Gecko) Chrome/114.0.0.0 Safari/537.36"
200.25.47.117 - - [19/Apr/2026:15:31:51 +0300] "POST /xmlrpc.php HTTP/1.1" 200 630 "-" "Mozilla/5.0 (Windows NT 10.0; Win64; x64) AppleWebKit/537.36 (KHTML, like Gecko) Chrome/114.0.0.0 Safari/537.36"
200.25.47.134 - - [19/Apr/2026:15:32:07 +0300] "POST /xmlrpc.php HTTP/1.1" 200 15088 "-" "Mozilla/5.0 (Windows NT 10.0; Win64; x64) AppleWebKit/537.36 (KHTML, like Gecko) Chrome/114.0.0.0 Safari/537.36"
200.25.47.117 - - [19/Apr/2026:15:32:10 +0300] "POST /xmlrpc.php HTTP/1.1" 200 11713 "-" "Mozilla/5.0 (Windows NT 10.0; Win64; x64) AppleWebKit/537.36 (KHTML, like Gecko) Chrome/114.0.0.0 Safari/537.36"
200.25.47.134 - - [19/Apr/2026:15:32:22 +0300] "GET /lizenzierte-und-seriose-versorger-im-erprobung/ HTTP/1.1" 200 76430 "-" "Mozilla/5.0 (Windows NT 10.0; rv:109.0) Gecko/20100101 Firefox/115.0"
185.216.113.70 - - [19/Apr/2026:15:32:42 +0300] "POST /wp-cron.php?doing_wp_cron=1776601961.9232521057128906250000 HTTP/1.1" 200 448 "-" "WordPress/6.3.8; https://serhatburke.miroglu.net"
200.25.47.117 - - [19/Apr/2026:15:32:25 +0300] "GET /casino-arv-uten-gave-casino-og-fri-formue-2026/ HTTP/1.1" 200 72328 "-" "Mozilla/5.0 (Windows NT 10.0; rv:125.0) Gecko/20100101 Firefox/125.0"
103.219.169.211 - - [19/Apr/2026:15:33:26 +0300] "POST /xmlrpc.php HTTP/1.1" 200 630 "-" "Mozilla/5.0 (Windows NT 10.0; Win64; x64) AppleWebKit/537.36 (KHTML, like Gecko) Chrome/114.0.0.0 Safari/537.36"
185.216.113.70 - - [19/Apr/2026:15:33:57 +0300] "POST /wp-cron.php?doing_wp_cron=1776602037.4486410617828369140625 HTTP/1.1" 200 448 "-" "WordPress/6.3.8; https://serhatburke.miroglu.net"
103.219.169.211 - - [19/Apr/2026:15:33:45 +0300] "POST /xmlrpc.php HTTP/1.1" 200 11638 "-" "Mozilla/5.0 (Windows NT 10.0; Win64; x64) AppleWebKit/537.36 (KHTML, like Gecko) Chrome/114.0.0.0 Safari/537.36"
103.219.169.211 - - [19/Apr/2026:15:33:59 +0300] "GET /casino-maklercourtage-exklusive-einzahlung-2026-neue-no-vorleistung-boni/ HTTP/1.1" 200 73675 "-" "Mozilla/5.0 (Windows NT 10.0; Win64; x64) AppleWebKit/537.36 (KHTML, like Gecko) Chrome/123.0.0.0 Safari/537.36"
185.216.113.70 - - [19/Apr/2026:15:35:29 +0300] "POST /wp-cron.php?doing_wp_cron=1776602129.7552299499511718750000 HTTP/1.1" 200 448 "-" "WordPress/6.3.8; https://serhatburke.miroglu.net"
200.25.47.134 - - [19/Apr/2026:15:35:17 +0300] "POST /xmlrpc.php HTTP/1.1" 200 630 "-" "Mozilla/5.0 (Windows NT 10.0; Win64; x64) AppleWebKit/537.36 (KHTML, like Gecko) Chrome/114.0.0.0 Safari/537.36"
200.25.47.134 - - [19/Apr/2026:15:35:36 +0300] "POST /xmlrpc.php HTTP/1.1" 200 14828 "-" "Mozilla/5.0 (Windows NT 10.0; Win64; x64) AppleWebKit/537.36 (KHTML, like Gecko) Chrome/114.0.0.0 Safari/537.36"
200.25.47.134 - - [19/Apr/2026:15:35:54 +0300] "GET /casino-provision-ohne-einzahlung-marz-2026/ HTTP/1.1" 200 75740 "-" "Mozilla/5.0 (Windows NT 10.0; Win64; x64) AppleWebKit/537.36 (KHTML, like Gecko) Chrome/122.0.0.0 Safari/537.36"
185.216.113.70 - - [19/Apr/2026:15:36:50 +0300] "POST /wp-cron.php?doing_wp_cron=1776602210.3901550769805908203125 HTTP/1.1" 200 448 "-" "WordPress/6.3.8; https://serhatburke.miroglu.net"
103.219.169.211 - - [19/Apr/2026:15:36:33 +0300] "POST /xmlrpc.php HTTP/1.1" 200 630 "-" "Mozilla/5.0 (Windows NT 10.0; Win64; x64) AppleWebKit/537.36 (KHTML, like Gecko) Chrome/114.0.0.0 Safari/537.36"
103.219.169.211 - - [19/Apr/2026:15:36:57 +0300] "POST /xmlrpc.php HTTP/1.1" 200 12776 "-" "Mozilla/5.0 (Windows NT 10.0; Win64; x64) AppleWebKit/537.36 (KHTML, like Gecko) Chrome/114.0.0.0 Safari/537.36"
17.22.237.16 - - [19/Apr/2026:15:37:03 +0300] "GET /robots.txt HTTP/1.1" 200 642 "-" "Mozilla/5.0 (Macintosh; Intel Mac OS X 10_15_7) AppleWebKit/605.1.15 (KHTML, like Gecko) Version/17.4 Safari/605.1.15 (Applebot/0.1; +http://www.apple.com/go/applebot)"
103.219.169.211 - - [19/Apr/2026:15:37:15 +0300] "GET /erreichbar-casinos-as-part-of-land-der-dichter-und-denker-echtgeld-erreichbar-casinos-2026/ HTTP/1.1" 200 74775 "-" "Mozilla/5.0 (Windows NT 10.0; Win64; x64) AppleWebKit/537.36 (KHTML, like Gecko) Chrome/122.0.0.0 Safari/537.36"
17.22.237.16 - - [19/Apr/2026:15:37:23 +0300] "GET /gorgeous-since-the-hades-casino-online-1-free-with-10x-multiplier-microgaming-position-remark-demonstration-february-2026/ HTTP/1.1" 200 21622 "-" "Mozilla/5.0 (Macintosh; Intel Mac OS X 10_15_7) AppleWebKit/605.1.15 (KHTML, like Gecko) Version/17.4 Safari/605.1.15 (Applebot/0.1; +http://www.apple.com/go/applebot)"
185.216.113.70 - - [19/Apr/2026:15:37:48 +0300] "POST /wp-cron.php?doing_wp_cron=1776602268.0882990360260009765625 HTTP/1.1" 200 448 "-" "WordPress/6.3.8; https://serhatburke.miroglu.net"
200.25.47.117 - - [19/Apr/2026:15:37:33 +0300] "POST /xmlrpc.php HTTP/1.1" 200 630 "-" "Mozilla/5.0 (Windows NT 10.0; Win64; x64) AppleWebKit/537.36 (KHTML, like Gecko) Chrome/114.0.0.0 Safari/537.36"
200.25.47.117 - - [19/Apr/2026:15:37:55 +0300] "POST /xmlrpc.php HTTP/1.1" 200 11680 "-" "Mozilla/5.0 (Windows NT 10.0; Win64; x64) AppleWebKit/537.36 (KHTML, like Gecko) Chrome/114.0.0.0 Safari/537.36"
200.25.47.117 - - [19/Apr/2026:15:38:12 +0300] "GET /free-spins-uten-bidrag-2025-danselat-gratis-og-vinn-ekte-aktiva/ HTTP/1.1" 200 72859 "-" "Mozilla/5.0 (Windows NT 10.0; Win64; x64) AppleWebKit/537.36 (KHTML, like Gecko) Chrome/122.0.0.0 Safari/537.36"
185.191.206.81 - - [19/Apr/2026:15:38:03 +0300] "POST /xmlrpc.php HTTP/1.1" 200 630 "-" "Mozilla/5.0 (Windows NT 10.0; Win64; x64) AppleWebKit/537.36 (KHTML, like Gecko) Chrome/114.0.0.0 Safari/537.36"
185.216.113.70 - - [19/Apr/2026:15:39:12 +0300] "POST /wp-cron.php?doing_wp_cron=1776602352.0997719764709472656250 HTTP/1.1" 200 448 "-" "WordPress/6.3.8; https://serhatburke.miroglu.net"
185.191.206.81 - - [19/Apr/2026:15:38:43 +0300] "POST /xmlrpc.php HTTP/1.1" 200 14189 "-" "Mozilla/5.0 (Windows NT 10.0; Win64; x64) AppleWebKit/537.36 (KHTML, like Gecko) Chrome/114.0.0.0 Safari/537.36"
200.25.47.120 - - [19/Apr/2026:15:39:03 +0300] "POST /xmlrpc.php HTTP/1.1" 200 630 "-" "Mozilla/5.0 (Windows NT 10.0; Win64; x64) AppleWebKit/537.36 (KHTML, like Gecko) Chrome/114.0.0.0 Safari/537.36"
200.25.47.117 - - [19/Apr/2026:15:39:07 +0300] "POST /xmlrpc.php HTTP/1.1" 200 630 "-" "Mozilla/5.0 (Windows NT 10.0; Win64; x64) AppleWebKit/537.36 (KHTML, like Gecko) Chrome/114.0.0.0 Safari/537.36"
200.25.47.120 - - [19/Apr/2026:15:39:26 +0300] "POST /xmlrpc.php HTTP/1.1" 200 15402 "-" "Mozilla/5.0 (Windows NT 10.0; Win64; x64) AppleWebKit/537.36 (KHTML, like Gecko) Chrome/114.0.0.0 Safari/537.36"
47.128.51.131 - - [19/Apr/2026:15:39:35 +0300] "GET /robots.txt HTTP/1.1" 200 0 "-" "Mozilla/5.0 (Linux; Android 5.0) AppleWebKit/537.36 (KHTML, like Gecko) Mobile Safari/537.36 (compatible; Bytespider; spider-feedback@bytedance.com)"
185.191.206.81 - - [19/Apr/2026:15:39:13 +0300] "GET /welkomstbonus-zelfs-put-150-gratis-spins-nieuwe-toneelspeler/ HTTP/1.1" 200 75393 "-" "Mozilla/5.0 (Windows NT 10.0; Win64; x64) AppleWebKit/537.36 (KHTML, like Gecko) Chrome/124.0.0.0 Safari/537.36"
185.216.113.70 - - [19/Apr/2026:15:39:53 +0300] "POST /wp-cron.php?doing_wp_cron=1776602393.9143610000610351562500 HTTP/1.1" 200 448 "-" "WordPress/6.3.8; https://serhatburke.miroglu.net"
200.25.47.117 - - [19/Apr/2026:15:39:32 +0300] "POST /xmlrpc.php HTTP/1.1" 200 10873 "-" "Mozilla/5.0 (Windows NT 10.0; Win64; x64) AppleWebKit/537.36 (KHTML, like Gecko) Chrome/114.0.0.0 Safari/537.36"
103.219.169.211 - - [19/Apr/2026:15:39:33 +0300] "POST /xmlrpc.php HTTP/1.1" 200 630 "-" "Mozilla/5.0 (Windows NT 10.0; Win64; x64) AppleWebKit/537.36 (KHTML, like Gecko) Chrome/114.0.0.0 Safari/537.36"
200.25.47.120 - - [19/Apr/2026:15:39:49 +0300] "GET /beste-echtgeld-casinos-2026-erreichbar-spielotheken-qua-echtgeld/ HTTP/1.1" 200 76846 "-" "Mozilla/5.0 (Windows NT 10.0; Win64; x64; rv:124.0) Gecko/20100101 Firefox/124.0"
200.25.47.117 - - [19/Apr/2026:15:39:55 +0300] "GET /premia-z-brakiem-depozytu-do-25-eur-od-chwili-verde-casino/ HTTP/1.1" 200 72482 "-" "Mozilla/5.0 (Windows NT 10.0; Win64; x64) AppleWebKit/537.36 (KHTML, like Gecko) Chrome/123.0.0.0 Safari/537.36 OPR/109.0.0.0"
103.219.169.211 - - [19/Apr/2026:15:40:01 +0300] "POST /xmlrpc.php HTTP/1.1" 200 12524 "-" "Mozilla/5.0 (Windows NT 10.0; Win64; x64) AppleWebKit/537.36 (KHTML, like Gecko) Chrome/114.0.0.0 Safari/537.36"
200.25.47.120 - - [19/Apr/2026:15:40:18 +0300] "POST /xmlrpc.php HTTP/1.1" 200 630 "-" "Mozilla/5.0 (Windows NT 10.0; Win64; x64) AppleWebKit/537.36 (KHTML, like Gecko) Chrome/114.0.0.0 Safari/537.36"
103.219.169.211 - - [19/Apr/2026:15:40:19 +0300] "GET /online-kasino-freispiele-free-spins-blos-einzahlung-monat-des-fruhlingsbeginns-2026/ HTTP/1.1" 200 75285 "-" "Mozilla/5.0 (Windows NT 10.0; Win64; x64) AppleWebKit/537.36 (KHTML, like Gecko) Chrome/124.0.0.0 Safari/537.36"
185.216.113.70 - - [19/Apr/2026:15:40:50 +0300] "POST /wp-cron.php?doing_wp_cron=1776602450.5304939746856689453125 HTTP/1.1" 200 448 "-" "WordPress/6.3.8; https://serhatburke.miroglu.net"
200.25.47.120 - - [19/Apr/2026:15:40:38 +0300] "POST /xmlrpc.php HTTP/1.1" 200 15340 "-" "Mozilla/5.0 (Windows NT 10.0; Win64; x64) AppleWebKit/537.36 (KHTML, like Gecko) Chrome/114.0.0.0 Safari/537.36"
200.25.47.120 - - [19/Apr/2026:15:40:52 +0300] "GET /70-freispiele-exklusive-einzahlung-neue-2026-angebote/ HTTP/1.1" 200 76629 "-" "Mozilla/5.0 (Windows NT 10.0; Win64; x64) AppleWebKit/537.36 (KHTML, like Gecko) Chrome/124.0.0.0 Safari/537.36 Edg/124.0.0.0"
185.216.113.70 - - [19/Apr/2026:15:41:46 +0300] "POST /wp-cron.php?doing_wp_cron=1776602506.3693280220031738281250 HTTP/1.1" 200 448 "-" "WordPress/6.3.8; https://serhatburke.miroglu.net"
200.25.47.120 - - [19/Apr/2026:15:41:33 +0300] "POST /xmlrpc.php HTTP/1.1" 200 630 "-" "Mozilla/5.0 (Windows NT 10.0; Win64; x64) AppleWebKit/537.36 (KHTML, like Gecko) Chrome/114.0.0.0 Safari/537.36"
200.25.47.120 - - [19/Apr/2026:15:41:52 +0300] "POST /xmlrpc.php HTTP/1.1" 200 15349 "-" "Mozilla/5.0 (Windows NT 10.0; Win64; x64) AppleWebKit/537.36 (KHTML, like Gecko) Chrome/114.0.0.0 Safari/537.36"
200.25.47.120 - - [19/Apr/2026:15:42:08 +0300] "GET /bestes-angeschlossen-spielbank-echtgeld-inside-brd-geldspiele/ HTTP/1.1" 200 76726 "-" "Mozilla/5.0 (Windows NT 10.0; Win64; x64) AppleWebKit/537.36 (KHTML, like Gecko) Chrome/122.0.0.0 Safari/537.36"
