185.216.113.70 - - [19/Apr/2026:22:59:18 +0300] "POST /wp-cron.php?doing_wp_cron=1776628758.0560350418090820312500 HTTP/1.1" 200 448 "-" "WordPress/6.3.8; https://serhatburke.miroglu.net"
185.191.206.91 - - [19/Apr/2026:22:57:32 +0300] "GET /?p=122036 HTTP/1.1" 301 682 "-" "Mozilla/5.0 (Windows NT 10.0; Win64; x64) AppleWebKit/537.36 (KHTML, like Gecko) Chrome/122.0.0.0 Safari/537.36"
185.216.113.70 - - [19/Apr/2026:22:59:23 +0300] "POST /wp-cron.php?doing_wp_cron=1776628763.7615621089935302734375 HTTP/1.1" 200 448 "-" "WordPress/6.3.8; https://serhatburke.miroglu.net"
107.158.95.24 - - [19/Apr/2026:22:58:16 +0300] "POST /wp-comments-post.php HTTP/1.1" 302 1083 "https://serhatburke.miroglu.net/beste-casino-site-belgie-hoge-inzet/" "Mozilla/5.0 (X11; Linux i686; rv:114.0) Gecko/20100101 Firefox/114.0"
185.216.113.70 - - [19/Apr/2026:22:59:40 +0300] "POST /wp-cron.php?doing_wp_cron=1776628780.7801899909973144531250 HTTP/1.1" 200 448 "-" "WordPress/6.3.8; https://serhatburke.miroglu.net"
89.167.59.5 - - [19/Apr/2026:22:58:34 +0300] "POST /xmlrpc.php HTTP/1.1" 200 604 "-" "Mozilla/5.0 (Windows NT 10.0; Win64; x64) AppleWebKit/537.36 (KHTML, like Gecko) Chrome/108.0.0.0 Safari/537.36"
185.216.113.70 - - [19/Apr/2026:23:00:03 +0300] "POST /wp-cron.php?doing_wp_cron=1776628803.0241971015930175781250 HTTP/1.1" 200 448 "-" "WordPress/6.3.8; https://serhatburke.miroglu.net"
185.191.206.91 - - [19/Apr/2026:22:58:42 +0300] "POST /xmlrpc.php HTTP/1.1" 200 861 "-" "Mozilla/5.0 (Windows NT 10.0; Win64; x64) AppleWebKit/537.36 (KHTML, like Gecko) Chrome/114.0.0.0 Safari/537.36"
216.73.217.121 - - [19/Apr/2026:22:59:30 +0300] "GET /robots.txt HTTP/2" 200 0 "-" "Mozilla/5.0 AppleWebKit/537.36 (KHTML, like Gecko; compatible; ClaudeBot/1.0; +claudebot@anthropic.com)"
185.216.113.70 - - [19/Apr/2026:23:00:22 +0300] "POST /wp-cron.php?doing_wp_cron=1776628822.5011389255523681640625 HTTP/1.1" 200 448 "-" "WordPress/6.3.8; https://serhatburke.miroglu.net"
200.25.47.120 - - [19/Apr/2026:22:59:09 +0300] "POST /xmlrpc.php HTTP/1.1" 200 16344 "-" "Mozilla/5.0 (Windows NT 10.0; Win64; x64) AppleWebKit/537.36 (KHTML, like Gecko) Chrome/114.0.0.0 Safari/537.36"
185.216.113.70 - - [19/Apr/2026:23:00:46 +0300] "POST /wp-cron.php?doing_wp_cron=1776628845.8815441131591796875000 HTTP/1.1" 200 448 "-" "WordPress/6.3.8; https://serhatburke.miroglu.net"
185.191.206.91 - - [19/Apr/2026:22:59:10 +0300] "POST /xmlrpc.php HTTP/1.1" 200 11725 "-" "Mozilla/5.0 (Windows NT 10.0; Win64; x64) AppleWebKit/537.36 (KHTML, like Gecko) Chrome/114.0.0.0 Safari/537.36"
185.216.113.70 - - [19/Apr/2026:23:00:52 +0300] "POST /wp-cron.php?doing_wp_cron=1776628852.0723550319671630859375 HTTP/1.1" 200 448 "-" "WordPress/6.3.8; https://serhatburke.miroglu.net"
107.158.95.24 - - [19/Apr/2026:22:59:25 +0300] "GET /beste-casino-site-belgie-hoge-inzet/?unapproved=513&moderation-hash=e7ee8a2ff3efb995a9c6200dadb1e745 HTTP/1.1" 200 19054 "https://serhatburke.miroglu.net/wp-comments-post.php" "Mozilla/5.0 (X11; Linux i686; rv:114.0) Gecko/20100101 Firefox/114.0"
185.216.113.70 - - [19/Apr/2026:23:00:52 +0300] "POST /wp-cron.php?doing_wp_cron=1776628852.6972620487213134765625 HTTP/1.1" 200 448 "-" "WordPress/6.3.8; https://serhatburke.miroglu.net"
185.191.206.91 - - [19/Apr/2026:22:59:12 +0300] "POST /xmlrpc.php HTTP/1.1" 200 861 "-" "Mozilla/5.0 (Windows NT 10.0; Win64; x64) AppleWebKit/537.36 (KHTML, like Gecko) Chrome/114.0.0.0 Safari/537.36"
185.216.113.70 - - [19/Apr/2026:23:01:07 +0300] "POST /wp-cron.php?doing_wp_cron=1776628867.5551459789276123046875 HTTP/1.1" 200 448 "-" "WordPress/6.3.8; https://serhatburke.miroglu.net"
185.191.206.91 - - [19/Apr/2026:22:59:25 +0300] "GET /1win-banana-splash-1-depozit-moldova-site-ul-guvernamental-s-cazinou-si-pariuri-sa-bonus-500/ HTTP/1.1" 200 74696 "-" "Mozilla/5.0 (Windows NT 10.0; Win64; x64) AppleWebKit/537.36 (KHTML, like Gecko) Chrome/122.0.0.0 Safari/537.36"
185.216.113.70 - - [19/Apr/2026:23:01:27 +0300] "POST /wp-cron.php?doing_wp_cron=1776628887.0001020431518554687500 HTTP/1.1" 200 448 "-" "WordPress/6.3.8; https://serhatburke.miroglu.net"
160.250.186.93 - - [19/Apr/2026:23:00:14 +0300] "GET /35849-2/ HTTP/1.1" 200 17703 "-" "Mozilla/5.0 (compatible; Googlebot/2.1; +http://www.google.com/bot.html)"
185.216.113.70 - - [19/Apr/2026:23:01:29 +0300] "POST /wp-cron.php?doing_wp_cron=1776628888.9640619754791259765625 HTTP/1.1" 200 448 "-" "WordPress/6.3.8; https://serhatburke.miroglu.net"
200.25.47.120 - - [19/Apr/2026:23:00:24 +0300] "GET /monopoly-slots-maquina-tragamonedas-regalado-en-camino-tratar-para-divertirte-no-name-slots/ HTTP/1.1" 200 78268 "-" "Mozilla/5.0 (Windows NT 10.0; rv:109.0) Gecko/20100101 Firefox/115.0"
185.216.113.70 - - [19/Apr/2026:23:01:40 +0300] "POST /wp-cron.php?doing_wp_cron=1776628900.2551150321960449218750 HTTP/1.1" 200 448 "-" "WordPress/6.3.8; https://serhatburke.miroglu.net"
200.25.47.120 - - [19/Apr/2026:23:00:28 +0300] "POST /xmlrpc.php HTTP/1.1" 200 630 "-" "Mozilla/5.0 (Windows NT 10.0; Win64; x64) AppleWebKit/537.36 (KHTML, like Gecko) Chrome/114.0.0.0 Safari/537.36"
185.216.113.70 - - [19/Apr/2026:23:01:57 +0300] "POST /wp-cron.php?doing_wp_cron=1776628917.4819500446319580078125 HTTP/1.1" 200 448 "-" "WordPress/6.3.8; https://serhatburke.miroglu.net"
107.158.95.24 - - [19/Apr/2026:23:00:53 +0300] "GET /beste-casino-site-belgie-hoge-inzet/ HTTP/1.1" 200 18613 "-" "Mozilla/5.0 (X11; Linux i686; rv:114.0) Gecko/20100101 Firefox/114.0"
185.216.113.70 - - [19/Apr/2026:23:02:08 +0300] "POST /wp-cron.php?doing_wp_cron=1776628928.2616279125213623046875 HTTP/1.1" 200 448 "-" "WordPress/6.3.8; https://serhatburke.miroglu.net"
185.191.206.91 - - [19/Apr/2026:23:00:48 +0300] "GET /?p=122043 HTTP/1.1" 301 645 "-" "Mozilla/5.0 (Windows NT 10.0; rv:109.0) Gecko/20100101 Firefox/115.0"
200.25.47.120 - - [19/Apr/2026:23:01:47 +0300] "POST /xmlrpc.php HTTP/1.1" 200 20939 "-" "Mozilla/5.0 (Windows NT 10.0; Win64; x64) AppleWebKit/537.36 (KHTML, like Gecko) Chrome/114.0.0.0 Safari/537.36"
107.158.95.24 - - [19/Apr/2026:23:02:06 +0300] "GET /beste-casino-site-belgie-hoge-inzet/ HTTP/1.1" 200 18613 "-" "Mozilla/5.0 (Windows NT 10.0; Win64; x64) AppleWebKit/537.36 (KHTML, like Gecko) Chrome/114.0.0.0 YaBrowser/22.7.0 Yowser/2.5 Safari/537.36"
200.25.47.120 - - [19/Apr/2026:23:02:35 +0300] "GET /como-crear-un-nuevo-calendario-asistencia-de-calendario-de-google/ HTTP/1.1" 200 82167 "-" "Mozilla/5.0 (Windows NT 10.0; rv:109.0) Gecko/20100101 Firefox/115.0"
185.191.206.91 - - [19/Apr/2026:23:02:11 +0300] "GET /50-sa-rotiri-gratuite-fara-depunere-2025-oferte-actuale/ HTTP/1.1" 200 73521 "-" "Mozilla/5.0 (Windows NT 10.0; rv:109.0) Gecko/20100101 Firefox/115.0"
185.216.113.70 - - [19/Apr/2026:23:03:11 +0300] "POST /wp-cron.php?doing_wp_cron=1776628991.4252309799194335937500 HTTP/1.1" 200 448 "-" "WordPress/6.3.8; https://serhatburke.miroglu.net"
185.191.206.91 - - [19/Apr/2026:23:02:29 +0300] "POST /xmlrpc.php HTTP/1.1" 200 861 "-" "Mozilla/5.0 (Windows NT 10.0; Win64; x64) AppleWebKit/537.36 (KHTML, like Gecko) Chrome/114.0.0.0 Safari/537.36"
185.191.171.1 - - [19/Apr/2026:23:03:13 +0300] "GET /robots.txt HTTP/1.1" 200 605 "-" "Mozilla/5.0 (compatible; SemrushBot/7~bl; +http://www.semrush.com/bot.html)"
200.25.47.120 - - [19/Apr/2026:23:03:22 +0300] "POST /xmlrpc.php HTTP/1.1" 200 630 "-" "Mozilla/5.0 (Windows NT 10.0; Win64; x64) AppleWebKit/537.36 (KHTML, like Gecko) Chrome/114.0.0.0 Safari/537.36"
185.216.113.70 - - [19/Apr/2026:23:03:39 +0300] "POST /wp-cron.php?doing_wp_cron=1776629019.5053160190582275390625 HTTP/1.1" 200 448 "-" "WordPress/6.3.8; https://serhatburke.miroglu.net"
185.191.171.13 - - [19/Apr/2026:23:03:26 +0300] "GET /automaty-hazard-online/ HTTP/1.1" 200 19735 "-" "Mozilla/5.0 (compatible; SemrushBot/7~bl; +http://www.semrush.com/bot.html)"
200.25.47.120 - - [19/Apr/2026:23:03:42 +0300] "POST /xmlrpc.php HTTP/1.1" 200 18385 "-" "Mozilla/5.0 (Windows NT 10.0; Win64; x64) AppleWebKit/537.36 (KHTML, like Gecko) Chrome/114.0.0.0 Safari/537.36"
200.25.47.120 - - [19/Apr/2026:23:03:58 +0300] "GET /reciente-quickspin-juegos-de-tragamonedas/ HTTP/1.1" 200 78866 "-" "Mozilla/5.0 (Windows NT 10.0; Win64; x64) AppleWebKit/537.36 (KHTML, like Gecko) Chrome/109.0.0.0 Safari/537.36"
185.191.171.12 - - [19/Apr/2026:23:04:04 +0300] "GET /noahs-ark-harbors-a-real-income-casino-slot-games-totally-free-slots-no-deposit-win-real-money-uk-free-enjoy-demo/ HTTP/1.1" 200 22983 "-" "Mozilla/5.0 (compatible; SemrushBot/7~bl; +http://www.semrush.com/bot.html)"
185.216.113.70 - - [19/Apr/2026:23:06:18 +0300] "POST /wp-cron.php?doing_wp_cron=1776629178.8058819770812988281250 HTTP/1.1" 200 448 "-" "WordPress/6.3.8; https://serhatburke.miroglu.net"
185.99.255.75 - - [19/Apr/2026:23:06:03 +0300] "GET /beste-casino-site-belgie-hoge-inzet/ HTTP/1.1" 200 18639 "https://serhatburke.miroglu.net/" "Mozilla/5.0 (Macintosh; Intel Mac OS X 12.5; rv:114.0) Gecko/20100101 Firefox/114.0"
185.99.255.75 - - [19/Apr/2026:23:06:19 +0300] "GET /wp-includes/css/dist/block-library/style.min.css?ver=6.3.8 HTTP/1.1" 200 13578 "https://serhatburke.miroglu.net/beste-casino-site-belgie-hoge-inzet/" "Mozilla/5.0 (Windows NT 10.0; Win64; x64) AppleWebKit/537.36 (KHTML, like Gecko) Chrome/143.0.0.0 Safari/537.36"
185.99.255.75 - - [19/Apr/2026:23:06:19 +0300] "GET /wp-content/plugins/contact-form-7/includes/css/styles.css?ver=5.8 HTTP/1.1" 200 1490 "https://serhatburke.miroglu.net/beste-casino-site-belgie-hoge-inzet/" "Mozilla/5.0 (Windows NT 10.0; Win64; x64) AppleWebKit/537.36 (KHTML, like Gecko) Chrome/143.0.0.0 Safari/537.36"
185.99.255.75 - - [19/Apr/2026:23:06:19 +0300] "GET /wp-content/themes/toppic/css/fontello.css?ver=4.2 HTTP/1.1" 200 1802 "https://serhatburke.miroglu.net/beste-casino-site-belgie-hoge-inzet/" "Mozilla/5.0 (Windows NT 10.0; Win64; x64) AppleWebKit/537.36 (KHTML, like Gecko) Chrome/143.0.0.0 Safari/537.36"
185.99.255.75 - - [19/Apr/2026:23:06:20 +0300] "GET /wp-content/themes/toppic/css/reset.css?ver=4.2 HTTP/1.1" 200 1178 "https://serhatburke.miroglu.net/beste-casino-site-belgie-hoge-inzet/" "Mozilla/5.0 (Windows NT 10.0; Win64; x64) AppleWebKit/537.36 (KHTML, like Gecko) Chrome/143.0.0.0 Safari/537.36"
185.99.255.75 - - [19/Apr/2026:23:06:20 +0300] "GET /wp-content/themes/toppic/css/default.css?ver=4.2 HTTP/1.1" 200 1811 "https://serhatburke.miroglu.net/beste-casino-site-belgie-hoge-inzet/" "Mozilla/5.0 (Windows NT 10.0; Win64; x64) AppleWebKit/537.36 (KHTML, like Gecko) Chrome/143.0.0.0 Safari/537.36"
185.99.255.75 - - [19/Apr/2026:23:06:20 +0300] "GET /wp-content/themes/toppic/style.css?ver=4.2 HTTP/1.1" 200 23398 "https://serhatburke.miroglu.net/beste-casino-site-belgie-hoge-inzet/" "Mozilla/5.0 (Windows NT 10.0; Win64; x64) AppleWebKit/537.36 (KHTML, like Gecko) Chrome/143.0.0.0 Safari/537.36"
185.99.255.75 - - [19/Apr/2026:23:06:20 +0300] "GET /wp-content/themes/toppic/css/royalslider.css?ver=4.2 HTTP/1.1" 200 1887 "https://serhatburke.miroglu.net/beste-casino-site-belgie-hoge-inzet/" "Mozilla/5.0 (Windows NT 10.0; Win64; x64) AppleWebKit/537.36 (KHTML, like Gecko) Chrome/143.0.0.0 Safari/537.36"
185.99.255.75 - - [19/Apr/2026:23:06:21 +0300] "GET /wp-content/themes/toppic/css/rs-default.css?ver=4.2 HTTP/1.1" 200 2625 "https://serhatburke.miroglu.net/beste-casino-site-belgie-hoge-inzet/" "Mozilla/5.0 (Windows NT 10.0; Win64; x64) AppleWebKit/537.36 (KHTML, like Gecko) Chrome/143.0.0.0 Safari/537.36"
185.99.255.75 - - [19/Apr/2026:23:06:21 +0300] "GET /wp-content/themes/toppic/css/lightbox.css?ver=4.2 HTTP/1.1" 200 2956 "https://serhatburke.miroglu.net/beste-casino-site-belgie-hoge-inzet/" "Mozilla/5.0 (Windows NT 10.0; Win64; x64) AppleWebKit/537.36 (KHTML, like Gecko) Chrome/143.0.0.0 Safari/537.36"
185.99.255.75 - - [19/Apr/2026:23:06:21 +0300] "GET /wp-content/themes/toppic/css/woocommerce.css?ver=4.2 HTTP/1.1" 200 2848 "https://serhatburke.miroglu.net/beste-casino-site-belgie-hoge-inzet/" "Mozilla/5.0 (Windows NT 10.0; Win64; x64) AppleWebKit/537.36 (KHTML, like Gecko) Chrome/143.0.0.0 Safari/537.36"
185.99.255.75 - - [19/Apr/2026:23:06:21 +0300] "GET /wp-content/themes/toppic/css/responsive.css?ver=4.2 HTTP/1.1" 200 2796 "https://serhatburke.miroglu.net/beste-casino-site-belgie-hoge-inzet/" "Mozilla/5.0 (Windows NT 10.0; Win64; x64) AppleWebKit/537.36 (KHTML, like Gecko) Chrome/143.0.0.0 Safari/537.36"
200.25.47.120 - - [19/Apr/2026:23:06:15 +0300] "POST /xmlrpc.php HTTP/1.1" 200 630 "-" "Mozilla/5.0 (Windows NT 10.0; Win64; x64) AppleWebKit/537.36 (KHTML, like Gecko) Chrome/114.0.0.0 Safari/537.36"
66.249.73.14 - - [19/Apr/2026:23:06:32 +0300] "GET /donbet-casino-review-for-uk-players/ HTTP/1.1" 200 0 "https://jkvb.ultracore-games.digital/" "Mozilla/5.0 (Linux; Android 6.0.1; Nexus 5X Build/MMB29P) AppleWebKit/537.36 (KHTML, like Gecko) Chrome/146.0.7680.177 Mobile Safari/537.36 (compatible; Googlebot/2.1; +http://www.google.com/bot.html)"
185.99.255.75 - - [19/Apr/2026:23:06:22 +0300] "POST /wp-comments-post.php HTTP/1.1" 302 1083 "https://serhatburke.miroglu.net/beste-casino-site-belgie-hoge-inzet/" "Mozilla/5.0 (Macintosh; Intel Mac OS X 12.5; rv:114.0) Gecko/20100101 Firefox/114.0"
66.249.73.15 - - [19/Apr/2026:23:06:32 +0300] "GET /robots.txt HTTP/1.1" 200 719 "-" "Mozilla/5.0 (compatible; Googlebot/2.1; +http://www.google.com/bot.html)"
200.25.47.120 - - [19/Apr/2026:23:06:39 +0300] "POST /xmlrpc.php HTTP/1.1" 200 16896 "-" "Mozilla/5.0 (Windows NT 10.0; Win64; x64) AppleWebKit/537.36 (KHTML, like Gecko) Chrome/114.0.0.0 Safari/537.36"
185.99.255.75 - - [19/Apr/2026:23:06:44 +0300] "GET /beste-casino-site-belgie-hoge-inzet/?unapproved=514&moderation-hash=09baa6348e358efa87a2ea7fec09b2b6 HTTP/1.1" 200 19012 "https://serhatburke.miroglu.net/wp-comments-post.php" "Mozilla/5.0 (Macintosh; Intel Mac OS X 12.5; rv:114.0) Gecko/20100101 Firefox/114.0"
185.99.255.75 - - [19/Apr/2026:23:07:01 +0300] "GET /beste-casino-site-belgie-hoge-inzet/ HTTP/1.1" 200 18588 "-" "Mozilla/5.0 (compatible; Googlebot/2.1; +http://www.google.com/bot.html)"
200.25.47.120 - - [19/Apr/2026:23:07:00 +0300] "GET /black-knight-2-tragamonedas/ HTTP/1.1" 200 77115 "-" "Mozilla/5.0 (Windows NT 10.0; Win64; x64) AppleWebKit/537.36 (KHTML, like Gecko) Chrome/123.0.0.0 Safari/537.36"
185.216.113.70 - - [19/Apr/2026:23:09:24 +0300] "POST /wp-cron.php?doing_wp_cron=1776629364.5006709098815917968750 HTTP/1.1" 200 448 "-" "WordPress/6.3.8; https://serhatburke.miroglu.net"
200.25.47.120 - - [19/Apr/2026:23:09:11 +0300] "POST /xmlrpc.php HTTP/1.1" 200 630 "-" "Mozilla/5.0 (Windows NT 10.0; Win64; x64) AppleWebKit/537.36 (KHTML, like Gecko) Chrome/114.0.0.0 Safari/537.36"
185.99.255.75 - - [19/Apr/2026:23:09:22 +0300] "GET /beste-casino-site-belgie-hoge-inzet/ HTTP/1.1" 200 18727 "-" "Mozilla/5.0 (compatible; Googlebot/2.1; +http://www.google.com/bot.html)"
200.25.47.120 - - [19/Apr/2026:23:09:31 +0300] "POST /xmlrpc.php HTTP/1.1" 200 20347 "-" "Mozilla/5.0 (Windows NT 10.0; Win64; x64) AppleWebKit/537.36 (KHTML, like Gecko) Chrome/114.0.0.0 Safari/537.36"
185.216.113.70 - - [19/Apr/2026:23:09:59 +0300] "POST /wp-cron.php?doing_wp_cron=1776629399.1435780525207519531250 HTTP/1.1" 200 448 "-" "WordPress/6.3.8; https://serhatburke.miroglu.net"
200.25.47.120 - - [19/Apr/2026:23:09:47 +0300] "GET /tragaperras-pharaohs-gold-iii-tratar-bingo-recursos-falso-en-linea-revision-rtp-examinar-con-dinero-positivo-asi-como-falto-oficio/ HTTP/1.1" 200 83202 "-" "Mozilla/5.0 (Windows NT 10.0; Win64; x64) AppleWebKit/537.36 (KHTML, like Gecko) Chrome/124.0.0.0 Safari/537.36"
185.244.180.165 - - [19/Apr/2026:23:10:07 +0300] "POST /xmlrpc.php HTTP/1.1" 200 100976 "-" "Mozilla/5.0 (Windows NT 10.0; Win64; x64) AppleWebKit/537.36 (KHTML, like Gecko) Chrome/64.0.3282.140 Safari/537.36 Edge/18.17763"
185.244.180.165 - - [19/Apr/2026:23:10:19 +0300] "POST /xmlrpc.php HTTP/1.1" 200 725 "-" "Mozilla/5.0 (Windows NT 10.0; Win64; x64) AppleWebKit/537.36 (KHTML, like Gecko) Chrome/64.0.3282.140 Safari/537.36 Edge/18.17763"
185.216.113.70 - - [19/Apr/2026:23:10:51 +0300] "POST /wp-cron.php?doing_wp_cron=1776629451.5607609748840332031250 HTTP/1.1" 200 448 "-" "WordPress/6.3.8; https://serhatburke.miroglu.net"
40.77.167.79 - - [19/Apr/2026:23:10:36 +0300] "GET /page-sitemap.xml HTTP/2" 200 795 "-" "Mozilla/5.0 AppleWebKit/537.36 (KHTML, like Gecko; compatible; bingbot/2.0; +http://www.bing.com/bingbot.htm) Chrome/116.0.1938.76 Safari/537.36"
185.244.180.165 - - [19/Apr/2026:23:10:36 +0300] "POST /xmlrpc.php HTTP/1.1" 200 489 "-" "Mozilla/5.0 (Windows NT 10.0; Win64; x64) AppleWebKit/537.36 (KHTML, like Gecko) Chrome/64.0.3282.140 Safari/537.36 Edge/18.17763"
185.244.180.165 - - [19/Apr/2026:23:10:52 +0300] "POST /xmlrpc.php HTTP/1.1" 200 649304 "-" "Mozilla/5.0 (Windows NT 10.0; Win64; x64) AppleWebKit/537.36 (KHTML, like Gecko) Chrome/64.0.3282.140 Safari/537.36 Edge/18.17763"
185.216.113.70 - - [19/Apr/2026:23:12:02 +0300] "POST /wp-cron.php?doing_wp_cron=1776629522.2306931018829345703125 HTTP/1.1" 200 448 "-" "WordPress/6.3.8; https://serhatburke.miroglu.net"
200.25.47.120 - - [19/Apr/2026:23:11:47 +0300] "POST /xmlrpc.php HTTP/1.1" 200 630 "-" "Mozilla/5.0 (Windows NT 10.0; Win64; x64) AppleWebKit/537.36 (KHTML, like Gecko) Chrome/114.0.0.0 Safari/537.36"
200.25.47.120 - - [19/Apr/2026:23:12:09 +0300] "POST /xmlrpc.php HTTP/1.1" 200 18732 "-" "Mozilla/5.0 (Windows NT 10.0; Win64; x64) AppleWebKit/537.36 (KHTML, like Gecko) Chrome/114.0.0.0 Safari/537.36"
185.235.103.48 - - [19/Apr/2026:23:12:10 +0300] "GET /gli-effetti-positivi-del-turinabol-10-mg/ HTTP/1.1" 200 67109 "-" "GuzzleHttp/7"
200.25.47.120 - - [19/Apr/2026:23:12:25 +0300] "GET /slot-pirates-sobre-fils-game-tratar-sin-cargo-indumentarias-por-recursos/ HTTP/1.1" 200 80268 "-" "Mozilla/5.0 (Windows NT 10.0; rv:125.0) Gecko/20100101 Firefox/125.0"
185.216.113.70 - - [19/Apr/2026:23:14:11 +0300] "POST /wp-cron.php?doing_wp_cron=1776629650.8911399841308593750000 HTTP/1.1" 200 448 "-" "WordPress/6.3.8; https://serhatburke.miroglu.net"
172.86.76.182 - - [19/Apr/2026:23:13:57 +0300] "GET /beste-casino-site-belgie-hoge-inzet/ HTTP/1.1" 200 18613 "-" "Mozilla/5.0 (Windows NT 10.0; Win64; x64) AppleWebKit/537.36 (KHTML, like Gecko) Chrome/114.0.0.0 Safari/537.36 Vivaldi/5.3.2679.68"
200.25.47.120 - - [19/Apr/2026:23:14:17 +0300] "POST /xmlrpc.php HTTP/1.1" 200 630 "-" "Mozilla/5.0 (Windows NT 10.0; Win64; x64) AppleWebKit/537.36 (KHTML, like Gecko) Chrome/114.0.0.0 Safari/537.36"
185.216.113.70 - - [19/Apr/2026:23:14:48 +0300] "POST /wp-cron.php?doing_wp_cron=1776629688.4678449630737304687500 HTTP/1.1" 200 448 "-" "WordPress/6.3.8; https://serhatburke.miroglu.net"
200.25.47.120 - - [19/Apr/2026:23:14:36 +0300] "POST /xmlrpc.php HTTP/1.1" 200 17596 "-" "Mozilla/5.0 (Windows NT 10.0; Win64; x64) AppleWebKit/537.36 (KHTML, like Gecko) Chrome/114.0.0.0 Safari/537.36"
200.25.47.120 - - [19/Apr/2026:23:14:50 +0300] "GET /casinos-en-linea-sobre-quickspin-lista-de-casinos-y-no-ha-transpirado-maquinas-tragamonedas-gratuitas-sobre-quickspin/ HTTP/1.1" 200 80327 "-" "Mozilla/5.0 (Windows NT 10.0; Win64; x64) AppleWebKit/537.36 (KHTML, like Gecko) Chrome/109.0.0.0 Safari/537.36"
5.78.159.87 - - [19/Apr/2026:23:15:19 +0300] "POST /xmlrpc.php HTTP/1.1" 200 604 "-" "Mozilla/5.0 (Windows NT 10.0; Win64; x64) AppleWebKit/537.36 (KHTML, like Gecko) Chrome/108.0.0.0 Safari/537.36"
185.216.113.70 - - [19/Apr/2026:23:15:46 +0300] "POST /wp-cron.php?doing_wp_cron=1776629746.1458520889282226562500 HTTP/1.1" 200 448 "-" "WordPress/6.3.8; https://serhatburke.miroglu.net"
5.78.159.87 - - [19/Apr/2026:23:15:33 +0300] "POST /xmlrpc.php HTTP/1.1" 200 2987 "-" "Mozilla/5.0 (Windows NT 10.0; Win64; x64) AppleWebKit/537.36 (KHTML, like Gecko) Chrome/108.0.0.0 Safari/537.36"
5.78.159.87 - - [19/Apr/2026:23:15:49 +0300] "GET /locowin-casino-im-test-2026-bis-zu-1-850-500-freispiele/ HTTP/1.1" 200 17738 "-" "Mozilla/5.0 (Windows NT 10.0; Win64; x64) AppleWebKit/537.36 (KHTML, like Gecko) Chrome/108.0.0.0 Safari/537.36"
185.216.113.70 - - [19/Apr/2026:23:17:15 +0300] "POST /wp-cron.php?doing_wp_cron=1776629835.7601449489593505859375 HTTP/1.1" 200 448 "-" "WordPress/6.3.8; https://serhatburke.miroglu.net"
200.25.47.120 - - [19/Apr/2026:23:17:01 +0300] "POST /xmlrpc.php HTTP/1.1" 200 630 "-" "Mozilla/5.0 (Windows NT 10.0; Win64; x64) AppleWebKit/537.36 (KHTML, like Gecko) Chrome/114.0.0.0 Safari/537.36"
200.25.47.120 - - [19/Apr/2026:23:17:22 +0300] "POST /xmlrpc.php HTTP/1.1" 200 16456 "-" "Mozilla/5.0 (Windows NT 10.0; Win64; x64) AppleWebKit/537.36 (KHTML, like Gecko) Chrome/114.0.0.0 Safari/537.36"
185.216.113.70 - - [19/Apr/2026:23:17:51 +0300] "POST /wp-cron.php?doing_wp_cron=1776629871.2241780757904052734375 HTTP/1.1" 200 448 "-" "WordPress/6.3.8; https://serhatburke.miroglu.net"
200.25.47.120 - - [19/Apr/2026:23:17:38 +0300] "GET /juegos-desplazandolo-hacia-el-pelo-tragamonedas-igt-sin-cargo-casino-guru-cargo-rica/ HTTP/1.1" 200 77988 "-" "Mozilla/5.0 (Windows NT 10.0; rv:125.0) Gecko/20100101 Firefox/125.0"
185.216.113.70 - - [19/Apr/2026:23:20:00 +0300] "POST /wp-cron.php?doing_wp_cron=1776630000.3915750980377197265625 HTTP/1.1" 200 448 "-" "WordPress/6.3.8; https://serhatburke.miroglu.net"
200.25.47.120 - - [19/Apr/2026:23:19:45 +0300] "POST /xmlrpc.php HTTP/1.1" 200 630 "-" "Mozilla/5.0 (Windows NT 10.0; Win64; x64) AppleWebKit/537.36 (KHTML, like Gecko) Chrome/114.0.0.0 Safari/537.36"
200.25.47.120 - - [19/Apr/2026:23:20:07 +0300] "POST /xmlrpc.php HTTP/1.1" 200 17944 "-" "Mozilla/5.0 (Windows NT 10.0; Win64; x64) AppleWebKit/537.36 (KHTML, like Gecko) Chrome/114.0.0.0 Safari/537.36"
66.249.73.14 - - [19/Apr/2026:23:20:18 +0300] "GET /donbet-casino-review-for-uk-players/undefined?ts=1775520000 HTTP/1.1" 200 0 "https://serhatburke.miroglu.net/donbet-casino-review-for-uk-players/" "Mozilla/5.0 (Linux; Android 6.0.1; Nexus 5X Build/MMB29P) AppleWebKit/537.36 (KHTML, like Gecko) Chrome/146.0.7680.177 Mobile Safari/537.36 (compatible; Googlebot/2.1; +http://www.google.com/bot.html)"
200.25.47.120 - - [19/Apr/2026:23:20:23 +0300] "GET /juegos-en-internet-de-casino-gratuitos/ HTTP/1.1" 200 78484 "-" "Mozilla/5.0 (Windows NT 10.0; Win64; x64) AppleWebKit/537.36 (KHTML, like Gecko) Chrome/123.0.0.0 Safari/537.36 OPR/109.0.0.0"
66.249.73.14 - - [19/Apr/2026:23:20:30 +0300] "GET /donbet-casino-review-for-uk-players/undefined?ts=1775520000 HTTP/1.1" 200 0 "https://serhatburke.miroglu.net/donbet-casino-review-for-uk-players/" "Mozilla/5.0 (Linux; Android 6.0.1; Nexus 5X Build/MMB29P) AppleWebKit/537.36 (KHTML, like Gecko) Chrome/146.0.7680.177 Mobile Safari/537.36 (compatible; Googlebot/2.1; +http://www.google.com/bot.html)"
66.249.73.14 - - [19/Apr/2026:23:20:42 +0300] "GET /donbet-casino-review-for-uk-players/undefined?ts=1775520000 HTTP/1.1" 200 0 "https://serhatburke.miroglu.net/donbet-casino-review-for-uk-players/" "Mozilla/5.0 (Linux; Android 6.0.1; Nexus 5X Build/MMB29P) AppleWebKit/537.36 (KHTML, like Gecko) Chrome/146.0.7680.177 Mobile Safari/537.36 (compatible; Googlebot/2.1; +http://www.google.com/bot.html)"
185.216.113.70 - - [19/Apr/2026:23:20:56 +0300] "POST /wp-cron.php?doing_wp_cron=1776630056.4963190555572509765625 HTTP/1.1" 200 448 "-" "WordPress/6.3.8; https://serhatburke.miroglu.net"
66.249.73.14 - - [19/Apr/2026:23:20:54 +0300] "GET /donbet-casino-review-for-uk-players/undefined?ts=1775520000 HTTP/1.1" 200 0 "https://serhatburke.miroglu.net/donbet-casino-review-for-uk-players/" "Mozilla/5.0 (Linux; Android 6.0.1; Nexus 5X Build/MMB29P) AppleWebKit/537.36 (KHTML, like Gecko) Chrome/146.0.7680.177 Mobile Safari/537.36 (compatible; Googlebot/2.1; +http://www.google.com/bot.html)"
66.249.73.14 - - [19/Apr/2026:23:21:06 +0300] "GET /donbet-casino-review-for-uk-players/undefined?ts=1775520000 HTTP/1.1" 200 0 "https://serhatburke.miroglu.net/donbet-casino-review-for-uk-players/" "Mozilla/5.0 (Linux; Android 6.0.1; Nexus 5X Build/MMB29P) AppleWebKit/537.36 (KHTML, like Gecko) Chrome/146.0.7680.177 Mobile Safari/537.36 (compatible; Googlebot/2.1; +http://www.google.com/bot.html)"
185.216.113.70 - - [19/Apr/2026:23:22:34 +0300] "POST /wp-cron.php?doing_wp_cron=1776630154.6525280475616455078125 HTTP/1.1" 200 448 "-" "WordPress/6.3.8; https://serhatburke.miroglu.net"
200.25.47.120 - - [19/Apr/2026:23:22:21 +0300] "POST /xmlrpc.php HTTP/1.1" 200 630 "-" "Mozilla/5.0 (Windows NT 10.0; Win64; x64) AppleWebKit/537.36 (KHTML, like Gecko) Chrome/114.0.0.0 Safari/537.36"
200.25.47.120 - - [19/Apr/2026:23:22:41 +0300] "POST /xmlrpc.php HTTP/1.1" 200 16867 "-" "Mozilla/5.0 (Windows NT 10.0; Win64; x64) AppleWebKit/537.36 (KHTML, like Gecko) Chrome/114.0.0.0 Safari/537.36"
200.25.47.120 - - [19/Apr/2026:23:22:56 +0300] "GET /juegos-de-balde-online-tratar-ahora/ HTTP/1.1" 200 77242 "-" "Mozilla/5.0 (Windows NT 10.0; Win64; x64) AppleWebKit/537.36 (KHTML, like Gecko) Chrome/122.0.0.0 Safari/537.36"
185.191.206.91 - - [19/Apr/2026:23:23:01 +0300] "POST /xmlrpc.php HTTP/1.1" 200 630 "-" "Mozilla/5.0 (Windows NT 10.0; Win64; x64) AppleWebKit/537.36 (KHTML, like Gecko) Chrome/114.0.0.0 Safari/537.36"
185.216.113.70 - - [19/Apr/2026:23:24:08 +0300] "POST /wp-cron.php?doing_wp_cron=1776630248.6734199523925781250000 HTTP/1.1" 200 448 "-" "WordPress/6.3.8; https://serhatburke.miroglu.net"
185.191.206.91 - - [19/Apr/2026:23:23:39 +0300] "POST /xmlrpc.php HTTP/1.1" 200 13160 "-" "Mozilla/5.0 (Windows NT 10.0; Win64; x64) AppleWebKit/537.36 (KHTML, like Gecko) Chrome/114.0.0.0 Safari/537.36"
185.191.206.91 - - [19/Apr/2026:23:24:09 +0300] "GET /cazinouri-online-ce-platesc-prezentabil-lista-2026/ HTTP/1.1" 200 74336 "-" "Mozilla/5.0 (Windows NT 10.0; Win64; x64) AppleWebKit/537.36 (KHTML, like Gecko) Chrome/122.0.0.0 Safari/537.36"
185.216.113.70 - - [19/Apr/2026:23:24:56 +0300] "POST /wp-cron.php?doing_wp_cron=1776630296.4169759750366210937500 HTTP/1.1" 200 448 "-" "WordPress/6.3.8; https://serhatburke.miroglu.net"
200.25.47.120 - - [19/Apr/2026:23:24:42 +0300] "POST /xmlrpc.php HTTP/1.1" 200 630 "-" "Mozilla/5.0 (Windows NT 10.0; Win64; x64) AppleWebKit/537.36 (KHTML, like Gecko) Chrome/114.0.0.0 Safari/537.36"
200.25.47.120 - - [19/Apr/2026:23:25:03 +0300] "POST /xmlrpc.php HTTP/1.1" 200 17920 "-" "Mozilla/5.0 (Windows NT 10.0; Win64; x64) AppleWebKit/537.36 (KHTML, like Gecko) Chrome/114.0.0.0 Safari/537.36"
200.25.47.120 - - [19/Apr/2026:23:25:17 +0300] "GET /quickspin-realice-clic-aqui-con-el-fin-de-sacar-noticia-resena-del-aprovisionador-de-tragamonedas/ HTTP/1.1" 200 80335 "-" "Mozilla/5.0 (Windows NT 10.0; rv:109.0) Gecko/20100101 Firefox/115.0"
185.216.113.70 - - [19/Apr/2026:23:27:29 +0300] "POST /wp-cron.php?doing_wp_cron=1776630449.2259221076965332031250 HTTP/1.1" 200 448 "-" "WordPress/6.3.8; https://serhatburke.miroglu.net"
200.25.47.120 - - [19/Apr/2026:23:27:15 +0300] "POST /xmlrpc.php HTTP/1.1" 200 630 "-" "Mozilla/5.0 (Windows NT 10.0; Win64; x64) AppleWebKit/537.36 (KHTML, like Gecko) Chrome/114.0.0.0 Safari/537.36"
200.25.47.120 - - [19/Apr/2026:23:27:36 +0300] "POST /xmlrpc.php HTTP/1.1" 200 17503 "-" "Mozilla/5.0 (Windows NT 10.0; Win64; x64) AppleWebKit/537.36 (KHTML, like Gecko) Chrome/114.0.0.0 Safari/537.36"
200.25.47.120 - - [19/Apr/2026:23:27:51 +0300] "GET /enteran-reel-rush-slot-incluso-3125-formas-sobre-ganar/ HTTP/1.1" 200 78600 "-" "Mozilla/5.0 (Windows NT 10.0; Win64; x64) AppleWebKit/537.36 (KHTML, like Gecko) Chrome/124.0.0.0 Safari/537.36 Edg/124.0.0.0"
185.216.113.70 - - [19/Apr/2026:23:30:03 +0300] "POST /wp-cron.php?doing_wp_cron=1776630602.8341059684753417968750 HTTP/1.1" 200 448 "-" "WordPress/6.3.8; https://serhatburke.miroglu.net"
185.191.206.91 - - [19/Apr/2026:23:29:28 +0300] "POST /xmlrpc.php HTTP/1.1" 200 630 "-" "Mozilla/5.0 (Windows NT 10.0; Win64; x64) AppleWebKit/537.36 (KHTML, like Gecko) Chrome/114.0.0.0 Safari/537.36"
200.25.47.120 - - [19/Apr/2026:23:29:48 +0300] "POST /xmlrpc.php HTTP/1.1" 200 630 "-" "Mozilla/5.0 (Windows NT 10.0; Win64; x64) AppleWebKit/537.36 (KHTML, like Gecko) Chrome/114.0.0.0 Safari/537.36"
17.22.237.53 - - [19/Apr/2026:23:30:17 +0300] "GET /wp-content/uploads/2023/08/LOGO-1.png HTTP/1.1" 200 6100 "-" "Mozilla/5.0 (Macintosh; Intel Mac OS X 10_15_7) AppleWebKit/605.1.15 (KHTML, like Gecko) Version/17.4 Safari/605.1.15 (Applebot/0.1; +http://www.apple.com/go/applebot)"
200.25.47.120 - - [19/Apr/2026:23:30:12 +0300] "POST /xmlrpc.php HTTP/1.1" 200 19566 "-" "Mozilla/5.0 (Windows NT 10.0; Win64; x64) AppleWebKit/537.36 (KHTML, like Gecko) Chrome/114.0.0.0 Safari/537.36"
185.191.206.91 - - [19/Apr/2026:23:30:10 +0300] "POST /xmlrpc.php HTTP/1.1" 200 12763 "-" "Mozilla/5.0 (Windows NT 10.0; Win64; x64) AppleWebKit/537.36 (KHTML, like Gecko) Chrome/114.0.0.0 Safari/537.36"
185.216.113.70 - - [19/Apr/2026:23:30:41 +0300] "POST /wp-cron.php?doing_wp_cron=1776630641.3508059978485107421875 HTTP/1.1" 200 448 "-" "WordPress/6.3.8; https://serhatburke.miroglu.net"
200.25.47.120 - - [19/Apr/2026:23:30:29 +0300] "GET /sus-particulares-de-el-tragaperras-spinata-grande-premios-desplazandolo-hacia-el-pelo-gozo/ HTTP/1.1" 200 81378 "-" "Mozilla/5.0 (Windows NT 10.0; Win64; x64; rv:124.0) Gecko/20100101 Firefox/124.0"
185.191.206.91 - - [19/Apr/2026:23:30:44 +0300] "GET /tu-cazinouri-online-ce-licenta-in-romania-2025/ HTTP/1.1" 200 73564 "-" "Mozilla/5.0 (Windows NT 10.0; Win64; x64; rv:124.0) Gecko/20100101 Firefox/124.0"
185.216.113.70 - - [19/Apr/2026:23:31:52 +0300] "POST /wp-cron.php?doing_wp_cron=1776630712.4920079708099365234375 HTTP/1.1" 200 448 "-" "WordPress/6.3.8; https://serhatburke.miroglu.net"
185.191.206.91 - - [19/Apr/2026:23:31:24 +0300] "POST /xmlrpc.php HTTP/1.1" 200 630 "-" "Mozilla/5.0 (Windows NT 10.0; Win64; x64) AppleWebKit/537.36 (KHTML, like Gecko) Chrome/114.0.0.0 Safari/537.36"
200.25.47.120 - - [19/Apr/2026:23:32:15 +0300] "POST /xmlrpc.php HTTP/1.1" 200 630 "-" "Mozilla/5.0 (Windows NT 10.0; Win64; x64) AppleWebKit/537.36 (KHTML, like Gecko) Chrome/114.0.0.0 Safari/537.36"
185.191.206.91 - - [19/Apr/2026:23:31:59 +0300] "POST /xmlrpc.php HTTP/1.1" 200 13159 "-" "Mozilla/5.0 (Windows NT 10.0; Win64; x64) AppleWebKit/537.36 (KHTML, like Gecko) Chrome/114.0.0.0 Safari/537.36"
85.254.59.178 - - [19/Apr/2026:23:32:19 +0300] "GET /methylstenbolon-dosierung-ein-leitfaden-fur-sportler/ HTTP/1.1" 200 68226 "-" "GuzzleHttp/7"
185.216.113.70 - - [19/Apr/2026:23:32:48 +0300] "POST /wp-cron.php?doing_wp_cron=1776630768.7590029239654541015625 HTTP/1.1" 200 448 "-" "WordPress/6.3.8; https://serhatburke.miroglu.net"
200.25.47.120 - - [19/Apr/2026:23:32:35 +0300] "POST /xmlrpc.php HTTP/1.1" 200 17338 "-" "Mozilla/5.0 (Windows NT 10.0; Win64; x64) AppleWebKit/537.36 (KHTML, like Gecko) Chrome/114.0.0.0 Safari/537.36"
200.25.47.120 - - [19/Apr/2026:23:32:50 +0300] "GET /tragaperras-twin-spin-entretenimiento-de-tragamonedas-de-balde/ HTTP/1.1" 200 78319 "-" "Mozilla/5.0 (Windows NT 10.0; Win64; x64) AppleWebKit/537.36 (KHTML, like Gecko) Chrome/122.0.0.0 Safari/537.36"
185.191.206.91 - - [19/Apr/2026:23:32:36 +0300] "GET /cazinoul-napoleon-obtineti-bonusul-s-lucru-venit-sa-250-fs/ HTTP/1.1" 200 74337 "-" "Mozilla/5.0 (Windows NT 10.0; Win64; x64) AppleWebKit/537.36 (KHTML, like Gecko) Chrome/123.0.0.0 Safari/537.36"
185.191.206.91 - - [19/Apr/2026:23:33:03 +0300] "POST /xmlrpc.php HTTP/1.1" 200 630 "-" "Mozilla/5.0 (Windows NT 10.0; Win64; x64) AppleWebKit/537.36 (KHTML, like Gecko) Chrome/114.0.0.0 Safari/537.36"
185.216.113.70 - - [19/Apr/2026:23:34:07 +0300] "POST /wp-cron.php?doing_wp_cron=1776630846.9589829444885253906250 HTTP/1.1" 200 448 "-" "WordPress/6.3.8; https://serhatburke.miroglu.net"
185.191.206.91 - - [19/Apr/2026:23:33:39 +0300] "POST /xmlrpc.php HTTP/1.1" 200 13425 "-" "Mozilla/5.0 (Windows NT 10.0; Win64; x64) AppleWebKit/537.36 (KHTML, like Gecko) Chrome/114.0.0.0 Safari/537.36"
147.235.212.165 - - [19/Apr/2026:23:33:53 +0300] "GET / HTTP/1.1" 200 19447 "-" "Mozilla/5.0 (Windows NT 10.0; Win64; x64) AppleWebKit/537.36 (KHTML, like Gecko) Chrome/120.0.0.0 Safari/537.36"
185.191.206.91 - - [19/Apr/2026:23:34:09 +0300] "GET /cele-explora-site-ul-apasator-bune-cazinouri-online-igt-pentru-2026-sof-jocuri-de-cazinou/ HTTP/1.1" 200 75564 "-" "Mozilla/5.0 (Windows NT 10.0; Win64; x64) AppleWebKit/537.36 (KHTML, like Gecko) Chrome/109.0.0.0 Safari/537.36"
185.216.113.70 - - [19/Apr/2026:23:34:57 +0300] "POST /wp-cron.php?doing_wp_cron=1776630897.6239120960235595703125 HTTP/1.1" 200 448 "-" "WordPress/6.3.8; https://serhatburke.miroglu.net"
200.25.47.120 - - [19/Apr/2026:23:34:45 +0300] "POST /xmlrpc.php HTTP/1.1" 200 630 "-" "Mozilla/5.0 (Windows NT 10.0; Win64; x64) AppleWebKit/537.36 (KHTML, like Gecko) Chrome/114.0.0.0 Safari/537.36"
185.191.206.91 - - [19/Apr/2026:23:34:42 +0300] "POST /xmlrpc.php HTTP/1.1" 200 630 "-" "Mozilla/5.0 (Windows NT 10.0; Win64; x64) AppleWebKit/537.36 (KHTML, like Gecko) Chrome/114.0.0.0 Safari/537.36"
185.191.171.14 - - [19/Apr/2026:23:35:01 +0300] "GET /to-have-a-full-brand-evaluation-read-the-zula-gambling-establishment-review/ HTTP/1.1" 200 20388 "-" "Mozilla/5.0 (compatible; SemrushBot/7~bl; +http://www.semrush.com/bot.html)"
200.25.47.120 - - [19/Apr/2026:23:35:04 +0300] "POST /xmlrpc.php HTTP/1.1" 200 17687 "-" "Mozilla/5.0 (Windows NT 10.0; Win64; x64) AppleWebKit/537.36 (KHTML, like Gecko) Chrome/114.0.0.0 Safari/537.36"
185.216.113.70 - - [19/Apr/2026:23:35:39 +0300] "POST /wp-cron.php?doing_wp_cron=1776630939.6631329059600830078125 HTTP/1.1" 200 448 "-" "WordPress/6.3.8; https://serhatburke.miroglu.net"
185.191.171.6 - - [19/Apr/2026:23:35:22 +0300] "GET /gallery/gallery-grid-square/ HTTP/1.1" 200 19031 "-" "Mozilla/5.0 (compatible; SemrushBot/7~bl; +http://www.semrush.com/bot.html)"
200.25.47.120 - - [19/Apr/2026:23:35:23 +0300] "GET /competir-rocky-slot-sin-cargo-demo-resena-asi-como-secretos-2026/ HTTP/1.1" 200 79045 "-" "Mozilla/5.0 (Windows NT 10.0; Win64; x64; rv:124.0) Gecko/20100101 Firefox/124.0"
185.216.113.70 - - [19/Apr/2026:23:35:52 +0300] "POST /wp-cron.php?doing_wp_cron=1776630952.4622819423675537109375 HTTP/1.1" 200 448 "-" "WordPress/6.3.8; https://serhatburke.miroglu.net"
185.191.206.91 - - [19/Apr/2026:23:35:19 +0300] "POST /xmlrpc.php HTTP/1.1" 200 12596 "-" "Mozilla/5.0 (Windows NT 10.0; Win64; x64) AppleWebKit/537.36 (KHTML, like Gecko) Chrome/114.0.0.0 Safari/537.36"
185.216.113.70 - - [19/Apr/2026:23:37:26 +0300] "POST /wp-cron.php?doing_wp_cron=1776631046.2198328971862792968750 HTTP/1.1" 200 448 "-" "WordPress/6.3.8; https://serhatburke.miroglu.net"
200.25.47.120 - - [19/Apr/2026:23:37:13 +0300] "POST /xmlrpc.php HTTP/1.1" 200 630 "-" "Mozilla/5.0 (Windows NT 10.0; Win64; x64) AppleWebKit/537.36 (KHTML, like Gecko) Chrome/114.0.0.0 Safari/537.36"
200.25.47.120 - - [19/Apr/2026:23:37:33 +0300] "POST /xmlrpc.php HTTP/1.1" 200 17345 "-" "Mozilla/5.0 (Windows NT 10.0; Win64; x64) AppleWebKit/537.36 (KHTML, like Gecko) Chrome/114.0.0.0 Safari/537.36"
200.25.47.120 - - [19/Apr/2026:23:37:48 +0300] "GET /video-slots-sin-cargo-maquinas-video-tragamonedas/ HTTP/1.1" 200 78270 "-" "Mozilla/5.0 (Windows NT 10.0; Win64; x64) AppleWebKit/537.36 (KHTML, like Gecko) Chrome/124.0.0.0 Safari/537.36 Edg/124.0.0.0"
185.216.113.70 - - [19/Apr/2026:23:39:56 +0300] "POST /wp-cron.php?doing_wp_cron=1776631196.6718599796295166015625 HTTP/1.1" 200 448 "-" "WordPress/6.3.8; https://serhatburke.miroglu.net"
200.25.47.120 - - [19/Apr/2026:23:39:38 +0300] "POST /xmlrpc.php HTTP/1.1" 200 630 "-" "Mozilla/5.0 (Windows NT 10.0; Win64; x64) AppleWebKit/537.36 (KHTML, like Gecko) Chrome/114.0.0.0 Safari/537.36"
200.25.47.120 - - [19/Apr/2026:23:40:03 +0300] "POST /xmlrpc.php HTTP/1.1" 200 18870 "-" "Mozilla/5.0 (Windows NT 10.0; Win64; x64) AppleWebKit/537.36 (KHTML, like Gecko) Chrome/114.0.0.0 Safari/537.36"
200.25.47.120 - - [19/Apr/2026:23:40:21 +0300] "GET /hace-el-trabajo-regalado-en-csi-crime-scene-investigation-by-atlantic-digital-sobre-modo-demo/ HTTP/1.1" 200 80784 "-" "Mozilla/5.0 (Windows NT 10.0; Win64; x64) AppleWebKit/537.36 (KHTML, like Gecko) Chrome/123.0.0.0 Safari/537.36"
185.216.113.70 - - [19/Apr/2026:23:41:52 +0300] "POST /wp-cron.php?doing_wp_cron=1776631311.9521319866180419921875 HTTP/1.1" 200 448 "-" "WordPress/6.3.8; https://serhatburke.miroglu.net"
193.118.55.22 - - [19/Apr/2026:23:41:39 +0300] "POST /xmlrpc.php HTTP/1.1" 200 100976 "-" "Mozilla/5.0 (Windows NT 10.0; Win64; x64) AppleWebKit/537.36 (KHTML, like Gecko) Chrome/139.0.0.0 Safari/537.36"
193.118.55.22 - - [19/Apr/2026:23:42:02 +0300] "POST /xmlrpc.php HTTP/1.1" 200 489 "-" "Mozilla/5.0 (Windows NT 10.0; Win64; x64) AppleWebKit/537.36 (KHTML, like Gecko) Chrome/139.0.0.0 Safari/537.36"
200.25.47.120 - - [19/Apr/2026:23:42:03 +0300] "POST /xmlrpc.php HTTP/1.1" 200 630 "-" "Mozilla/5.0 (Windows NT 10.0; Win64; x64) AppleWebKit/537.36 (KHTML, like Gecko) Chrome/114.0.0.0 Safari/537.36"
185.216.113.70 - - [19/Apr/2026:23:42:29 +0300] "POST /wp-cron.php?doing_wp_cron=1776631349.3100550174713134765625 HTTP/1.1" 200 448 "-" "WordPress/6.3.8; https://serhatburke.miroglu.net"
193.118.55.22 - - [19/Apr/2026:23:42:16 +0300] "POST /xmlrpc.php HTTP/1.1" 200 528333 "-" "Mozilla/5.0 (Windows NT 10.0; Win64; x64) AppleWebKit/537.36 (KHTML, like Gecko) Chrome/139.0.0.0 Safari/537.36"
200.25.47.120 - - [19/Apr/2026:23:42:23 +0300] "POST /xmlrpc.php HTTP/1.1" 200 16544 "-" "Mozilla/5.0 (Windows NT 10.0; Win64; x64) AppleWebKit/537.36 (KHTML, like Gecko) Chrome/114.0.0.0 Safari/537.36"
200.25.47.120 - - [19/Apr/2026:23:42:38 +0300] "GET /double-da-vinci-diamonds-tragamonedas-gratuito-y-online/ HTTP/1.1" 200 77617 "-" "Mozilla/5.0 (Windows NT 10.0; rv:109.0) Gecko/20100101 Firefox/115.0"
193.118.55.22 - - [19/Apr/2026:23:42:39 +0300] "POST /xmlrpc.php HTTP/1.1" 200 489 "-" "Mozilla/5.0 (Windows NT 10.0; Win64; x64) AppleWebKit/537.36 (KHTML, like Gecko) Chrome/139.0.0.0 Safari/537.36"
193.118.55.22 - - [19/Apr/2026:23:43:00 +0300] "POST /xmlrpc.php HTTP/1.1" 200 529549 "-" "Mozilla/5.0 (Windows NT 10.0; Win64; x64) AppleWebKit/537.36 (KHTML, like Gecko) Chrome/139.0.0.0 Safari/537.36"
185.216.113.70 - - [19/Apr/2026:23:43:47 +0300] "POST /wp-cron.php?doing_wp_cron=1776631427.6610419750213623046875 HTTP/1.1" 200 448 "-" "WordPress/6.3.8; https://serhatburke.miroglu.net"
193.118.55.22 - - [19/Apr/2026:23:43:34 +0300] "POST /xmlrpc.php HTTP/1.1" 200 667 "-" "Mozilla/5.0 (Windows NT 10.0; Win64; x64) AppleWebKit/537.36 (KHTML, like Gecko) Chrome/139.0.0.0 Safari/537.36"
193.118.55.22 - - [19/Apr/2026:23:43:49 +0300] "POST /xmlrpc.php HTTP/1.1" 200 526111 "-" "Mozilla/5.0 (Windows NT 10.0; Win64; x64) AppleWebKit/537.36 (KHTML, like Gecko) Chrome/139.0.0.0 Safari/537.36"
193.118.55.22 - - [19/Apr/2026:23:44:22 +0300] "POST /xmlrpc.php HTTP/1.1" 200 884 "-" "Mozilla/5.0 (Windows NT 10.0; Win64; x64) AppleWebKit/537.36 (KHTML, like Gecko) Chrome/139.0.0.0 Safari/537.36"
185.216.113.70 - - [19/Apr/2026:23:45:15 +0300] "POST /wp-cron.php?doing_wp_cron=1776631515.0073409080505371093750 HTTP/1.1" 200 448 "-" "WordPress/6.3.8; https://serhatburke.miroglu.net"
185.191.171.6 - - [19/Apr/2026:23:45:02 +0300] "GET /betonred-casino-apostas-mais-menos-e-a-experiencia-para-jogadores-em-portugal/ HTTP/1.1" 200 20770 "-" "Mozilla/5.0 (compatible; SemrushBot/7~bl; +http://www.semrush.com/bot.html)"
17.22.245.96 - - [19/Apr/2026:23:45:17 +0300] "GET /mejores-aplicaciones-de-android-allbestapps-17/ HTTP/1.1" 200 23835 "-" "Mozilla/5.0 (Macintosh; Intel Mac OS X 10_15_7) AppleWebKit/605.1.15 (KHTML, like Gecko) Version/17.4 Safari/605.1.15 (Applebot/0.1; +http://www.apple.com/go/applebot)"
17.22.253.112 - - [19/Apr/2026:23:46:34 +0300] "GET /wp-includes/js/comment-reply.min.js?ver=6.3.8 HTTP/1.1" 200 1978 "https://serhatburke.miroglu.net/mejores-aplicaciones-de-android-allbestapps-17/" "Mozilla/5.0 (Macintosh; Intel Mac OS X 10_15_7) AppleWebKit/605.1.15 (KHTML, like Gecko) Version/17.4 Safari/605.1.15 (Applebot/0.1; +http://www.apple.com/go/applebot)"
185.216.113.70 - - [19/Apr/2026:23:46:54 +0300] "POST /wp-cron.php?doing_wp_cron=1776631614.2050070762634277343750 HTTP/1.1" 200 448 "-" "WordPress/6.3.8; https://serhatburke.miroglu.net"
17.22.245.182 - - [19/Apr/2026:23:46:41 +0300] "GET /mejores-aplicaciones-de-android-allbestapps-17/undefined?ts=1776631599 HTTP/1.1" 404 15862 "https://serhatburke.miroglu.net/mejores-aplicaciones-de-android-allbestapps-17/" "Mozilla/5.0 (Macintosh; Intel Mac OS X 10_15_7) AppleWebKit/605.1.15 (KHTML, like Gecko) Version/17.4 Safari/605.1.15 (Applebot/0.1; +http://www.apple.com/go/applebot)"
173.252.70.0 - - [19/Apr/2026:23:46:49 +0300] "GET /robots.txt HTTP/2" 200 0 "-" "facebookexternalhit/1.1 (+http://www.facebook.com/externalhit_uatext.php)"
17.22.245.182 - - [19/Apr/2026:23:46:55 +0300] "GET /mejores-aplicaciones-de-android-allbestapps-17/undefined?ts=1776631614 HTTP/1.1" 404 15686 "https://serhatburke.miroglu.net/mejores-aplicaciones-de-android-allbestapps-17/" "Mozilla/5.0 (Macintosh; Intel Mac OS X 10_15_7) AppleWebKit/605.1.15 (KHTML, like Gecko) Version/17.4 Safari/605.1.15 (Applebot/0.1; +http://www.apple.com/go/applebot)"
17.22.245.182 - - [19/Apr/2026:23:47:10 +0300] "GET /mejores-aplicaciones-de-android-allbestapps-17/undefined?ts=1776631630 HTTP/1.1" 404 15685 "https://serhatburke.miroglu.net/mejores-aplicaciones-de-android-allbestapps-17/" "Mozilla/5.0 (Macintosh; Intel Mac OS X 10_15_7) AppleWebKit/605.1.15 (KHTML, like Gecko) Version/17.4 Safari/605.1.15 (Applebot/0.1; +http://www.apple.com/go/applebot)"
185.216.113.70 - - [19/Apr/2026:23:47:39 +0300] "POST /wp-cron.php?doing_wp_cron=1776631659.2814159393310546875000 HTTP/1.1" 200 448 "-" "WordPress/6.3.8; https://serhatburke.miroglu.net"
17.22.245.182 - - [19/Apr/2026:23:47:26 +0300] "GET /mejores-aplicaciones-de-android-allbestapps-17/undefined?ts=1776631645 HTTP/1.1" 404 15686 "https://serhatburke.miroglu.net/mejores-aplicaciones-de-android-allbestapps-17/" "Mozilla/5.0 (Macintosh; Intel Mac OS X 10_15_7) AppleWebKit/605.1.15 (KHTML, like Gecko) Version/17.4 Safari/605.1.15 (Applebot/0.1; +http://www.apple.com/go/applebot)"
17.22.245.182 - - [19/Apr/2026:23:47:41 +0300] "GET /mejores-aplicaciones-de-android-allbestapps-17/undefined?ts=1776631659 HTTP/1.1" 404 15687 "https://serhatburke.miroglu.net/mejores-aplicaciones-de-android-allbestapps-17/" "Mozilla/5.0 (Macintosh; Intel Mac OS X 10_15_7) AppleWebKit/605.1.15 (KHTML, like Gecko) Version/17.4 Safari/605.1.15 (Applebot/0.1; +http://www.apple.com/go/applebot)"
17.22.245.182 - - [19/Apr/2026:23:47:54 +0300] "GET /mejores-aplicaciones-de-android-allbestapps-17/undefined?ts=1776631674 HTTP/1.1" 404 15686 "https://serhatburke.miroglu.net/mejores-aplicaciones-de-android-allbestapps-17/" "Mozilla/5.0 (Macintosh; Intel Mac OS X 10_15_7) AppleWebKit/605.1.15 (KHTML, like Gecko) Version/17.4 Safari/605.1.15 (Applebot/0.1; +http://www.apple.com/go/applebot)"
192.241.121.119 - - [19/Apr/2026:23:48:09 +0300] "GET /beste-casino-site-belgie-hoge-inzet/ HTTP/2" 200 0 "https://serhatburke.miroglu.net/" "Mozilla/5.0 (Windows NT 10.0; Win64; x64) AppleWebKit/537.36 (KHTML, like Gecko) Chrome/132.0.0.0 Safari/537.36 AtContent/94.5.4932.44"
17.22.245.190 - - [19/Apr/2026:23:48:08 +0300] "GET /mejores-aplicaciones-de-android-allbestapps-17/undefined?ts=1776631687 HTTP/1.1" 404 15863 "https://serhatburke.miroglu.net/mejores-aplicaciones-de-android-allbestapps-17/" "Mozilla/5.0 (Macintosh; Intel Mac OS X 10_15_7) AppleWebKit/605.1.15 (KHTML, like Gecko) Version/17.4 Safari/605.1.15 (Applebot/0.1; +http://www.apple.com/go/applebot)"
17.22.253.24 - - [19/Apr/2026:23:48:23 +0300] "GET /mejores-aplicaciones-de-android-allbestapps-17/undefined?ts=1776631701 HTTP/1.1" 404 15863 "https://serhatburke.miroglu.net/mejores-aplicaciones-de-android-allbestapps-17/" "Mozilla/5.0 (Macintosh; Intel Mac OS X 10_15_7) AppleWebKit/605.1.15 (KHTML, like Gecko) Version/17.4 Safari/605.1.15 (Applebot/0.1; +http://www.apple.com/go/applebot)"
185.216.113.70 - - [19/Apr/2026:23:48:50 +0300] "POST /wp-cron.php?doing_wp_cron=1776631730.8151609897613525390625 HTTP/1.1" 200 448 "-" "WordPress/6.3.8; https://serhatburke.miroglu.net"
17.22.245.183 - - [19/Apr/2026:23:48:39 +0300] "GET /mejores-aplicaciones-de-android-allbestapps-17/undefined?ts=1776631718 HTTP/1.1" 404 15864 "https://serhatburke.miroglu.net/mejores-aplicaciones-de-android-allbestapps-17/" "Mozilla/5.0 (Macintosh; Intel Mac OS X 10_15_7) AppleWebKit/605.1.15 (KHTML, like Gecko) Version/17.4 Safari/605.1.15 (Applebot/0.1; +http://www.apple.com/go/applebot)"
17.22.245.58 - - [19/Apr/2026:23:48:53 +0300] "GET /mejores-aplicaciones-de-android-allbestapps-17/undefined?ts=1776631731 HTTP/1.1" 404 15862 "https://serhatburke.miroglu.net/mejores-aplicaciones-de-android-allbestapps-17/" "Mozilla/5.0 (Macintosh; Intel Mac OS X 10_15_7) AppleWebKit/605.1.15 (KHTML, like Gecko) Version/17.4 Safari/605.1.15 (Applebot/0.1; +http://www.apple.com/go/applebot)"
17.22.245.58 - - [19/Apr/2026:23:49:06 +0300] "GET /mejores-aplicaciones-de-android-allbestapps-17/undefined?ts=1776631745 HTTP/1.1" 404 15685 "https://serhatburke.miroglu.net/mejores-aplicaciones-de-android-allbestapps-17/" "Mozilla/5.0 (Macintosh; Intel Mac OS X 10_15_7) AppleWebKit/605.1.15 (KHTML, like Gecko) Version/17.4 Safari/605.1.15 (Applebot/0.1; +http://www.apple.com/go/applebot)"
17.22.245.58 - - [19/Apr/2026:23:49:20 +0300] "GET /mejores-aplicaciones-de-android-allbestapps-17/undefined?ts=1776631760 HTTP/1.1" 404 15686 "https://serhatburke.miroglu.net/mejores-aplicaciones-de-android-allbestapps-17/" "Mozilla/5.0 (Macintosh; Intel Mac OS X 10_15_7) AppleWebKit/605.1.15 (KHTML, like Gecko) Version/17.4 Safari/605.1.15 (Applebot/0.1; +http://www.apple.com/go/applebot)"
185.216.113.70 - - [19/Apr/2026:23:49:52 +0300] "POST /wp-cron.php?doing_wp_cron=1776631791.9821939468383789062500 HTTP/1.1" 200 448 "-" "WordPress/6.3.8; https://serhatburke.miroglu.net"
17.22.245.58 - - [19/Apr/2026:23:49:36 +0300] "GET /mejores-aplicaciones-de-android-allbestapps-17/undefined?ts=1776631776 HTTP/1.1" 404 15684 "https://serhatburke.miroglu.net/mejores-aplicaciones-de-android-allbestapps-17/" "Mozilla/5.0 (Macintosh; Intel Mac OS X 10_15_7) AppleWebKit/605.1.15 (KHTML, like Gecko) Version/17.4 Safari/605.1.15 (Applebot/0.1; +http://www.apple.com/go/applebot)"
200.25.47.120 - - [19/Apr/2026:23:49:59 +0300] "POST /xmlrpc.php HTTP/1.1" 200 630 "-" "Mozilla/5.0 (Windows NT 10.0; Win64; x64) AppleWebKit/537.36 (KHTML, like Gecko) Chrome/114.0.0.0 Safari/537.36"
17.22.245.28 - - [19/Apr/2026:23:50:00 +0300] "GET /mejores-aplicaciones-de-android-allbestapps-17/undefined?ts=1776631792 HTTP/1.1" 404 15863 "https://serhatburke.miroglu.net/mejores-aplicaciones-de-android-allbestapps-17/" "Mozilla/5.0 (Macintosh; Intel Mac OS X 10_15_7) AppleWebKit/605.1.15 (KHTML, like Gecko) Version/17.4 Safari/605.1.15 (Applebot/0.1; +http://www.apple.com/go/applebot)"
185.216.113.70 - - [19/Apr/2026:23:50:28 +0300] "POST /wp-cron.php?doing_wp_cron=1776631828.2349729537963867187500 HTTP/1.1" 200 448 "-" "WordPress/6.3.8; https://serhatburke.miroglu.net"
17.22.253.83 - - [19/Apr/2026:23:50:16 +0300] "GET /mejores-aplicaciones-de-android-allbestapps-17/undefined?ts=1776631815 HTTP/1.1" 404 15863 "https://serhatburke.miroglu.net/mejores-aplicaciones-de-android-allbestapps-17/" "Mozilla/5.0 (Macintosh; Intel Mac OS X 10_15_7) AppleWebKit/605.1.15 (KHTML, like Gecko) Version/17.4 Safari/605.1.15 (Applebot/0.1; +http://www.apple.com/go/applebot)"
200.25.47.120 - - [19/Apr/2026:23:50:21 +0300] "POST /xmlrpc.php HTTP/1.1" 200 19374 "-" "Mozilla/5.0 (Windows NT 10.0; Win64; x64) AppleWebKit/537.36 (KHTML, like Gecko) Chrome/114.0.0.0 Safari/537.36"
17.22.253.83 - - [19/Apr/2026:23:50:28 +0300] "GET /mejores-aplicaciones-de-android-allbestapps-17/undefined?ts=1776631828 HTTP/1.1" 404 15685 "https://serhatburke.miroglu.net/mejores-aplicaciones-de-android-allbestapps-17/" "Mozilla/5.0 (Macintosh; Intel Mac OS X 10_15_7) AppleWebKit/605.1.15 (KHTML, like Gecko) Version/17.4 Safari/605.1.15 (Applebot/0.1; +http://www.apple.com/go/applebot)"
200.25.47.120 - - [19/Apr/2026:23:50:38 +0300] "GET /play-%E2%AB%B8-bier-haus-slot-game-in-demo-mode-for-free/ HTTP/1.1" 200 80318 "-" "Mozilla/5.0 (Windows NT 10.0; Win64; x64) AppleWebKit/537.36 (KHTML, like Gecko) Chrome/123.0.0.0 Safari/537.36 OPR/109.0.0.0"
17.22.237.198 - - [19/Apr/2026:23:50:56 +0300] "GET /mejores-aplicaciones-de-android-allbestapps-17/undefined?ts=1776631853 HTTP/1.1" 404 15745 "https://serhatburke.miroglu.net/mejores-aplicaciones-de-android-allbestapps-17/" "Mozilla/5.0 (Macintosh; Intel Mac OS X 10_15_7) AppleWebKit/605.1.15 (KHTML, like Gecko) Version/17.4 Safari/605.1.15 (Applebot/0.1; +http://www.apple.com/go/applebot)"
17.22.237.198 - - [19/Apr/2026:23:51:11 +0300] "GET /mejores-aplicaciones-de-android-allbestapps-17/undefined?ts=1776631868 HTTP/1.1" 404 15685 "https://serhatburke.miroglu.net/mejores-aplicaciones-de-android-allbestapps-17/" "Mozilla/5.0 (Macintosh; Intel Mac OS X 10_15_7) AppleWebKit/605.1.15 (KHTML, like Gecko) Version/17.4 Safari/605.1.15 (Applebot/0.1; +http://www.apple.com/go/applebot)"
185.216.113.70 - - [19/Apr/2026:23:51:37 +0300] "POST /wp-cron.php?doing_wp_cron=1776631897.7351639270782470703125 HTTP/1.1" 200 448 "-" "WordPress/6.3.8; https://serhatburke.miroglu.net"
17.22.237.198 - - [19/Apr/2026:23:51:25 +0300] "GET /mejores-aplicaciones-de-android-allbestapps-17/undefined?ts=1776631884 HTTP/1.1" 404 15684 "https://serhatburke.miroglu.net/mejores-aplicaciones-de-android-allbestapps-17/" "Mozilla/5.0 (Macintosh; Intel Mac OS X 10_15_7) AppleWebKit/605.1.15 (KHTML, like Gecko) Version/17.4 Safari/605.1.15 (Applebot/0.1; +http://www.apple.com/go/applebot)"
17.22.237.198 - - [19/Apr/2026:23:51:42 +0300] "GET /mejores-aplicaciones-de-android-allbestapps-17/undefined?ts=1776631898 HTTP/1.1" 404 15685 "https://serhatburke.miroglu.net/mejores-aplicaciones-de-android-allbestapps-17/" "Mozilla/5.0 (Macintosh; Intel Mac OS X 10_15_7) AppleWebKit/605.1.15 (KHTML, like Gecko) Version/17.4 Safari/605.1.15 (Applebot/0.1; +http://www.apple.com/go/applebot)"
