91.107.208.255 - - [19/Apr/2026:20:43:18 +0300] "GET /wild-fortune-casino-erfahrungen-2025-300-bonus-175-fs/ HTTP/1.1" 200 18392 "-" "Mozilla/5.0 (Windows NT 10.0; Win64; x64) AppleWebKit/537.36 (KHTML, like Gecko) Chrome/108.0.0.0 Safari/537.36"
185.216.113.70 - - [19/Apr/2026:20:43:52 +0300] "POST /wp-cron.php?doing_wp_cron=1776620632.7067930698394775390625 HTTP/1.1" 200 448 "-" "WordPress/6.3.8; https://serhatburke.miroglu.net"
185.191.206.91 - - [19/Apr/2026:20:43:24 +0300] "POST /xmlrpc.php HTTP/1.1" 200 630 "-" "Mozilla/5.0 (Windows NT 10.0; Win64; x64) AppleWebKit/537.36 (KHTML, like Gecko) Chrome/114.0.0.0 Safari/537.36"
185.191.206.91 - - [19/Apr/2026:20:43:30 +0300] "GET /book-of-ra-zagraj-przy-1-pochodzace-z-w-najwyzszym-stopniu-kultowych-slotow/ HTTP/1.1" 200 72596 "-" "Mozilla/5.0 (Windows NT 10.0; rv:125.0) Gecko/20100101 Firefox/125.0"
185.191.206.91 - - [19/Apr/2026:20:43:59 +0300] "POST /xmlrpc.php HTTP/1.1" 200 10097 "-" "Mozilla/5.0 (Windows NT 10.0; Win64; x64) AppleWebKit/537.36 (KHTML, like Gecko) Chrome/114.0.0.0 Safari/537.36"
185.216.113.70 - - [19/Apr/2026:20:45:00 +0300] "POST /wp-cron.php?doing_wp_cron=1776620700.0521039962768554687500 HTTP/1.1" 200 448 "-" "WordPress/6.3.8; https://serhatburke.miroglu.net"
185.191.206.91 - - [19/Apr/2026:20:44:29 +0300] "POST /xmlrpc.php HTTP/1.1" 200 630 "-" "Mozilla/5.0 (Windows NT 10.0; Win64; x64) AppleWebKit/537.36 (KHTML, like Gecko) Chrome/114.0.0.0 Safari/537.36"
185.191.206.91 - - [19/Apr/2026:20:44:32 +0300] "GET /robot-do-zabawy-hazardowej/ HTTP/1.1" 200 70857 "-" "Mozilla/5.0 (Windows NT 10.0; Win64; x64) AppleWebKit/537.36 (KHTML, like Gecko) Chrome/109.0.0.0 Safari/537.36"
185.191.206.91 - - [19/Apr/2026:20:45:08 +0300] "POST /xmlrpc.php HTTP/1.1" 200 10016 "-" "Mozilla/5.0 (Windows NT 10.0; Win64; x64) AppleWebKit/537.36 (KHTML, like Gecko) Chrome/114.0.0.0 Safari/537.36"
185.216.113.70 - - [19/Apr/2026:20:46:08 +0300] "POST /wp-cron.php?doing_wp_cron=1776620768.4730710983276367187500 HTTP/1.1" 200 448 "-" "WordPress/6.3.8; https://serhatburke.miroglu.net"
185.191.206.91 - - [19/Apr/2026:20:45:37 +0300] "POST /xmlrpc.php HTTP/1.1" 200 630 "-" "Mozilla/5.0 (Windows NT 10.0; Win64; x64) AppleWebKit/537.36 (KHTML, like Gecko) Chrome/114.0.0.0 Safari/537.36"
185.191.206.91 - - [19/Apr/2026:20:45:40 +0300] "GET /kasyno-hazard-za-darmo-graj-bez-rejestracji-2025/ HTTP/1.1" 200 71342 "-" "Mozilla/5.0 (Windows NT 10.0; rv:109.0) Gecko/20100101 Firefox/115.0"
185.191.206.91 - - [19/Apr/2026:20:46:14 +0300] "POST /xmlrpc.php HTTP/1.1" 200 9827 "-" "Mozilla/5.0 (Windows NT 10.0; Win64; x64) AppleWebKit/537.36 (KHTML, like Gecko) Chrome/114.0.0.0 Safari/537.36"
185.216.113.70 - - [19/Apr/2026:20:47:11 +0300] "POST /wp-cron.php?doing_wp_cron=1776620831.0819189548492431640625 HTTP/1.1" 200 448 "-" "WordPress/6.3.8; https://serhatburke.miroglu.net"
185.191.206.91 - - [19/Apr/2026:20:46:37 +0300] "POST /xmlrpc.php HTTP/1.1" 200 630 "-" "Mozilla/5.0 (Windows NT 10.0; Win64; x64) AppleWebKit/537.36 (KHTML, like Gecko) Chrome/114.0.0.0 Safari/537.36"
185.191.206.91 - - [19/Apr/2026:20:46:46 +0300] "GET /sizzling-hot-deluxe-robot-do-rozrywki-online-bezplatnie-farzam-law-kategorii/ HTTP/1.1" 200 72029 "-" "Mozilla/5.0 (Windows NT 10.0; Win64; x64; rv:125.0) Gecko/20100101 Firefox/125.0"
185.191.206.91 - - [19/Apr/2026:20:47:18 +0300] "POST /xmlrpc.php HTTP/1.1" 200 9976 "-" "Mozilla/5.0 (Windows NT 10.0; Win64; x64) AppleWebKit/537.36 (KHTML, like Gecko) Chrome/114.0.0.0 Safari/537.36"
185.216.113.70 - - [19/Apr/2026:20:47:53 +0300] "POST /wp-cron.php?doing_wp_cron=1776620873.5211009979248046875000 HTTP/1.1" 200 448 "-" "WordPress/6.3.8; https://serhatburke.miroglu.net"
196.51.53.198 - - [19/Apr/2026:20:47:39 +0300] "GET /zotabet-casino-bonus-premier-depot-2026/ HTTP/1.1" 200 18537 "https://serhatburke.miroglu.net/" "Mozilla/5.0 (Windows NT 10.0; Win64; x64) AppleWebKit/537.36 (KHTML, like Gecko) Chrome/99.0.4844.51 Safari/537.36"
185.191.206.91 - - [19/Apr/2026:20:47:36 +0300] "POST /xmlrpc.php HTTP/1.1" 200 630 "-" "Mozilla/5.0 (Windows NT 10.0; Win64; x64) AppleWebKit/537.36 (KHTML, like Gecko) Chrome/114.0.0.0 Safari/537.36"
38.154.71.54 - - [19/Apr/2026:20:47:55 +0300] "GET /zotabet-casino-bonus-premier-depot-2026/ HTTP/1.1" 200 18537 "https://serhatburke.miroglu.net/" "Mozilla/5.0 (Windows NT 10.0; Win64; x64) AppleWebKit/537.36 (KHTML, like Gecko) Chrome/99.0.4844.51 Safari/537.36"
38.154.80.23 - - [19/Apr/2026:20:48:11 +0300] "GET /zotabet-casino-bonus-premier-depot-2026/ HTTP/1.1" 200 18537 "https://serhatburke.miroglu.net/" "Mozilla/5.0 (Windows NT 10.0; Win64; x64) AppleWebKit/537.36 (KHTML, like Gecko) Chrome/99.0.4844.51 Safari/537.36"
185.216.113.70 - - [19/Apr/2026:20:48:24 +0300] "POST /wp-cron.php?doing_wp_cron=1776620904.4713060855865478515625 HTTP/1.1" 200 448 "-" "WordPress/6.3.8; https://serhatburke.miroglu.net"
185.191.206.91 - - [19/Apr/2026:20:47:50 +0300] "GET /sizzling-hot-deluxe-automat-do-zabawy-przez-internet-za-darmo/ HTTP/1.1" 200 71758 "-" "Mozilla/5.0 (Windows NT 10.0; Win64; x64) AppleWebKit/537.36 (KHTML, like Gecko) Chrome/124.0.0.0 Safari/537.36"
38.154.80.23 - - [19/Apr/2026:20:48:27 +0300] "GET /wp-includes/css/dist/block-library/style.min.css?ver=6.3.8 HTTP/1.1" 200 13578 "https://serhatburke.miroglu.net/zotabet-casino-bonus-premier-depot-2026/" "Mozilla/5.0 (Windows NT 10.0; Win64; x64) AppleWebKit/537.36 (KHTML, like Gecko) Chrome/145.0.0.0 Safari/537.36"
38.154.80.23 - - [19/Apr/2026:20:48:29 +0300] "GET /wp-content/plugins/contact-form-7/includes/css/styles.css?ver=5.8 HTTP/1.1" 200 1490 "https://serhatburke.miroglu.net/zotabet-casino-bonus-premier-depot-2026/" "Mozilla/5.0 (Windows NT 10.0; Win64; x64) AppleWebKit/537.36 (KHTML, like Gecko) Chrome/145.0.0.0 Safari/537.36"
38.154.80.23 - - [19/Apr/2026:20:48:30 +0300] "GET /wp-content/themes/toppic/css/fontello.css?ver=4.2 HTTP/1.1" 200 1802 "https://serhatburke.miroglu.net/zotabet-casino-bonus-premier-depot-2026/" "Mozilla/5.0 (Windows NT 10.0; Win64; x64) AppleWebKit/537.36 (KHTML, like Gecko) Chrome/145.0.0.0 Safari/537.36"
38.154.80.23 - - [19/Apr/2026:20:48:31 +0300] "GET /wp-content/themes/toppic/css/reset.css?ver=4.2 HTTP/1.1" 200 1178 "https://serhatburke.miroglu.net/zotabet-casino-bonus-premier-depot-2026/" "Mozilla/5.0 (Windows NT 10.0; Win64; x64) AppleWebKit/537.36 (KHTML, like Gecko) Chrome/145.0.0.0 Safari/537.36"
38.154.80.23 - - [19/Apr/2026:20:48:32 +0300] "GET /wp-content/themes/toppic/css/default.css?ver=4.2 HTTP/1.1" 200 1811 "https://serhatburke.miroglu.net/zotabet-casino-bonus-premier-depot-2026/" "Mozilla/5.0 (Windows NT 10.0; Win64; x64) AppleWebKit/537.36 (KHTML, like Gecko) Chrome/145.0.0.0 Safari/537.36"
38.154.80.23 - - [19/Apr/2026:20:48:33 +0300] "GET /wp-content/themes/toppic/style.css?ver=4.2 HTTP/1.1" 200 23398 "https://serhatburke.miroglu.net/zotabet-casino-bonus-premier-depot-2026/" "Mozilla/5.0 (Windows NT 10.0; Win64; x64) AppleWebKit/537.36 (KHTML, like Gecko) Chrome/145.0.0.0 Safari/537.36"
38.154.80.23 - - [19/Apr/2026:20:48:34 +0300] "GET /wp-content/themes/toppic/css/royalslider.css?ver=4.2 HTTP/1.1" 200 1887 "https://serhatburke.miroglu.net/zotabet-casino-bonus-premier-depot-2026/" "Mozilla/5.0 (Windows NT 10.0; Win64; x64) AppleWebKit/537.36 (KHTML, like Gecko) Chrome/145.0.0.0 Safari/537.36"
38.154.80.23 - - [19/Apr/2026:20:48:35 +0300] "GET /wp-content/themes/toppic/css/rs-default.css?ver=4.2 HTTP/1.1" 200 2625 "https://serhatburke.miroglu.net/zotabet-casino-bonus-premier-depot-2026/" "Mozilla/5.0 (Windows NT 10.0; Win64; x64) AppleWebKit/537.36 (KHTML, like Gecko) Chrome/145.0.0.0 Safari/537.36"
38.154.80.23 - - [19/Apr/2026:20:48:36 +0300] "GET /wp-content/themes/toppic/css/lightbox.css?ver=4.2 HTTP/1.1" 200 2956 "https://serhatburke.miroglu.net/zotabet-casino-bonus-premier-depot-2026/" "Mozilla/5.0 (Windows NT 10.0; Win64; x64) AppleWebKit/537.36 (KHTML, like Gecko) Chrome/145.0.0.0 Safari/537.36"
38.154.80.23 - - [19/Apr/2026:20:48:37 +0300] "GET /wp-content/themes/toppic/css/woocommerce.css?ver=4.2 HTTP/1.1" 200 2848 "https://serhatburke.miroglu.net/zotabet-casino-bonus-premier-depot-2026/" "Mozilla/5.0 (Windows NT 10.0; Win64; x64) AppleWebKit/537.36 (KHTML, like Gecko) Chrome/145.0.0.0 Safari/537.36"
38.154.80.23 - - [19/Apr/2026:20:48:38 +0300] "GET /wp-content/themes/toppic/css/responsive.css?ver=4.2 HTTP/1.1" 200 2796 "https://serhatburke.miroglu.net/zotabet-casino-bonus-premier-depot-2026/" "Mozilla/5.0 (Windows NT 10.0; Win64; x64) AppleWebKit/537.36 (KHTML, like Gecko) Chrome/145.0.0.0 Safari/537.36"
185.191.206.91 - - [19/Apr/2026:20:48:14 +0300] "POST /xmlrpc.php HTTP/1.1" 200 10596 "-" "Mozilla/5.0 (Windows NT 10.0; Win64; x64) AppleWebKit/537.36 (KHTML, like Gecko) Chrome/114.0.0.0 Safari/537.36"
38.154.80.23 - - [19/Apr/2026:20:48:39 +0300] "POST /wp-comments-post.php HTTP/1.1" 302 1087 "https://serhatburke.miroglu.net/zotabet-casino-bonus-premier-depot-2026/" "Mozilla/5.0 (Windows NT 10.0; Win64; x64) AppleWebKit/537.36 (KHTML, like Gecko) Chrome/99.0.4844.51 Safari/537.36"
38.154.80.23 - - [19/Apr/2026:20:48:55 +0300] "POST /wp-comments-post.php HTTP/1.1" 409 1626 "https://serhatburke.miroglu.net/zotabet-casino-bonus-premier-depot-2026/" "Mozilla/5.0 (Windows NT 10.0; Win64; x64) AppleWebKit/537.36 (KHTML, like Gecko) Chrome/99.0.4844.51 Safari/537.36"
185.191.206.91 - - [19/Apr/2026:20:48:38 +0300] "POST /xmlrpc.php HTTP/1.1" 200 630 "-" "Mozilla/5.0 (Windows NT 10.0; Win64; x64) AppleWebKit/537.36 (KHTML, like Gecko) Chrome/114.0.0.0 Safari/537.36"
107.152.46.252 - - [19/Apr/2026:20:48:59 +0300] "GET /casino-online-skrill-prelievo-veloce/ HTTP/1.1" 200 18092 "https://serhatburke.miroglu.net/" "Mozilla/5.0 (X11; Linux i686) AppleWebKit/537.36 (KHTML, like Gecko) Chrome/114.0.0.0 Safari/537.36 Vivaldi/5.3.2679.68"
185.191.206.91 - - [19/Apr/2026:20:48:45 +0300] "GET /automaty-do-konsol-hazardowych-wyprobuj-najlepsze-automaty-internetowego/ HTTP/1.1" 200 72311 "-" "Mozilla/5.0 (Windows NT 10.0; Win64; x64) AppleWebKit/537.36 (KHTML, like Gecko) Chrome/124.0.0.0 Safari/537.36 Edg/124.0.0.0"
38.154.159.57 - - [19/Apr/2026:20:49:09 +0300] "POST /wp-comments-post.php HTTP/1.1" 409 1626 "https://serhatburke.miroglu.net/zotabet-casino-bonus-premier-depot-2026/" "Mozilla/5.0 (Windows NT 10.0; Win64; x64) AppleWebKit/537.36 (KHTML, like Gecko) Chrome/99.0.4844.51 Safari/537.36"
185.216.113.70 - - [19/Apr/2026:20:49:33 +0300] "POST /wp-cron.php?doing_wp_cron=1776620973.7897191047668457031250 HTTP/1.1" 200 448 "-" "WordPress/6.3.8; https://serhatburke.miroglu.net"
107.152.46.252 - - [19/Apr/2026:20:49:16 +0300] "POST /wp-comments-post.php HTTP/1.1" 302 1084 "https://serhatburke.miroglu.net/casino-online-skrill-prelievo-veloce/" "Mozilla/5.0 (X11; Linux i686) AppleWebKit/537.36 (KHTML, like Gecko) Chrome/114.0.0.0 Safari/537.36 Vivaldi/5.3.2679.68"
185.216.113.70 - - [19/Apr/2026:20:49:43 +0300] "POST /wp-cron.php?doing_wp_cron=1776620983.2276329994201660156250 HTTP/1.1" 200 448 "-" "WordPress/6.3.8; https://serhatburke.miroglu.net"
196.51.53.164 - - [19/Apr/2026:20:49:25 +0300] "POST /wp-comments-post.php HTTP/1.1" 409 1626 "https://serhatburke.miroglu.net/zotabet-casino-bonus-premier-depot-2026/" "Mozilla/5.0 (Windows NT 10.0; Win64; x64) AppleWebKit/537.36 (KHTML, like Gecko) Chrome/99.0.4844.51 Safari/537.36"
185.216.113.70 - - [19/Apr/2026:20:49:49 +0300] "POST /wp-cron.php?doing_wp_cron=1776620989.8269150257110595703125 HTTP/1.1" 200 448 "-" "WordPress/6.3.8; https://serhatburke.miroglu.net"
185.191.206.91 - - [19/Apr/2026:20:49:16 +0300] "POST /xmlrpc.php HTTP/1.1" 200 10243 "-" "Mozilla/5.0 (Windows NT 10.0; Win64; x64) AppleWebKit/537.36 (KHTML, like Gecko) Chrome/114.0.0.0 Safari/537.36"
107.152.46.252 - - [19/Apr/2026:20:49:34 +0300] "GET /casino-online-skrill-prelievo-veloce/?unapproved=509&moderation-hash=32e3dfd424959112542f5ffb884f3b27 HTTP/1.1" 200 18592 "https://serhatburke.miroglu.net/wp-comments-post.php" "Mozilla/5.0 (X11; Linux i686) AppleWebKit/537.36 (KHTML, like Gecko) Chrome/114.0.0.0 Safari/537.36 Vivaldi/5.3.2679.68"
196.51.53.164 - - [19/Apr/2026:20:49:41 +0300] "POST /wp-comments-post.php HTTP/1.1" 409 1626 "https://serhatburke.miroglu.net/zotabet-casino-bonus-premier-depot-2026/" "Mozilla/5.0 (Windows NT 10.0; Win64; x64) AppleWebKit/537.36 (KHTML, like Gecko) Chrome/99.0.4844.51 Safari/537.36"
196.51.53.164 - - [19/Apr/2026:20:49:57 +0300] "POST /wp-comments-post.php HTTP/1.1" 409 1626 "https://serhatburke.miroglu.net/zotabet-casino-bonus-premier-depot-2026/" "Mozilla/5.0 (Windows NT 10.0; Win64; x64) AppleWebKit/537.36 (KHTML, like Gecko) Chrome/99.0.4844.51 Safari/537.36"
107.152.46.252 - - [19/Apr/2026:20:50:01 +0300] "GET /casino-online-skrill-prelievo-veloce/ HTTP/1.1" 200 18142 "-" "Mozilla/5.0 (X11; Linux i686) AppleWebKit/537.36 (KHTML, like Gecko) Chrome/114.0.0.0 Safari/537.36 Vivaldi/5.3.2679.68"
38.154.71.59 - - [19/Apr/2026:20:50:13 +0300] "GET /zotabet-casino-bonus-premier-depot-2026/ HTTP/1.1" 200 18530 "-" "Mozilla/5.0 (compatible; Googlebot/2.1; +http://www.google.com/bot.html)"
200.25.47.120 - - [19/Apr/2026:20:50:25 +0300] "POST /xmlrpc.php HTTP/1.1" 200 630 "-" "Mozilla/5.0 (Windows NT 10.0; Win64; x64) AppleWebKit/537.36 (KHTML, like Gecko) Chrome/114.0.0.0 Safari/537.36"
185.191.206.91 - - [19/Apr/2026:20:49:51 +0300] "GET /%E1%90%88-setka-zlotych-bez-depozytu-2025-przy-rodzimych-kasynach-dzis/ HTTP/1.1" 200 72114 "-" "Mozilla/5.0 (Windows NT 10.0; rv:125.0) Gecko/20100101 Firefox/125.0"
185.216.113.70 - - [19/Apr/2026:20:51:01 +0300] "POST /wp-cron.php?doing_wp_cron=1776621061.6204309463500976562500 HTTP/1.1" 200 448 "-" "WordPress/6.3.8; https://serhatburke.miroglu.net"
200.25.47.120 - - [19/Apr/2026:20:50:48 +0300] "POST /xmlrpc.php HTTP/1.1" 200 17043 "-" "Mozilla/5.0 (Windows NT 10.0; Win64; x64) AppleWebKit/537.36 (KHTML, like Gecko) Chrome/114.0.0.0 Safari/537.36"
200.25.47.120 - - [19/Apr/2026:20:51:03 +0300] "GET /tragamonedas-regalado-mexico-hace-el-trabajo-a-32178-tragamonedas-sin-cargo-en-internet/ HTTP/1.1" 200 78731 "-" "Mozilla/5.0 (Windows NT 10.0; Win64; x64; rv:124.0) Gecko/20100101 Firefox/124.0"
196.51.53.164 - - [19/Apr/2026:20:51:29 +0300] "GET /zotabet-casino-bonus-premier-depot-2026/ HTTP/1.1" 200 18530 "-" "Mozilla/5.0 (compatible; Googlebot/2.1; +http://www.google.com/bot.html)"
38.154.178.33 - - [19/Apr/2026:20:51:43 +0300] "GET /zotabet-casino-bonus-premier-depot-2026/ HTTP/1.1" 200 0 "-" "Mozilla/5.0 (compatible; Googlebot/2.1; +http://www.google.com/bot.html)"
185.216.113.70 - - [19/Apr/2026:20:56:01 +0300] "POST /wp-cron.php?doing_wp_cron=1776621361.4795289039611816406250 HTTP/1.1" 200 448 "-" "WordPress/6.3.8; https://serhatburke.miroglu.net"
85.208.96.199 - - [19/Apr/2026:20:55:48 +0300] "GET /robots.txt HTTP/1.1" 200 605 "-" "Mozilla/5.0 (compatible; SemrushBot/7~bl; +http://www.semrush.com/bot.html)"
85.208.96.209 - - [19/Apr/2026:20:56:02 +0300] "GET /portfolio/the-bridge/ HTTP/1.1" 200 18826 "-" "Mozilla/5.0 (compatible; SemrushBot/7~bl; +http://www.semrush.com/bot.html)"
185.216.113.70 - - [19/Apr/2026:20:58:01 +0300] "POST /wp-cron.php?doing_wp_cron=1776621481.7315270900726318359375 HTTP/1.1" 200 448 "-" "WordPress/6.3.8; https://serhatburke.miroglu.net"
107.152.46.252 - - [19/Apr/2026:20:57:48 +0300] "GET /casino-online-skrill-prelievo-veloce/ HTTP/1.1" 200 18142 "-" "Mozilla/5.0 (Windows NT 10.0; Win64; x64) AppleWebKit/537.36 (KHTML, like Gecko) Chrome/114.0.0.0 Safari/537.36 Vivaldi/5.3.2679.68"
185.191.206.91 - - [19/Apr/2026:20:57:41 +0300] "POST /xmlrpc.php HTTP/1.1" 200 630 "-" "Mozilla/5.0 (Windows NT 10.0; Win64; x64) AppleWebKit/537.36 (KHTML, like Gecko) Chrome/114.0.0.0 Safari/537.36"
200.25.47.120 - - [19/Apr/2026:20:58:08 +0300] "POST /xmlrpc.php HTTP/1.1" 200 630 "-" "Mozilla/5.0 (Windows NT 10.0; Win64; x64) AppleWebKit/537.36 (KHTML, like Gecko) Chrome/114.0.0.0 Safari/537.36"
185.216.113.70 - - [19/Apr/2026:20:58:41 +0300] "POST /wp-cron.php?doing_wp_cron=1776621521.5713388919830322265625 HTTP/1.1" 200 448 "-" "WordPress/6.3.8; https://serhatburke.miroglu.net"
200.25.47.120 - - [19/Apr/2026:20:58:29 +0300] "POST /xmlrpc.php HTTP/1.1" 200 16373 "-" "Mozilla/5.0 (Windows NT 10.0; Win64; x64) AppleWebKit/537.36 (KHTML, like Gecko) Chrome/114.0.0.0 Safari/537.36"
185.191.206.91 - - [19/Apr/2026:20:58:19 +0300] "POST /xmlrpc.php HTTP/1.1" 200 10277 "-" "Mozilla/5.0 (Windows NT 10.0; Win64; x64) AppleWebKit/537.36 (KHTML, like Gecko) Chrome/114.0.0.0 Safari/537.36"
200.25.47.120 - - [19/Apr/2026:20:58:43 +0300] "GET /monopoly-soluciona-juegos-referente-a-lagged-com/ HTTP/1.1" 200 77098 "-" "Mozilla/5.0 (Windows NT 10.0; rv:109.0) Gecko/20100101 Firefox/115.0"
185.191.206.91 - - [19/Apr/2026:20:58:48 +0300] "GET /nadprogram-z-brakiem-depozytu-do-odwiedzenia-20-eur-od-czasu-verde-casino/ HTTP/1.1" 200 72311 "-" "Mozilla/5.0 (Windows NT 10.0; Win64; x64) AppleWebKit/537.36 (KHTML, like Gecko) Chrome/124.0.0.0 Safari/537.36"
185.216.113.70 - - [19/Apr/2026:21:01:47 +0300] "POST /wp-cron.php?doing_wp_cron=1776621707.3795289993286132812500 HTTP/1.1" 200 448 "-" "WordPress/6.3.8; https://serhatburke.miroglu.net"
185.244.183.170 - - [19/Apr/2026:21:01:34 +0300] "POST /xmlrpc.php HTTP/1.1" 200 100287 "-" "Mozilla/5.0 (Windows NT 10.0; Win64; x64) AppleWebKit/537.36 (KHTML, like Gecko) Chrome/76.0.3809.100 Safari/537.36"
200.25.47.120 - - [19/Apr/2026:21:01:50 +0300] "POST /xmlrpc.php HTTP/1.1" 200 630 "-" "Mozilla/5.0 (Windows NT 10.0; Win64; x64) AppleWebKit/537.36 (KHTML, like Gecko) Chrome/114.0.0.0 Safari/537.36"
185.244.183.170 - - [19/Apr/2026:21:01:56 +0300] "POST /xmlrpc.php HTTP/1.1" 200 725 "-" "Mozilla/5.0 (Windows NT 10.0; Win64; x64) AppleWebKit/537.36 (KHTML, like Gecko) Chrome/76.0.3809.100 Safari/537.36"
185.216.113.70 - - [19/Apr/2026:21:02:23 +0300] "POST /wp-cron.php?doing_wp_cron=1776621743.4607839584350585937500 HTTP/1.1" 200 448 "-" "WordPress/6.3.8; https://serhatburke.miroglu.net"
200.25.47.120 - - [19/Apr/2026:21:02:11 +0300] "POST /xmlrpc.php HTTP/1.1" 200 16520 "-" "Mozilla/5.0 (Windows NT 10.0; Win64; x64) AppleWebKit/537.36 (KHTML, like Gecko) Chrome/114.0.0.0 Safari/537.36"
200.25.47.120 - - [19/Apr/2026:21:02:25 +0300] "GET /casino-online-asi-como-tragaperras-de-novoline-soluciona-de-balde/ HTTP/1.1" 200 77772 "-" "Mozilla/5.0 (Windows NT 10.0; Win64; x64) AppleWebKit/537.36 (KHTML, like Gecko) Chrome/124.0.0.0 Safari/537.36 Edg/124.0.0.0"
201.188.253.234 - - [19/Apr/2026:21:02:33 +0300] "GET / HTTP/1.1" 200 19561 "-" "Mozilla/5.0 (Windows NT 10.0; Win64; x64) AppleWebKit/537.36 (KHTML, like Gecko) Chrome/120.0.0.0 Safari/537.36"
185.244.183.170 - - [19/Apr/2026:21:02:35 +0300] "POST /xmlrpc.php HTTP/1.1" 200 667 "-" "Mozilla/5.0 (Windows NT 10.0; Win64; x64) AppleWebKit/537.36 (KHTML, like Gecko) Chrome/76.0.3809.100 Safari/537.36"
185.216.113.70 - - [19/Apr/2026:21:03:06 +0300] "POST /wp-cron.php?doing_wp_cron=1776621785.8608849048614501953125 HTTP/1.1" 200 448 "-" "WordPress/6.3.8; https://serhatburke.miroglu.net"
201.188.253.234 - - [19/Apr/2026:21:02:52 +0300] "POST / HTTP/1.1" 200 19561 "-" "Mozilla/5.0 (Windows NT 10.0; Win64; x64) AppleWebKit/537.36 (KHTML, like Gecko) Chrome/120.0.0.0 Safari/537.36"
185.244.183.170 - - [19/Apr/2026:21:02:53 +0300] "POST /xmlrpc.php HTTP/1.1" 200 706 "-" "Mozilla/5.0 (Windows NT 10.0; Win64; x64) AppleWebKit/537.36 (KHTML, like Gecko) Chrome/76.0.3809.100 Safari/537.36"
201.188.253.234 - - [19/Apr/2026:21:03:08 +0300] "POST /wp-content/index.php HTTP/1.1" 200 355 "-" "Mozilla/5.0 (Windows NT 10.0; Win64; x64) AppleWebKit/537.36 (KHTML, like Gecko) Chrome/120.0.0.0 Safari/537.36"
201.188.253.234 - - [19/Apr/2026:21:03:11 +0300] "POST /wp-cache.php HTTP/1.1" 404 15764 "-" "Mozilla/5.0 (Windows NT 10.0; Win64; x64) AppleWebKit/537.36 (KHTML, like Gecko) Chrome/120.0.0.0 Safari/537.36"
185.216.113.70 - - [19/Apr/2026:21:03:40 +0300] "POST /wp-cron.php?doing_wp_cron=1776621819.8793570995330810546875 HTTP/1.1" 200 448 "-" "WordPress/6.3.8; https://serhatburke.miroglu.net"
201.188.253.234 - - [19/Apr/2026:21:03:26 +0300] "POST /wp-includes/css/wp-cache.php HTTP/1.1" 404 15761 "-" "Mozilla/5.0 (Windows NT 10.0; Win64; x64) AppleWebKit/537.36 (KHTML, like Gecko) Chrome/120.0.0.0 Safari/537.36"
201.188.253.234 - - [19/Apr/2026:21:03:42 +0300] "POST /wp-includes/theme-compat/wp-cache.php HTTP/1.1" 404 15777 "-" "Mozilla/5.0 (Windows NT 10.0; Win64; x64) AppleWebKit/537.36 (KHTML, like Gecko) Chrome/120.0.0.0 Safari/537.36"
201.188.253.234 - - [19/Apr/2026:21:03:59 +0300] "POST /wp-admin/admin-ajax.php?action=sm_ping HTTP/1.1" 400 1108 "-" "Mozilla/5.0 (Windows NT 10.0; Win64; x64) AppleWebKit/537.36 (KHTML, like Gecko) Chrome/120.0.0.0 Safari/537.36"
201.188.253.234 - - [19/Apr/2026:21:04:14 +0300] "POST /wp-admin/admin-ajax.php?action=hnpt_ping HTTP/1.1" 400 887 "-" "Mozilla/5.0 (Windows NT 10.0; Win64; x64) AppleWebKit/537.36 (KHTML, like Gecko) Chrome/120.0.0.0 Safari/537.36"
185.191.206.91 - - [19/Apr/2026:21:03:56 +0300] "POST /xmlrpc.php HTTP/1.1" 200 630 "-" "Mozilla/5.0 (Windows NT 10.0; Win64; x64) AppleWebKit/537.36 (KHTML, like Gecko) Chrome/114.0.0.0 Safari/537.36"
185.216.113.70 - - [19/Apr/2026:21:05:03 +0300] "POST /wp-cron.php?doing_wp_cron=1776621903.6701519489288330078125 HTTP/1.1" 200 448 "-" "WordPress/6.3.8; https://serhatburke.miroglu.net"
185.191.206.91 - - [19/Apr/2026:21:04:34 +0300] "POST /xmlrpc.php HTTP/1.1" 200 9831 "-" "Mozilla/5.0 (Windows NT 10.0; Win64; x64) AppleWebKit/537.36 (KHTML, like Gecko) Chrome/114.0.0.0 Safari/537.36"
185.191.206.91 - - [19/Apr/2026:21:05:06 +0300] "GET /darmowe-gry-hazardowe-zagraj-w-calej-kasyno-rozrywki-w-polsce/ HTTP/1.1" 200 71918 "-" "Mozilla/5.0 (Windows NT 10.0; Win64; x64) AppleWebKit/537.36 (KHTML, like Gecko) Chrome/122.0.0.0 Safari/537.36"
185.216.113.70 - - [19/Apr/2026:21:05:55 +0300] "POST /wp-cron.php?doing_wp_cron=1776621954.9035298824310302734375 HTTP/1.1" 200 448 "-" "WordPress/6.3.8; https://serhatburke.miroglu.net"
200.25.47.120 - - [19/Apr/2026:21:05:43 +0300] "POST /xmlrpc.php HTTP/1.1" 200 630 "-" "Mozilla/5.0 (Windows NT 10.0; Win64; x64) AppleWebKit/537.36 (KHTML, like Gecko) Chrome/114.0.0.0 Safari/537.36"
212.34.148.156 - - [19/Apr/2026:21:05:48 +0300] "GET /zotabet-casino-bonus-premier-depot-2026/ HTTP/1.1" 200 18530 "-" "Mozilla/5.0 (compatible; Googlebot/2.1; +http://www.google.com/bot.html)"
200.25.47.120 - - [19/Apr/2026:21:06:01 +0300] "POST /xmlrpc.php HTTP/1.1" 200 17382 "-" "Mozilla/5.0 (Windows NT 10.0; Win64; x64) AppleWebKit/537.36 (KHTML, like Gecko) Chrome/114.0.0.0 Safari/537.36"
185.191.206.91 - - [19/Apr/2026:21:05:54 +0300] "POST /xmlrpc.php HTTP/1.1" 200 630 "-" "Mozilla/5.0 (Windows NT 10.0; Win64; x64) AppleWebKit/537.36 (KHTML, like Gecko) Chrome/114.0.0.0 Safari/537.36"
200.25.47.120 - - [19/Apr/2026:21:06:19 +0300] "GET /hace-el-trabajo-de-balde-en-este-tipo-de-electrizante-slot-online/ HTTP/1.1" 200 78766 "-" "Mozilla/5.0 (Windows NT 10.0; Win64; x64; rv:124.0) Gecko/20100101 Firefox/124.0"
185.216.113.70 - - [19/Apr/2026:21:07:06 +0300] "POST /wp-cron.php?doing_wp_cron=1776622026.7980070114135742187500 HTTP/1.1" 200 448 "-" "WordPress/6.3.8; https://serhatburke.miroglu.net"
185.191.206.91 - - [19/Apr/2026:21:06:36 +0300] "POST /xmlrpc.php HTTP/1.1" 200 10409 "-" "Mozilla/5.0 (Windows NT 10.0; Win64; x64) AppleWebKit/537.36 (KHTML, like Gecko) Chrome/114.0.0.0 Safari/537.36"
185.191.206.91 - - [19/Apr/2026:21:07:08 +0300] "GET /uciechy-777-zagraj-w-darmowe-rozrywki-hot-spot-77777-sieciowy-na-naszym-portalu/ HTTP/1.1" 200 72525 "-" "Mozilla/5.0 (Windows NT 10.0; Win64; x64; rv:125.0) Gecko/20100101 Firefox/125.0"
185.216.113.70 - - [19/Apr/2026:21:08:18 +0300] "POST /wp-cron.php?doing_wp_cron=1776622098.6382660865783691406250 HTTP/1.1" 200 448 "-" "WordPress/6.3.8; https://serhatburke.miroglu.net"
185.191.206.91 - - [19/Apr/2026:21:07:46 +0300] "POST /xmlrpc.php HTTP/1.1" 200 630 "-" "Mozilla/5.0 (Windows NT 10.0; Win64; x64) AppleWebKit/537.36 (KHTML, like Gecko) Chrome/114.0.0.0 Safari/537.36"
185.191.206.91 - - [19/Apr/2026:21:08:25 +0300] "POST /xmlrpc.php HTTP/1.1" 200 10260 "-" "Mozilla/5.0 (Windows NT 10.0; Win64; x64) AppleWebKit/537.36 (KHTML, like Gecko) Chrome/114.0.0.0 Safari/537.36"
185.216.113.70 - - [19/Apr/2026:21:09:14 +0300] "POST /wp-cron.php?doing_wp_cron=1776622153.9615459442138671875000 HTTP/1.1" 200 448 "-" "WordPress/6.3.8; https://serhatburke.miroglu.net"
200.25.47.120 - - [19/Apr/2026:21:09:01 +0300] "POST /xmlrpc.php HTTP/1.1" 200 630 "-" "Mozilla/5.0 (Windows NT 10.0; Win64; x64) AppleWebKit/537.36 (KHTML, like Gecko) Chrome/114.0.0.0 Safari/537.36"
185.216.113.70 - - [19/Apr/2026:21:09:28 +0300] "POST /wp-cron.php?doing_wp_cron=1776622168.5803430080413818359375 HTTP/1.1" 200 448 "-" "WordPress/6.3.8; https://serhatburke.miroglu.net"
185.191.206.91 - - [19/Apr/2026:21:08:59 +0300] "GET /nadprogram-bez-depozytu-mr-bet-20-30piecdziesiat-free-spins-lub-90-zlotych/ HTTP/1.1" 200 72131 "-" "Mozilla/5.0 (Windows NT 10.0; Win64; x64) AppleWebKit/537.36 (KHTML, like Gecko) Chrome/124.0.0.0 Safari/537.36"
200.25.47.120 - - [19/Apr/2026:21:09:20 +0300] "POST /xmlrpc.php HTTP/1.1" 200 16878 "-" "Mozilla/5.0 (Windows NT 10.0; Win64; x64) AppleWebKit/537.36 (KHTML, like Gecko) Chrome/114.0.0.0 Safari/537.36"
107.152.46.202 - - [19/Apr/2026:21:09:23 +0300] "GET /automaty-hazard-online/ HTTP/1.1" 200 17678 "-" "Mozilla/5.0 (Windows NT 10.0; Win64; x64) AppleWebKit/537.36 (KHTML, like Gecko) Chrome/114.0.0.0 Safari/537.36 Vivaldi/5.3.2679.68"
200.25.47.120 - - [19/Apr/2026:21:09:39 +0300] "GET /release-the-kraken-demo-sin-cargo/ HTTP/1.1" 200 77183 "-" "Mozilla/5.0 (Windows NT 10.0; Win64; x64) AppleWebKit/537.36 (KHTML, like Gecko) Chrome/124.0.0.0 Safari/537.36"
185.191.206.91 - - [19/Apr/2026:21:09:43 +0300] "POST /xmlrpc.php HTTP/1.1" 200 630 "-" "Mozilla/5.0 (Windows NT 10.0; Win64; x64) AppleWebKit/537.36 (KHTML, like Gecko) Chrome/114.0.0.0 Safari/537.36"
185.216.113.70 - - [19/Apr/2026:21:10:58 +0300] "POST /wp-cron.php?doing_wp_cron=1776622258.3279850482940673828125 HTTP/1.1" 200 448 "-" "WordPress/6.3.8; https://serhatburke.miroglu.net"
185.191.206.91 - - [19/Apr/2026:21:10:27 +0300] "POST /xmlrpc.php HTTP/1.1" 200 9967 "-" "Mozilla/5.0 (Windows NT 10.0; Win64; x64) AppleWebKit/537.36 (KHTML, like Gecko) Chrome/114.0.0.0 Safari/537.36"
185.191.206.91 - - [19/Apr/2026:21:10:59 +0300] "GET /stare-gry-hazardowe-bezplatnie-graj-wyjawszy-rejestrowania-sie/ HTTP/1.1" 200 71903 "-" "Mozilla/5.0 (Windows NT 10.0; rv:125.0) Gecko/20100101 Firefox/125.0"
185.191.206.91 - - [19/Apr/2026:21:11:22 +0300] "POST /xmlrpc.php HTTP/1.1" 200 630 "-" "Mozilla/5.0 (Windows NT 10.0; Win64; x64) AppleWebKit/537.36 (KHTML, like Gecko) Chrome/114.0.0.0 Safari/537.36"
185.216.113.70 - - [19/Apr/2026:21:12:32 +0300] "POST /wp-cron.php?doing_wp_cron=1776622352.1771121025085449218750 HTTP/1.1" 200 448 "-" "WordPress/6.3.8; https://serhatburke.miroglu.net"
185.191.206.91 - - [19/Apr/2026:21:12:01 +0300] "POST /xmlrpc.php HTTP/1.1" 200 10142 "-" "Mozilla/5.0 (Windows NT 10.0; Win64; x64) AppleWebKit/537.36 (KHTML, like Gecko) Chrome/114.0.0.0 Safari/537.36"
200.25.47.120 - - [19/Apr/2026:21:12:45 +0300] "POST /xmlrpc.php HTTP/1.1" 200 630 "-" "Mozilla/5.0 (Windows NT 10.0; Win64; x64) AppleWebKit/537.36 (KHTML, like Gecko) Chrome/114.0.0.0 Safari/537.36"
185.191.206.91 - - [19/Apr/2026:21:12:33 +0300] "GET /velobank-opinie-co-jest-to-zbyt-bank-lub-bezpieczny-konto-lokaty-2025-antyhaczyk/ HTTP/1.1" 200 72506 "-" "Mozilla/5.0 (Windows NT 10.0; rv:109.0) Gecko/20100101 Firefox/115.0"
185.216.113.70 - - [19/Apr/2026:21:13:21 +0300] "POST /wp-cron.php?doing_wp_cron=1776622401.8513851165771484375000 HTTP/1.1" 200 448 "-" "WordPress/6.3.8; https://serhatburke.miroglu.net"
51.210.111.80 - - [19/Apr/2026:21:13:03 +0300] "GET /wp-login.php HTTP/2" 200 3091 "-" "Mozilla/5.0 (Windows NT 10.0; Win64; x64; rv:127.0) Gecko/20100101 Firefox/127.0"
200.25.47.120 - - [19/Apr/2026:21:13:05 +0300] "POST /xmlrpc.php HTTP/1.1" 200 17999 "-" "Mozilla/5.0 (Windows NT 10.0; Win64; x64) AppleWebKit/537.36 (KHTML, like Gecko) Chrome/114.0.0.0 Safari/537.36"
185.191.206.91 - - [19/Apr/2026:21:13:00 +0300] "POST /xmlrpc.php HTTP/1.1" 200 630 "-" "Mozilla/5.0 (Windows NT 10.0; Win64; x64) AppleWebKit/537.36 (KHTML, like Gecko) Chrome/114.0.0.0 Safari/537.36"
200.25.47.120 - - [19/Apr/2026:21:13:25 +0300] "GET /tragaperras-spinata-enorme-hace-el-trabajo-cincuenta-lions-maquina-tragamonedas-obten-hasta-3-000-y-dinero-vano-keller-williams/ HTTP/1.1" 200 80982 "-" "Mozilla/5.0 (Windows NT 10.0; Win64; x64) AppleWebKit/537.36 (KHTML, like Gecko) Chrome/124.0.0.0 Safari/537.36"
51.210.111.80 - - [19/Apr/2026:21:13:29 +0300] "POST /xmlrpc.php HTTP/2" 200 109 "-" "Mozilla/5.0 (Windows NT 10.0; Win64; x64; rv:127.0) Gecko/20100101 Firefox/127.0"
185.216.113.70 - - [19/Apr/2026:21:14:06 +0300] "POST /wp-cron.php?doing_wp_cron=1776622446.1517200469970703125000 HTTP/1.1" 200 448 "-" "WordPress/6.3.8; https://serhatburke.miroglu.net"
51.210.111.80 - - [19/Apr/2026:21:13:54 +0300] "POST /xmlrpc.php HTTP/2" 200 2555 "-" "Mozilla/5.0 (Windows NT 10.0; Win64; x64; rv:127.0) Gecko/20100101 Firefox/127.0"
185.191.206.91 - - [19/Apr/2026:21:13:41 +0300] "POST /xmlrpc.php HTTP/1.1" 200 10000 "-" "Mozilla/5.0 (Windows NT 10.0; Win64; x64) AppleWebKit/537.36 (KHTML, like Gecko) Chrome/114.0.0.0 Safari/537.36"
185.191.206.91 - - [19/Apr/2026:21:14:12 +0300] "GET /darmowe-gry-hazardowe-jackpot-zabawy-jackpot-sieciowy/ HTTP/1.1" 200 71492 "-" "Mozilla/5.0 (Windows NT 10.0; Win64; x64) AppleWebKit/537.36 (KHTML, like Gecko) Chrome/122.0.0.0 Safari/537.36"
185.216.113.70 - - [19/Apr/2026:21:15:08 +0300] "POST /wp-cron.php?doing_wp_cron=1776622508.4895539283752441406250 HTTP/1.1" 200 448 "-" "WordPress/6.3.8; https://serhatburke.miroglu.net"
185.191.206.91 - - [19/Apr/2026:21:14:39 +0300] "POST /xmlrpc.php HTTP/1.1" 200 630 "-" "Mozilla/5.0 (Windows NT 10.0; Win64; x64) AppleWebKit/537.36 (KHTML, like Gecko) Chrome/114.0.0.0 Safari/537.36"
185.191.206.91 - - [19/Apr/2026:21:15:15 +0300] "POST /xmlrpc.php HTTP/1.1" 200 10831 "-" "Mozilla/5.0 (Windows NT 10.0; Win64; x64) AppleWebKit/537.36 (KHTML, like Gecko) Chrome/114.0.0.0 Safari/537.36"
185.216.113.70 - - [19/Apr/2026:21:16:15 +0300] "POST /wp-cron.php?doing_wp_cron=1776622575.6602671146392822265625 HTTP/1.1" 200 448 "-" "WordPress/6.3.8; https://serhatburke.miroglu.net"
185.191.206.91 - - [19/Apr/2026:21:15:47 +0300] "GET /fire-jokerzagraj-sieciowyzbyt-rzetelne-kapital-przeglad-zdawkowej-gry-bonusy-operator/ HTTP/1.1" 200 73100 "-" "Mozilla/5.0 (Windows NT 10.0; Win64; x64) AppleWebKit/537.36 (KHTML, like Gecko) Chrome/124.0.0.0 Safari/537.36"
200.25.47.120 - - [19/Apr/2026:21:16:16 +0300] "POST /xmlrpc.php HTTP/1.1" 200 630 "-" "Mozilla/5.0 (Windows NT 10.0; Win64; x64) AppleWebKit/537.36 (KHTML, like Gecko) Chrome/114.0.0.0 Safari/537.36"
185.216.113.70 - - [19/Apr/2026:21:16:52 +0300] "POST /wp-cron.php?doing_wp_cron=1776622612.6568648815155029296875 HTTP/1.1" 200 448 "-" "WordPress/6.3.8; https://serhatburke.miroglu.net"
185.191.206.91 - - [19/Apr/2026:21:16:13 +0300] "POST /xmlrpc.php HTTP/1.1" 200 630 "-" "Mozilla/5.0 (Windows NT 10.0; Win64; x64) AppleWebKit/537.36 (KHTML, like Gecko) Chrome/114.0.0.0 Safari/537.36"
200.25.47.120 - - [19/Apr/2026:21:16:46 +0300] "POST /xmlrpc.php HTTP/1.1" 200 19238 "-" "Mozilla/5.0 (Windows NT 10.0; Win64; x64) AppleWebKit/537.36 (KHTML, like Gecko) Chrome/114.0.0.0 Safari/537.36"
200.25.47.120 - - [19/Apr/2026:21:17:06 +0300] "GET /tragamonedas-spinata-enorme-by-netent-resena-de-la-tragaperras-2026-and-tiradas-sin-cargo-demo-tratar-bien-festival-userena-creativa/ HTTP/1.1" 200 81979 "-" "Mozilla/5.0 (Windows NT 10.0; Win64; x64; rv:125.0) Gecko/20100101 Firefox/125.0"
185.191.206.91 - - [19/Apr/2026:21:17:00 +0300] "POST /xmlrpc.php HTTP/1.1" 200 10375 "-" "Mozilla/5.0 (Windows NT 10.0; Win64; x64) AppleWebKit/537.36 (KHTML, like Gecko) Chrome/114.0.0.0 Safari/537.36"
185.216.113.70 - - [19/Apr/2026:21:18:10 +0300] "POST /wp-cron.php?doing_wp_cron=1776622690.8478839397430419921875 HTTP/1.1" 200 448 "-" "WordPress/6.3.8; https://serhatburke.miroglu.net"
185.191.206.91 - - [19/Apr/2026:21:17:43 +0300] "POST /xmlrpc.php HTTP/1.1" 200 630 "-" "Mozilla/5.0 (Windows NT 10.0; Win64; x64) AppleWebKit/537.36 (KHTML, like Gecko) Chrome/114.0.0.0 Safari/537.36"
185.191.206.91 - - [19/Apr/2026:21:17:43 +0300] "GET /automaty-do-odwiedzenia-konsol-przez-internet-graj-bezplatnie-w-kasynach-przez-internet/ HTTP/1.1" 200 72570 "-" "Mozilla/5.0 (Windows NT 10.0; Win64; x64; rv:124.0) Gecko/20100101 Firefox/124.0"
185.191.171.7 - - [19/Apr/2026:21:18:04 +0300] "GET /contact/ HTTP/1.1" 200 18203 "-" "Mozilla/5.0 (compatible; SemrushBot/7~bl; +http://www.semrush.com/bot.html)"
185.191.206.91 - - [19/Apr/2026:21:18:20 +0300] "POST /xmlrpc.php HTTP/1.1" 200 10297 "-" "Mozilla/5.0 (Windows NT 10.0; Win64; x64) AppleWebKit/537.36 (KHTML, like Gecko) Chrome/114.0.0.0 Safari/537.36"
185.216.113.70 - - [19/Apr/2026:21:19:18 +0300] "POST /wp-cron.php?doing_wp_cron=1776622757.9260709285736083984375 HTTP/1.1" 200 448 "-" "WordPress/6.3.8; https://serhatburke.miroglu.net"
185.191.206.91 - - [19/Apr/2026:21:18:49 +0300] "GET /najpozytywniejsze-polskie-kasyna-2025/ HTTP/1.1" 200 71235 "-" "Mozilla/5.0 (Windows NT 10.0; rv:109.0) Gecko/20100101 Firefox/115.0"
185.216.113.70 - - [19/Apr/2026:21:19:37 +0300] "POST /wp-cron.php?doing_wp_cron=1776622777.1289460659027099609375 HTTP/1.1" 200 448 "-" "WordPress/6.3.8; https://serhatburke.miroglu.net"
185.191.206.91 - - [19/Apr/2026:21:19:05 +0300] "POST /xmlrpc.php HTTP/1.1" 200 630 "-" "Mozilla/5.0 (Windows NT 10.0; Win64; x64) AppleWebKit/537.36 (KHTML, like Gecko) Chrome/114.0.0.0 Safari/537.36"
200.25.47.120 - - [19/Apr/2026:21:19:49 +0300] "POST /xmlrpc.php HTTP/1.1" 200 630 "-" "Mozilla/5.0 (Windows NT 10.0; Win64; x64) AppleWebKit/537.36 (KHTML, like Gecko) Chrome/114.0.0.0 Safari/537.36"
185.191.206.91 - - [19/Apr/2026:21:19:44 +0300] "POST /xmlrpc.php HTTP/1.1" 200 10637 "-" "Mozilla/5.0 (Windows NT 10.0; Win64; x64) AppleWebKit/537.36 (KHTML, like Gecko) Chrome/114.0.0.0 Safari/537.36"
185.216.113.70 - - [19/Apr/2026:21:20:25 +0300] "POST /wp-cron.php?doing_wp_cron=1776622825.6183259487152099609375 HTTP/1.1" 200 448 "-" "WordPress/6.3.8; https://serhatburke.miroglu.net"
200.25.47.120 - - [19/Apr/2026:21:20:10 +0300] "POST /xmlrpc.php HTTP/1.1" 200 16569 "-" "Mozilla/5.0 (Windows NT 10.0; Win64; x64) AppleWebKit/537.36 (KHTML, like Gecko) Chrome/114.0.0.0 Safari/537.36"
185.191.206.91 - - [19/Apr/2026:21:20:17 +0300] "GET /uciecha-mega-joker-internetowego-darmowo-recenzja-slotu-w-2025/ HTTP/1.1" 200 72259 "-" "Mozilla/5.0 (Windows NT 10.0; Win64; x64) AppleWebKit/537.36 (KHTML, like Gecko) Chrome/123.0.0.0 Safari/537.36 OPR/109.0.0.0"
200.25.47.120 - - [19/Apr/2026:21:20:27 +0300] "GET /maquinas-tragamonedas-asi-como-juegos-de-casino-sin-cargo-competir-para-diversion/ HTTP/1.1" 200 78645 "-" "Mozilla/5.0 (Windows NT 10.0; Win64; x64) AppleWebKit/537.36 (KHTML, like Gecko) Chrome/109.0.0.0 Safari/537.36"
185.191.206.91 - - [19/Apr/2026:21:20:29 +0300] "POST /xmlrpc.php HTTP/1.1" 200 630 "-" "Mozilla/5.0 (Windows NT 10.0; Win64; x64) AppleWebKit/537.36 (KHTML, like Gecko) Chrome/114.0.0.0 Safari/537.36"
185.216.113.70 - - [19/Apr/2026:21:21:50 +0300] "POST /wp-cron.php?doing_wp_cron=1776622910.2691040039062500000000 HTTP/1.1" 200 448 "-" "WordPress/6.3.8; https://serhatburke.miroglu.net"
185.191.206.91 - - [19/Apr/2026:21:21:20 +0300] "POST /xmlrpc.php HTTP/1.1" 200 10400 "-" "Mozilla/5.0 (Windows NT 10.0; Win64; x64) AppleWebKit/537.36 (KHTML, like Gecko) Chrome/114.0.0.0 Safari/537.36"
185.191.206.91 - - [19/Apr/2026:21:21:52 +0300] "GET /sizzling-hot-deluxe-bezplatny-robot-sizzling-hot-sieciowy/ HTTP/1.1" 200 71870 "-" "Mozilla/5.0 (Windows NT 10.0; rv:109.0) Gecko/20100101 Firefox/115.0"
185.191.206.91 - - [19/Apr/2026:21:22:00 +0300] "POST /xmlrpc.php HTTP/1.1" 200 630 "-" "Mozilla/5.0 (Windows NT 10.0; Win64; x64) AppleWebKit/537.36 (KHTML, like Gecko) Chrome/114.0.0.0 Safari/537.36"
185.216.113.70 - - [19/Apr/2026:21:23:12 +0300] "POST /wp-cron.php?doing_wp_cron=1776622992.1213688850402832031250 HTTP/1.1" 200 448 "-" "WordPress/6.3.8; https://serhatburke.miroglu.net"
185.191.206.91 - - [19/Apr/2026:21:22:42 +0300] "POST /xmlrpc.php HTTP/1.1" 200 10023 "-" "Mozilla/5.0 (Windows NT 10.0; Win64; x64) AppleWebKit/537.36 (KHTML, like Gecko) Chrome/114.0.0.0 Safari/537.36"
200.25.47.120 - - [19/Apr/2026:21:23:11 +0300] "POST /xmlrpc.php HTTP/1.1" 200 630 "-" "Mozilla/5.0 (Windows NT 10.0; Win64; x64) AppleWebKit/537.36 (KHTML, like Gecko) Chrome/114.0.0.0 Safari/537.36"
200.25.47.120 - - [19/Apr/2026:21:23:36 +0300] "POST /xmlrpc.php HTTP/1.1" 200 16038 "-" "Mozilla/5.0 (Windows NT 10.0; Win64; x64) AppleWebKit/537.36 (KHTML, like Gecko) Chrome/114.0.0.0 Safari/537.36"
185.191.206.91 - - [19/Apr/2026:21:23:16 +0300] "GET /chodliwe-automaty-sieciowy-w-polsce/ HTTP/1.1" 200 71057 "-" "Mozilla/5.0 (Windows NT 10.0; Win64; x64) AppleWebKit/537.36 (KHTML, like Gecko) Chrome/123.0.0.0 Safari/537.36"
185.216.113.70 - - [19/Apr/2026:21:23:55 +0300] "POST /wp-cron.php?doing_wp_cron=1776623035.6955199241638183593750 HTTP/1.1" 200 448 "-" "WordPress/6.3.8; https://serhatburke.miroglu.net"
213.110.145.234 - - [19/Apr/2026:21:23:40 +0300] "POST /xmlrpc.php HTTP/1.1" 200 100294 "-" "Mozilla/5.0 (Macintosh; Intel Mac OS X 10_15_7) AppleWebKit/537.36 (KHTML, like Gecko) Chrome/131.0.0.0 Safari/537.36"
185.191.206.91 - - [19/Apr/2026:21:23:31 +0300] "POST /xmlrpc.php HTTP/1.1" 200 630 "-" "Mozilla/5.0 (Windows NT 10.0; Win64; x64) AppleWebKit/537.36 (KHTML, like Gecko) Chrome/114.0.0.0 Safari/537.36"
200.25.47.120 - - [19/Apr/2026:21:23:53 +0300] "GET /pedagogo-de-el-tenis-juego-soluciona-de-balde-en-internet-sports-sin-eximir/ HTTP/1.1" 200 77387 "-" "Mozilla/5.0 (Windows NT 10.0; Win64; x64) AppleWebKit/537.36 (KHTML, like Gecko) Chrome/124.0.0.0 Safari/537.36"
213.110.145.234 - - [19/Apr/2026:21:23:59 +0300] "POST /xmlrpc.php HTTP/1.1" 200 486 "-" "Mozilla/5.0 (Macintosh; Intel Mac OS X 10_15_7) AppleWebKit/537.36 (KHTML, like Gecko) Chrome/131.0.0.0 Safari/537.36"
178.156.215.67 - - [19/Apr/2026:21:24:17 +0300] "POST /xmlrpc.php HTTP/1.1" 200 603 "-" "Mozilla/5.0 (Windows NT 10.0; Win64; x64) AppleWebKit/537.36 (KHTML, like Gecko) Chrome/108.0.0.0 Safari/537.36"
185.216.113.70 - - [19/Apr/2026:21:24:44 +0300] "POST /wp-cron.php?doing_wp_cron=1776623084.4618349075317382812500 HTTP/1.1" 200 448 "-" "WordPress/6.3.8; https://serhatburke.miroglu.net"
178.156.215.67 - - [19/Apr/2026:21:24:32 +0300] "POST /xmlrpc.php HTTP/1.1" 200 3968 "-" "Mozilla/5.0 (Windows NT 10.0; Win64; x64) AppleWebKit/537.36 (KHTML, like Gecko) Chrome/108.0.0.0 Safari/537.36"
185.191.206.91 - - [19/Apr/2026:21:24:17 +0300] "POST /xmlrpc.php HTTP/1.1" 200 9865 "-" "Mozilla/5.0 (Windows NT 10.0; Win64; x64) AppleWebKit/537.36 (KHTML, like Gecko) Chrome/114.0.0.0 Safari/537.36"
178.156.215.67 - - [19/Apr/2026:21:24:47 +0300] "GET /alf-casino-casino-test-slotsup-expert-erfahrungen/ HTTP/1.1" 200 0 "-" "Mozilla/5.0 (Windows NT 10.0; Win64; x64) AppleWebKit/537.36 (KHTML, like Gecko) Chrome/108.0.0.0 Safari/537.36"
178.156.215.67 - - [19/Apr/2026:21:25:02 +0300] "POST /xmlrpc.php HTTP/1.1" 200 594 "-" "Mozilla/5.0 (Windows NT 10.0; Win64; x64) AppleWebKit/537.36 (KHTML, like Gecko) Chrome/108.0.0.0 Safari/537.36"
185.191.206.91 - - [19/Apr/2026:21:24:52 +0300] "GET /urzadzenia-hazardowe-kasyno-slot-aplikacje-przy-yahoo-play/ HTTP/1.1" 200 71534 "-" "Mozilla/5.0 (Windows NT 10.0; Win64; x64; rv:125.0) Gecko/20100101 Firefox/125.0"
185.191.206.91 - - [19/Apr/2026:21:24:56 +0300] "POST /xmlrpc.php HTTP/1.1" 200 630 "-" "Mozilla/5.0 (Windows NT 10.0; Win64; x64) AppleWebKit/537.36 (KHTML, like Gecko) Chrome/114.0.0.0 Safari/537.36"
65.21.110.111 - - [19/Apr/2026:21:25:17 +0300] "POST /xmlrpc.php HTTP/1.1" 200 604 "-" "Mozilla/5.0 (Windows NT 10.0; Win64; x64) AppleWebKit/537.36 (KHTML, like Gecko) Chrome/108.0.0.0 Safari/537.36"
213.110.145.234 - - [19/Apr/2026:21:25:19 +0300] "POST /xmlrpc.php HTTP/1.1" 200 884 "-" "Mozilla/5.0 (Macintosh; Intel Mac OS X 10_15_7) AppleWebKit/537.36 (KHTML, like Gecko) Chrome/131.0.0.0 Safari/537.36"
185.216.113.70 - - [19/Apr/2026:21:25:53 +0300] "POST /wp-cron.php?doing_wp_cron=1776623152.8492729663848876953125 HTTP/1.1" 200 448 "-" "WordPress/6.3.8; https://serhatburke.miroglu.net"
65.21.110.111 - - [19/Apr/2026:21:25:36 +0300] "POST /xmlrpc.php HTTP/1.1" 200 3964 "-" "Mozilla/5.0 (Windows NT 10.0; Win64; x64) AppleWebKit/537.36 (KHTML, like Gecko) Chrome/108.0.0.0 Safari/537.36"
185.191.206.91 - - [19/Apr/2026:21:25:37 +0300] "POST /xmlrpc.php HTTP/1.1" 200 12184 "-" "Mozilla/5.0 (Windows NT 10.0; Win64; x64) AppleWebKit/537.36 (KHTML, like Gecko) Chrome/114.0.0.0 Safari/537.36"
65.21.110.111 - - [19/Apr/2026:21:25:56 +0300] "GET /alf-casino-casino-test-slotsup-expert-erfahrungen/ HTTP/1.1" 200 0 "-" "Mozilla/5.0 (Windows NT 10.0; Win64; x64) AppleWebKit/537.36 (KHTML, like Gecko) Chrome/108.0.0.0 Safari/537.36"
213.110.145.234 - - [19/Apr/2026:21:25:56 +0300] "POST /xmlrpc.php HTTP/1.1" 200 884 "-" "Mozilla/5.0 (Macintosh; Intel Mac OS X 10_15_7) AppleWebKit/537.36 (KHTML, like Gecko) Chrome/131.0.0.0 Safari/537.36"
65.21.110.111 - - [19/Apr/2026:21:26:12 +0300] "POST /xmlrpc.php HTTP/1.1" 200 594 "-" "Mozilla/5.0 (Windows NT 10.0; Win64; x64) AppleWebKit/537.36 (KHTML, like Gecko) Chrome/108.0.0.0 Safari/537.36"
157.90.114.254 - - [19/Apr/2026:21:26:17 +0300] "POST /xmlrpc.php HTTP/1.1" 200 604 "-" "Mozilla/5.0 (Windows NT 10.0; Win64; x64) AppleWebKit/537.36 (KHTML, like Gecko) Chrome/108.0.0.0 Safari/537.36"
185.191.206.91 - - [19/Apr/2026:21:26:15 +0300] "GET /top-5-lokalnych-kasyn-sieciowy-najistotniejsze-kasyno-online-2025-na-terytorium-polski/ HTTP/1.1" 200 74450 "-" "Mozilla/5.0 (Windows NT 10.0; rv:109.0) Gecko/20100101 Firefox/115.0"
185.216.113.70 - - [19/Apr/2026:21:26:58 +0300] "POST /wp-cron.php?doing_wp_cron=1776623218.3513710498809814453125 HTTP/1.1" 200 448 "-" "WordPress/6.3.8; https://serhatburke.miroglu.net"
213.110.145.234 - - [19/Apr/2026:21:26:37 +0300] "POST /xmlrpc.php HTTP/1.1" 200 884 "-" "Mozilla/5.0 (Macintosh; Intel Mac OS X 10_15_7) AppleWebKit/537.36 (KHTML, like Gecko) Chrome/131.0.0.0 Safari/537.36"
200.25.47.120 - - [19/Apr/2026:21:26:39 +0300] "POST /xmlrpc.php HTTP/1.1" 200 630 "-" "Mozilla/5.0 (Windows NT 10.0; Win64; x64) AppleWebKit/537.36 (KHTML, like Gecko) Chrome/114.0.0.0 Safari/537.36"
157.90.114.254 - - [19/Apr/2026:21:26:34 +0300] "POST /xmlrpc.php HTTP/1.1" 200 3966 "-" "Mozilla/5.0 (Windows NT 10.0; Win64; x64) AppleWebKit/537.36 (KHTML, like Gecko) Chrome/108.0.0.0 Safari/537.36"
185.191.206.91 - - [19/Apr/2026:21:26:31 +0300] "POST /xmlrpc.php HTTP/1.1" 200 630 "-" "Mozilla/5.0 (Windows NT 10.0; Win64; x64) AppleWebKit/537.36 (KHTML, like Gecko) Chrome/114.0.0.0 Safari/537.36"
157.90.114.254 - - [19/Apr/2026:21:27:03 +0300] "GET /alf-casino-casino-test-slotsup-expert-erfahrungen/ HTTP/1.1" 200 0 "-" "Mozilla/5.0 (Windows NT 10.0; Win64; x64) AppleWebKit/537.36 (KHTML, like Gecko) Chrome/108.0.0.0 Safari/537.36"
200.25.47.120 - - [19/Apr/2026:21:27:05 +0300] "POST /xmlrpc.php HTTP/1.1" 200 16238 "-" "Mozilla/5.0 (Windows NT 10.0; Win64; x64) AppleWebKit/537.36 (KHTML, like Gecko) Chrome/114.0.0.0 Safari/537.36"
213.110.145.234 - - [19/Apr/2026:21:27:16 +0300] "POST /xmlrpc.php HTTP/1.1" 200 667 "-" "Mozilla/5.0 (Macintosh; Intel Mac OS X 10_15_7) AppleWebKit/537.36 (KHTML, like Gecko) Chrome/131.0.0.0 Safari/537.36"
185.216.113.70 - - [19/Apr/2026:21:27:50 +0300] "POST /wp-cron.php?doing_wp_cron=1776623270.4590470790863037109375 HTTP/1.1" 200 448 "-" "WordPress/6.3.8; https://serhatburke.miroglu.net"
157.90.114.254 - - [19/Apr/2026:21:27:19 +0300] "POST /xmlrpc.php HTTP/1.1" 200 594 "-" "Mozilla/5.0 (Windows NT 10.0; Win64; x64) AppleWebKit/537.36 (KHTML, like Gecko) Chrome/108.0.0.0 Safari/537.36"
185.216.113.70 - - [19/Apr/2026:21:27:59 +0300] "POST /wp-cron.php?doing_wp_cron=1776623279.6572389602661132812500 HTTP/1.1" 200 448 "-" "WordPress/6.3.8; https://serhatburke.miroglu.net"
185.191.206.91 - - [19/Apr/2026:21:27:15 +0300] "POST /xmlrpc.php HTTP/1.1" 200 10431 "-" "Mozilla/5.0 (Windows NT 10.0; Win64; x64) AppleWebKit/537.36 (KHTML, like Gecko) Chrome/114.0.0.0 Safari/537.36"
107.152.46.202 - - [19/Apr/2026:21:27:27 +0300] "GET /automaty-hazard-online/ HTTP/1.1" 200 17698 "https://serhatburke.miroglu.net/" "Mozilla/5.0 (Windows NT 10.0; Win64; x64) AppleWebKit/537.36 (KHTML, like Gecko) Chrome/114.0.0.0 YaBrowser/22.7.0 Yowser/2.5 Safari/537.36"
200.25.47.120 - - [19/Apr/2026:21:27:29 +0300] "GET /funciona-100-tragamonedas-gratuito-falto-registrarte/ HTTP/1.1" 200 77061 "-" "Mozilla/5.0 (Windows NT 10.0; Win64; x64) AppleWebKit/537.36 (KHTML, like Gecko) Chrome/124.0.0.0 Safari/537.36 Edg/124.0.0.0"
38.180.158.244 - - [19/Apr/2026:21:27:38 +0300] "POST /xmlrpc.php HTTP/2" 200 0 "-" "Mozilla/5.0 (Windows NT 10.0; Win64; x64) AppleWebKit/537.36 (KHTML, like Gecko) Chrome/120.0.0.0 Safari/537.36"
213.110.145.234 - - [19/Apr/2026:21:27:48 +0300] "POST /xmlrpc.php HTTP/1.1" 200 530034 "-" "Mozilla/5.0 (Macintosh; Intel Mac OS X 10_15_7) AppleWebKit/537.36 (KHTML, like Gecko) Chrome/131.0.0.0 Safari/537.36"
38.180.158.244 - - [19/Apr/2026:21:28:09 +0300] "POST /xmlrpc.php HTTP/2" 200 0 "-" "Mozilla/5.0 (Windows NT 10.0; Win64; x64; rv:121.0) Gecko/20100101 Firefox/121.0"
107.152.46.202 - - [19/Apr/2026:21:28:05 +0300] "POST /wp-comments-post.php HTTP/1.1" 302 1070 "https://serhatburke.miroglu.net/automaty-hazard-online/" "Mozilla/5.0 (Windows NT 10.0; Win64; x64) AppleWebKit/537.36 (KHTML, like Gecko) Chrome/114.0.0.0 YaBrowser/22.7.0 Yowser/2.5 Safari/537.36"
185.216.113.70 - - [19/Apr/2026:21:28:53 +0300] "POST /wp-cron.php?doing_wp_cron=1776623333.8002579212188720703125 HTTP/1.1" 200 448 "-" "WordPress/6.3.8; https://serhatburke.miroglu.net"
185.191.206.91 - - [19/Apr/2026:21:27:54 +0300] "POST /xmlrpc.php HTTP/1.1" 200 630 "-" "Mozilla/5.0 (Windows NT 10.0; Win64; x64) AppleWebKit/537.36 (KHTML, like Gecko) Chrome/114.0.0.0 Safari/537.36"
107.152.46.202 - - [19/Apr/2026:21:28:43 +0300] "GET /automaty-hazard-online/?unapproved=510&moderation-hash=46cae1caa15d6fcc8b9ad3ad0ff292a4 HTTP/1.1" 200 18184 "https://serhatburke.miroglu.net/wp-comments-post.php" "Mozilla/5.0 (Windows NT 10.0; Win64; x64) AppleWebKit/537.36 (KHTML, like Gecko) Chrome/114.0.0.0 YaBrowser/22.7.0 Yowser/2.5 Safari/537.36"
185.191.206.91 - - [19/Apr/2026:21:28:03 +0300] "GET /gametwist-kasyno-internetowego-najpozytywniejsze-gry-hazardowe-sieciowy/ HTTP/1.1" 200 72526 "-" "Mozilla/5.0 (Windows NT 10.0; Win64; x64) AppleWebKit/537.36 (KHTML, like Gecko) Chrome/123.0.0.0 Safari/537.36 OPR/109.0.0.0"
38.180.157.14 - - [19/Apr/2026:21:28:48 +0300] "POST /xmlrpc.php HTTP/2" 200 181 "-" "Mozilla/5.0 (Windows NT 10.0; Win64; x64) AppleWebKit/537.36 (KHTML, like Gecko) Chrome/120.0.0.0 Safari/537.36"
107.152.46.202 - - [19/Apr/2026:21:28:58 +0300] "GET /automaty-hazard-online/ HTTP/1.1" 200 17726 "-" "Mozilla/5.0 (Windows NT 10.0; Win64; x64) AppleWebKit/537.36 (KHTML, like Gecko) Chrome/114.0.0.0 YaBrowser/22.7.0 Yowser/2.5 Safari/537.36"
185.216.113.70 - - [19/Apr/2026:21:29:24 +0300] "POST /wp-cron.php?doing_wp_cron=1776623364.8359069824218750000000 HTTP/1.1" 200 448 "-" "WordPress/6.3.8; https://serhatburke.miroglu.net"
38.180.158.244 - - [19/Apr/2026:21:29:05 +0300] "POST /xmlrpc.php HTTP/2" 200 376 "-" "Mozilla/5.0 (X11; Linux x86_64) AppleWebKit/537.36 (KHTML, like Gecko) Chrome/120.0.0.0 Safari/537.36"
185.191.206.91 - - [19/Apr/2026:21:29:00 +0300] "POST /xmlrpc.php HTTP/1.1" 200 10973 "-" "Mozilla/5.0 (Windows NT 10.0; Win64; x64) AppleWebKit/537.36 (KHTML, like Gecko) Chrome/114.0.0.0 Safari/537.36"
185.216.113.70 - - [19/Apr/2026:21:29:47 +0300] "POST /wp-cron.php?doing_wp_cron=1776623387.6439828872680664062500 HTTP/1.1" 200 448 "-" "WordPress/6.3.8; https://serhatburke.miroglu.net"
185.191.206.91 - - [19/Apr/2026:21:29:16 +0300] "POST /xmlrpc.php HTTP/1.1" 200 630 "-" "Mozilla/5.0 (Windows NT 10.0; Win64; x64) AppleWebKit/537.36 (KHTML, like Gecko) Chrome/114.0.0.0 Safari/537.36"
185.216.113.70 - - [19/Apr/2026:21:30:10 +0300] "POST /wp-cron.php?doing_wp_cron=1776623410.8593668937683105468750 HTTP/1.1" 200 448 "-" "WordPress/6.3.8; https://serhatburke.miroglu.net"
185.191.206.91 - - [19/Apr/2026:21:29:42 +0300] "GET /darmowe-zabawy-automaty-bez-rejestracji/ HTTP/1.1" 200 72151 "-" "Mozilla/5.0 (Windows NT 10.0; Win64; x64; rv:124.0) Gecko/20100101 Firefox/124.0"
200.25.47.120 - - [19/Apr/2026:21:30:03 +0300] "POST /xmlrpc.php HTTP/1.1" 200 630 "-" "Mozilla/5.0 (Windows NT 10.0; Win64; x64) AppleWebKit/537.36 (KHTML, like Gecko) Chrome/114.0.0.0 Safari/537.36"
185.191.206.91 - - [19/Apr/2026:21:29:55 +0300] "POST /xmlrpc.php HTTP/1.1" 200 9847 "-" "Mozilla/5.0 (Windows NT 10.0; Win64; x64) AppleWebKit/537.36 (KHTML, like Gecko) Chrome/114.0.0.0 Safari/537.36"
200.25.47.120 - - [19/Apr/2026:21:30:23 +0300] "POST /xmlrpc.php HTTP/1.1" 200 18610 "-" "Mozilla/5.0 (Windows NT 10.0; Win64; x64) AppleWebKit/537.36 (KHTML, like Gecko) Chrome/114.0.0.0 Safari/537.36"
185.244.183.170 - - [19/Apr/2026:21:30:24 +0300] "POST /xmlrpc.php HTTP/1.1" 200 100976 "-" "Mozilla/5.0 (Macintosh; Intel Mac OS X 10_15_7) AppleWebKit/537.36 (KHTML, like Gecko) Chrome/131.0.0.0 Safari/537.36"
200.25.47.120 - - [19/Apr/2026:21:30:42 +0300] "GET /discover-the-excitement-of-wheres-the-gold-a-treasure-hunt-awaits/ HTTP/1.1" 200 79796 "-" "Mozilla/5.0 (Windows NT 10.0; Win64; x64; rv:124.0) Gecko/20100101 Firefox/124.0"
185.244.183.170 - - [19/Apr/2026:21:30:49 +0300] "POST /xmlrpc.php HTTP/1.1" 200 725 "-" "Mozilla/5.0 (Macintosh; Intel Mac OS X 10_15_7) AppleWebKit/537.36 (KHTML, like Gecko) Chrome/131.0.0.0 Safari/537.36"
