17.241.227.254 - - [20/Apr/2026:00:38:45 +0300] "GET /omegle-wie-es-funktioniert-und-was-eltern-wissen-12/ HTTP/1.1" 200 23553 "-" "Mozilla/5.0 (Macintosh; Intel Mac OS X 10_15_7) AppleWebKit/605.1.15 (KHTML, like Gecko) Version/17.4 Safari/605.1.15 (Applebot/0.1; +http://www.apple.com/go/applebot)"
37.139.53.240 - - [20/Apr/2026:00:38:43 +0300] "POST / HTTP/2" 200 16703 "-" "Mozilla/5.0 (Macintosh; Intel Mac OS X 10_15_7) AppleWebKit/537.36 (KHTML, like Gecko) Chrome/131.0.0.0 Safari/537.36"
185.216.113.70 - - [20/Apr/2026:00:40:07 +0300] "POST /wp-cron.php?doing_wp_cron=1776634807.0243790149688720703125 HTTP/1.1" 200 448 "-" "WordPress/6.3.8; https://serhatburke.miroglu.net"
200.25.47.120 - - [20/Apr/2026:00:39:44 +0300] "POST /xmlrpc.php HTTP/1.1" 200 630 "-" "Mozilla/5.0 (Windows NT 10.0; Win64; x64) AppleWebKit/537.36 (KHTML, like Gecko) Chrome/114.0.0.0 Safari/537.36"
200.25.47.120 - - [20/Apr/2026:00:40:13 +0300] "POST /xmlrpc.php HTTP/1.1" 200 17392 "-" "Mozilla/5.0 (Windows NT 10.0; Win64; x64) AppleWebKit/537.36 (KHTML, like Gecko) Chrome/114.0.0.0 Safari/537.36"
185.216.113.70 - - [20/Apr/2026:00:40:40 +0300] "POST /wp-cron.php?doing_wp_cron=1776634840.1535398960113525390625 HTTP/1.1" 200 448 "-" "WordPress/6.3.8; https://serhatburke.miroglu.net"
200.25.47.120 - - [20/Apr/2026:00:40:28 +0300] "GET /grand-jackpot-2026-slots-fabricante-sobre-items-con-el-fin-de-cadenas-desplazandolo-hacia-el-pelo-cables-de-espada/ HTTP/1.1" 200 80020 "-" "Mozilla/5.0 (Windows NT 10.0; Win64; x64) AppleWebKit/537.36 (KHTML, like Gecko) Chrome/123.0.0.0 Safari/537.36 OPR/109.0.0.0"
185.191.171.9 - - [20/Apr/2026:00:40:32 +0300] "GET /i-migliori-machance-casa-da-gioco-live-online-2026/ HTTP/1.1" 200 22295 "-" "Mozilla/5.0 (compatible; SemrushBot/7~bl; +http://www.semrush.com/bot.html)"
185.216.113.70 - - [20/Apr/2026:00:41:58 +0300] "POST /wp-cron.php?doing_wp_cron=1776634918.5062999725341796875000 HTTP/1.1" 200 448 "-" "WordPress/6.3.8; https://serhatburke.miroglu.net"
17.241.219.174 - - [20/Apr/2026:00:41:45 +0300] "GET /omegle-wie-es-funktioniert-und-was-eltern-wissen-12/undefined?ts=1776634904 HTTP/1.1" 404 15864 "https://serhatburke.miroglu.net/omegle-wie-es-funktioniert-und-was-eltern-wissen-12/" "Mozilla/5.0 (Macintosh; Intel Mac OS X 10_15_7) AppleWebKit/605.1.15 (KHTML, like Gecko) Version/17.4 Safari/605.1.15 (Applebot/0.1; +http://www.apple.com/go/applebot)"
200.25.47.120 - - [20/Apr/2026:00:41:53 +0300] "POST /xmlrpc.php HTTP/1.1" 200 630 "-" "Mozilla/5.0 (Windows NT 10.0; Win64; x64) AppleWebKit/537.36 (KHTML, like Gecko) Chrome/114.0.0.0 Safari/537.36"
17.241.219.174 - - [20/Apr/2026:00:41:59 +0300] "GET /omegle-wie-es-funktioniert-und-was-eltern-wissen-12/undefined?ts=1776634919 HTTP/1.1" 404 15685 "https://serhatburke.miroglu.net/omegle-wie-es-funktioniert-und-was-eltern-wissen-12/" "Mozilla/5.0 (Macintosh; Intel Mac OS X 10_15_7) AppleWebKit/605.1.15 (KHTML, like Gecko) Version/17.4 Safari/605.1.15 (Applebot/0.1; +http://www.apple.com/go/applebot)"
85.208.96.210 - - [20/Apr/2026:00:42:04 +0300] "GET /test-post-title-2/ HTTP/1.1" 200 17382 "-" "Mozilla/5.0 (compatible; SemrushBot/7~bl; +http://www.semrush.com/bot.html)"
200.25.47.120 - - [20/Apr/2026:00:42:18 +0300] "POST /xmlrpc.php HTTP/1.1" 200 19369 "-" "Mozilla/5.0 (Windows NT 10.0; Win64; x64) AppleWebKit/537.36 (KHTML, like Gecko) Chrome/114.0.0.0 Safari/537.36"
17.241.227.161 - - [20/Apr/2026:00:42:23 +0300] "GET /omegle-wie-es-funktioniert-und-was-eltern-wissen-12/undefined?ts=1776634942 HTTP/1.1" 404 15863 "https://serhatburke.miroglu.net/omegle-wie-es-funktioniert-und-was-eltern-wissen-12/" "Mozilla/5.0 (Macintosh; Intel Mac OS X 10_15_7) AppleWebKit/605.1.15 (KHTML, like Gecko) Version/17.4 Safari/605.1.15 (Applebot/0.1; +http://www.apple.com/go/applebot)"
185.216.113.70 - - [20/Apr/2026:00:42:47 +0300] "POST /wp-cron.php?doing_wp_cron=1776634967.8932650089263916015625 HTTP/1.1" 200 448 "-" "WordPress/6.3.8; https://serhatburke.miroglu.net"
17.241.227.161 - - [20/Apr/2026:00:42:36 +0300] "GET /omegle-wie-es-funktioniert-und-was-eltern-wissen-12/undefined?ts=1776634956 HTTP/1.1" 404 15566 "https://serhatburke.miroglu.net/omegle-wie-es-funktioniert-und-was-eltern-wissen-12/" "Mozilla/5.0 (Macintosh; Intel Mac OS X 10_15_7) AppleWebKit/605.1.15 (KHTML, like Gecko) Version/17.4 Safari/605.1.15 (Applebot/0.1; +http://www.apple.com/go/applebot)"
200.25.47.120 - - [20/Apr/2026:00:42:36 +0300] "GET /tragaperras-sweet-bonanza-consejos-en-la-slot-estafa-en-el-caso-de-que-nos-lo-olvidemos-fiable/ HTTP/1.1" 200 81379 "-" "Mozilla/5.0 (Windows NT 10.0; Win64; x64) AppleWebKit/537.36 (KHTML, like Gecko) Chrome/109.0.0.0 Safari/537.36"
17.241.227.161 - - [20/Apr/2026:00:42:48 +0300] "GET /omegle-wie-es-funktioniert-und-was-eltern-wissen-12/undefined?ts=1776634968 HTTP/1.1" 404 15685 "https://serhatburke.miroglu.net/omegle-wie-es-funktioniert-und-was-eltern-wissen-12/" "Mozilla/5.0 (Macintosh; Intel Mac OS X 10_15_7) AppleWebKit/605.1.15 (KHTML, like Gecko) Version/17.4 Safari/605.1.15 (Applebot/0.1; +http://www.apple.com/go/applebot)"
85.208.96.197 - - [20/Apr/2026:00:42:47 +0300] "GET /gallery/gallery-grid-portrait/ HTTP/1.1" 200 18432 "-" "Mozilla/5.0 (compatible; SemrushBot/7~bl; +http://www.semrush.com/bot.html)"
17.241.75.35 - - [20/Apr/2026:00:43:12 +0300] "GET /omegle-wie-es-funktioniert-und-was-eltern-wissen-12/undefined?ts=1776634991 HTTP/1.1" 404 15741 "https://serhatburke.miroglu.net/omegle-wie-es-funktioniert-und-was-eltern-wissen-12/" "Mozilla/5.0 (Macintosh; Intel Mac OS X 10_15_7) AppleWebKit/605.1.15 (KHTML, like Gecko) Version/17.4 Safari/605.1.15 (Applebot/0.1; +http://www.apple.com/go/applebot)"
17.241.227.184 - - [20/Apr/2026:00:43:25 +0300] "GET /omegle-wie-es-funktioniert-und-was-eltern-wissen-12/undefined?ts=1776635004 HTTP/1.1" 404 15863 "https://serhatburke.miroglu.net/omegle-wie-es-funktioniert-und-was-eltern-wissen-12/" "Mozilla/5.0 (Macintosh; Intel Mac OS X 10_15_7) AppleWebKit/605.1.15 (KHTML, like Gecko) Version/17.4 Safari/605.1.15 (Applebot/0.1; +http://www.apple.com/go/applebot)"
185.216.113.70 - - [20/Apr/2026:00:43:53 +0300] "POST /wp-cron.php?doing_wp_cron=1776635033.6429920196533203125000 HTTP/1.1" 200 448 "-" "WordPress/6.3.8; https://serhatburke.miroglu.net"
17.241.227.219 - - [20/Apr/2026:00:43:40 +0300] "GET /omegle-wie-es-funktioniert-und-was-eltern-wissen-12/undefined?ts=1776635019 HTTP/1.1" 404 15739 "https://serhatburke.miroglu.net/omegle-wie-es-funktioniert-und-was-eltern-wissen-12/" "Mozilla/5.0 (Macintosh; Intel Mac OS X 10_15_7) AppleWebKit/605.1.15 (KHTML, like Gecko) Version/17.4 Safari/605.1.15 (Applebot/0.1; +http://www.apple.com/go/applebot)"
17.241.227.219 - - [20/Apr/2026:00:43:54 +0300] "GET /omegle-wie-es-funktioniert-und-was-eltern-wissen-12/undefined?ts=1776635034 HTTP/1.1" 404 15685 "https://serhatburke.miroglu.net/omegle-wie-es-funktioniert-und-was-eltern-wissen-12/" "Mozilla/5.0 (Macintosh; Intel Mac OS X 10_15_7) AppleWebKit/605.1.15 (KHTML, like Gecko) Version/17.4 Safari/605.1.15 (Applebot/0.1; +http://www.apple.com/go/applebot)"
17.241.227.219 - - [20/Apr/2026:00:44:08 +0300] "GET /omegle-wie-es-funktioniert-und-was-eltern-wissen-12/undefined?ts=1776635048 HTTP/1.1" 404 15686 "https://serhatburke.miroglu.net/omegle-wie-es-funktioniert-und-was-eltern-wissen-12/" "Mozilla/5.0 (Macintosh; Intel Mac OS X 10_15_7) AppleWebKit/605.1.15 (KHTML, like Gecko) Version/17.4 Safari/605.1.15 (Applebot/0.1; +http://www.apple.com/go/applebot)"
17.241.227.251 - - [20/Apr/2026:00:44:23 +0300] "GET /omegle-wie-es-funktioniert-und-was-eltern-wissen-12/undefined?ts=1776635062 HTTP/1.1" 404 15863 "https://serhatburke.miroglu.net/omegle-wie-es-funktioniert-und-was-eltern-wissen-12/" "Mozilla/5.0 (Macintosh; Intel Mac OS X 10_15_7) AppleWebKit/605.1.15 (KHTML, like Gecko) Version/17.4 Safari/605.1.15 (Applebot/0.1; +http://www.apple.com/go/applebot)"
185.216.113.70 - - [20/Apr/2026:00:44:52 +0300] "POST /wp-cron.php?doing_wp_cron=1776635092.0617098808288574218750 HTTP/1.1" 200 448 "-" "WordPress/6.3.8; https://serhatburke.miroglu.net"
17.241.227.251 - - [20/Apr/2026:00:44:37 +0300] "GET /omegle-wie-es-funktioniert-und-was-eltern-wissen-12/undefined?ts=1776635077 HTTP/1.1" 404 15685 "https://serhatburke.miroglu.net/omegle-wie-es-funktioniert-und-was-eltern-wissen-12/" "Mozilla/5.0 (Macintosh; Intel Mac OS X 10_15_7) AppleWebKit/605.1.15 (KHTML, like Gecko) Version/17.4 Safari/605.1.15 (Applebot/0.1; +http://www.apple.com/go/applebot)"
17.241.227.251 - - [20/Apr/2026:00:44:57 +0300] "GET /omegle-wie-es-funktioniert-und-was-eltern-wissen-12/undefined?ts=1776635097 HTTP/1.1" 404 15685 "https://serhatburke.miroglu.net/omegle-wie-es-funktioniert-und-was-eltern-wissen-12/" "Mozilla/5.0 (Macintosh; Intel Mac OS X 10_15_7) AppleWebKit/605.1.15 (KHTML, like Gecko) Version/17.4 Safari/605.1.15 (Applebot/0.1; +http://www.apple.com/go/applebot)"
17.241.227.251 - - [20/Apr/2026:00:45:12 +0300] "GET /omegle-wie-es-funktioniert-und-was-eltern-wissen-12/undefined?ts=1776635112 HTTP/1.1" 404 15685 "https://serhatburke.miroglu.net/omegle-wie-es-funktioniert-und-was-eltern-wissen-12/" "Mozilla/5.0 (Macintosh; Intel Mac OS X 10_15_7) AppleWebKit/605.1.15 (KHTML, like Gecko) Version/17.4 Safari/605.1.15 (Applebot/0.1; +http://www.apple.com/go/applebot)"
17.241.227.251 - - [20/Apr/2026:00:45:24 +0300] "GET /omegle-wie-es-funktioniert-und-was-eltern-wissen-12/undefined?ts=1776635124 HTTP/1.1" 404 15685 "https://serhatburke.miroglu.net/omegle-wie-es-funktioniert-und-was-eltern-wissen-12/" "Mozilla/5.0 (Macintosh; Intel Mac OS X 10_15_7) AppleWebKit/605.1.15 (KHTML, like Gecko) Version/17.4 Safari/605.1.15 (Applebot/0.1; +http://www.apple.com/go/applebot)"
185.216.113.70 - - [20/Apr/2026:00:46:08 +0300] "POST /wp-cron.php?doing_wp_cron=1776635168.7322010993957519531250 HTTP/1.1" 200 448 "-" "WordPress/6.3.8; https://serhatburke.miroglu.net"
17.241.75.116 - - [20/Apr/2026:00:45:57 +0300] "GET /omegle-wie-es-funktioniert-und-was-eltern-wissen-12/undefined?ts=1776635155 HTTP/1.1" 404 15739 "https://serhatburke.miroglu.net/omegle-wie-es-funktioniert-und-was-eltern-wissen-12/" "Mozilla/5.0 (Macintosh; Intel Mac OS X 10_15_7) AppleWebKit/605.1.15 (KHTML, like Gecko) Version/17.4 Safari/605.1.15 (Applebot/0.1; +http://www.apple.com/go/applebot)"
185.216.113.70 - - [20/Apr/2026:00:46:42 +0300] "POST /wp-cron.php?doing_wp_cron=1776635202.6029539108276367187500 HTTP/1.1" 200 448 "-" "WordPress/6.3.8; https://serhatburke.miroglu.net"
17.241.219.110 - - [20/Apr/2026:00:46:31 +0300] "GET /omegle-wie-es-funktioniert-und-was-eltern-wissen-12/undefined?ts=1776635190 HTTP/1.1" 404 15864 "https://serhatburke.miroglu.net/omegle-wie-es-funktioniert-und-was-eltern-wissen-12/" "Mozilla/5.0 (Macintosh; Intel Mac OS X 10_15_7) AppleWebKit/605.1.15 (KHTML, like Gecko) Version/17.4 Safari/605.1.15 (Applebot/0.1; +http://www.apple.com/go/applebot)"
17.241.219.110 - - [20/Apr/2026:00:46:43 +0300] "GET /omegle-wie-es-funktioniert-und-was-eltern-wissen-12/undefined?ts=1776635203 HTTP/1.1" 404 15687 "https://serhatburke.miroglu.net/omegle-wie-es-funktioniert-und-was-eltern-wissen-12/" "Mozilla/5.0 (Macintosh; Intel Mac OS X 10_15_7) AppleWebKit/605.1.15 (KHTML, like Gecko) Version/17.4 Safari/605.1.15 (Applebot/0.1; +http://www.apple.com/go/applebot)"
17.241.219.110 - - [20/Apr/2026:00:46:56 +0300] "GET /omegle-wie-es-funktioniert-und-was-eltern-wissen-12/undefined?ts=1776635216 HTTP/1.1" 404 15685 "https://serhatburke.miroglu.net/omegle-wie-es-funktioniert-und-was-eltern-wissen-12/" "Mozilla/5.0 (Macintosh; Intel Mac OS X 10_15_7) AppleWebKit/605.1.15 (KHTML, like Gecko) Version/17.4 Safari/605.1.15 (Applebot/0.1; +http://www.apple.com/go/applebot)"
85.208.96.199 - - [20/Apr/2026:00:47:06 +0300] "GET /casino-willkommensbonus-unser-besten-willkommensboni/ HTTP/1.1" 200 23328 "-" "Mozilla/5.0 (compatible; SemrushBot/7~bl; +http://www.semrush.com/bot.html)"
17.241.219.110 - - [20/Apr/2026:00:47:09 +0300] "GET /omegle-wie-es-funktioniert-und-was-eltern-wissen-12/undefined?ts=1776635229 HTTP/1.1" 404 15687 "https://serhatburke.miroglu.net/omegle-wie-es-funktioniert-und-was-eltern-wissen-12/" "Mozilla/5.0 (Macintosh; Intel Mac OS X 10_15_7) AppleWebKit/605.1.15 (KHTML, like Gecko) Version/17.4 Safari/605.1.15 (Applebot/0.1; +http://www.apple.com/go/applebot)"
185.216.113.70 - - [20/Apr/2026:00:47:40 +0300] "POST /wp-cron.php?doing_wp_cron=1776635260.2982840538024902343750 HTTP/1.1" 200 448 "-" "WordPress/6.3.8; https://serhatburke.miroglu.net"
17.241.227.97 - - [20/Apr/2026:00:47:26 +0300] "GET /omegle-wie-es-funktioniert-und-was-eltern-wissen-12/undefined?ts=1776635246 HTTP/1.1" 404 15863 "https://serhatburke.miroglu.net/omegle-wie-es-funktioniert-und-was-eltern-wissen-12/" "Mozilla/5.0 (Macintosh; Intel Mac OS X 10_15_7) AppleWebKit/605.1.15 (KHTML, like Gecko) Version/17.4 Safari/605.1.15 (Applebot/0.1; +http://www.apple.com/go/applebot)"
185.216.113.70 - - [20/Apr/2026:00:50:25 +0300] "POST /wp-cron.php?doing_wp_cron=1776635425.7600800991058349609375 HTTP/1.1" 200 448 "-" "WordPress/6.3.8; https://serhatburke.miroglu.net"
200.25.47.120 - - [20/Apr/2026:00:50:09 +0300] "POST /xmlrpc.php HTTP/1.1" 200 630 "-" "Mozilla/5.0 (Windows NT 10.0; Win64; x64) AppleWebKit/537.36 (KHTML, like Gecko) Chrome/114.0.0.0 Safari/537.36"
200.25.47.120 - - [20/Apr/2026:00:50:32 +0300] "POST /xmlrpc.php HTTP/1.1" 200 16932 "-" "Mozilla/5.0 (Windows NT 10.0; Win64; x64) AppleWebKit/537.36 (KHTML, like Gecko) Chrome/114.0.0.0 Safari/537.36"
17.241.75.42 - - [20/Apr/2026:00:50:44 +0300] "GET /omegle-wie-es-funktioniert-und-was-eltern-wissen-12/undefined?ts=1776635433 HTTP/1.1" 404 15865 "https://serhatburke.miroglu.net/omegle-wie-es-funktioniert-und-was-eltern-wissen-12/" "Mozilla/5.0 (Macintosh; Intel Mac OS X 10_15_7) AppleWebKit/605.1.15 (KHTML, like Gecko) Version/17.4 Safari/605.1.15 (Applebot/0.1; +http://www.apple.com/go/applebot)"
200.25.47.120 - - [20/Apr/2026:00:50:47 +0300] "GET /mega-rich-tragaperras-online/ HTTP/1.1" 200 77228 "-" "Mozilla/5.0 (Windows NT 10.0; Win64; x64; rv:124.0) Gecko/20100101 Firefox/124.0"
17.241.219.83 - - [20/Apr/2026:00:50:58 +0300] "GET /omegle-wie-es-funktioniert-und-was-eltern-wissen-12/undefined?ts=1776635458 HTTP/1.1" 404 15863 "https://serhatburke.miroglu.net/omegle-wie-es-funktioniert-und-was-eltern-wissen-12/" "Mozilla/5.0 (Macintosh; Intel Mac OS X 10_15_7) AppleWebKit/605.1.15 (KHTML, like Gecko) Version/17.4 Safari/605.1.15 (Applebot/0.1; +http://www.apple.com/go/applebot)"
17.241.219.231 - - [20/Apr/2026:00:51:12 +0300] "GET /omegle-wie-es-funktioniert-und-was-eltern-wissen-12/undefined?ts=1776635472 HTTP/1.1" 404 15864 "https://serhatburke.miroglu.net/omegle-wie-es-funktioniert-und-was-eltern-wissen-12/" "Mozilla/5.0 (Macintosh; Intel Mac OS X 10_15_7) AppleWebKit/605.1.15 (KHTML, like Gecko) Version/17.4 Safari/605.1.15 (Applebot/0.1; +http://www.apple.com/go/applebot)"
185.216.113.70 - - [20/Apr/2026:00:51:37 +0300] "POST /wp-cron.php?doing_wp_cron=1776635497.3479459285736083984375 HTTP/1.1" 200 448 "-" "WordPress/6.3.8; https://serhatburke.miroglu.net"
17.241.75.64 - - [20/Apr/2026:00:51:25 +0300] "GET /omegle-wie-es-funktioniert-und-was-eltern-wissen-12/undefined?ts=1776635485 HTTP/1.1" 404 15864 "https://serhatburke.miroglu.net/omegle-wie-es-funktioniert-und-was-eltern-wissen-12/" "Mozilla/5.0 (Macintosh; Intel Mac OS X 10_15_7) AppleWebKit/605.1.15 (KHTML, like Gecko) Version/17.4 Safari/605.1.15 (Applebot/0.1; +http://www.apple.com/go/applebot)"
17.241.75.86 - - [20/Apr/2026:00:51:38 +0300] "GET /omegle-wie-es-funktioniert-und-was-eltern-wissen-12/undefined?ts=1776635497 HTTP/1.1" 404 15864 "https://serhatburke.miroglu.net/omegle-wie-es-funktioniert-und-was-eltern-wissen-12/" "Mozilla/5.0 (Macintosh; Intel Mac OS X 10_15_7) AppleWebKit/605.1.15 (KHTML, like Gecko) Version/17.4 Safari/605.1.15 (Applebot/0.1; +http://www.apple.com/go/applebot)"
17.241.227.84 - - [20/Apr/2026:00:51:52 +0300] "GET /omegle-wie-es-funktioniert-und-was-eltern-wissen-12/undefined?ts=1776635511 HTTP/1.1" 404 15864 "https://serhatburke.miroglu.net/omegle-wie-es-funktioniert-und-was-eltern-wissen-12/" "Mozilla/5.0 (Macintosh; Intel Mac OS X 10_15_7) AppleWebKit/605.1.15 (KHTML, like Gecko) Version/17.4 Safari/605.1.15 (Applebot/0.1; +http://www.apple.com/go/applebot)"
17.241.227.84 - - [20/Apr/2026:00:52:04 +0300] "GET /omegle-wie-es-funktioniert-und-was-eltern-wissen-12/undefined?ts=1776635524 HTTP/1.1" 404 15687 "https://serhatburke.miroglu.net/omegle-wie-es-funktioniert-und-was-eltern-wissen-12/" "Mozilla/5.0 (Macintosh; Intel Mac OS X 10_15_7) AppleWebKit/605.1.15 (KHTML, like Gecko) Version/17.4 Safari/605.1.15 (Applebot/0.1; +http://www.apple.com/go/applebot)"
17.241.227.72 - - [20/Apr/2026:00:52:17 +0300] "GET /omegle-wie-es-funktioniert-und-was-eltern-wissen-12/undefined?ts=1776635537 HTTP/1.1" 404 15863 "https://serhatburke.miroglu.net/omegle-wie-es-funktioniert-und-was-eltern-wissen-12/" "Mozilla/5.0 (Macintosh; Intel Mac OS X 10_15_7) AppleWebKit/605.1.15 (KHTML, like Gecko) Version/17.4 Safari/605.1.15 (Applebot/0.1; +http://www.apple.com/go/applebot)"
185.216.113.70 - - [20/Apr/2026:00:52:44 +0300] "POST /wp-cron.php?doing_wp_cron=1776635564.8510310649871826171875 HTTP/1.1" 200 448 "-" "WordPress/6.3.8; https://serhatburke.miroglu.net"
17.241.219.145 - - [20/Apr/2026:00:52:33 +0300] "GET /omegle-wie-es-funktioniert-und-was-eltern-wissen-12/undefined?ts=1776635552 HTTP/1.1" 404 15739 "https://serhatburke.miroglu.net/omegle-wie-es-funktioniert-und-was-eltern-wissen-12/" "Mozilla/5.0 (Macintosh; Intel Mac OS X 10_15_7) AppleWebKit/605.1.15 (KHTML, like Gecko) Version/17.4 Safari/605.1.15 (Applebot/0.1; +http://www.apple.com/go/applebot)"
17.241.219.145 - - [20/Apr/2026:00:52:45 +0300] "GET /omegle-wie-es-funktioniert-und-was-eltern-wissen-12/undefined?ts=1776635565 HTTP/1.1" 404 15686 "https://serhatburke.miroglu.net/omegle-wie-es-funktioniert-und-was-eltern-wissen-12/" "Mozilla/5.0 (Macintosh; Intel Mac OS X 10_15_7) AppleWebKit/605.1.15 (KHTML, like Gecko) Version/17.4 Safari/605.1.15 (Applebot/0.1; +http://www.apple.com/go/applebot)"
17.241.75.107 - - [20/Apr/2026:00:52:58 +0300] "GET /omegle-wie-es-funktioniert-und-was-eltern-wissen-12/undefined?ts=1776635578 HTTP/1.1" 404 15863 "https://serhatburke.miroglu.net/omegle-wie-es-funktioniert-und-was-eltern-wissen-12/" "Mozilla/5.0 (Macintosh; Intel Mac OS X 10_15_7) AppleWebKit/605.1.15 (KHTML, like Gecko) Version/17.4 Safari/605.1.15 (Applebot/0.1; +http://www.apple.com/go/applebot)"
17.241.75.107 - - [20/Apr/2026:00:53:11 +0300] "GET /omegle-wie-es-funktioniert-und-was-eltern-wissen-12/undefined?ts=1776635590 HTTP/1.1" 404 15687 "https://serhatburke.miroglu.net/omegle-wie-es-funktioniert-und-was-eltern-wissen-12/" "Mozilla/5.0 (Macintosh; Intel Mac OS X 10_15_7) AppleWebKit/605.1.15 (KHTML, like Gecko) Version/17.4 Safari/605.1.15 (Applebot/0.1; +http://www.apple.com/go/applebot)"
17.241.75.107 - - [20/Apr/2026:00:53:23 +0300] "GET /omegle-wie-es-funktioniert-und-was-eltern-wissen-12/undefined?ts=1776635603 HTTP/1.1" 404 15686 "https://serhatburke.miroglu.net/omegle-wie-es-funktioniert-und-was-eltern-wissen-12/" "Mozilla/5.0 (Macintosh; Intel Mac OS X 10_15_7) AppleWebKit/605.1.15 (KHTML, like Gecko) Version/17.4 Safari/605.1.15 (Applebot/0.1; +http://www.apple.com/go/applebot)"
185.216.113.70 - - [20/Apr/2026:00:53:47 +0300] "POST /wp-cron.php?doing_wp_cron=1776635627.0622820854187011718750 HTTP/1.1" 200 448 "-" "WordPress/6.3.8; https://serhatburke.miroglu.net"
17.241.75.107 - - [20/Apr/2026:00:53:35 +0300] "GET /omegle-wie-es-funktioniert-und-was-eltern-wissen-12/undefined?ts=1776635615 HTTP/1.1" 404 15684 "https://serhatburke.miroglu.net/omegle-wie-es-funktioniert-und-was-eltern-wissen-12/" "Mozilla/5.0 (Macintosh; Intel Mac OS X 10_15_7) AppleWebKit/605.1.15 (KHTML, like Gecko) Version/17.4 Safari/605.1.15 (Applebot/0.1; +http://www.apple.com/go/applebot)"
17.241.75.107 - - [20/Apr/2026:00:53:47 +0300] "GET /omegle-wie-es-funktioniert-und-was-eltern-wissen-12/undefined?ts=1776635627 HTTP/1.1" 404 15685 "https://serhatburke.miroglu.net/omegle-wie-es-funktioniert-und-was-eltern-wissen-12/" "Mozilla/5.0 (Macintosh; Intel Mac OS X 10_15_7) AppleWebKit/605.1.15 (KHTML, like Gecko) Version/17.4 Safari/605.1.15 (Applebot/0.1; +http://www.apple.com/go/applebot)"
17.241.75.107 - - [20/Apr/2026:00:54:00 +0300] "GET /omegle-wie-es-funktioniert-und-was-eltern-wissen-12/undefined?ts=1776635640 HTTP/1.1" 404 15685 "https://serhatburke.miroglu.net/omegle-wie-es-funktioniert-und-was-eltern-wissen-12/" "Mozilla/5.0 (Macintosh; Intel Mac OS X 10_15_7) AppleWebKit/605.1.15 (KHTML, like Gecko) Version/17.4 Safari/605.1.15 (Applebot/0.1; +http://www.apple.com/go/applebot)"
17.241.227.178 - - [20/Apr/2026:00:54:13 +0300] "GET /omegle-wie-es-funktioniert-und-was-eltern-wissen-12/undefined?ts=1776635652 HTTP/1.1" 404 15864 "https://serhatburke.miroglu.net/omegle-wie-es-funktioniert-und-was-eltern-wissen-12/" "Mozilla/5.0 (Macintosh; Intel Mac OS X 10_15_7) AppleWebKit/605.1.15 (KHTML, like Gecko) Version/17.4 Safari/605.1.15 (Applebot/0.1; +http://www.apple.com/go/applebot)"
17.22.245.197 - - [20/Apr/2026:00:54:14 +0300] "GET /o-que-e-omegle-os-perigos-as-proibicoes-e-os-novos-45-2/ HTTP/1.1" 200 23340 "-" "Mozilla/5.0 (Macintosh; Intel Mac OS X 10_15_7) AppleWebKit/605.1.15 (KHTML, like Gecko) Version/17.4 Safari/605.1.15 (Applebot/0.1; +http://www.apple.com/go/applebot)"
185.216.113.70 - - [20/Apr/2026:00:56:01 +0300] "POST /wp-cron.php?doing_wp_cron=1776635761.7250800132751464843750 HTTP/1.1" 200 448 "-" "WordPress/6.3.8; https://serhatburke.miroglu.net"
17.22.237.159 - - [20/Apr/2026:00:55:49 +0300] "GET /o-que-e-omegle-os-perigos-as-proibicoes-e-os-novos-45-2/undefined?ts=1776635748 HTTP/1.1" 404 15866 "https://serhatburke.miroglu.net/o-que-e-omegle-os-perigos-as-proibicoes-e-os-novos-45-2/" "Mozilla/5.0 (Macintosh; Intel Mac OS X 10_15_7) AppleWebKit/605.1.15 (KHTML, like Gecko) Version/17.4 Safari/605.1.15 (Applebot/0.1; +http://www.apple.com/go/applebot)"
17.22.237.159 - - [20/Apr/2026:00:56:02 +0300] "GET /o-que-e-omegle-os-perigos-as-proibicoes-e-os-novos-45-2/undefined?ts=1776635762 HTTP/1.1" 404 15687 "https://serhatburke.miroglu.net/o-que-e-omegle-os-perigos-as-proibicoes-e-os-novos-45-2/" "Mozilla/5.0 (Macintosh; Intel Mac OS X 10_15_7) AppleWebKit/605.1.15 (KHTML, like Gecko) Version/17.4 Safari/605.1.15 (Applebot/0.1; +http://www.apple.com/go/applebot)"
17.22.237.159 - - [20/Apr/2026:00:56:15 +0300] "GET /o-que-e-omegle-os-perigos-as-proibicoes-e-os-novos-45-2/undefined?ts=1776635774 HTTP/1.1" 404 15687 "https://serhatburke.miroglu.net/o-que-e-omegle-os-perigos-as-proibicoes-e-os-novos-45-2/" "Mozilla/5.0 (Macintosh; Intel Mac OS X 10_15_7) AppleWebKit/605.1.15 (KHTML, like Gecko) Version/17.4 Safari/605.1.15 (Applebot/0.1; +http://www.apple.com/go/applebot)"
17.22.237.159 - - [20/Apr/2026:00:56:26 +0300] "GET /o-que-e-omegle-os-perigos-as-proibicoes-e-os-novos-45-2/undefined?ts=1776635786 HTTP/1.1" 404 15689 "https://serhatburke.miroglu.net/o-que-e-omegle-os-perigos-as-proibicoes-e-os-novos-45-2/" "Mozilla/5.0 (Macintosh; Intel Mac OS X 10_15_7) AppleWebKit/605.1.15 (KHTML, like Gecko) Version/17.4 Safari/605.1.15 (Applebot/0.1; +http://www.apple.com/go/applebot)"
185.216.113.70 - - [20/Apr/2026:00:56:54 +0300] "POST /wp-cron.php?doing_wp_cron=1776635813.9926629066467285156250 HTTP/1.1" 200 448 "-" "WordPress/6.3.8; https://serhatburke.miroglu.net"
17.22.245.198 - - [20/Apr/2026:00:56:39 +0300] "GET /o-que-e-omegle-os-perigos-as-proibicoes-e-os-novos-45-2/undefined?ts=1776635799 HTTP/1.1" 404 15866 "https://serhatburke.miroglu.net/o-que-e-omegle-os-perigos-as-proibicoes-e-os-novos-45-2/" "Mozilla/5.0 (Macintosh; Intel Mac OS X 10_15_7) AppleWebKit/605.1.15 (KHTML, like Gecko) Version/17.4 Safari/605.1.15 (Applebot/0.1; +http://www.apple.com/go/applebot)"
17.22.245.198 - - [20/Apr/2026:00:56:54 +0300] "GET /o-que-e-omegle-os-perigos-as-proibicoes-e-os-novos-45-2/undefined?ts=1776635814 HTTP/1.1" 404 15687 "https://serhatburke.miroglu.net/o-que-e-omegle-os-perigos-as-proibicoes-e-os-novos-45-2/" "Mozilla/5.0 (Macintosh; Intel Mac OS X 10_15_7) AppleWebKit/605.1.15 (KHTML, like Gecko) Version/17.4 Safari/605.1.15 (Applebot/0.1; +http://www.apple.com/go/applebot)"
17.22.253.50 - - [20/Apr/2026:00:57:15 +0300] "GET /o-que-e-omegle-os-perigos-as-proibicoes-e-os-novos-45-2/undefined?ts=1776635834 HTTP/1.1" 404 15866 "https://serhatburke.miroglu.net/o-que-e-omegle-os-perigos-as-proibicoes-e-os-novos-45-2/" "Mozilla/5.0 (Macintosh; Intel Mac OS X 10_15_7) AppleWebKit/605.1.15 (KHTML, like Gecko) Version/17.4 Safari/605.1.15 (Applebot/0.1; +http://www.apple.com/go/applebot)"
185.216.113.70 - - [20/Apr/2026:00:57:41 +0300] "POST /wp-cron.php?doing_wp_cron=1776635861.6988489627838134765625 HTTP/1.1" 200 448 "-" "WordPress/6.3.8; https://serhatburke.miroglu.net"
17.22.253.50 - - [20/Apr/2026:00:57:30 +0300] "GET /o-que-e-omegle-os-perigos-as-proibicoes-e-os-novos-45-2/undefined?ts=1776635850 HTTP/1.1" 404 15688 "https://serhatburke.miroglu.net/o-que-e-omegle-os-perigos-as-proibicoes-e-os-novos-45-2/" "Mozilla/5.0 (Macintosh; Intel Mac OS X 10_15_7) AppleWebKit/605.1.15 (KHTML, like Gecko) Version/17.4 Safari/605.1.15 (Applebot/0.1; +http://www.apple.com/go/applebot)"
200.25.47.120 - - [20/Apr/2026:00:57:40 +0300] "POST /xmlrpc.php HTTP/1.1" 200 630 "-" "Mozilla/5.0 (Windows NT 10.0; Win64; x64) AppleWebKit/537.36 (KHTML, like Gecko) Chrome/114.0.0.0 Safari/537.36"
17.22.237.120 - - [20/Apr/2026:00:57:46 +0300] "GET /o-que-e-omegle-os-perigos-as-proibicoes-e-os-novos-45-2/undefined?ts=1776635864 HTTP/1.1" 404 15867 "https://serhatburke.miroglu.net/o-que-e-omegle-os-perigos-as-proibicoes-e-os-novos-45-2/" "Mozilla/5.0 (Macintosh; Intel Mac OS X 10_15_7) AppleWebKit/605.1.15 (KHTML, like Gecko) Version/17.4 Safari/605.1.15 (Applebot/0.1; +http://www.apple.com/go/applebot)"
17.22.253.176 - - [20/Apr/2026:00:58:02 +0300] "GET /o-que-e-omegle-os-perigos-as-proibicoes-e-os-novos-45-2/undefined?ts=1776635881 HTTP/1.1" 404 15747 "https://serhatburke.miroglu.net/o-que-e-omegle-os-perigos-as-proibicoes-e-os-novos-45-2/" "Mozilla/5.0 (Macintosh; Intel Mac OS X 10_15_7) AppleWebKit/605.1.15 (KHTML, like Gecko) Version/17.4 Safari/605.1.15 (Applebot/0.1; +http://www.apple.com/go/applebot)"
200.25.47.120 - - [20/Apr/2026:00:58:02 +0300] "POST /xmlrpc.php HTTP/1.1" 200 16413 "-" "Mozilla/5.0 (Windows NT 10.0; Win64; x64) AppleWebKit/537.36 (KHTML, like Gecko) Chrome/114.0.0.0 Safari/537.36"
200.25.47.120 - - [20/Apr/2026:00:58:17 +0300] "GET /superiores-bonos-casinos-en-linea/ HTTP/1.1" 200 77007 "-" "Mozilla/5.0 (Windows NT 10.0; Win64; x64) AppleWebKit/537.36 (KHTML, like Gecko) Chrome/122.0.0.0 Safari/537.36"
17.22.237.244 - - [20/Apr/2026:00:58:26 +0300] "GET /o-que-e-omegle-os-perigos-as-proibicoes-e-os-novos-45-2/undefined?ts=1776635906 HTTP/1.1" 404 15747 "https://serhatburke.miroglu.net/o-que-e-omegle-os-perigos-as-proibicoes-e-os-novos-45-2/" "Mozilla/5.0 (Macintosh; Intel Mac OS X 10_15_7) AppleWebKit/605.1.15 (KHTML, like Gecko) Version/17.4 Safari/605.1.15 (Applebot/0.1; +http://www.apple.com/go/applebot)"
185.216.113.70 - - [20/Apr/2026:00:59:04 +0300] "POST /wp-cron.php?doing_wp_cron=1776635944.0578479766845703125000 HTTP/1.1" 200 448 "-" "WordPress/6.3.8; https://serhatburke.miroglu.net"
17.22.237.33 - - [20/Apr/2026:00:58:50 +0300] "GET /o-que-e-omegle-os-perigos-as-proibicoes-e-os-novos-45-2/undefined?ts=1776635918 HTTP/1.1" 404 15864 "https://serhatburke.miroglu.net/o-que-e-omegle-os-perigos-as-proibicoes-e-os-novos-45-2/" "Mozilla/5.0 (Macintosh; Intel Mac OS X 10_15_7) AppleWebKit/605.1.15 (KHTML, like Gecko) Version/17.4 Safari/605.1.15 (Applebot/0.1; +http://www.apple.com/go/applebot)"
17.22.245.189 - - [20/Apr/2026:00:59:05 +0300] "GET /o-que-e-omegle-os-perigos-as-proibicoes-e-os-novos-45-2/undefined?ts=1776635944 HTTP/1.1" 404 15865 "https://serhatburke.miroglu.net/o-que-e-omegle-os-perigos-as-proibicoes-e-os-novos-45-2/" "Mozilla/5.0 (Macintosh; Intel Mac OS X 10_15_7) AppleWebKit/605.1.15 (KHTML, like Gecko) Version/17.4 Safari/605.1.15 (Applebot/0.1; +http://www.apple.com/go/applebot)"
17.22.237.119 - - [20/Apr/2026:00:59:23 +0300] "GET /o-que-e-omegle-os-perigos-as-proibicoes-e-os-novos-45-2/undefined?ts=1776635958 HTTP/1.1" 404 15866 "https://serhatburke.miroglu.net/o-que-e-omegle-os-perigos-as-proibicoes-e-os-novos-45-2/" "Mozilla/5.0 (Macintosh; Intel Mac OS X 10_15_7) AppleWebKit/605.1.15 (KHTML, like Gecko) Version/17.4 Safari/605.1.15 (Applebot/0.1; +http://www.apple.com/go/applebot)"
185.216.113.70 - - [20/Apr/2026:00:59:49 +0300] "POST /wp-cron.php?doing_wp_cron=1776635989.7587690353393554687500 HTTP/1.1" 200 448 "-" "WordPress/6.3.8; https://serhatburke.miroglu.net"
17.22.253.94 - - [20/Apr/2026:00:59:38 +0300] "GET /o-que-e-omegle-os-perigos-as-proibicoes-e-os-novos-45-2/undefined?ts=1776635975 HTTP/1.1" 404 15866 "https://serhatburke.miroglu.net/o-que-e-omegle-os-perigos-as-proibicoes-e-os-novos-45-2/" "Mozilla/5.0 (Macintosh; Intel Mac OS X 10_15_7) AppleWebKit/605.1.15 (KHTML, like Gecko) Version/17.4 Safari/605.1.15 (Applebot/0.1; +http://www.apple.com/go/applebot)"
17.22.245.116 - - [20/Apr/2026:01:00:05 +0300] "GET /o-que-e-omegle-os-perigos-as-proibicoes-e-os-novos-45-2/undefined?ts=1776636001 HTTP/1.1" 404 15866 "https://serhatburke.miroglu.net/o-que-e-omegle-os-perigos-as-proibicoes-e-os-novos-45-2/" "Mozilla/5.0 (Macintosh; Intel Mac OS X 10_15_7) AppleWebKit/605.1.15 (KHTML, like Gecko) Version/17.4 Safari/605.1.15 (Applebot/0.1; +http://www.apple.com/go/applebot)"
185.216.113.70 - - [20/Apr/2026:01:00:47 +0300] "POST /wp-cron.php?doing_wp_cron=1776636047.1538770198822021484375 HTTP/1.1" 200 448 "-" "WordPress/6.3.8; https://serhatburke.miroglu.net"
17.22.253.230 - - [20/Apr/2026:01:00:31 +0300] "GET /o-que-e-omegle-os-perigos-as-proibicoes-e-os-novos-45-2/undefined?ts=1776636022 HTTP/1.1" 404 15866 "https://serhatburke.miroglu.net/o-que-e-omegle-os-perigos-as-proibicoes-e-os-novos-45-2/" "Mozilla/5.0 (Macintosh; Intel Mac OS X 10_15_7) AppleWebKit/605.1.15 (KHTML, like Gecko) Version/17.4 Safari/605.1.15 (Applebot/0.1; +http://www.apple.com/go/applebot)"
200.25.47.120 - - [20/Apr/2026:01:00:34 +0300] "POST /xmlrpc.php HTTP/1.1" 200 630 "-" "Mozilla/5.0 (Windows NT 10.0; Win64; x64) AppleWebKit/537.36 (KHTML, like Gecko) Chrome/114.0.0.0 Safari/537.36"
17.22.253.230 - - [20/Apr/2026:01:00:51 +0300] "GET /o-que-e-omegle-os-perigos-as-proibicoes-e-os-novos-45-2/undefined?ts=1776636047 HTTP/1.1" 404 15687 "https://serhatburke.miroglu.net/o-que-e-omegle-os-perigos-as-proibicoes-e-os-novos-45-2/" "Mozilla/5.0 (Macintosh; Intel Mac OS X 10_15_7) AppleWebKit/605.1.15 (KHTML, like Gecko) Version/17.4 Safari/605.1.15 (Applebot/0.1; +http://www.apple.com/go/applebot)"
200.25.47.120 - - [20/Apr/2026:01:00:57 +0300] "POST /xmlrpc.php HTTP/1.1" 200 16893 "-" "Mozilla/5.0 (Windows NT 10.0; Win64; x64) AppleWebKit/537.36 (KHTML, like Gecko) Chrome/114.0.0.0 Safari/537.36"
17.22.253.230 - - [20/Apr/2026:01:01:13 +0300] "GET /o-que-e-omegle-os-perigos-as-proibicoes-e-os-novos-45-2/undefined?ts=1776636073 HTTP/1.1" 404 15572 "https://serhatburke.miroglu.net/o-que-e-omegle-os-perigos-as-proibicoes-e-os-novos-45-2/" "Mozilla/5.0 (Macintosh; Intel Mac OS X 10_15_7) AppleWebKit/605.1.15 (KHTML, like Gecko) Version/17.4 Safari/605.1.15 (Applebot/0.1; +http://www.apple.com/go/applebot)"
200.25.47.120 - - [20/Apr/2026:01:01:21 +0300] "GET /tratar-de-balde-a-almighty-ramses-ii-referente-a-forma-demo/ HTTP/1.1" 200 77744 "-" "Mozilla/5.0 (Windows NT 10.0; Win64; x64) AppleWebKit/537.36 (KHTML, like Gecko) Chrome/122.0.0.0 Safari/537.36"
185.216.113.70 - - [20/Apr/2026:01:01:46 +0300] "POST /wp-cron.php?doing_wp_cron=1776636106.5479550361633300781250 HTTP/1.1" 200 448 "-" "WordPress/6.3.8; https://serhatburke.miroglu.net"
17.22.253.230 - - [20/Apr/2026:01:01:31 +0300] "GET /o-que-e-omegle-os-perigos-as-proibicoes-e-os-novos-45-2/undefined?ts=1776636091 HTTP/1.1" 404 15687 "https://serhatburke.miroglu.net/o-que-e-omegle-os-perigos-as-proibicoes-e-os-novos-45-2/" "Mozilla/5.0 (Macintosh; Intel Mac OS X 10_15_7) AppleWebKit/605.1.15 (KHTML, like Gecko) Version/17.4 Safari/605.1.15 (Applebot/0.1; +http://www.apple.com/go/applebot)"
185.216.113.70 - - [20/Apr/2026:01:03:12 +0300] "POST /wp-cron.php?doing_wp_cron=1776636192.7777829170227050781250 HTTP/1.1" 200 448 "-" "WordPress/6.3.8; https://serhatburke.miroglu.net"
17.22.245.27 - - [20/Apr/2026:01:02:58 +0300] "GET /o-que-e-omegle-os-perigos-as-proibicoes-e-os-novos-45-2/undefined?ts=1776636178 HTTP/1.1" 404 15865 "https://serhatburke.miroglu.net/o-que-e-omegle-os-perigos-as-proibicoes-e-os-novos-45-2/" "Mozilla/5.0 (Macintosh; Intel Mac OS X 10_15_7) AppleWebKit/605.1.15 (KHTML, like Gecko) Version/17.4 Safari/605.1.15 (Applebot/0.1; +http://www.apple.com/go/applebot)"
200.25.47.120 - - [20/Apr/2026:01:03:13 +0300] "POST /xmlrpc.php HTTP/1.1" 200 630 "-" "Mozilla/5.0 (Windows NT 10.0; Win64; x64) AppleWebKit/537.36 (KHTML, like Gecko) Chrome/114.0.0.0 Safari/537.36"
17.22.245.27 - - [20/Apr/2026:01:03:13 +0300] "GET /o-que-e-omegle-os-perigos-as-proibicoes-e-os-novos-45-2/undefined?ts=1776636193 HTTP/1.1" 404 15691 "https://serhatburke.miroglu.net/o-que-e-omegle-os-perigos-as-proibicoes-e-os-novos-45-2/" "Mozilla/5.0 (Macintosh; Intel Mac OS X 10_15_7) AppleWebKit/605.1.15 (KHTML, like Gecko) Version/17.4 Safari/605.1.15 (Applebot/0.1; +http://www.apple.com/go/applebot)"
185.216.113.70 - - [20/Apr/2026:01:03:55 +0300] "POST /wp-cron.php?doing_wp_cron=1776636235.3406550884246826171875 HTTP/1.1" 200 448 "-" "WordPress/6.3.8; https://serhatburke.miroglu.net"
200.25.47.120 - - [20/Apr/2026:01:03:39 +0300] "POST /xmlrpc.php HTTP/1.1" 200 17470 "-" "Mozilla/5.0 (Windows NT 10.0; Win64; x64) AppleWebKit/537.36 (KHTML, like Gecko) Chrome/114.0.0.0 Safari/537.36"
17.22.245.27 - - [20/Apr/2026:01:03:41 +0300] "GET /o-que-e-omegle-os-perigos-as-proibicoes-e-os-novos-45-2/undefined?ts=1776636213 HTTP/1.1" 404 15691 "https://serhatburke.miroglu.net/o-que-e-omegle-os-perigos-as-proibicoes-e-os-novos-45-2/" "Mozilla/5.0 (Macintosh; Intel Mac OS X 10_15_7) AppleWebKit/605.1.15 (KHTML, like Gecko) Version/17.4 Safari/605.1.15 (Applebot/0.1; +http://www.apple.com/go/applebot)"
17.22.245.34 - - [20/Apr/2026:01:03:57 +0300] "GET /o-que-e-omegle-os-perigos-as-proibicoes-e-os-novos-45-2/undefined?ts=1776636237 HTTP/1.1" 404 15866 "https://serhatburke.miroglu.net/o-que-e-omegle-os-perigos-as-proibicoes-e-os-novos-45-2/" "Mozilla/5.0 (Macintosh; Intel Mac OS X 10_15_7) AppleWebKit/605.1.15 (KHTML, like Gecko) Version/17.4 Safari/605.1.15 (Applebot/0.1; +http://www.apple.com/go/applebot)"
200.25.47.120 - - [20/Apr/2026:01:03:57 +0300] "GET /spinata-enorme-slot-review-netent-hot-or-not-partner2connect/ HTTP/1.1" 200 78397 "-" "Mozilla/5.0 (Windows NT 10.0; Win64; x64) AppleWebKit/537.36 (KHTML, like Gecko) Chrome/124.0.0.0 Safari/537.36"
17.22.245.34 - - [20/Apr/2026:01:04:20 +0300] "GET /o-que-e-omegle-os-perigos-as-proibicoes-e-os-novos-45-2/undefined?ts=1776636260 HTTP/1.1" 404 15687 "https://serhatburke.miroglu.net/o-que-e-omegle-os-perigos-as-proibicoes-e-os-novos-45-2/" "Mozilla/5.0 (Macintosh; Intel Mac OS X 10_15_7) AppleWebKit/605.1.15 (KHTML, like Gecko) Version/17.4 Safari/605.1.15 (Applebot/0.1; +http://www.apple.com/go/applebot)"
17.22.253.213 - - [20/Apr/2026:01:04:36 +0300] "GET /o-que-e-omegle-os-perigos-as-proibicoes-e-os-novos-45-2/undefined?ts=1776636276 HTTP/1.1" 404 15747 "https://serhatburke.miroglu.net/o-que-e-omegle-os-perigos-as-proibicoes-e-os-novos-45-2/" "Mozilla/5.0 (Macintosh; Intel Mac OS X 10_15_7) AppleWebKit/605.1.15 (KHTML, like Gecko) Version/17.4 Safari/605.1.15 (Applebot/0.1; +http://www.apple.com/go/applebot)"
185.216.113.70 - - [20/Apr/2026:01:05:01 +0300] "POST /wp-cron.php?doing_wp_cron=1776636301.7620069980621337890625 HTTP/1.1" 200 448 "-" "WordPress/6.3.8; https://serhatburke.miroglu.net"
17.22.253.19 - - [20/Apr/2026:01:04:49 +0300] "GET /o-que-e-omegle-os-perigos-as-proibicoes-e-os-novos-45-2/undefined?ts=1776636288 HTTP/1.1" 404 15865 "https://serhatburke.miroglu.net/o-que-e-omegle-os-perigos-as-proibicoes-e-os-novos-45-2/" "Mozilla/5.0 (Macintosh; Intel Mac OS X 10_15_7) AppleWebKit/605.1.15 (KHTML, like Gecko) Version/17.4 Safari/605.1.15 (Applebot/0.1; +http://www.apple.com/go/applebot)"
17.22.237.105 - - [20/Apr/2026:01:05:03 +0300] "GET /o-que-e-omegle-os-perigos-as-proibicoes-e-os-novos-45-2/undefined?ts=1776636302 HTTP/1.1" 404 15865 "https://serhatburke.miroglu.net/o-que-e-omegle-os-perigos-as-proibicoes-e-os-novos-45-2/" "Mozilla/5.0 (Macintosh; Intel Mac OS X 10_15_7) AppleWebKit/605.1.15 (KHTML, like Gecko) Version/17.4 Safari/605.1.15 (Applebot/0.1; +http://www.apple.com/go/applebot)"
17.22.237.105 - - [20/Apr/2026:01:05:16 +0300] "GET /o-que-e-omegle-os-perigos-as-proibicoes-e-os-novos-45-2/undefined?ts=1776636316 HTTP/1.1" 404 15686 "https://serhatburke.miroglu.net/o-que-e-omegle-os-perigos-as-proibicoes-e-os-novos-45-2/" "Mozilla/5.0 (Macintosh; Intel Mac OS X 10_15_7) AppleWebKit/605.1.15 (KHTML, like Gecko) Version/17.4 Safari/605.1.15 (Applebot/0.1; +http://www.apple.com/go/applebot)"
185.216.113.70 - - [20/Apr/2026:01:05:40 +0300] "POST /wp-cron.php?doing_wp_cron=1776636340.1893289089202880859375 HTTP/1.1" 200 448 "-" "WordPress/6.3.8; https://serhatburke.miroglu.net"
17.22.237.105 - - [20/Apr/2026:01:05:28 +0300] "GET /o-que-e-omegle-os-perigos-as-proibicoes-e-os-novos-45-2/undefined?ts=1776636328 HTTP/1.1" 404 15686 "https://serhatburke.miroglu.net/o-que-e-omegle-os-perigos-as-proibicoes-e-os-novos-45-2/" "Mozilla/5.0 (Macintosh; Intel Mac OS X 10_15_7) AppleWebKit/605.1.15 (KHTML, like Gecko) Version/17.4 Safari/605.1.15 (Applebot/0.1; +http://www.apple.com/go/applebot)"
17.22.237.105 - - [20/Apr/2026:01:05:40 +0300] "GET /o-que-e-omegle-os-perigos-as-proibicoes-e-os-novos-45-2/undefined?ts=1776636340 HTTP/1.1" 404 15686 "https://serhatburke.miroglu.net/o-que-e-omegle-os-perigos-as-proibicoes-e-os-novos-45-2/" "Mozilla/5.0 (Macintosh; Intel Mac OS X 10_15_7) AppleWebKit/605.1.15 (KHTML, like Gecko) Version/17.4 Safari/605.1.15 (Applebot/0.1; +http://www.apple.com/go/applebot)"
17.22.237.105 - - [20/Apr/2026:01:05:53 +0300] "GET /o-que-e-omegle-os-perigos-as-proibicoes-e-os-novos-45-2/undefined?ts=1776636353 HTTP/1.1" 404 15690 "https://serhatburke.miroglu.net/o-que-e-omegle-os-perigos-as-proibicoes-e-os-novos-45-2/" "Mozilla/5.0 (Macintosh; Intel Mac OS X 10_15_7) AppleWebKit/605.1.15 (KHTML, like Gecko) Version/17.4 Safari/605.1.15 (Applebot/0.1; +http://www.apple.com/go/applebot)"
200.25.47.120 - - [20/Apr/2026:01:05:55 +0300] "POST /xmlrpc.php HTTP/1.1" 200 630 "-" "Mozilla/5.0 (Windows NT 10.0; Win64; x64) AppleWebKit/537.36 (KHTML, like Gecko) Chrome/114.0.0.0 Safari/537.36"
17.22.245.211 - - [20/Apr/2026:01:06:06 +0300] "GET /o-que-e-omegle-os-perigos-as-proibicoes-e-os-novos-45-2/undefined?ts=1776636365 HTTP/1.1" 404 15746 "https://serhatburke.miroglu.net/o-que-e-omegle-os-perigos-as-proibicoes-e-os-novos-45-2/" "Mozilla/5.0 (Macintosh; Intel Mac OS X 10_15_7) AppleWebKit/605.1.15 (KHTML, like Gecko) Version/17.4 Safari/605.1.15 (Applebot/0.1; +http://www.apple.com/go/applebot)"
185.216.113.70 - - [20/Apr/2026:01:06:26 +0300] "POST /wp-cron.php?doing_wp_cron=1776636386.2182190418243408203125 HTTP/1.1" 200 448 "-" "WordPress/6.3.8; https://serhatburke.miroglu.net"
200.25.47.120 - - [20/Apr/2026:01:06:14 +0300] "POST /xmlrpc.php HTTP/1.1" 200 16544 "-" "Mozilla/5.0 (Windows NT 10.0; Win64; x64) AppleWebKit/537.36 (KHTML, like Gecko) Chrome/114.0.0.0 Safari/537.36"
17.22.245.211 - - [20/Apr/2026:01:06:17 +0300] "GET /o-que-e-omegle-os-perigos-as-proibicoes-e-os-novos-45-2/undefined?ts=1776636377 HTTP/1.1" 404 15566 "https://serhatburke.miroglu.net/o-que-e-omegle-os-perigos-as-proibicoes-e-os-novos-45-2/" "Mozilla/5.0 (Macintosh; Intel Mac OS X 10_15_7) AppleWebKit/605.1.15 (KHTML, like Gecko) Version/17.4 Safari/605.1.15 (Applebot/0.1; +http://www.apple.com/go/applebot)"
17.22.237.112 - - [20/Apr/2026:01:06:31 +0300] "GET /o-que-e-omegle-os-perigos-as-proibicoes-e-os-novos-45-2/undefined?ts=1776636390 HTTP/1.1" 404 15864 "https://serhatburke.miroglu.net/o-que-e-omegle-os-perigos-as-proibicoes-e-os-novos-45-2/" "Mozilla/5.0 (Macintosh; Intel Mac OS X 10_15_7) AppleWebKit/605.1.15 (KHTML, like Gecko) Version/17.4 Safari/605.1.15 (Applebot/0.1; +http://www.apple.com/go/applebot)"
185.244.180.165 - - [20/Apr/2026:01:06:42 +0300] "POST /xmlrpc.php HTTP/1.1" 200 100976 "-" "Mozilla/5.0 (Windows NT 10.0; Win64; x64) AppleWebKit/537.36 (KHTML, like Gecko) Chrome/80.0.3987.132 Safari/537.36"
200.25.47.120 - - [20/Apr/2026:01:06:28 +0300] "GET /video-slots-gratuito-maquinas-video-tragamonedas-2/ HTTP/1.1" 200 77426 "-" "Mozilla/5.0 (Windows NT 10.0; Win64; x64) AppleWebKit/537.36 (KHTML, like Gecko) Chrome/109.0.0.0 Safari/537.36"
185.244.180.165 - - [20/Apr/2026:01:06:54 +0300] "POST /xmlrpc.php HTTP/1.1" 200 725 "-" "Mozilla/5.0 (Windows NT 10.0; Win64; x64) AppleWebKit/537.36 (KHTML, like Gecko) Chrome/80.0.3987.132 Safari/537.36"
185.244.180.165 - - [20/Apr/2026:01:07:07 +0300] "POST /xmlrpc.php HTTP/1.1" 200 489 "-" "Mozilla/5.0 (Windows NT 10.0; Win64; x64) AppleWebKit/537.36 (KHTML, like Gecko) Chrome/80.0.3987.132 Safari/537.36"
185.216.113.70 - - [20/Apr/2026:01:07:31 +0300] "POST /wp-cron.php?doing_wp_cron=1776636451.5380640029907226562500 HTTP/1.1" 200 448 "-" "WordPress/6.3.8; https://serhatburke.miroglu.net"
185.244.180.165 - - [20/Apr/2026:01:07:19 +0300] "POST /xmlrpc.php HTTP/1.1" 200 330372 "-" "Mozilla/5.0 (Windows NT 10.0; Win64; x64) AppleWebKit/537.36 (KHTML, like Gecko) Chrome/80.0.3987.132 Safari/537.36"
52.167.144.237 - - [20/Apr/2026:01:07:21 +0300] "GET /post-sitemap6.xml HTTP/2" 200 63899 "-" "Mozilla/5.0 AppleWebKit/537.36 (KHTML, like Gecko; compatible; bingbot/2.0; +http://www.bing.com/bingbot.htm) Chrome/116.0.1938.76 Safari/537.36"
207.46.13.107 - - [20/Apr/2026:01:07:45 +0300] "GET /post-sitemap12.xml HTTP/2" 200 108655 "-" "Mozilla/5.0 AppleWebKit/537.36 (KHTML, like Gecko; compatible; bingbot/2.0; +http://www.bing.com/bingbot.htm) Chrome/116.0.1938.76 Safari/537.36"
40.77.167.55 - - [20/Apr/2026:01:08:06 +0300] "GET /post-sitemap16.xml HTTP/2" 200 90472 "-" "Mozilla/5.0 AppleWebKit/537.36 (KHTML, like Gecko; compatible; bingbot/2.0; +http://www.bing.com/bingbot.htm) Chrome/116.0.1938.76 Safari/537.36"
185.216.113.70 - - [20/Apr/2026:01:08:47 +0300] "POST /wp-cron.php?doing_wp_cron=1776636527.6557760238647460937500 HTTP/1.1" 200 448 "-" "WordPress/6.3.8; https://serhatburke.miroglu.net"
200.25.47.120 - - [20/Apr/2026:01:08:33 +0300] "POST /xmlrpc.php HTTP/1.1" 200 630 "-" "Mozilla/5.0 (Windows NT 10.0; Win64; x64) AppleWebKit/537.36 (KHTML, like Gecko) Chrome/114.0.0.0 Safari/537.36"
200.25.47.120 - - [20/Apr/2026:01:08:54 +0300] "POST /xmlrpc.php HTTP/1.1" 200 17031 "-" "Mozilla/5.0 (Windows NT 10.0; Win64; x64) AppleWebKit/537.36 (KHTML, like Gecko) Chrome/114.0.0.0 Safari/537.36"
85.208.96.205 - - [20/Apr/2026:01:08:59 +0300] "GET /robots.txt HTTP/1.1" 200 0 "-" "Mozilla/5.0 (compatible; SemrushBot/7~bl; +http://www.semrush.com/bot.html)"
52.167.144.237 - - [20/Apr/2026:01:09:01 +0300] "GET /sitemap.txt HTTP/2" 302 0 "-" "Mozilla/5.0 AppleWebKit/537.36 (KHTML, like Gecko; compatible; bingbot/2.0; +http://www.bing.com/bingbot.htm) Chrome/116.0.1938.76 Safari/537.36"
85.208.96.205 - - [20/Apr/2026:01:09:14 +0300] "GET /robots.txt HTTP/1.1" 200 0 "-" "Mozilla/5.0 (compatible; SemrushBot/7~bl; +http://www.semrush.com/bot.html)"
200.25.47.120 - - [20/Apr/2026:01:09:13 +0300] "GET /leander-games-slots-play-free-leander-games-slot-game-demos/ HTTP/1.1" 200 78028 "-" "Mozilla/5.0 (Windows NT 10.0; Win64; x64) AppleWebKit/537.36 (KHTML, like Gecko) Chrome/109.0.0.0 Safari/537.36"
185.216.113.70 - - [20/Apr/2026:01:09:43 +0300] "POST /wp-cron.php?doing_wp_cron=1776636583.6099510192871093750000 HTTP/1.1" 200 448 "-" "WordPress/6.3.8; https://serhatburke.miroglu.net"
52.167.144.237 - - [20/Apr/2026:01:09:31 +0300] "GET /sitemap.xml HTTP/2" 200 1108 "-" "Mozilla/5.0 AppleWebKit/537.36 (KHTML, like Gecko; compatible; bingbot/2.0; +http://www.bing.com/bingbot.htm) Chrome/116.0.1938.76 Safari/537.36"
85.208.96.211 - - [20/Apr/2026:01:09:30 +0300] "GET /donbet-casino-review-for-uk-players/ HTTP/1.1" 200 20813 "-" "Mozilla/5.0 (compatible; SemrushBot/7~bl; +http://www.semrush.com/bot.html)"
185.216.113.70 - - [20/Apr/2026:01:10:48 +0300] "POST /wp-cron.php?doing_wp_cron=1776636643.7101140022277832031250 HTTP/1.1" 200 448 "-" "WordPress/6.3.8; https://serhatburke.miroglu.net"
85.208.96.207 - - [20/Apr/2026:01:10:26 +0300] "GET /home/home-video/ HTTP/1.1" 200 17222 "-" "Mozilla/5.0 (compatible; SemrushBot/7~bl; +http://www.semrush.com/bot.html)"
200.25.47.120 - - [20/Apr/2026:01:11:06 +0300] "POST /xmlrpc.php HTTP/1.1" 200 630 "-" "Mozilla/5.0 (Windows NT 10.0; Win64; x64) AppleWebKit/537.36 (KHTML, like Gecko) Chrome/114.0.0.0 Safari/537.36"
185.216.113.70 - - [20/Apr/2026:01:11:37 +0300] "POST /wp-cron.php?doing_wp_cron=1776636697.4689729213714599609375 HTTP/1.1" 200 448 "-" "WordPress/6.3.8; https://serhatburke.miroglu.net"
200.25.47.120 - - [20/Apr/2026:01:11:25 +0300] "POST /xmlrpc.php HTTP/1.1" 200 18869 "-" "Mozilla/5.0 (Windows NT 10.0; Win64; x64) AppleWebKit/537.36 (KHTML, like Gecko) Chrome/114.0.0.0 Safari/537.36"
200.25.47.120 - - [20/Apr/2026:01:11:39 +0300] "GET /sabe-las-juegos-de-quickspin-con-este-tipo-de-sus-particulares-de-vegasmaster/ HTTP/1.1" 200 80563 "-" "Mozilla/5.0 (Windows NT 10.0; Win64; x64) AppleWebKit/537.36 (KHTML, like Gecko) Chrome/122.0.0.0 Safari/537.36"
185.216.113.70 - - [20/Apr/2026:01:13:59 +0300] "POST /wp-cron.php?doing_wp_cron=1776636839.4299829006195068359375 HTTP/1.1" 200 448 "-" "WordPress/6.3.8; https://serhatburke.miroglu.net"
200.25.47.120 - - [20/Apr/2026:01:13:44 +0300] "POST /xmlrpc.php HTTP/1.1" 200 630 "-" "Mozilla/5.0 (Windows NT 10.0; Win64; x64) AppleWebKit/537.36 (KHTML, like Gecko) Chrome/114.0.0.0 Safari/537.36"
200.25.47.120 - - [20/Apr/2026:01:14:06 +0300] "POST /xmlrpc.php HTTP/1.1" 200 16679 "-" "Mozilla/5.0 (Windows NT 10.0; Win64; x64) AppleWebKit/537.36 (KHTML, like Gecko) Chrome/114.0.0.0 Safari/537.36"
200.25.47.120 - - [20/Apr/2026:01:14:22 +0300] "GET /space-lights-recursos-favorable-wars-wild-turkey-giros-falto-brecha-demo-soluciona-gratuito/ HTTP/1.1" 200 78671 "-" "Mozilla/5.0 (Windows NT 10.0; Win64; x64) AppleWebKit/537.36 (KHTML, like Gecko) Chrome/109.0.0.0 Safari/537.36"
185.216.113.70 - - [20/Apr/2026:01:16:33 +0300] "POST /wp-cron.php?doing_wp_cron=1776636993.8512480258941650390625 HTTP/1.1" 200 448 "-" "WordPress/6.3.8; https://serhatburke.miroglu.net"
200.25.47.120 - - [20/Apr/2026:01:16:20 +0300] "POST /xmlrpc.php HTTP/1.1" 200 630 "-" "Mozilla/5.0 (Windows NT 10.0; Win64; x64) AppleWebKit/537.36 (KHTML, like Gecko) Chrome/114.0.0.0 Safari/537.36"
200.25.47.120 - - [20/Apr/2026:01:16:40 +0300] "POST /xmlrpc.php HTTP/1.1" 200 18997 "-" "Mozilla/5.0 (Windows NT 10.0; Win64; x64) AppleWebKit/537.36 (KHTML, like Gecko) Chrome/114.0.0.0 Safari/537.36"
200.25.47.120 - - [20/Apr/2026:01:16:55 +0300] "GET /play-mega-jack-free-in-demo-and-read-review/ HTTP/1.1" 200 79781 "-" "Mozilla/5.0 (Windows NT 10.0; Win64; x64) AppleWebKit/537.36 (KHTML, like Gecko) Chrome/109.0.0.0 Safari/537.36"
185.216.113.70 - - [20/Apr/2026:01:19:13 +0300] "POST /wp-cron.php?doing_wp_cron=1776637153.7893850803375244140625 HTTP/1.1" 200 448 "-" "WordPress/6.3.8; https://serhatburke.miroglu.net"
200.25.47.120 - - [20/Apr/2026:01:18:56 +0300] "POST /xmlrpc.php HTTP/1.1" 200 630 "-" "Mozilla/5.0 (Windows NT 10.0; Win64; x64) AppleWebKit/537.36 (KHTML, like Gecko) Chrome/114.0.0.0 Safari/537.36"
200.25.47.120 - - [20/Apr/2026:01:19:20 +0300] "POST /xmlrpc.php HTTP/1.1" 200 17641 "-" "Mozilla/5.0 (Windows NT 10.0; Win64; x64) AppleWebKit/537.36 (KHTML, like Gecko) Chrome/114.0.0.0 Safari/537.36"
185.244.180.165 - - [20/Apr/2026:01:19:20 +0300] "POST /xmlrpc.php HTTP/1.1" 200 100976 "-" "Mozilla/5.0 (Windows NT 6.1) AppleWebKit/537.36 (KHTML, like Gecko) Chrome/49.0.2623.112 Safari/537.36"
185.216.113.70 - - [20/Apr/2026:01:19:54 +0300] "POST /wp-cron.php?doing_wp_cron=1776637194.8339400291442871093750 HTTP/1.1" 200 448 "-" "WordPress/6.3.8; https://serhatburke.miroglu.net"
185.244.180.165 - - [20/Apr/2026:01:19:40 +0300] "POST /xmlrpc.php HTTP/1.1" 200 725 "-" "Mozilla/5.0 (Windows NT 6.1) AppleWebKit/537.36 (KHTML, like Gecko) Chrome/49.0.2623.112 Safari/537.36"
200.25.47.120 - - [20/Apr/2026:01:19:41 +0300] "GET /sus-particulares-de-el-tragaperras-spinata-enorme-50-giros-de-balde-lights-referente-a-registro-sin-deposito-premios-mismamente-igual-que-gozo/ HTTP/1.1" 200 80838 "-" "Mozilla/5.0 (Windows NT 10.0; Win64; x64; rv:124.0) Gecko/20100101 Firefox/124.0"
185.244.180.165 - - [20/Apr/2026:01:19:56 +0300] "POST /xmlrpc.php HTTP/1.1" 200 489 "-" "Mozilla/5.0 (Windows NT 6.1) AppleWebKit/537.36 (KHTML, like Gecko) Chrome/49.0.2623.112 Safari/537.36"
185.216.113.70 - - [20/Apr/2026:01:20:23 +0300] "POST /wp-cron.php?doing_wp_cron=1776637223.0949239730834960937500 HTTP/1.1" 200 448 "-" "WordPress/6.3.8; https://serhatburke.miroglu.net"
185.244.180.165 - - [20/Apr/2026:01:20:11 +0300] "POST /xmlrpc.php HTTP/1.1" 200 326716 "-" "Mozilla/5.0 (Windows NT 6.1) AppleWebKit/537.36 (KHTML, like Gecko) Chrome/49.0.2623.112 Safari/537.36"
185.216.113.70 - - [20/Apr/2026:01:21:39 +0300] "POST /wp-cron.php?doing_wp_cron=1776637299.8088579177856445312500 HTTP/1.1" 200 448 "-" "WordPress/6.3.8; https://serhatburke.miroglu.net"
200.25.47.120 - - [20/Apr/2026:01:21:27 +0300] "POST /xmlrpc.php HTTP/1.1" 200 630 "-" "Mozilla/5.0 (Windows NT 10.0; Win64; x64) AppleWebKit/537.36 (KHTML, like Gecko) Chrome/114.0.0.0 Safari/537.36"
