185.191.206.91 - - [19/Apr/2026:19:58:22 +0300] "POST /xmlrpc.php HTTP/1.1" 200 10173 "-" "Mozilla/5.0 (Windows NT 10.0; Win64; x64) AppleWebKit/537.36 (KHTML, like Gecko) Chrome/114.0.0.0 Safari/537.36"
185.191.206.91 - - [19/Apr/2026:19:59:00 +0300] "GET /bezplatne-automaty-do-odwiedzenia-rozrywki-wyjawszy-rejestracji-internetowego/ HTTP/1.1" 200 72399 "-" "Mozilla/5.0 (Windows NT 10.0; Win64; x64; rv:125.0) Gecko/20100101 Firefox/125.0"
185.216.113.70 - - [19/Apr/2026:20:00:45 +0300] "POST /wp-cron.php?doing_wp_cron=1776618045.6317501068115234375000 HTTP/1.1" 200 448 "-" "WordPress/6.3.8; https://serhatburke.miroglu.net"
200.25.47.120 - - [19/Apr/2026:20:00:32 +0300] "POST /xmlrpc.php HTTP/1.1" 200 630 "-" "Mozilla/5.0 (Windows NT 10.0; Win64; x64) AppleWebKit/537.36 (KHTML, like Gecko) Chrome/114.0.0.0 Safari/537.36"
200.25.47.120 - - [19/Apr/2026:20:00:52 +0300] "POST /xmlrpc.php HTTP/1.1" 200 16771 "-" "Mozilla/5.0 (Windows NT 10.0; Win64; x64) AppleWebKit/537.36 (KHTML, like Gecko) Chrome/114.0.0.0 Safari/537.36"
200.25.47.120 - - [19/Apr/2026:20:01:07 +0300] "GET /casinos-online-sobre-evolution-gaming-lista-de-casinos-desplazandolo-hacia-el-pelo-maquinas-tragamonedas-gratuitas-de-evolution-gaming/ HTTP/1.1" 200 79912 "-" "Mozilla/5.0 (Windows NT 10.0; Win64; x64) AppleWebKit/537.36 (KHTML, like Gecko) Chrome/124.0.0.0 Safari/537.36 Edg/124.0.0.0"
185.216.113.70 - - [19/Apr/2026:20:04:05 +0300] "POST /wp-cron.php?doing_wp_cron=1776618245.3233609199523925781250 HTTP/1.1" 200 448 "-" "WordPress/6.3.8; https://serhatburke.miroglu.net"
200.25.47.120 - - [19/Apr/2026:20:03:46 +0300] "POST /xmlrpc.php HTTP/1.1" 200 630 "-" "Mozilla/5.0 (Windows NT 10.0; Win64; x64) AppleWebKit/537.36 (KHTML, like Gecko) Chrome/114.0.0.0 Safari/537.36"
185.216.113.70 - - [19/Apr/2026:20:04:21 +0300] "POST /wp-cron.php?doing_wp_cron=1776618261.6995799541473388671875 HTTP/1.1" 200 448 "-" "WordPress/6.3.8; https://serhatburke.miroglu.net"
185.191.206.91 - - [19/Apr/2026:20:03:46 +0300] "POST /xmlrpc.php HTTP/1.1" 200 630 "-" "Mozilla/5.0 (Windows NT 10.0; Win64; x64) AppleWebKit/537.36 (KHTML, like Gecko) Chrome/114.0.0.0 Safari/537.36"
200.25.47.120 - - [19/Apr/2026:20:04:12 +0300] "POST /xmlrpc.php HTTP/1.1" 200 16825 "-" "Mozilla/5.0 (Windows NT 10.0; Win64; x64) AppleWebKit/537.36 (KHTML, like Gecko) Chrome/114.0.0.0 Safari/537.36"
200.25.47.120 - - [19/Apr/2026:20:04:28 +0300] "GET /evolution-dirigente-referente-a-juegos-sobre-casino-en-listo-y-no-ha-transpirado-tecnologia-de-casino/ HTTP/1.1" 200 78890 "-" "Mozilla/5.0 (Windows NT 10.0; Win64; x64) AppleWebKit/537.36 (KHTML, like Gecko) Chrome/122.0.0.0 Safari/537.36"
185.191.206.91 - - [19/Apr/2026:20:04:28 +0300] "POST /xmlrpc.php HTTP/1.1" 200 10180 "-" "Mozilla/5.0 (Windows NT 10.0; Win64; x64) AppleWebKit/537.36 (KHTML, like Gecko) Chrome/114.0.0.0 Safari/537.36"
185.191.206.91 - - [19/Apr/2026:20:05:05 +0300] "GET /kasyno-internetowego-w-polsce-najlepsze-kasyna-wideo-2025/ HTTP/1.1" 200 71814 "-" "Mozilla/5.0 (Windows NT 10.0; Win64; x64) AppleWebKit/537.36 (KHTML, like Gecko) Chrome/123.0.0.0 Safari/537.36 OPR/109.0.0.0"
185.216.113.70 - - [19/Apr/2026:20:06:21 +0300] "POST /wp-cron.php?doing_wp_cron=1776618381.6213550567626953125000 HTTP/1.1" 200 448 "-" "WordPress/6.3.8; https://serhatburke.miroglu.net"
198.23.152.227 - - [19/Apr/2026:20:06:08 +0300] "GET /beste-casino-site-belgie-hoge-inzet/ HTTP/1.1" 200 18613 "-" "Mozilla/5.0 (Windows NT 10.0; Win64; x64) AppleWebKit/537.36 (KHTML, like Gecko) Chrome/114.0.0.0 YaBrowser/22.7.0 Yowser/2.5 Safari/537.36"
185.191.206.91 - - [19/Apr/2026:20:05:52 +0300] "POST /xmlrpc.php HTTP/1.1" 200 630 "-" "Mozilla/5.0 (Windows NT 10.0; Win64; x64) AppleWebKit/537.36 (KHTML, like Gecko) Chrome/114.0.0.0 Safari/537.36"
185.191.206.91 - - [19/Apr/2026:20:06:30 +0300] "POST /xmlrpc.php HTTP/1.1" 200 11198 "-" "Mozilla/5.0 (Windows NT 10.0; Win64; x64) AppleWebKit/537.36 (KHTML, like Gecko) Chrome/114.0.0.0 Safari/537.36"
185.216.113.70 - - [19/Apr/2026:20:07:22 +0300] "POST /wp-cron.php?doing_wp_cron=1776618442.2595510482788085937500 HTTP/1.1" 200 448 "-" "WordPress/6.3.8; https://serhatburke.miroglu.net"
200.25.47.120 - - [19/Apr/2026:20:07:07 +0300] "POST /xmlrpc.php HTTP/1.1" 200 630 "-" "Mozilla/5.0 (Windows NT 10.0; Win64; x64) AppleWebKit/537.36 (KHTML, like Gecko) Chrome/114.0.0.0 Safari/537.36"
38.180.157.14 - - [19/Apr/2026:20:07:08 +0300] "POST /xmlrpc.php HTTP/2" 200 181 "-" "Mozilla/5.0 (Windows NT 10.0; Win64; x64) AppleWebKit/537.36 (KHTML, like Gecko) Chrome/119.0.0.0 Safari/537.36 Edg/119.0.0.0"
185.191.206.91 - - [19/Apr/2026:20:07:01 +0300] "GET /ranking-legalnych-kasyn-na-terytorium-polski-3/ HTTP/1.1" 200 72534 "-" "Mozilla/5.0 (Windows NT 10.0; rv:109.0) Gecko/20100101 Firefox/115.0"
38.180.157.14 - - [19/Apr/2026:20:07:23 +0300] "POST /xmlrpc.php HTTP/2" 200 405 "-" "Mozilla/5.0 (X11; Linux x86_64) AppleWebKit/537.36 (KHTML, like Gecko) Chrome/120.0.0.0 Safari/537.36"
200.25.47.120 - - [19/Apr/2026:20:07:28 +0300] "POST /xmlrpc.php HTTP/1.1" 200 17428 "-" "Mozilla/5.0 (Windows NT 10.0; Win64; x64) AppleWebKit/537.36 (KHTML, like Gecko) Chrome/114.0.0.0 Safari/537.36"
185.216.113.70 - - [19/Apr/2026:20:08:05 +0300] "POST /wp-cron.php?doing_wp_cron=1776618485.7022249698638916015625 HTTP/1.1" 200 448 "-" "WordPress/6.3.8; https://serhatburke.miroglu.net"
200.25.47.120 - - [19/Apr/2026:20:07:50 +0300] "GET /ofrece-giros-regalado-alrededor-casino-online-dirigente-del-comercio-pokerstars-casino/ HTTP/1.1" 200 79300 "-" "Mozilla/5.0 (Windows NT 10.0; Win64; x64) AppleWebKit/537.36 (KHTML, like Gecko) Chrome/122.0.0.0 Safari/537.36"
185.191.206.91 - - [19/Apr/2026:20:07:47 +0300] "POST /xmlrpc.php HTTP/1.1" 200 630 "-" "Mozilla/5.0 (Windows NT 10.0; Win64; x64) AppleWebKit/537.36 (KHTML, like Gecko) Chrome/114.0.0.0 Safari/537.36"
193.24.211.72 - - [19/Apr/2026:20:08:15 +0300] "GET /wp-login.php HTTP/2" 200 3091 "-" "Mozilla/5.0 (Macintosh; Intel Mac OS X 13_5) AppleWebKit/605.1.15 (KHTML, like Gecko) Version/17.5 Safari/605.1.15"
38.76.150.136 - - [19/Apr/2026:20:08:29 +0300] "GET /wp-login.php HTTP/2" 200 24 "-" "Mozilla/5.0 (Windows NT 10.0; Win64; x64; rv:127.0) Gecko/20100101 Firefox/127.0"
185.216.113.70 - - [19/Apr/2026:20:08:54 +0300] "POST /wp-cron.php?doing_wp_cron=1776618534.7668769359588623046875 HTTP/1.1" 200 448 "-" "WordPress/6.3.8; https://serhatburke.miroglu.net"
185.191.206.91 - - [19/Apr/2026:20:08:25 +0300] "POST /xmlrpc.php HTTP/1.1" 200 9919 "-" "Mozilla/5.0 (Windows NT 10.0; Win64; x64) AppleWebKit/537.36 (KHTML, like Gecko) Chrome/114.0.0.0 Safari/537.36"
185.191.206.91 - - [19/Apr/2026:20:08:56 +0300] "GET /setka-zlotych-wyjawszy-depozytu-w-kasynach-najlepsze-kasyna-od-setka-zl-czy-setka-premia-2025/ HTTP/1.1" 200 72815 "-" "Mozilla/5.0 (Windows NT 10.0; Win64; x64; rv:124.0) Gecko/20100101 Firefox/124.0"
185.191.171.11 - - [19/Apr/2026:20:09:30 +0300] "GET /1-online-societal-casino-triomphe-play-casino-sense/ HTTP/1.1" 200 20445 "-" "Mozilla/5.0 (compatible; SemrushBot/7~bl; +http://www.semrush.com/bot.html)"
185.216.113.70 - - [19/Apr/2026:20:10:00 +0300] "POST /wp-cron.php?doing_wp_cron=1776618600.7958500385284423828125 HTTP/1.1" 200 448 "-" "WordPress/6.3.8; https://serhatburke.miroglu.net"
185.191.206.91 - - [19/Apr/2026:20:09:21 +0300] "POST /xmlrpc.php HTTP/1.1" 200 630 "-" "Mozilla/5.0 (Windows NT 10.0; Win64; x64) AppleWebKit/537.36 (KHTML, like Gecko) Chrome/114.0.0.0 Safari/537.36"
185.216.113.70 - - [19/Apr/2026:20:10:37 +0300] "POST /wp-cron.php?doing_wp_cron=1776618637.0137670040130615234375 HTTP/1.1" 200 448 "-" "WordPress/6.3.8; https://serhatburke.miroglu.net"
200.25.47.120 - - [19/Apr/2026:20:10:21 +0300] "POST /xmlrpc.php HTTP/1.1" 200 630 "-" "Mozilla/5.0 (Windows NT 10.0; Win64; x64) AppleWebKit/537.36 (KHTML, like Gecko) Chrome/114.0.0.0 Safari/537.36"
185.191.206.91 - - [19/Apr/2026:20:10:08 +0300] "POST /xmlrpc.php HTTP/1.1" 200 10761 "-" "Mozilla/5.0 (Windows NT 10.0; Win64; x64) AppleWebKit/537.36 (KHTML, like Gecko) Chrome/114.0.0.0 Safari/537.36"
200.25.47.120 - - [19/Apr/2026:20:10:43 +0300] "POST /xmlrpc.php HTTP/1.1" 200 18340 "-" "Mozilla/5.0 (Windows NT 10.0; Win64; x64) AppleWebKit/537.36 (KHTML, like Gecko) Chrome/114.0.0.0 Safari/537.36"
185.191.206.91 - - [19/Apr/2026:20:10:40 +0300] "GET /swietne-automaty-do-gry/ HTTP/1.1" 200 71846 "-" "Mozilla/5.0 (Windows NT 10.0; Win64; x64) AppleWebKit/537.36 (KHTML, like Gecko) Chrome/122.0.0.0 Safari/537.36"
200.25.47.120 - - [19/Apr/2026:20:11:03 +0300] "GET /tratar-gratuito-en-golden-temple-by-lazo-tiger-gaming-sobre-manera-demo/ HTTP/1.1" 200 79708 "-" "Mozilla/5.0 (Windows NT 10.0; Win64; x64) AppleWebKit/537.36 (KHTML, like Gecko) Chrome/123.0.0.0 Safari/537.36"
185.191.206.91 - - [19/Apr/2026:20:11:06 +0300] "POST /xmlrpc.php HTTP/1.1" 200 630 "-" "Mozilla/5.0 (Windows NT 10.0; Win64; x64) AppleWebKit/537.36 (KHTML, like Gecko) Chrome/114.0.0.0 Safari/537.36"
185.216.113.70 - - [19/Apr/2026:20:12:20 +0300] "POST /wp-cron.php?doing_wp_cron=1776618740.6561079025268554687500 HTTP/1.1" 200 448 "-" "WordPress/6.3.8; https://serhatburke.miroglu.net"
185.191.206.91 - - [19/Apr/2026:20:11:46 +0300] "POST /xmlrpc.php HTTP/1.1" 200 10908 "-" "Mozilla/5.0 (Windows NT 10.0; Win64; x64) AppleWebKit/537.36 (KHTML, like Gecko) Chrome/114.0.0.0 Safari/537.36"
185.191.206.91 - - [19/Apr/2026:20:12:22 +0300] "GET /online-black-horse-graj-bezplatnie-i-bez-zarejestrowania-sie/ HTTP/1.1" 200 72192 "-" "Mozilla/5.0 (Windows NT 10.0; Win64; x64; rv:125.0) Gecko/20100101 Firefox/125.0"
161.142.148.210 - - [19/Apr/2026:20:12:42 +0300] "GET /28563-2/ HTTP/1.1" 200 18760 "https://serhatburke.miroglu.net/" "Mozilla/5.0 (Windows NT 10.0; Win64; x64) AppleWebKit/537.36 (KHTML, like Gecko) Chrome/142.0.0.0 Safari/537.36"
161.142.148.210 - - [19/Apr/2026:20:12:58 +0300] "GET /wp-includes/css/dist/block-library/style.min.css?ver=6.3.8 HTTP/1.1" 200 13578 "https://serhatburke.miroglu.net/28563-2/" "Mozilla/5.0 (Windows NT 10.0; Win64; x64) AppleWebKit/537.36 (KHTML, like Gecko) Chrome/145.0.0.0 Safari/537.36"
161.142.148.210 - - [19/Apr/2026:20:12:59 +0300] "GET /wp-content/plugins/contact-form-7/includes/css/styles.css?ver=5.8 HTTP/1.1" 200 1490 "https://serhatburke.miroglu.net/28563-2/" "Mozilla/5.0 (Windows NT 10.0; Win64; x64) AppleWebKit/537.36 (KHTML, like Gecko) Chrome/145.0.0.0 Safari/537.36"
161.142.148.210 - - [19/Apr/2026:20:13:00 +0300] "GET /wp-content/themes/toppic/css/fontello.css?ver=4.2 HTTP/1.1" 200 1802 "https://serhatburke.miroglu.net/28563-2/" "Mozilla/5.0 (Windows NT 10.0; Win64; x64) AppleWebKit/537.36 (KHTML, like Gecko) Chrome/145.0.0.0 Safari/537.36"
161.142.148.210 - - [19/Apr/2026:20:13:00 +0300] "GET /wp-content/themes/toppic/css/reset.css?ver=4.2 HTTP/1.1" 200 1178 "https://serhatburke.miroglu.net/28563-2/" "Mozilla/5.0 (Windows NT 10.0; Win64; x64) AppleWebKit/537.36 (KHTML, like Gecko) Chrome/145.0.0.0 Safari/537.36"
161.142.148.210 - - [19/Apr/2026:20:13:01 +0300] "GET /wp-content/themes/toppic/css/default.css?ver=4.2 HTTP/1.1" 200 1811 "https://serhatburke.miroglu.net/28563-2/" "Mozilla/5.0 (Windows NT 10.0; Win64; x64) AppleWebKit/537.36 (KHTML, like Gecko) Chrome/145.0.0.0 Safari/537.36"
161.142.148.210 - - [19/Apr/2026:20:13:02 +0300] "GET /wp-content/themes/toppic/style.css?ver=4.2 HTTP/1.1" 200 23398 "https://serhatburke.miroglu.net/28563-2/" "Mozilla/5.0 (Windows NT 10.0; Win64; x64) AppleWebKit/537.36 (KHTML, like Gecko) Chrome/145.0.0.0 Safari/537.36"
161.142.148.210 - - [19/Apr/2026:20:13:03 +0300] "GET /wp-content/themes/toppic/css/royalslider.css?ver=4.2 HTTP/1.1" 200 1887 "https://serhatburke.miroglu.net/28563-2/" "Mozilla/5.0 (Windows NT 10.0; Win64; x64) AppleWebKit/537.36 (KHTML, like Gecko) Chrome/145.0.0.0 Safari/537.36"
161.142.148.210 - - [19/Apr/2026:20:13:04 +0300] "GET /wp-content/themes/toppic/css/rs-default.css?ver=4.2 HTTP/1.1" 200 2625 "https://serhatburke.miroglu.net/28563-2/" "Mozilla/5.0 (Windows NT 10.0; Win64; x64) AppleWebKit/537.36 (KHTML, like Gecko) Chrome/145.0.0.0 Safari/537.36"
161.142.148.210 - - [19/Apr/2026:20:13:05 +0300] "GET /wp-content/themes/toppic/css/lightbox.css?ver=4.2 HTTP/1.1" 200 2956 "https://serhatburke.miroglu.net/28563-2/" "Mozilla/5.0 (Windows NT 10.0; Win64; x64) AppleWebKit/537.36 (KHTML, like Gecko) Chrome/145.0.0.0 Safari/537.36"
161.142.148.210 - - [19/Apr/2026:20:13:05 +0300] "GET /wp-content/themes/toppic/css/woocommerce.css?ver=4.2 HTTP/1.1" 200 2848 "https://serhatburke.miroglu.net/28563-2/" "Mozilla/5.0 (Windows NT 10.0; Win64; x64) AppleWebKit/537.36 (KHTML, like Gecko) Chrome/145.0.0.0 Safari/537.36"
161.142.148.210 - - [19/Apr/2026:20:13:06 +0300] "GET /wp-content/themes/toppic/css/responsive.css?ver=4.2 HTTP/1.1" 200 2796 "https://serhatburke.miroglu.net/28563-2/" "Mozilla/5.0 (Windows NT 10.0; Win64; x64) AppleWebKit/537.36 (KHTML, like Gecko) Chrome/145.0.0.0 Safari/537.36"
185.191.206.91 - - [19/Apr/2026:20:12:37 +0300] "POST /xmlrpc.php HTTP/1.1" 200 630 "-" "Mozilla/5.0 (Windows NT 10.0; Win64; x64) AppleWebKit/537.36 (KHTML, like Gecko) Chrome/114.0.0.0 Safari/537.36"
161.142.148.210 - - [19/Apr/2026:20:13:07 +0300] "POST /wp-comments-post.php HTTP/1.1" 302 1055 "https://serhatburke.miroglu.net/28563-2/" "Mozilla/5.0 (Windows NT 10.0; Win64; x64) AppleWebKit/537.36 (KHTML, like Gecko) Chrome/142.0.0.0 Safari/537.36"
185.216.113.70 - - [19/Apr/2026:20:13:33 +0300] "POST /wp-cron.php?doing_wp_cron=1776618813.1381249427795410156250 HTTP/1.1" 200 448 "-" "WordPress/6.3.8; https://serhatburke.miroglu.net"
161.142.148.210 - - [19/Apr/2026:20:13:21 +0300] "GET /28563-2/?unapproved=507&moderation-hash=63bb222083b82c2bd8da558d9b991c5b HTTP/1.1" 200 19201 "https://serhatburke.miroglu.net/wp-comments-post.php" "Mozilla/5.0 (Windows NT 10.0; Win64; x64) AppleWebKit/537.36 (KHTML, like Gecko) Chrome/142.0.0.0 Safari/537.36"
185.191.206.91 - - [19/Apr/2026:20:13:14 +0300] "POST /xmlrpc.php HTTP/1.1" 200 10772 "-" "Mozilla/5.0 (Windows NT 10.0; Win64; x64) AppleWebKit/537.36 (KHTML, like Gecko) Chrome/114.0.0.0 Safari/537.36"
161.142.148.210 - - [19/Apr/2026:20:13:34 +0300] "GET /28563-2/ HTTP/1.1" 200 18715 "-" "Mozilla/5.0 (compatible; Googlebot/2.1; +http://www.google.com/bot.html)"
200.25.47.120 - - [19/Apr/2026:20:13:58 +0300] "POST /xmlrpc.php HTTP/1.1" 200 630 "-" "Mozilla/5.0 (Windows NT 10.0; Win64; x64) AppleWebKit/537.36 (KHTML, like Gecko) Chrome/114.0.0.0 Safari/537.36"
185.191.206.91 - - [19/Apr/2026:20:13:44 +0300] "GET /graj-darmowo-jak-i-rowniez-bez-depozytu-w-6000-gier-hazardowych-online/ HTTP/1.1" 200 72991 "-" "Mozilla/5.0 (Windows NT 10.0; Win64; x64; rv:124.0) Gecko/20100101 Firefox/124.0"
185.216.113.70 - - [19/Apr/2026:20:14:30 +0300] "POST /wp-cron.php?doing_wp_cron=1776618870.2469511032104492187500 HTTP/1.1" 200 448 "-" "WordPress/6.3.8; https://serhatburke.miroglu.net"
200.25.47.120 - - [19/Apr/2026:20:14:17 +0300] "POST /xmlrpc.php HTTP/1.1" 200 18055 "-" "Mozilla/5.0 (Windows NT 10.0; Win64; x64) AppleWebKit/537.36 (KHTML, like Gecko) Chrome/114.0.0.0 Safari/537.36"
185.216.113.70 - - [19/Apr/2026:20:14:47 +0300] "POST /wp-cron.php?doing_wp_cron=1776618887.5556850433349609375000 HTTP/1.1" 200 448 "-" "WordPress/6.3.8; https://serhatburke.miroglu.net"
185.191.206.91 - - [19/Apr/2026:20:14:17 +0300] "POST /xmlrpc.php HTTP/1.1" 200 630 "-" "Mozilla/5.0 (Windows NT 10.0; Win64; x64) AppleWebKit/537.36 (KHTML, like Gecko) Chrome/114.0.0.0 Safari/537.36"
200.25.47.120 - - [19/Apr/2026:20:14:32 +0300] "GET /slots-chances-estrategia-desplazandolo-hacia-el-pelo-porcentaje-de-ganancia/ HTTP/1.1" 200 79520 "-" "Mozilla/5.0 (Windows NT 10.0; Win64; x64) AppleWebKit/537.36 (KHTML, like Gecko) Chrome/123.0.0.0 Safari/537.36"
185.191.206.91 - - [19/Apr/2026:20:14:53 +0300] "POST /xmlrpc.php HTTP/1.1" 200 10109 "-" "Mozilla/5.0 (Windows NT 10.0; Win64; x64) AppleWebKit/537.36 (KHTML, like Gecko) Chrome/114.0.0.0 Safari/537.36"
185.216.113.70 - - [19/Apr/2026:20:15:55 +0300] "POST /wp-cron.php?doing_wp_cron=1776618955.1817250251770019531250 HTTP/1.1" 200 448 "-" "WordPress/6.3.8; https://serhatburke.miroglu.net"
185.191.206.91 - - [19/Apr/2026:20:15:25 +0300] "GET /bonusy-bez-depozytu-po-kasynie-przez-internet-2025-odbierz-premia/ HTTP/1.1" 200 72241 "-" "Mozilla/5.0 (Windows NT 10.0; Win64; x64) AppleWebKit/537.36 (KHTML, like Gecko) Chrome/122.0.0.0 Safari/537.36"
185.216.113.70 - - [19/Apr/2026:20:16:14 +0300] "POST /wp-cron.php?doing_wp_cron=1776618974.4824440479278564453125 HTTP/1.1" 200 448 "-" "WordPress/6.3.8; https://serhatburke.miroglu.net"
185.191.206.91 - - [19/Apr/2026:20:15:43 +0300] "POST /xmlrpc.php HTTP/1.1" 200 630 "-" "Mozilla/5.0 (Windows NT 10.0; Win64; x64) AppleWebKit/537.36 (KHTML, like Gecko) Chrome/114.0.0.0 Safari/537.36"
161.142.148.210 - - [19/Apr/2026:20:16:04 +0300] "GET /28563-2/ HTTP/1.1" 200 18715 "-" "Mozilla/5.0 (compatible; Googlebot/2.1; +http://www.google.com/bot.html)"
104.194.153.222 - - [19/Apr/2026:20:16:03 +0300] "GET /casino-online-skrill-prelievo-veloce/ HTTP/1.1" 200 18142 "-" "Mozilla/5.0 (compatible; Googlebot/2.1; +http://www.google.com/bot.html)"
185.216.113.70 - - [19/Apr/2026:20:16:52 +0300] "POST /wp-cron.php?doing_wp_cron=1776619012.7658319473266601562500 HTTP/1.1" 200 448 "-" "WordPress/6.3.8; https://serhatburke.miroglu.net"
185.191.206.91 - - [19/Apr/2026:20:16:22 +0300] "POST /xmlrpc.php HTTP/1.1" 200 10231 "-" "Mozilla/5.0 (Windows NT 10.0; Win64; x64) AppleWebKit/537.36 (KHTML, like Gecko) Chrome/114.0.0.0 Safari/537.36"
200.25.47.120 - - [19/Apr/2026:20:17:05 +0300] "POST /xmlrpc.php HTTP/1.1" 200 630 "-" "Mozilla/5.0 (Windows NT 10.0; Win64; x64) AppleWebKit/537.36 (KHTML, like Gecko) Chrome/114.0.0.0 Safari/537.36"
185.191.206.91 - - [19/Apr/2026:20:16:54 +0300] "GET /mega-joker-zabawa-zagraj-zbyt-rzetelne-pieniadze-przy-mega-joker/ HTTP/1.1" 200 71750 "-" "Mozilla/5.0 (Windows NT 10.0; Win64; x64) AppleWebKit/537.36 (KHTML, like Gecko) Chrome/124.0.0.0 Safari/537.36"
185.216.113.70 - - [19/Apr/2026:20:17:39 +0300] "POST /wp-cron.php?doing_wp_cron=1776619059.3739500045776367187500 HTTP/1.1" 200 448 "-" "WordPress/6.3.8; https://serhatburke.miroglu.net"
200.25.47.120 - - [19/Apr/2026:20:17:25 +0300] "POST /xmlrpc.php HTTP/1.1" 200 17359 "-" "Mozilla/5.0 (Windows NT 10.0; Win64; x64) AppleWebKit/537.36 (KHTML, like Gecko) Chrome/114.0.0.0 Safari/537.36"
185.191.206.91 - - [19/Apr/2026:20:17:12 +0300] "POST /xmlrpc.php HTTP/1.1" 200 630 "-" "Mozilla/5.0 (Windows NT 10.0; Win64; x64) AppleWebKit/537.36 (KHTML, like Gecko) Chrome/114.0.0.0 Safari/537.36"
200.25.47.120 - - [19/Apr/2026:20:17:41 +0300] "GET /gold-fish-slots-casino-free-online-slot-machines-de-android-descargas-regalado-y-estudio-de-software/ HTTP/1.1" 200 79541 "-" "Mozilla/5.0 (Windows NT 10.0; Win64; x64) AppleWebKit/537.36 (KHTML, like Gecko) Chrome/123.0.0.0 Safari/537.36 OPR/109.0.0.0"
185.191.206.91 - - [19/Apr/2026:20:17:49 +0300] "POST /xmlrpc.php HTTP/1.1" 200 10192 "-" "Mozilla/5.0 (Windows NT 10.0; Win64; x64) AppleWebKit/537.36 (KHTML, like Gecko) Chrome/114.0.0.0 Safari/537.36"
85.208.96.193 - - [19/Apr/2026:20:18:16 +0300] "GET /10-slot-spiel-nights-of-egypt-euroletten-provision-blos-einzahlung-spielsaal-2026-10-gebuhrenfrei-haben/ HTTP/1.1" 200 22030 "-" "Mozilla/5.0 (compatible; SemrushBot/7~bl; +http://www.semrush.com/bot.html)"
185.216.113.70 - - [19/Apr/2026:20:18:53 +0300] "POST /wp-cron.php?doing_wp_cron=1776619133.0748739242553710937500 HTTP/1.1" 200 448 "-" "WordPress/6.3.8; https://serhatburke.miroglu.net"
185.191.206.91 - - [19/Apr/2026:20:18:24 +0300] "GET /owad-mayana-demo-slot-zagraj-bezplatnie-po-demo-przez-internet/ HTTP/1.1" 200 71857 "-" "Mozilla/5.0 (Windows NT 10.0; Win64; x64) AppleWebKit/537.36 (KHTML, like Gecko) Chrome/124.0.0.0 Safari/537.36"
185.216.113.70 - - [19/Apr/2026:20:19:05 +0300] "POST /wp-cron.php?doing_wp_cron=1776619145.8809149265289306640625 HTTP/1.1" 200 448 "-" "WordPress/6.3.8; https://serhatburke.miroglu.net"
185.191.206.91 - - [19/Apr/2026:20:18:38 +0300] "POST /xmlrpc.php HTTP/1.1" 200 630 "-" "Mozilla/5.0 (Windows NT 10.0; Win64; x64) AppleWebKit/537.36 (KHTML, like Gecko) Chrome/114.0.0.0 Safari/537.36"
185.191.206.91 - - [19/Apr/2026:20:19:13 +0300] "POST /xmlrpc.php HTTP/1.1" 200 10182 "-" "Mozilla/5.0 (Windows NT 10.0; Win64; x64) AppleWebKit/537.36 (KHTML, like Gecko) Chrome/114.0.0.0 Safari/537.36"
185.216.113.70 - - [19/Apr/2026:20:20:13 +0300] "POST /wp-cron.php?doing_wp_cron=1776619213.6476440429687500000000 HTTP/1.1" 200 448 "-" "WordPress/6.3.8; https://serhatburke.miroglu.net"
185.191.206.91 - - [19/Apr/2026:20:19:44 +0300] "GET /najlepsze-kasyno-internetowego-w-naszym-kraju-2025-najistotniejsze-kasyna-online/ HTTP/1.1" 200 72596 "-" "Mozilla/5.0 (Windows NT 10.0; Win64; x64; rv:124.0) Gecko/20100101 Firefox/124.0"
185.216.113.70 - - [19/Apr/2026:20:20:31 +0300] "POST /wp-cron.php?doing_wp_cron=1776619231.5901479721069335937500 HTTP/1.1" 200 448 "-" "WordPress/6.3.8; https://serhatburke.miroglu.net"
185.191.206.91 - - [19/Apr/2026:20:20:03 +0300] "POST /xmlrpc.php HTTP/1.1" 200 630 "-" "Mozilla/5.0 (Windows NT 10.0; Win64; x64) AppleWebKit/537.36 (KHTML, like Gecko) Chrome/114.0.0.0 Safari/537.36"
200.25.47.120 - - [19/Apr/2026:20:20:27 +0300] "POST /xmlrpc.php HTTP/1.1" 200 630 "-" "Mozilla/5.0 (Windows NT 10.0; Win64; x64) AppleWebKit/537.36 (KHTML, like Gecko) Chrome/114.0.0.0 Safari/537.36"
200.25.47.120 - - [19/Apr/2026:20:20:46 +0300] "POST /xmlrpc.php HTTP/1.1" 200 17041 "-" "Mozilla/5.0 (Windows NT 10.0; Win64; x64) AppleWebKit/537.36 (KHTML, like Gecko) Chrome/114.0.0.0 Safari/537.36"
185.191.206.91 - - [19/Apr/2026:20:20:38 +0300] "POST /xmlrpc.php HTTP/1.1" 200 9969 "-" "Mozilla/5.0 (Windows NT 10.0; Win64; x64) AppleWebKit/537.36 (KHTML, like Gecko) Chrome/114.0.0.0 Safari/537.36"
200.25.47.120 - - [19/Apr/2026:20:21:00 +0300] "GET /mas-grandes-tragamonedas-sobre-halloween/ HTTP/1.1" 200 77632 "-" "Mozilla/5.0 (Windows NT 10.0; rv:109.0) Gecko/20100101 Firefox/115.0"
185.191.206.91 - - [19/Apr/2026:20:21:09 +0300] "GET /lokalne-kasyno-internetowego/ HTTP/1.1" 200 70836 "-" "Mozilla/5.0 (Windows NT 10.0; rv:109.0) Gecko/20100101 Firefox/115.0"
185.216.113.70 - - [19/Apr/2026:20:21:54 +0300] "POST /wp-cron.php?doing_wp_cron=1776619314.7771899700164794921875 HTTP/1.1" 200 448 "-" "WordPress/6.3.8; https://serhatburke.miroglu.net"
185.191.206.91 - - [19/Apr/2026:20:21:28 +0300] "POST /xmlrpc.php HTTP/1.1" 200 630 "-" "Mozilla/5.0 (Windows NT 10.0; Win64; x64) AppleWebKit/537.36 (KHTML, like Gecko) Chrome/114.0.0.0 Safari/537.36"
185.191.206.91 - - [19/Apr/2026:20:22:02 +0300] "POST /xmlrpc.php HTTP/1.1" 200 11629 "-" "Mozilla/5.0 (Windows NT 10.0; Win64; x64) AppleWebKit/537.36 (KHTML, like Gecko) Chrome/114.0.0.0 Safari/537.36"
185.216.113.70 - - [19/Apr/2026:20:23:00 +0300] "POST /wp-cron.php?doing_wp_cron=1776619380.5406520366668701171875 HTTP/1.1" 200 448 "-" "WordPress/6.3.8; https://serhatburke.miroglu.net"
185.191.206.91 - - [19/Apr/2026:20:22:32 +0300] "GET /bonusy-z-brakiem-depozytu-w-kasynie-2025-sposrod-wyplata-w-ciagu-rejestracje/ HTTP/1.1" 200 73972 "-" "Mozilla/5.0 (Windows NT 10.0; Win64; x64) AppleWebKit/537.36 (KHTML, like Gecko) Chrome/124.0.0.0 Safari/537.36 Edg/124.0.0.0"
185.216.113.70 - - [19/Apr/2026:20:23:19 +0300] "POST /wp-cron.php?doing_wp_cron=1776619399.7853550910949707031250 HTTP/1.1" 200 448 "-" "WordPress/6.3.8; https://serhatburke.miroglu.net"
185.191.206.91 - - [19/Apr/2026:20:22:50 +0300] "POST /xmlrpc.php HTTP/1.1" 200 630 "-" "Mozilla/5.0 (Windows NT 10.0; Win64; x64) AppleWebKit/537.36 (KHTML, like Gecko) Chrome/114.0.0.0 Safari/537.36"
185.191.206.91 - - [19/Apr/2026:20:23:27 +0300] "POST /xmlrpc.php HTTP/1.1" 200 9949 "-" "Mozilla/5.0 (Windows NT 10.0; Win64; x64) AppleWebKit/537.36 (KHTML, like Gecko) Chrome/114.0.0.0 Safari/537.36"
200.25.47.120 - - [19/Apr/2026:20:23:44 +0300] "POST /xmlrpc.php HTTP/1.1" 200 630 "-" "Mozilla/5.0 (Windows NT 10.0; Win64; x64) AppleWebKit/537.36 (KHTML, like Gecko) Chrome/114.0.0.0 Safari/537.36"
170.168.175.94 - - [19/Apr/2026:20:23:51 +0300] "GET / HTTP/2" 200 18708 "-" "Mozilla/5.0 (Macintosh; Intel Mac OS X 10_15_7) AppleWebKit/537.36 (KHTML, like Gecko) Chrome/120.0.0.0 Safari/537.36"
200.25.47.120 - - [19/Apr/2026:20:24:03 +0300] "POST /xmlrpc.php HTTP/1.1" 200 17434 "-" "Mozilla/5.0 (Windows NT 10.0; Win64; x64) AppleWebKit/537.36 (KHTML, like Gecko) Chrome/114.0.0.0 Safari/537.36"
185.216.113.70 - - [19/Apr/2026:20:24:27 +0300] "POST /wp-cron.php?doing_wp_cron=1776619467.6218049526214599609375 HTTP/1.1" 200 448 "-" "WordPress/6.3.8; https://serhatburke.miroglu.net"
185.191.206.91 - - [19/Apr/2026:20:23:58 +0300] "GET /fruit-szal-slot-klasyczna-zabawa-gwoli-milosnikow-wygranych/ HTTP/1.1" 200 72023 "-" "Mozilla/5.0 (Windows NT 10.0; Win64; x64) AppleWebKit/537.36 (KHTML, like Gecko) Chrome/123.0.0.0 Safari/537.36"
185.216.113.70 - - [19/Apr/2026:20:24:31 +0300] "POST /wp-cron.php?doing_wp_cron=1776619471.5446341037750244140625 HTTP/1.1" 200 448 "-" "WordPress/6.3.8; https://serhatburke.miroglu.net"
200.25.47.120 - - [19/Apr/2026:20:24:17 +0300] "GET /funciona-sin-cargo-en-ho-ho-ho-by-g-games-sobre-forma-demo/ HTTP/1.1" 200 78370 "-" "Mozilla/5.0 (Windows NT 10.0; rv:125.0) Gecko/20100101 Firefox/125.0"
185.216.113.70 - - [19/Apr/2026:20:24:56 +0300] "POST /wp-cron.php?doing_wp_cron=1776619496.8427090644836425781250 HTTP/1.1" 200 448 "-" "WordPress/6.3.8; https://serhatburke.miroglu.net"
185.191.206.91 - - [19/Apr/2026:20:24:17 +0300] "POST /xmlrpc.php HTTP/1.1" 200 630 "-" "Mozilla/5.0 (Windows NT 10.0; Win64; x64) AppleWebKit/537.36 (KHTML, like Gecko) Chrome/114.0.0.0 Safari/537.36"
185.191.206.91 - - [19/Apr/2026:20:25:06 +0300] "POST /xmlrpc.php HTTP/1.1" 200 10474 "-" "Mozilla/5.0 (Windows NT 10.0; Win64; x64) AppleWebKit/537.36 (KHTML, like Gecko) Chrome/114.0.0.0 Safari/537.36"
185.216.113.70 - - [19/Apr/2026:20:26:07 +0300] "POST /wp-cron.php?doing_wp_cron=1776619567.6091589927673339843750 HTTP/1.1" 200 448 "-" "WordPress/6.3.8; https://serhatburke.miroglu.net"
185.191.206.91 - - [19/Apr/2026:20:25:37 +0300] "GET /bonusy-bez-depozytu-w-zabawy-kasynowe-luty-2025-wykaz/ HTTP/1.1" 200 71846 "-" "Mozilla/5.0 (Windows NT 10.0; Win64; x64) AppleWebKit/537.36 (KHTML, like Gecko) Chrome/109.0.0.0 Safari/537.36"
185.216.113.70 - - [19/Apr/2026:20:26:13 +0300] "POST /wp-cron.php?doing_wp_cron=1776619573.0328810214996337890625 HTTP/1.1" 200 448 "-" "WordPress/6.3.8; https://serhatburke.miroglu.net"
185.191.206.91 - - [19/Apr/2026:20:25:42 +0300] "POST /xmlrpc.php HTTP/1.1" 200 630 "-" "Mozilla/5.0 (Windows NT 10.0; Win64; x64) AppleWebKit/537.36 (KHTML, like Gecko) Chrome/114.0.0.0 Safari/537.36"
185.191.206.91 - - [19/Apr/2026:20:26:20 +0300] "POST /xmlrpc.php HTTP/1.1" 200 10539 "-" "Mozilla/5.0 (Windows NT 10.0; Win64; x64) AppleWebKit/537.36 (KHTML, like Gecko) Chrome/114.0.0.0 Safari/537.36"
185.216.113.70 - - [19/Apr/2026:20:27:17 +0300] "POST /wp-cron.php?doing_wp_cron=1776619637.6105051040649414062500 HTTP/1.1" 200 448 "-" "WordPress/6.3.8; https://serhatburke.miroglu.net"
200.25.47.120 - - [19/Apr/2026:20:27:04 +0300] "POST /xmlrpc.php HTTP/1.1" 200 630 "-" "Mozilla/5.0 (Windows NT 10.0; Win64; x64) AppleWebKit/537.36 (KHTML, like Gecko) Chrome/114.0.0.0 Safari/537.36"
185.191.206.91 - - [19/Apr/2026:20:26:49 +0300] "GET /premia-wyjawszy-depozytu-po-kasynach-przez-internet/ HTTP/1.1" 200 72044 "-" "Mozilla/5.0 (Windows NT 10.0; Win64; x64; rv:125.0) Gecko/20100101 Firefox/125.0"
185.191.206.91 - - [19/Apr/2026:20:26:58 +0300] "POST /xmlrpc.php HTTP/1.1" 200 630 "-" "Mozilla/5.0 (Windows NT 10.0; Win64; x64) AppleWebKit/537.36 (KHTML, like Gecko) Chrome/114.0.0.0 Safari/537.36"
200.25.47.120 - - [19/Apr/2026:20:27:24 +0300] "POST /xmlrpc.php HTTP/1.1" 200 16565 "-" "Mozilla/5.0 (Windows NT 10.0; Win64; x64) AppleWebKit/537.36 (KHTML, like Gecko) Chrome/114.0.0.0 Safari/537.36"
185.216.113.70 - - [19/Apr/2026:20:27:51 +0300] "POST /wp-cron.php?doing_wp_cron=1776619670.9989349842071533203125 HTTP/1.1" 200 448 "-" "WordPress/6.3.8; https://serhatburke.miroglu.net"
200.25.47.120 - - [19/Apr/2026:20:27:38 +0300] "GET /jurassic-park-sega-parque-jurasico-sega-hace-el-trabajo-online/ HTTP/1.1" 200 77658 "-" "Mozilla/5.0 (Windows NT 10.0; rv:125.0) Gecko/20100101 Firefox/125.0"
185.191.206.91 - - [19/Apr/2026:20:27:36 +0300] "POST /xmlrpc.php HTTP/1.1" 200 10352 "-" "Mozilla/5.0 (Windows NT 10.0; Win64; x64) AppleWebKit/537.36 (KHTML, like Gecko) Chrome/114.0.0.0 Safari/537.36"
185.191.206.91 - - [19/Apr/2026:20:28:07 +0300] "GET /najlepsze-krajowe-kasyno-sieciowy-2025/ HTTP/1.1" 200 71444 "-" "Mozilla/5.0 (Windows NT 10.0; Win64; x64) AppleWebKit/537.36 (KHTML, like Gecko) Chrome/124.0.0.0 Safari/537.36 Edg/124.0.0.0"
185.216.113.70 - - [19/Apr/2026:20:28:44 +0300] "POST /wp-cron.php?doing_wp_cron=1776619724.3622760772705078125000 HTTP/1.1" 200 448 "-" "WordPress/6.3.8; https://serhatburke.miroglu.net"
185.191.206.91 - - [19/Apr/2026:20:28:15 +0300] "POST /xmlrpc.php HTTP/1.1" 200 630 "-" "Mozilla/5.0 (Windows NT 10.0; Win64; x64) AppleWebKit/537.36 (KHTML, like Gecko) Chrome/114.0.0.0 Safari/537.36"
185.191.206.91 - - [19/Apr/2026:20:28:50 +0300] "POST /xmlrpc.php HTTP/1.1" 200 10320 "-" "Mozilla/5.0 (Windows NT 10.0; Win64; x64) AppleWebKit/537.36 (KHTML, like Gecko) Chrome/114.0.0.0 Safari/537.36"
185.216.113.70 - - [19/Apr/2026:20:29:46 +0300] "POST /wp-cron.php?doing_wp_cron=1776619786.7688388824462890625000 HTTP/1.1" 200 448 "-" "WordPress/6.3.8; https://serhatburke.miroglu.net"
185.244.183.170 - - [19/Apr/2026:20:29:28 +0300] "POST /xmlrpc.php HTTP/1.1" 200 100287 "-" "Mozilla/5.0 (Windows NT 10.0; Win64; x64) AppleWebKit/537.36 (KHTML, like Gecko) Chrome/122.0.0.0 Safari/537.36"
136.158.3.110 - - [19/Apr/2026:20:29:29 +0300] "POST /xmlrpc.php HTTP/2" 200 9013 "-" "Mozilla/5.0 (Windows NT 10.0; Win64; x64) AppleWebKit/537.36 (KHTML, like Gecko) Chrome/123.0.0.0 Safari/537.36 OPR/109.0.0.0"
185.191.206.91 - - [19/Apr/2026:20:29:22 +0300] "GET /sizzling-hot-deluxe-przez-internet-graj-za-darmo-pod-zdawkowej-stronie-www/ HTTP/1.1" 200 72279 "-" "Mozilla/5.0 (Windows NT 10.0; Win64; x64) AppleWebKit/537.36 (KHTML, like Gecko) Chrome/124.0.0.0 Safari/537.36"
185.244.183.170 - - [19/Apr/2026:20:29:47 +0300] "POST /xmlrpc.php HTTP/1.1" 200 725 "-" "Mozilla/5.0 (Windows NT 10.0; Win64; x64) AppleWebKit/537.36 (KHTML, like Gecko) Chrome/122.0.0.0 Safari/537.36"
136.158.3.110 - - [19/Apr/2026:20:29:48 +0300] "POST /xmlrpc.php HTTP/2" 200 3210 "-" "Mozilla/5.0 (Windows NT 10.0; Win64; x64) AppleWebKit/537.36 (KHTML, like Gecko) Chrome/123.0.0.0 Safari/537.36 OPR/109.0.0.0"
185.216.113.70 - - [19/Apr/2026:20:30:16 +0300] "POST /wp-cron.php?doing_wp_cron=1776619812.1151990890502929687500 HTTP/1.1" 200 448 "-" "WordPress/6.3.8; https://serhatburke.miroglu.net"
185.191.206.91 - - [19/Apr/2026:20:29:34 +0300] "POST /xmlrpc.php HTTP/1.1" 200 630 "-" "Mozilla/5.0 (Windows NT 10.0; Win64; x64) AppleWebKit/537.36 (KHTML, like Gecko) Chrome/114.0.0.0 Safari/537.36"
200.25.47.120 - - [19/Apr/2026:20:30:02 +0300] "POST /xmlrpc.php HTTP/1.1" 200 630 "-" "Mozilla/5.0 (Windows NT 10.0; Win64; x64) AppleWebKit/537.36 (KHTML, like Gecko) Chrome/114.0.0.0 Safari/537.36"
136.158.3.110 - - [19/Apr/2026:20:30:12 +0300] "POST /xmlrpc.php HTTP/2" 200 100 "-" "Mozilla/5.0 (Windows NT 10.0; Win64; x64) AppleWebKit/537.36 (KHTML, like Gecko) Chrome/123.0.0.0 Safari/537.36 OPR/109.0.0.0"
185.244.183.170 - - [19/Apr/2026:20:30:22 +0300] "POST /xmlrpc.php HTTP/1.1" 200 667 "-" "Mozilla/5.0 (Windows NT 10.0; Win64; x64) AppleWebKit/537.36 (KHTML, like Gecko) Chrome/122.0.0.0 Safari/537.36"
200.25.47.120 - - [19/Apr/2026:20:30:27 +0300] "POST /xmlrpc.php HTTP/1.1" 200 16995 "-" "Mozilla/5.0 (Windows NT 10.0; Win64; x64) AppleWebKit/537.36 (KHTML, like Gecko) Chrome/114.0.0.0 Safari/537.36"
185.191.206.91 - - [19/Apr/2026:20:30:24 +0300] "POST /xmlrpc.php HTTP/1.1" 200 11038 "-" "Mozilla/5.0 (Windows NT 10.0; Win64; x64) AppleWebKit/537.36 (KHTML, like Gecko) Chrome/114.0.0.0 Safari/537.36"
185.244.183.170 - - [19/Apr/2026:20:30:51 +0300] "POST /xmlrpc.php HTTP/1.1" 200 706 "-" "Mozilla/5.0 (Windows NT 10.0; Win64; x64) AppleWebKit/537.36 (KHTML, like Gecko) Chrome/122.0.0.0 Safari/537.36"
200.25.47.120 - - [19/Apr/2026:20:30:54 +0300] "GET /soluciona-de-balde-en-giant-king-kong-acerca-de-modo-demo/ HTTP/1.1" 200 77996 "-" "Mozilla/5.0 (Windows NT 10.0; rv:109.0) Gecko/20100101 Firefox/115.0"
185.191.206.91 - - [19/Apr/2026:20:30:51 +0300] "POST /xmlrpc.php HTTP/1.1" 200 630 "-" "Mozilla/5.0 (Windows NT 10.0; Win64; x64) AppleWebKit/537.36 (KHTML, like Gecko) Chrome/114.0.0.0 Safari/537.36"
185.191.206.91 - - [19/Apr/2026:20:31:09 +0300] "GET /robot-do-konsol-sizzling-hot-deluxe-uciecha-za-darmo-wyjawszy-rejestrowania-sie-reputation-management-ai-automation-ads/ HTTP/1.1" 200 74438 "-" "Mozilla/5.0 (Windows NT 10.0; Win64; x64) AppleWebKit/537.36 (KHTML, like Gecko) Chrome/123.0.0.0 Safari/537.36 OPR/109.0.0.0"
185.216.113.70 - - [19/Apr/2026:20:32:02 +0300] "POST /wp-cron.php?doing_wp_cron=1776619922.2630100250244140625000 HTTP/1.1" 200 448 "-" "WordPress/6.3.8; https://serhatburke.miroglu.net"
185.191.206.91 - - [19/Apr/2026:20:31:33 +0300] "POST /xmlrpc.php HTTP/1.1" 200 10752 "-" "Mozilla/5.0 (Windows NT 10.0; Win64; x64) AppleWebKit/537.36 (KHTML, like Gecko) Chrome/114.0.0.0 Safari/537.36"
185.191.206.91 - - [19/Apr/2026:20:32:04 +0300] "POST /xmlrpc.php HTTP/1.1" 200 630 "-" "Mozilla/5.0 (Windows NT 10.0; Win64; x64) AppleWebKit/537.36 (KHTML, like Gecko) Chrome/114.0.0.0 Safari/537.36"
185.191.206.91 - - [19/Apr/2026:20:32:04 +0300] "GET /nadprogram-wyjawszy-depozytu-2025-top-10-kasyn-internetowego-wraz-z-darmowa-kasa/ HTTP/1.1" 200 72920 "-" "Mozilla/5.0 (Windows NT 10.0; rv:125.0) Gecko/20100101 Firefox/125.0"
185.191.206.91 - - [19/Apr/2026:20:32:46 +0300] "POST /xmlrpc.php HTTP/1.1" 200 10337 "-" "Mozilla/5.0 (Windows NT 10.0; Win64; x64) AppleWebKit/537.36 (KHTML, like Gecko) Chrome/114.0.0.0 Safari/537.36"
200.25.47.120 - - [19/Apr/2026:20:33:09 +0300] "POST /xmlrpc.php HTTP/1.1" 200 630 "-" "Mozilla/5.0 (Windows NT 10.0; Win64; x64) AppleWebKit/537.36 (KHTML, like Gecko) Chrome/114.0.0.0 Safari/537.36"
185.216.113.70 - - [19/Apr/2026:20:33:44 +0300] "POST /wp-cron.php?doing_wp_cron=1776620024.1240971088409423828125 HTTP/1.1" 200 448 "-" "WordPress/6.3.8; https://serhatburke.miroglu.net"
200.25.47.120 - - [19/Apr/2026:20:33:29 +0300] "POST /xmlrpc.php HTTP/1.1" 200 17101 "-" "Mozilla/5.0 (Windows NT 10.0; Win64; x64) AppleWebKit/537.36 (KHTML, like Gecko) Chrome/114.0.0.0 Safari/537.36"
185.191.206.91 - - [19/Apr/2026:20:33:18 +0300] "GET /sizzling-hot-zabawa-hazardowa-zagraj-w-calej-automat-sieciowy-darmowo/ HTTP/1.1" 200 72201 "-" "Mozilla/5.0 (Windows NT 10.0; Win64; x64) AppleWebKit/537.36 (KHTML, like Gecko) Chrome/123.0.0.0 Safari/537.36 OPR/109.0.0.0"
185.191.206.91 - - [19/Apr/2026:20:33:21 +0300] "POST /xmlrpc.php HTTP/1.1" 200 630 "-" "Mozilla/5.0 (Windows NT 10.0; Win64; x64) AppleWebKit/537.36 (KHTML, like Gecko) Chrome/114.0.0.0 Safari/537.36"
200.25.47.120 - - [19/Apr/2026:20:33:46 +0300] "GET /tragamonedas-sin-cargo/ HTTP/1.1" 200 77353 "-" "Mozilla/5.0 (Windows NT 10.0; Win64; x64) AppleWebKit/537.36 (KHTML, like Gecko) Chrome/123.0.0.0 Safari/537.36 OPR/109.0.0.0"
185.191.206.91 - - [19/Apr/2026:20:33:58 +0300] "POST /xmlrpc.php HTTP/1.1" 200 10354 "-" "Mozilla/5.0 (Windows NT 10.0; Win64; x64) AppleWebKit/537.36 (KHTML, like Gecko) Chrome/114.0.0.0 Safari/537.36"
185.216.113.70 - - [19/Apr/2026:20:34:49 +0300] "POST /wp-cron.php?doing_wp_cron=1776620089.1264801025390625000000 HTTP/1.1" 200 448 "-" "WordPress/6.3.8; https://serhatburke.miroglu.net"
45.3.49.104 - - [19/Apr/2026:20:34:31 +0300] "GET /wp-login.php HTTP/1.1" 200 4198 "-" "Mozilla/5.0 (Windows NT 10.0; Win64; x64) AppleWebKit/537.36 (KHTML, like Gecko) Chrome/143.0.0.0 Safari/537.36"
185.191.206.91 - - [19/Apr/2026:20:34:31 +0300] "GET /najpozytywniejsze-kasyno-przez-internet-w-naszym-kraju-bonusy-oraz-uciechy/ HTTP/1.1" 200 72370 "-" "Mozilla/5.0 (Windows NT 10.0; Win64; x64) AppleWebKit/537.36 (KHTML, like Gecko) Chrome/124.0.0.0 Safari/537.36"
45.3.49.104 - - [19/Apr/2026:20:34:55 +0300] "POST /wp-login.php HTTP/1.1" 302 1359 "https://serhatburke.miroglu.net/wp-login.php" "Mozilla/5.0 (Windows NT 10.0; Win64; x64) AppleWebKit/537.36 (KHTML, like Gecko) Chrome/143.0.0.0 Safari/537.36"
185.216.113.70 - - [19/Apr/2026:20:35:12 +0300] "POST /wp-cron.php?doing_wp_cron=1776620112.4263679981231689453125 HTTP/1.1" 200 448 "-" "WordPress/6.3.8; https://serhatburke.miroglu.net"
185.191.206.91 - - [19/Apr/2026:20:34:36 +0300] "POST /xmlrpc.php HTTP/1.1" 200 630 "-" "Mozilla/5.0 (Windows NT 10.0; Win64; x64) AppleWebKit/537.36 (KHTML, like Gecko) Chrome/114.0.0.0 Safari/537.36"
45.3.49.104 - - [19/Apr/2026:20:35:11 +0300] "GET /wp-admin/ HTTP/1.1" 200 246049 "https://serhatburke.miroglu.net/wp-login.php" "Mozilla/5.0 (Windows NT 10.0; Win64; x64) AppleWebKit/537.36 (KHTML, like Gecko) Chrome/143.0.0.0 Safari/537.36"
45.3.49.104 - - [19/Apr/2026:20:35:27 +0300] "GET /wp-admin/plugin-install.php HTTP/1.1" 403 233 "https://serhatburke.miroglu.net/wp-login.php" "Mozilla/5.0 (Windows NT 10.0; Win64; x64) AppleWebKit/537.36 (KHTML, like Gecko) Chrome/143.0.0.0 Safari/537.36"
45.3.49.104 - - [19/Apr/2026:20:35:27 +0300] "GET /wp-admin/plugin-install.php HTTP/1.1" 403 233 "https://serhatburke.miroglu.net/wp-login.php" "Mozilla/5.0 (Windows NT 10.0; Win64; x64) AppleWebKit/537.36 (KHTML, like Gecko) Chrome/143.0.0.0 Safari/537.36"
45.3.49.104 - - [19/Apr/2026:20:35:29 +0300] "GET /wp-admin/profile.php HTTP/1.1" 200 230932 "https://serhatburke.miroglu.net/wp-admin/profile.php" "Mozilla/5.0 (Windows NT 10.0; Win64; x64) AppleWebKit/537.36 (KHTML, like Gecko) Chrome/143.0.0.0 Safari/537.36"
185.216.113.70 - - [19/Apr/2026:20:35:26 +0300] "POST /wp-admin/admin-ajax.php?action=as_async_request_queue_runner&nonce=a1bfe773a0 HTTP/1.1" 200 1039 "-" "WordPress/6.3.8; https://serhatburke.miroglu.net"
185.191.206.91 - - [19/Apr/2026:20:35:19 +0300] "POST /xmlrpc.php HTTP/1.1" 200 10653 "-" "Mozilla/5.0 (Windows NT 10.0; Win64; x64) AppleWebKit/537.36 (KHTML, like Gecko) Chrome/114.0.0.0 Safari/537.36"
45.3.49.104 - - [19/Apr/2026:20:35:44 +0300] "POST /wp-admin/profile.php HTTP/1.1" 302 3789 "https://serhatburke.miroglu.net/wp-admin/profile.php" "Mozilla/5.0 (Windows NT 10.0; Win64; x64) AppleWebKit/537.36 (KHTML, like Gecko) Chrome/143.0.0.0 Safari/537.36"
185.216.113.70 - - [19/Apr/2026:20:35:46 +0300] "POST /wp-admin/admin-ajax.php?action=as_async_request_queue_runner&nonce=a1bfe773a0 HTTP/1.1" 200 1039 "-" "WordPress/6.3.8; https://serhatburke.miroglu.net"
185.216.113.70 - - [19/Apr/2026:20:36:19 +0300] "POST /wp-cron.php?doing_wp_cron=1776620179.5449409484863281250000 HTTP/1.1" 200 448 "-" "WordPress/6.3.8; https://serhatburke.miroglu.net"
45.3.49.104 - - [19/Apr/2026:20:36:07 +0300] "GET /wp-admin/profile.php?updated=1 HTTP/1.1" 200 230634 "https://serhatburke.miroglu.net/wp-admin/profile.php" "Mozilla/5.0 (Windows NT 10.0; Win64; x64) AppleWebKit/537.36 (KHTML, like Gecko) Chrome/143.0.0.0 Safari/537.36"
45.3.49.104 - - [19/Apr/2026:20:36:21 +0300] "GET /wp-admin/plugin-install.php HTTP/1.1" 403 411 "https://serhatburke.miroglu.net/wp-admin/plugin-install.php" "Mozilla/5.0 (Windows NT 10.0; Win64; x64) AppleWebKit/537.36 (KHTML, like Gecko) Chrome/143.0.0.0 Safari/537.36"
45.3.49.104 - - [19/Apr/2026:20:36:21 +0300] "POST /wp-admin/update.php?action=upload-plugin HTTP/1.1" 403 196 "https://serhatburke.miroglu.net/wp-admin/plugin-install.php" "Mozilla/5.0 (Windows NT 10.0; Win64; x64) AppleWebKit/537.36 (KHTML, like Gecko) Chrome/143.0.0.0 Safari/537.36"
45.3.49.104 - - [19/Apr/2026:20:36:22 +0300] "GET /wp-admin/plugin-install.php HTTP/1.1" 403 411 "https://serhatburke.miroglu.net/wp-admin/plugin-install.php" "Mozilla/5.0 (Windows NT 10.0; Win64; x64) AppleWebKit/537.36 (KHTML, like Gecko) Chrome/143.0.0.0 Safari/537.36"
45.3.49.104 - - [19/Apr/2026:20:36:23 +0300] "POST /wp-admin/update.php?action=upload-plugin HTTP/1.1" 403 196 "https://serhatburke.miroglu.net/wp-admin/plugin-install.php" "Mozilla/5.0 (Windows NT 10.0; Win64; x64) AppleWebKit/537.36 (KHTML, like Gecko) Chrome/143.0.0.0 Safari/537.36"
185.216.113.70 - - [19/Apr/2026:20:36:23 +0300] "POST /wp-cron.php?doing_wp_cron=1776620183.5128688812255859375000 HTTP/1.1" 200 448 "-" "WordPress/6.3.8; https://serhatburke.miroglu.net"
185.191.206.91 - - [19/Apr/2026:20:35:44 +0300] "POST /xmlrpc.php HTTP/1.1" 200 630 "-" "Mozilla/5.0 (Windows NT 10.0; Win64; x64) AppleWebKit/537.36 (KHTML, like Gecko) Chrome/114.0.0.0 Safari/537.36"
185.216.113.70 - - [19/Apr/2026:20:36:29 +0300] "POST /wp-cron.php?doing_wp_cron=1776620189.4914929866790771484375 HTTP/1.1" 200 448 "-" "WordPress/6.3.8; https://serhatburke.miroglu.net"
185.216.113.70 - - [19/Apr/2026:20:36:29 +0300] "POST /wp-cron.php?doing_wp_cron=1776620189.7950940132141113281250 HTTP/1.1" 200 448 "-" "WordPress/6.3.8; https://serhatburke.miroglu.net"
200.25.47.120 - - [19/Apr/2026:20:36:14 +0300] "POST /xmlrpc.php HTTP/1.1" 200 630 "-" "Mozilla/5.0 (Windows NT 10.0; Win64; x64) AppleWebKit/537.36 (KHTML, like Gecko) Chrome/114.0.0.0 Safari/537.36"
185.191.206.91 - - [19/Apr/2026:20:35:56 +0300] "GET /darmowe-hazard-automaty-wyjawszy-zapisu-oraz-logowania/ HTTP/1.1" 200 72256 "-" "Mozilla/5.0 (Windows NT 10.0; Win64; x64; rv:125.0) Gecko/20100101 Firefox/125.0"
45.3.49.104 - - [19/Apr/2026:20:36:23 +0300] "GET /wp-admin/user-new.php HTTP/1.1" 200 135497 "https://serhatburke.miroglu.net/wp-admin/user-new.php" "Mozilla/5.0 (Windows NT 10.0; Win64; x64) AppleWebKit/537.36 (KHTML, like Gecko) Chrome/143.0.0.0 Safari/537.36"
200.25.47.120 - - [19/Apr/2026:20:36:36 +0300] "POST /xmlrpc.php HTTP/1.1" 200 19040 "-" "Mozilla/5.0 (Windows NT 10.0; Win64; x64) AppleWebKit/537.36 (KHTML, like Gecko) Chrome/114.0.0.0 Safari/537.36"
45.3.49.104 - - [19/Apr/2026:20:36:59 +0300] "POST /wp-admin/user-new.php HTTP/1.1" 302 698 "https://serhatburke.miroglu.net/wp-admin/user-new.php" "Mozilla/5.0 (Windows NT 10.0; Win64; x64) AppleWebKit/537.36 (KHTML, like Gecko) Chrome/143.0.0.0 Safari/537.36"
185.191.206.91 - - [19/Apr/2026:20:36:29 +0300] "POST /xmlrpc.php HTTP/1.1" 200 10326 "-" "Mozilla/5.0 (Windows NT 10.0; Win64; x64) AppleWebKit/537.36 (KHTML, like Gecko) Chrome/114.0.0.0 Safari/537.36"
200.25.47.120 - - [19/Apr/2026:20:37:15 +0300] "GET /play-kitty-glitter-slot-game-for-free/ HTTP/1.1" 200 79384 "-" "Mozilla/5.0 (Windows NT 10.0; Win64; x64; rv:124.0) Gecko/20100101 Firefox/124.0"
45.3.49.104 - - [19/Apr/2026:20:37:25 +0300] "GET /wp-admin/users.php?update=add&id=13 HTTP/1.1" 200 134737 "https://serhatburke.miroglu.net/wp-admin/user-new.php" "Mozilla/5.0 (Windows NT 10.0; Win64; x64) AppleWebKit/537.36 (KHTML, like Gecko) Chrome/143.0.0.0 Safari/537.36"
185.216.113.70 - - [19/Apr/2026:20:37:38 +0300] "POST /wp-cron.php?doing_wp_cron=1776620258.7450890541076660156250 HTTP/1.1" 200 448 "-" "WordPress/6.3.8; https://serhatburke.miroglu.net"
185.191.206.91 - - [19/Apr/2026:20:36:53 +0300] "POST /xmlrpc.php HTTP/1.1" 200 630 "-" "Mozilla/5.0 (Windows NT 10.0; Win64; x64) AppleWebKit/537.36 (KHTML, like Gecko) Chrome/114.0.0.0 Safari/537.36"
185.216.113.70 - - [19/Apr/2026:20:38:03 +0300] "POST /wp-cron.php?doing_wp_cron=1776620283.0047540664672851562500 HTTP/1.1" 200 448 "-" "WordPress/6.3.8; https://serhatburke.miroglu.net"
185.191.206.91 - - [19/Apr/2026:20:37:33 +0300] "GET /sizzling-hot-internetowego-darmowa-rozrywka-hazardowa-sizzling-hot/ HTTP/1.1" 200 71987 "-" "Mozilla/5.0 (Windows NT 10.0; Win64; x64) AppleWebKit/537.36 (KHTML, like Gecko) Chrome/122.0.0.0 Safari/537.36"
185.216.113.70 - - [19/Apr/2026:20:38:20 +0300] "POST /wp-cron.php?doing_wp_cron=1776620300.6255300045013427734375 HTTP/1.1" 200 448 "-" "WordPress/6.3.8; https://serhatburke.miroglu.net"
185.191.206.91 - - [19/Apr/2026:20:37:49 +0300] "POST /xmlrpc.php HTTP/1.1" 200 10611 "-" "Mozilla/5.0 (Windows NT 10.0; Win64; x64) AppleWebKit/537.36 (KHTML, like Gecko) Chrome/114.0.0.0 Safari/537.36"
185.191.206.91 - - [19/Apr/2026:20:38:01 +0300] "POST /xmlrpc.php HTTP/1.1" 200 630 "-" "Mozilla/5.0 (Windows NT 10.0; Win64; x64) AppleWebKit/537.36 (KHTML, like Gecko) Chrome/114.0.0.0 Safari/537.36"
185.191.206.91 - - [19/Apr/2026:20:38:22 +0300] "GET /premia-powitalny-100-do-kwoty-1000-pln-od-czasu-unibet-kasyno-miasto-kasyn/ HTTP/1.1" 200 72639 "-" "Mozilla/5.0 (Windows NT 10.0; Win64; x64) AppleWebKit/537.36 (KHTML, like Gecko) Chrome/109.0.0.0 Safari/537.36"
200.25.47.120 - - [19/Apr/2026:20:38:57 +0300] "POST /xmlrpc.php HTTP/1.1" 200 630 "-" "Mozilla/5.0 (Windows NT 10.0; Win64; x64) AppleWebKit/537.36 (KHTML, like Gecko) Chrome/114.0.0.0 Safari/537.36"
185.191.206.91 - - [19/Apr/2026:20:38:45 +0300] "POST /xmlrpc.php HTTP/1.1" 200 10245 "-" "Mozilla/5.0 (Windows NT 10.0; Win64; x64) AppleWebKit/537.36 (KHTML, like Gecko) Chrome/114.0.0.0 Safari/537.36"
185.216.113.70 - - [19/Apr/2026:20:39:28 +0300] "POST /wp-cron.php?doing_wp_cron=1776620368.6173050403594970703125 HTTP/1.1" 200 448 "-" "WordPress/6.3.8; https://serhatburke.miroglu.net"
200.25.47.120 - - [19/Apr/2026:20:39:16 +0300] "POST /xmlrpc.php HTTP/1.1" 200 16720 "-" "Mozilla/5.0 (Windows NT 10.0; Win64; x64) AppleWebKit/537.36 (KHTML, like Gecko) Chrome/114.0.0.0 Safari/537.36"
185.191.206.91 - - [19/Apr/2026:20:39:06 +0300] "POST /xmlrpc.php HTTP/1.1" 200 630 "-" "Mozilla/5.0 (Windows NT 10.0; Win64; x64) AppleWebKit/537.36 (KHTML, like Gecko) Chrome/114.0.0.0 Safari/537.36"
200.25.47.120 - - [19/Apr/2026:20:39:30 +0300] "GET /tragamonedas-una-dolce-vita-by-gamomat-sus-particulares-de-la-tragaperras-2026-and-tiradas-gratuito-demo-funciona-ahora/ HTTP/1.1" 200 79369 "-" "Mozilla/5.0 (Windows NT 10.0; Win64; x64) AppleWebKit/537.36 (KHTML, like Gecko) Chrome/124.0.0.0 Safari/537.36 Edg/124.0.0.0"
185.191.206.91 - - [19/Apr/2026:20:39:19 +0300] "GET /bonus-zbytnio-rejestracje-przy-kasynie-sieciowy-vulkan-vegas/ HTTP/1.1" 200 72123 "-" "Mozilla/5.0 (Windows NT 10.0; Win64; x64) AppleWebKit/537.36 (KHTML, like Gecko) Chrome/123.0.0.0 Safari/537.36 OPR/109.0.0.0"
185.191.206.91 - - [19/Apr/2026:20:39:41 +0300] "POST /xmlrpc.php HTTP/1.1" 200 10079 "-" "Mozilla/5.0 (Windows NT 10.0; Win64; x64) AppleWebKit/537.36 (KHTML, like Gecko) Chrome/114.0.0.0 Safari/537.36"
185.216.113.70 - - [19/Apr/2026:20:40:43 +0300] "POST /wp-cron.php?doing_wp_cron=1776620443.3966970443725585937500 HTTP/1.1" 200 448 "-" "WordPress/6.3.8; https://serhatburke.miroglu.net"
185.191.206.91 - - [19/Apr/2026:20:40:09 +0300] "POST /xmlrpc.php HTTP/1.1" 200 630 "-" "Mozilla/5.0 (Windows NT 10.0; Win64; x64) AppleWebKit/537.36 (KHTML, like Gecko) Chrome/114.0.0.0 Safari/537.36"
185.191.206.91 - - [19/Apr/2026:20:40:13 +0300] "GET /bezplatne-gry-sieciowy-graj-w-najlepsze-gry-na-aparat-telefoniczny-oraz-windowsie/ HTTP/1.1" 200 72503 "-" "Mozilla/5.0 (Windows NT 10.0; rv:109.0) Gecko/20100101 Firefox/115.0"
185.191.206.91 - - [19/Apr/2026:20:40:50 +0300] "POST /xmlrpc.php HTTP/1.1" 200 10010 "-" "Mozilla/5.0 (Windows NT 10.0; Win64; x64) AppleWebKit/537.36 (KHTML, like Gecko) Chrome/114.0.0.0 Safari/537.36"
185.216.113.70 - - [19/Apr/2026:20:41:49 +0300] "POST /wp-cron.php?doing_wp_cron=1776620508.9645349979400634765625 HTTP/1.1" 200 448 "-" "WordPress/6.3.8; https://serhatburke.miroglu.net"
185.191.206.91 - - [19/Apr/2026:20:41:16 +0300] "POST /xmlrpc.php HTTP/1.1" 200 630 "-" "Mozilla/5.0 (Windows NT 10.0; Win64; x64) AppleWebKit/537.36 (KHTML, like Gecko) Chrome/114.0.0.0 Safari/537.36"
200.25.47.120 - - [19/Apr/2026:20:41:39 +0300] "POST /xmlrpc.php HTTP/1.1" 200 630 "-" "Mozilla/5.0 (Windows NT 10.0; Win64; x64) AppleWebKit/537.36 (KHTML, like Gecko) Chrome/114.0.0.0 Safari/537.36"
185.191.206.91 - - [19/Apr/2026:20:41:22 +0300] "GET /darmowe-gry-internetowego-graj-teraz/ HTTP/1.1" 200 71159 "-" "Mozilla/5.0 (Windows NT 10.0; Win64; x64) AppleWebKit/537.36 (KHTML, like Gecko) Chrome/124.0.0.0 Safari/537.36"
200.25.47.120 - - [19/Apr/2026:20:41:58 +0300] "POST /xmlrpc.php HTTP/1.1" 200 16630 "-" "Mozilla/5.0 (Windows NT 10.0; Win64; x64) AppleWebKit/537.36 (KHTML, like Gecko) Chrome/114.0.0.0 Safari/537.36"
185.191.206.91 - - [19/Apr/2026:20:41:56 +0300] "POST /xmlrpc.php HTTP/1.1" 200 10033 "-" "Mozilla/5.0 (Windows NT 10.0; Win64; x64) AppleWebKit/537.36 (KHTML, like Gecko) Chrome/114.0.0.0 Safari/537.36"
200.25.47.120 - - [19/Apr/2026:20:42:16 +0300] "GET /lucky-larrys-lobstermania-2-slot-play-free-demo-no-download/ HTTP/1.1" 200 77588 "-" "Mozilla/5.0 (Windows NT 10.0; rv:109.0) Gecko/20100101 Firefox/115.0"
185.216.113.70 - - [19/Apr/2026:20:42:49 +0300] "POST /wp-cron.php?doing_wp_cron=1776620569.0684700012207031250000 HTTP/1.1" 200 448 "-" "WordPress/6.3.8; https://serhatburke.miroglu.net"
185.191.206.91 - - [19/Apr/2026:20:42:18 +0300] "POST /xmlrpc.php HTTP/1.1" 200 630 "-" "Mozilla/5.0 (Windows NT 10.0; Win64; x64) AppleWebKit/537.36 (KHTML, like Gecko) Chrome/114.0.0.0 Safari/537.36"
185.191.206.91 - - [19/Apr/2026:20:42:30 +0300] "GET /angielskie-kasyna-wyjawszy-depozytu/ HTTP/1.1" 200 71241 "-" "Mozilla/5.0 (Windows NT 10.0; Win64; x64) AppleWebKit/537.36 (KHTML, like Gecko) Chrome/124.0.0.0 Safari/537.36 Edg/124.0.0.0"
91.107.208.255 - - [19/Apr/2026:20:42:46 +0300] "POST /xmlrpc.php HTTP/1.1" 200 604 "-" "Mozilla/5.0 (Windows NT 10.0; Win64; x64) AppleWebKit/537.36 (KHTML, like Gecko) Chrome/108.0.0.0 Safari/537.36"
91.107.208.255 - - [19/Apr/2026:20:43:02 +0300] "POST /xmlrpc.php HTTP/1.1" 200 3679 "-" "Mozilla/5.0 (Windows NT 10.0; Win64; x64) AppleWebKit/537.36 (KHTML, like Gecko) Chrome/108.0.0.0 Safari/537.36"
185.191.206.91 - - [19/Apr/2026:20:42:55 +0300] "POST /xmlrpc.php HTTP/1.1" 200 10653 "-" "Mozilla/5.0 (Windows NT 10.0; Win64; x64) AppleWebKit/537.36 (KHTML, like Gecko) Chrome/114.0.0.0 Safari/537.36"
