200.25.47.120 - - [20/Apr/2026:01:21:46 +0300] "POST /xmlrpc.php HTTP/1.1" 200 19079 "-" "Mozilla/5.0 (Windows NT 10.0; Win64; x64) AppleWebKit/537.36 (KHTML, like Gecko) Chrome/114.0.0.0 Safari/537.36"
200.25.47.120 - - [20/Apr/2026:01:22:01 +0300] "GET /funciona-vano-en-spinata-gigantesco-acerca-de-manera-demo/ HTTP/1.1" 200 80152 "-" "Mozilla/5.0 (Windows NT 10.0; Win64; x64) AppleWebKit/537.36 (KHTML, like Gecko) Chrome/109.0.0.0 Safari/537.36"
185.216.113.70 - - [20/Apr/2026:01:24:10 +0300] "POST /wp-cron.php?doing_wp_cron=1776637450.5905840396881103515625 HTTP/1.1" 200 448 "-" "WordPress/6.3.8; https://serhatburke.miroglu.net"
200.25.47.120 - - [20/Apr/2026:01:23:57 +0300] "POST /xmlrpc.php HTTP/1.1" 200 630 "-" "Mozilla/5.0 (Windows NT 10.0; Win64; x64) AppleWebKit/537.36 (KHTML, like Gecko) Chrome/114.0.0.0 Safari/537.36"
92.119.73.120 - - [20/Apr/2026:01:24:09 +0300] "POST /xmlrpc.php HTTP/2" 200 204 "-" "XML-RPC for PHP 4.11.1"
200.25.47.120 - - [20/Apr/2026:01:24:17 +0300] "POST /xmlrpc.php HTTP/1.1" 200 20356 "-" "Mozilla/5.0 (Windows NT 10.0; Win64; x64) AppleWebKit/537.36 (KHTML, like Gecko) Chrome/114.0.0.0 Safari/537.36"
185.216.113.70 - - [20/Apr/2026:01:24:43 +0300] "POST /wp-cron.php?doing_wp_cron=1776637483.9250819683074951171875 HTTP/1.1" 200 448 "-" "WordPress/6.3.8; https://serhatburke.miroglu.net"
200.25.47.120 - - [20/Apr/2026:01:24:32 +0300] "GET /spinata-genial-slot-netent-resena-tiradas-de-balde-y-no-ha-transpirado-nunca-han-transpirado-bonos/ HTTP/1.1" 200 82755 "-" "Mozilla/5.0 (Windows NT 10.0; Win64; x64; rv:124.0) Gecko/20100101 Firefox/124.0"
185.216.113.70 - - [20/Apr/2026:01:26:38 +0300] "POST /wp-cron.php?doing_wp_cron=1776637598.1281700134277343750000 HTTP/1.1" 200 448 "-" "WordPress/6.3.8; https://serhatburke.miroglu.net"
200.25.47.120 - - [20/Apr/2026:01:26:23 +0300] "POST /xmlrpc.php HTTP/1.1" 200 630 "-" "Mozilla/5.0 (Windows NT 10.0; Win64; x64) AppleWebKit/537.36 (KHTML, like Gecko) Chrome/114.0.0.0 Safari/537.36"
200.25.47.120 - - [20/Apr/2026:01:26:44 +0300] "POST /xmlrpc.php HTTP/1.1" 200 17237 "-" "Mozilla/5.0 (Windows NT 10.0; Win64; x64) AppleWebKit/537.36 (KHTML, like Gecko) Chrome/114.0.0.0 Safari/537.36"
200.25.47.120 - - [20/Apr/2026:01:27:00 +0300] "GET /centrum-jezykowe-uj-centimetros/ HTTP/1.1" 200 77551 "-" "Mozilla/5.0 (Windows NT 10.0; Win64; x64) AppleWebKit/537.36 (KHTML, like Gecko) Chrome/122.0.0.0 Safari/537.36"
185.216.113.70 - - [20/Apr/2026:01:29:02 +0300] "POST /wp-cron.php?doing_wp_cron=1776637742.8878169059753417968750 HTTP/1.1" 200 448 "-" "WordPress/6.3.8; https://serhatburke.miroglu.net"
200.25.47.120 - - [20/Apr/2026:01:28:48 +0300] "POST /xmlrpc.php HTTP/1.1" 200 630 "-" "Mozilla/5.0 (Windows NT 10.0; Win64; x64) AppleWebKit/537.36 (KHTML, like Gecko) Chrome/114.0.0.0 Safari/537.36"
200.25.47.120 - - [20/Apr/2026:01:29:09 +0300] "POST /xmlrpc.php HTTP/1.1" 200 17324 "-" "Mozilla/5.0 (Windows NT 10.0; Win64; x64) AppleWebKit/537.36 (KHTML, like Gecko) Chrome/114.0.0.0 Safari/537.36"
200.25.47.120 - - [20/Apr/2026:01:29:25 +0300] "GET /buffalo-blitz-slot-by-playtech-review-demo-game/ HTTP/1.1" 200 78124 "-" "Mozilla/5.0 (Windows NT 10.0; Win64; x64) AppleWebKit/537.36 (KHTML, like Gecko) Chrome/123.0.0.0 Safari/537.36"
185.216.113.70 - - [20/Apr/2026:01:30:29 +0300] "POST /wp-cron.php?doing_wp_cron=1776637828.9570190906524658203125 HTTP/1.1" 200 448 "-" "WordPress/6.3.8; https://serhatburke.miroglu.net"
185.244.180.165 - - [20/Apr/2026:01:30:16 +0300] "POST /xmlrpc.php HTTP/1.1" 200 100976 "-" "Mozilla/5.0 (Windows NT 10.0; Win64; x64; Xbox; Xbox One) AppleWebKit/537.36 (KHTML, like Gecko) Chrome/114.0.0.0 Safari/537.36 Edge/44.18363.8131"
185.244.180.165 - - [20/Apr/2026:01:30:29 +0300] "POST /xmlrpc.php HTTP/1.1" 200 725 "-" "Mozilla/5.0 (Windows NT 10.0; Win64; x64; Xbox; Xbox One) AppleWebKit/537.36 (KHTML, like Gecko) Chrome/114.0.0.0 Safari/537.36 Edge/44.18363.8131"
185.244.180.165 - - [20/Apr/2026:01:30:46 +0300] "POST /xmlrpc.php HTTP/1.1" 200 489 "-" "Mozilla/5.0 (Windows NT 10.0; Win64; x64; Xbox; Xbox One) AppleWebKit/537.36 (KHTML, like Gecko) Chrome/114.0.0.0 Safari/537.36 Edge/44.18363.8131"
85.208.96.193 - - [20/Apr/2026:01:30:52 +0300] "GET /navigate-the-future-of-crypto-with-atomic-wallet/ HTTP/1.1" 200 20013 "-" "Mozilla/5.0 (compatible; SemrushBot/7~bl; +http://www.semrush.com/bot.html)"
185.216.113.70 - - [20/Apr/2026:01:31:12 +0300] "POST /wp-cron.php?doing_wp_cron=1776637872.4196228981018066406250 HTTP/1.1" 200 448 "-" "WordPress/6.3.8; https://serhatburke.miroglu.net"
185.244.180.165 - - [20/Apr/2026:01:31:00 +0300] "POST /xmlrpc.php HTTP/1.1" 200 671103 "-" "Mozilla/5.0 (Windows NT 10.0; Win64; x64; Xbox; Xbox One) AppleWebKit/537.36 (KHTML, like Gecko) Chrome/114.0.0.0 Safari/537.36 Edge/44.18363.8131"
200.25.47.120 - - [20/Apr/2026:01:31:11 +0300] "POST /xmlrpc.php HTTP/1.1" 200 630 "-" "Mozilla/5.0 (Windows NT 10.0; Win64; x64) AppleWebKit/537.36 (KHTML, like Gecko) Chrome/114.0.0.0 Safari/537.36"
200.25.47.120 - - [20/Apr/2026:01:31:30 +0300] "POST /xmlrpc.php HTTP/1.1" 200 16252 "-" "Mozilla/5.0 (Windows NT 10.0; Win64; x64) AppleWebKit/537.36 (KHTML, like Gecko) Chrome/114.0.0.0 Safari/537.36"
200.25.47.120 - - [20/Apr/2026:01:31:44 +0300] "GET /bonos-falto-tanque-referente-a-casinos-en-internet-de-mayo-de-2026/ HTTP/1.1" 200 77425 "-" "Mozilla/5.0 (Windows NT 10.0; Win64; x64) AppleWebKit/537.36 (KHTML, like Gecko) Chrome/123.0.0.0 Safari/537.36"
185.216.113.70 - - [20/Apr/2026:01:33:46 +0300] "POST /wp-cron.php?doing_wp_cron=1776638026.4711980819702148437500 HTTP/1.1" 200 448 "-" "WordPress/6.3.8; https://serhatburke.miroglu.net"
200.25.47.120 - - [20/Apr/2026:01:33:34 +0300] "POST /xmlrpc.php HTTP/1.1" 200 630 "-" "Mozilla/5.0 (Windows NT 10.0; Win64; x64) AppleWebKit/537.36 (KHTML, like Gecko) Chrome/114.0.0.0 Safari/537.36"
200.25.47.120 - - [20/Apr/2026:01:33:53 +0300] "POST /xmlrpc.php HTTP/1.1" 200 17288 "-" "Mozilla/5.0 (Windows NT 10.0; Win64; x64) AppleWebKit/537.36 (KHTML, like Gecko) Chrome/114.0.0.0 Safari/537.36"
200.25.47.120 - - [20/Apr/2026:01:34:07 +0300] "GET /enteran-las-jewel-box-rebaja-sobre-abertura-mejores-abertura-twin-spin-tragamonedas-en-internet-recursos-mejor-2024/ HTTP/1.1" 200 79692 "-" "Mozilla/5.0 (Windows NT 10.0; Win64; x64) AppleWebKit/537.36 (KHTML, like Gecko) Chrome/123.0.0.0 Safari/537.36 OPR/109.0.0.0"
185.216.113.70 - - [20/Apr/2026:01:36:07 +0300] "POST /wp-cron.php?doing_wp_cron=1776638167.1258399486541748046875 HTTP/1.1" 200 448 "-" "WordPress/6.3.8; https://serhatburke.miroglu.net"
200.25.47.120 - - [20/Apr/2026:01:35:54 +0300] "POST /xmlrpc.php HTTP/1.1" 200 630 "-" "Mozilla/5.0 (Windows NT 10.0; Win64; x64) AppleWebKit/537.36 (KHTML, like Gecko) Chrome/114.0.0.0 Safari/537.36"
200.25.47.120 - - [20/Apr/2026:01:36:13 +0300] "POST /xmlrpc.php HTTP/1.1" 200 18086 "-" "Mozilla/5.0 (Windows NT 10.0; Win64; x64) AppleWebKit/537.36 (KHTML, like Gecko) Chrome/114.0.0.0 Safari/537.36"
200.25.47.120 - - [20/Apr/2026:01:36:27 +0300] "GET /resena-de-su-tragaperra-hot-gems-casino-sobre-brecha-twin-spin-deluxe-mision-twin-reel/ HTTP/1.1" 200 79978 "-" "Mozilla/5.0 (Windows NT 10.0; Win64; x64) AppleWebKit/537.36 (KHTML, like Gecko) Chrome/109.0.0.0 Safari/537.36"
185.216.113.70 - - [20/Apr/2026:01:38:30 +0300] "POST /wp-cron.php?doing_wp_cron=1776638310.1986639499664306640625 HTTP/1.1" 200 448 "-" "WordPress/6.3.8; https://serhatburke.miroglu.net"
200.25.47.120 - - [20/Apr/2026:01:38:14 +0300] "POST /xmlrpc.php HTTP/1.1" 200 630 "-" "Mozilla/5.0 (Windows NT 10.0; Win64; x64) AppleWebKit/537.36 (KHTML, like Gecko) Chrome/114.0.0.0 Safari/537.36"
200.25.47.120 - - [20/Apr/2026:01:38:37 +0300] "POST /xmlrpc.php HTTP/1.1" 200 17794 "-" "Mozilla/5.0 (Windows NT 10.0; Win64; x64) AppleWebKit/537.36 (KHTML, like Gecko) Chrome/114.0.0.0 Safari/537.36"
200.25.47.120 - - [20/Apr/2026:01:38:54 +0300] "GET /twin-spin-maquina-tragamonedas-regalado-sobre-camino-funciona-con-el-fin-de-divertirte-netent/ HTTP/1.1" 200 79579 "-" "Mozilla/5.0 (Windows NT 10.0; Win64; x64; rv:125.0) Gecko/20100101 Firefox/125.0"
185.216.113.70 - - [20/Apr/2026:01:40:55 +0300] "POST /wp-cron.php?doing_wp_cron=1776638455.5158290863037109375000 HTTP/1.1" 200 448 "-" "WordPress/6.3.8; https://serhatburke.miroglu.net"
200.25.47.120 - - [20/Apr/2026:01:40:40 +0300] "POST /xmlrpc.php HTTP/1.1" 200 630 "-" "Mozilla/5.0 (Windows NT 10.0; Win64; x64) AppleWebKit/537.36 (KHTML, like Gecko) Chrome/114.0.0.0 Safari/537.36"
200.25.47.120 - - [20/Apr/2026:01:41:02 +0300] "POST /xmlrpc.php HTTP/1.1" 200 17377 "-" "Mozilla/5.0 (Windows NT 10.0; Win64; x64) AppleWebKit/537.36 (KHTML, like Gecko) Chrome/114.0.0.0 Safari/537.36"
200.25.47.120 - - [20/Apr/2026:01:41:16 +0300] "GET /100-giros-gratuito-carente-deposito-mayo-2026/ HTTP/1.1" 200 77967 "-" "Mozilla/5.0 (Windows NT 10.0; Win64; x64) AppleWebKit/537.36 (KHTML, like Gecko) Chrome/124.0.0.0 Safari/537.36 Edg/124.0.0.0"
185.216.113.70 - - [20/Apr/2026:01:41:52 +0300] "POST /wp-cron.php?doing_wp_cron=1776638512.3201220035552978515625 HTTP/1.1" 200 448 "-" "WordPress/6.3.8; https://serhatburke.miroglu.net"
36.4.146.95 - - [20/Apr/2026:01:41:39 +0300] "POST /xmlrpc.php HTTP/2" 200 9086 "-" "Mozilla/5.0 (X11; Linux x86_64; rv:124.0) Gecko/20100101 Firefox/124.0"
36.4.146.95 - - [20/Apr/2026:01:41:53 +0300] "POST /xmlrpc.php HTTP/2" 200 3281 "-" "Mozilla/5.0 (X11; Linux x86_64; rv:124.0) Gecko/20100101 Firefox/124.0"
36.4.146.95 - - [20/Apr/2026:01:42:10 +0300] "POST /xmlrpc.php HTTP/2" 200 100 "-" "Mozilla/5.0 (X11; Linux x86_64; rv:124.0) Gecko/20100101 Firefox/124.0"
185.216.113.70 - - [20/Apr/2026:01:43:04 +0300] "POST /wp-cron.php?doing_wp_cron=1776638584.3158628940582275390625 HTTP/1.1" 200 448 "-" "WordPress/6.3.8; https://serhatburke.miroglu.net"
200.25.47.120 - - [20/Apr/2026:01:42:52 +0300] "POST /xmlrpc.php HTTP/1.1" 200 630 "-" "Mozilla/5.0 (Windows NT 10.0; Win64; x64) AppleWebKit/537.36 (KHTML, like Gecko) Chrome/114.0.0.0 Safari/537.36"
200.25.47.120 - - [20/Apr/2026:01:43:11 +0300] "POST /xmlrpc.php HTTP/1.1" 200 20231 "-" "Mozilla/5.0 (Windows NT 10.0; Win64; x64) AppleWebKit/537.36 (KHTML, like Gecko) Chrome/114.0.0.0 Safari/537.36"
200.25.47.120 - - [20/Apr/2026:01:43:24 +0300] "GET /spinata-grande-slot-review-play-free-demo-2026-partner2connect/ HTTP/1.1" 200 81106 "-" "Mozilla/5.0 (Windows NT 10.0; Win64; x64) AppleWebKit/537.36 (KHTML, like Gecko) Chrome/124.0.0.0 Safari/537.36"
185.216.113.70 - - [20/Apr/2026:01:44:26 +0300] "POST /wp-cron.php?doing_wp_cron=1776638666.3547589778900146484375 HTTP/1.1" 200 448 "-" "WordPress/6.3.8; https://serhatburke.miroglu.net"
159.223.61.53 - - [20/Apr/2026:01:44:14 +0300] "GET /casino-online-skrill-prelievo-veloce/ HTTP/1.1" 200 18092 "https://serhatburke.miroglu.net/" "Mozilla/5.0 (X11; Linux x86_64; rv:144.0) Gecko/20100101 Firefox/144.0"
159.223.61.53 - - [20/Apr/2026:01:44:35 +0300] "GET /wp-login.php?action=register HTTP/1.1" 302 702 "https://serhatburke.miroglu.net/casino-online-skrill-prelievo-veloce/" "Mozilla/5.0 (Windows NT 6.3; Win64; x64) AppleWebKit/537.36 (KHTML, like Gecko) Chrome/103.0.0.0 Safari/537.36"
185.216.113.70 - - [20/Apr/2026:01:44:59 +0300] "POST /wp-cron.php?doing_wp_cron=1776638699.3656260967254638671875 HTTP/1.1" 200 448 "-" "WordPress/6.3.8; https://serhatburke.miroglu.net"
159.223.61.53 - - [20/Apr/2026:01:44:47 +0300] "GET /wp-login.php?registration=disabled HTTP/1.1" 200 3806 "https://serhatburke.miroglu.net/wp-login.php?action=register" "Mozilla/5.0 (Windows NT 6.3; Win64; x64) AppleWebKit/537.36 (KHTML, like Gecko) Chrome/103.0.0.0 Safari/537.36"
185.216.113.70 - - [20/Apr/2026:01:50:33 +0300] "POST /wp-cron.php?doing_wp_cron=1776639033.5558700561523437500000 HTTP/1.1" 200 448 "-" "WordPress/6.3.8; https://serhatburke.miroglu.net"
200.25.47.120 - - [20/Apr/2026:01:50:20 +0300] "POST /xmlrpc.php HTTP/1.1" 200 630 "-" "Mozilla/5.0 (Windows NT 10.0; Win64; x64) AppleWebKit/537.36 (KHTML, like Gecko) Chrome/114.0.0.0 Safari/537.36"
200.25.47.120 - - [20/Apr/2026:01:50:40 +0300] "POST /xmlrpc.php HTTP/1.1" 200 16779 "-" "Mozilla/5.0 (Windows NT 10.0; Win64; x64) AppleWebKit/537.36 (KHTML, like Gecko) Chrome/114.0.0.0 Safari/537.36"
200.25.47.120 - - [20/Apr/2026:01:50:54 +0300] "GET /soluciona-a-32178-tragaperras-sin-cargo-acerca-de-argentina/ HTTP/1.1" 200 77993 "-" "Mozilla/5.0 (Windows NT 10.0; rv:125.0) Gecko/20100101 Firefox/125.0"
185.216.113.70 - - [20/Apr/2026:01:57:01 +0300] "POST /wp-cron.php?doing_wp_cron=1776639421.3751170635223388671875 HTTP/1.1" 200 448 "-" "WordPress/6.3.8; https://serhatburke.miroglu.net"
65.109.104.153 - - [20/Apr/2026:01:56:47 +0300] "GET /beste-casino-site-belgie-hoge-inzet/ HTTP/1.1" 200 18595 "https://serhatburke.miroglu.net/" "Mozilla/5.0 (X11; Ubuntu; Linux x86_64; rv:114.0) Gecko/20100101 Firefox/114.0"
65.109.104.153 - - [20/Apr/2026:01:57:03 +0300] "GET /wp-login.php?action=register HTTP/1.1" 302 702 "https://serhatburke.miroglu.net/beste-casino-site-belgie-hoge-inzet/" "Mozilla/5.0 (Windows NT 6.3; Win64; x64) AppleWebKit/537.36 (KHTML, like Gecko) Chrome/103.0.0.0 Safari/537.36"
65.109.104.153 - - [20/Apr/2026:01:57:17 +0300] "GET /wp-login.php?registration=disabled HTTP/1.1" 200 3806 "https://serhatburke.miroglu.net/wp-login.php?action=register" "Mozilla/5.0 (Windows NT 6.3; Win64; x64) AppleWebKit/537.36 (KHTML, like Gecko) Chrome/103.0.0.0 Safari/537.36"
185.216.113.70 - - [20/Apr/2026:01:58:21 +0300] "POST /wp-cron.php?doing_wp_cron=1776639500.9461250305175781250000 HTTP/1.1" 200 448 "-" "WordPress/6.3.8; https://serhatburke.miroglu.net"
200.25.47.120 - - [20/Apr/2026:01:58:09 +0300] "POST /xmlrpc.php HTTP/1.1" 200 630 "-" "Mozilla/5.0 (Windows NT 10.0; Win64; x64) AppleWebKit/537.36 (KHTML, like Gecko) Chrome/114.0.0.0 Safari/537.36"
200.25.47.120 - - [20/Apr/2026:01:58:27 +0300] "POST /xmlrpc.php HTTP/1.1" 200 17025 "-" "Mozilla/5.0 (Windows NT 10.0; Win64; x64) AppleWebKit/537.36 (KHTML, like Gecko) Chrome/114.0.0.0 Safari/537.36"
185.216.113.70 - - [20/Apr/2026:01:58:53 +0300] "POST /wp-cron.php?doing_wp_cron=1776639533.1722779273986816406250 HTTP/1.1" 200 448 "-" "WordPress/6.3.8; https://serhatburke.miroglu.net"
200.25.47.120 - - [20/Apr/2026:01:58:41 +0300] "GET /revision-de-tragamonedas-vegas-party-slot-jugar-de-balde/ HTTP/1.1" 200 77967 "-" "Mozilla/5.0 (Windows NT 10.0; rv:125.0) Gecko/20100101 Firefox/125.0"
37.27.132.190 - - [20/Apr/2026:01:58:54 +0300] "GET / HTTP/1.1" 200 17539 "-" "Mozilla/5.0 (X11; CrOS x86_64 14541.0.0) AppleWebKit/537.36 (KHTML, like Gecko) Chrome/145.0.0.0 Safari/537.36"
37.27.132.190 - - [20/Apr/2026:01:59:07 +0300] "POST /xmlrpc.php HTTP/1.1" 200 735 "https://serhatburke.miroglu.net" "Mozilla/5.0 (X11; CrOS x86_64 14541.0.0) AppleWebKit/537.36 (KHTML, like Gecko) Chrome/145.0.0.0 Safari/537.36"
185.216.113.70 - - [20/Apr/2026:02:01:04 +0300] "POST /wp-cron.php?doing_wp_cron=1776639664.5228400230407714843750 HTTP/1.1" 200 448 "-" "WordPress/6.3.8; https://serhatburke.miroglu.net"
200.25.47.123 - - [20/Apr/2026:02:00:51 +0300] "POST /xmlrpc.php HTTP/1.1" 200 630 "-" "Mozilla/5.0 (Windows NT 10.0; Win64; x64) AppleWebKit/537.36 (KHTML, like Gecko) Chrome/114.0.0.0 Safari/537.36"
200.25.47.120 - - [20/Apr/2026:02:01:05 +0300] "POST /xmlrpc.php HTTP/1.1" 200 630 "-" "Mozilla/5.0 (Windows NT 10.0; Win64; x64) AppleWebKit/537.36 (KHTML, like Gecko) Chrome/114.0.0.0 Safari/537.36"
200.25.47.123 - - [20/Apr/2026:02:01:11 +0300] "POST /xmlrpc.php HTTP/1.1" 200 11223 "-" "Mozilla/5.0 (Windows NT 10.0; Win64; x64) AppleWebKit/537.36 (KHTML, like Gecko) Chrome/114.0.0.0 Safari/537.36"
200.25.47.120 - - [20/Apr/2026:02:01:26 +0300] "POST /xmlrpc.php HTTP/1.1" 200 17222 "-" "Mozilla/5.0 (Windows NT 10.0; Win64; x64) AppleWebKit/537.36 (KHTML, like Gecko) Chrome/114.0.0.0 Safari/537.36"
185.216.113.70 - - [20/Apr/2026:02:01:39 +0300] "POST /wp-cron.php?doing_wp_cron=1776639699.6332769393920898437500 HTTP/1.1" 200 448 "-" "WordPress/6.3.8; https://serhatburke.miroglu.net"
200.25.47.123 - - [20/Apr/2026:02:01:27 +0300] "GET /greatest-online-casinos-australian-continent-2026-real-cash-sites/ HTTP/1.1" 200 72471 "-" "Mozilla/5.0 (Windows NT 10.0; Win64; x64) AppleWebKit/537.36 (KHTML, like Gecko) Chrome/109.0.0.0 Safari/537.36"
185.153.198.245 - - [20/Apr/2026:02:01:38 +0300] "POST /xmlrpc.php HTTP/1.1" 200 17222 "-" "Mozilla/5.0 (Windows NT 10.0; Win64; x64) AppleWebKit/537.36 (KHTML, like Gecko) Chrome/114.0.0.0 Safari/537.36"
85.208.96.205 - - [20/Apr/2026:02:01:47 +0300] "GET /ten-greatest-sweepstakes-casino-no-deposit-incentives-totally-casino-regent-free-sc-gold-coins/ HTTP/1.1" 200 21440 "-" "Mozilla/5.0 (compatible; SemrushBot/7~bl; +http://www.semrush.com/bot.html)"
45.250.252.183 - - [20/Apr/2026:02:01:53 +0300] "GET /?p=122196 HTTP/1.1" 301 694 "-" "Mozilla/5.0 (Windows NT 10.0; rv:109.0) Gecko/20100101 Firefox/115.0"
148.135.200.8 - - [20/Apr/2026:02:02:04 +0300] "POST /xmlrpc.php HTTP/1.1" 200 630 "-" "Mozilla/5.0 (Windows NT 10.0; Win64; x64) AppleWebKit/537.36 (KHTML, like Gecko) Chrome/114.0.0.0 Safari/537.36"
45.250.252.183 - - [20/Apr/2026:02:02:12 +0300] "GET /acerca-de-como-age-of-discovery-1-deposito-lucro-victorious-slot-para-recursos-favorable-sobre-medusa-ii/ HTTP/1.1" 200 79300 "-" "Mozilla/5.0 (Windows NT 10.0; rv:109.0) Gecko/20100101 Firefox/115.0"
185.216.113.70 - - [20/Apr/2026:02:02:34 +0300] "POST /wp-cron.php?doing_wp_cron=1776639754.0643010139465332031250 HTTP/1.1" 200 448 "-" "WordPress/6.3.8; https://serhatburke.miroglu.net"
148.135.200.8 - - [20/Apr/2026:02:02:21 +0300] "POST /xmlrpc.php HTTP/1.1" 200 12818 "-" "Mozilla/5.0 (Windows NT 10.0; Win64; x64) AppleWebKit/537.36 (KHTML, like Gecko) Chrome/114.0.0.0 Safari/537.36"
148.135.200.8 - - [20/Apr/2026:02:02:34 +0300] "GET /incearca-iute-cele-maciuca-atractive-sloturile-online/ HTTP/1.1" 200 73773 "-" "Mozilla/5.0 (Windows NT 10.0; Win64; x64) AppleWebKit/537.36 (KHTML, like Gecko) Chrome/122.0.0.0 Safari/537.36"
185.216.113.70 - - [20/Apr/2026:02:03:41 +0300] "POST /wp-cron.php?doing_wp_cron=1776639821.2460289001464843750000 HTTP/1.1" 200 448 "-" "WordPress/6.3.8; https://serhatburke.miroglu.net"
45.250.252.183 - - [20/Apr/2026:02:03:25 +0300] "POST /xmlrpc.php HTTP/1.1" 200 630 "-" "Mozilla/5.0 (Windows NT 10.0; Win64; x64) AppleWebKit/537.36 (KHTML, like Gecko) Chrome/114.0.0.0 Safari/537.36"
40.77.167.150 - - [20/Apr/2026:02:03:46 +0300] "GET /sitemap_index.xml HTTP/2" 302 0 "-" "Mozilla/5.0 AppleWebKit/537.36 (KHTML, like Gecko; compatible; bingbot/2.0; +http://www.bing.com/bingbot.htm) Chrome/116.0.1938.76 Safari/537.36"
45.250.252.183 - - [20/Apr/2026:02:03:48 +0300] "POST /xmlrpc.php HTTP/1.1" 200 17518 "-" "Mozilla/5.0 (Windows NT 10.0; Win64; x64) AppleWebKit/537.36 (KHTML, like Gecko) Chrome/114.0.0.0 Safari/537.36"
77.232.38.47 - - [20/Apr/2026:02:03:56 +0300] "POST /xmlrpc.php HTTP/1.1" 200 100976 "-" "Mozilla/5.0 (Macintosh; Intel Mac OS X 12_5) AppleWebKit/537.36 (KHTML, like Gecko) Chrome/114.0.0.0 YaBrowser/22.7.0 Yowser/2.5 Safari/537.36"
40.77.167.150 - - [20/Apr/2026:02:04:06 +0300] "GET /sitemap.xml HTTP/2" 200 1104 "-" "Mozilla/5.0 AppleWebKit/537.36 (KHTML, like Gecko; compatible; bingbot/2.0; +http://www.bing.com/bingbot.htm) Chrome/116.0.1938.76 Safari/537.36"
77.232.38.47 - - [20/Apr/2026:02:04:11 +0300] "POST /xmlrpc.php HTTP/1.1" 200 725 "-" "Mozilla/5.0 (Macintosh; Intel Mac OS X 12_5) AppleWebKit/537.36 (KHTML, like Gecko) Chrome/114.0.0.0 YaBrowser/22.7.0 Yowser/2.5 Safari/537.36"
45.250.252.183 - - [20/Apr/2026:02:04:09 +0300] "GET /vikings-quest-slot-review-2026-free-play-demo/ HTTP/1.1" 200 78117 "-" "Mozilla/5.0 (Windows NT 10.0; Win64; x64) AppleWebKit/537.36 (KHTML, like Gecko) Chrome/124.0.0.0 Safari/537.36"
185.216.113.70 - - [20/Apr/2026:02:04:42 +0300] "POST /wp-cron.php?doing_wp_cron=1776639881.9927639961242675781250 HTTP/1.1" 200 448 "-" "WordPress/6.3.8; https://serhatburke.miroglu.net"
77.232.38.47 - - [20/Apr/2026:02:04:29 +0300] "POST /xmlrpc.php HTTP/1.1" 200 489 "-" "Mozilla/5.0 (Macintosh; Intel Mac OS X 12_5) AppleWebKit/537.36 (KHTML, like Gecko) Chrome/114.0.0.0 YaBrowser/22.7.0 Yowser/2.5 Safari/537.36"
77.232.38.47 - - [20/Apr/2026:02:04:42 +0300] "POST /xmlrpc.php HTTP/1.1" 200 554730 "-" "Mozilla/5.0 (Macintosh; Intel Mac OS X 12_5) AppleWebKit/537.36 (KHTML, like Gecko) Chrome/114.0.0.0 YaBrowser/22.7.0 Yowser/2.5 Safari/537.36"
45.250.252.183 - - [20/Apr/2026:02:05:10 +0300] "POST /xmlrpc.php HTTP/1.1" 200 630 "-" "Mozilla/5.0 (Windows NT 10.0; Win64; x64) AppleWebKit/537.36 (KHTML, like Gecko) Chrome/114.0.0.0 Safari/537.36"
185.216.113.70 - - [20/Apr/2026:02:05:52 +0300] "POST /wp-cron.php?doing_wp_cron=1776639952.1866381168365478515625 HTTP/1.1" 200 448 "-" "WordPress/6.3.8; https://serhatburke.miroglu.net"
45.250.252.183 - - [20/Apr/2026:02:05:33 +0300] "POST /xmlrpc.php HTTP/1.1" 200 17462 "-" "Mozilla/5.0 (Windows NT 10.0; Win64; x64) AppleWebKit/537.36 (KHTML, like Gecko) Chrome/114.0.0.0 Safari/537.36"
107.173.185.146 - - [20/Apr/2026:02:05:59 +0300] "GET /beste-casino-site-belgie-hoge-inzet/ HTTP/1.1" 200 18613 "-" "Mozilla/5.0 (compatible; Googlebot/2.1; +http://www.google.com/bot.html)"
45.250.252.183 - - [20/Apr/2026:02:05:55 +0300] "GET /top-cascading-reel-slots-at-pennsylvania-en-internet-casinos/ HTTP/1.1" 200 78369 "-" "Mozilla/5.0 (Windows NT 10.0; Win64; x64; rv:125.0) Gecko/20100101 Firefox/125.0"
185.216.113.70 - - [20/Apr/2026:02:06:51 +0300] "POST /wp-cron.php?doing_wp_cron=1776640011.7863919734954833984375 HTTP/1.1" 200 448 "-" "WordPress/6.3.8; https://serhatburke.miroglu.net"
185.191.171.15 - - [20/Apr/2026:02:06:39 +0300] "GET /10-freispiele-slot-gopher-gold-blos-einzahlung-top-casinos-2023/ HTTP/1.1" 200 21828 "-" "Mozilla/5.0 (compatible; SemrushBot/7~bl; +http://www.semrush.com/bot.html)"
185.216.113.70 - - [20/Apr/2026:02:07:07 +0300] "POST /wp-cron.php?doing_wp_cron=1776640027.6341319084167480468750 HTTP/1.1" 200 448 "-" "WordPress/6.3.8; https://serhatburke.miroglu.net"
45.250.252.183 - - [20/Apr/2026:02:06:50 +0300] "POST /xmlrpc.php HTTP/1.1" 200 630 "-" "Mozilla/5.0 (Windows NT 10.0; Win64; x64) AppleWebKit/537.36 (KHTML, like Gecko) Chrome/114.0.0.0 Safari/537.36"
45.250.252.183 - - [20/Apr/2026:02:07:14 +0300] "POST /xmlrpc.php HTTP/1.1" 200 17550 "-" "Mozilla/5.0 (Windows NT 10.0; Win64; x64) AppleWebKit/537.36 (KHTML, like Gecko) Chrome/114.0.0.0 Safari/537.36"
148.135.200.8 - - [20/Apr/2026:02:07:27 +0300] "POST /xmlrpc.php HTTP/1.1" 200 630 "-" "Mozilla/5.0 (Windows NT 10.0; Win64; x64) AppleWebKit/537.36 (KHTML, like Gecko) Chrome/114.0.0.0 Safari/537.36"
45.250.252.183 - - [20/Apr/2026:02:07:33 +0300] "GET /davinci-diamonds-slots-real-money-slot-machine-and-free-play-demo/ HTTP/1.1" 200 78474 "-" "Mozilla/5.0 (Windows NT 10.0; Win64; x64) AppleWebKit/537.36 (KHTML, like Gecko) Chrome/123.0.0.0 Safari/537.36"
148.135.200.8 - - [20/Apr/2026:02:07:45 +0300] "POST /xmlrpc.php HTTP/1.1" 200 12674 "-" "Mozilla/5.0 (Windows NT 10.0; Win64; x64) AppleWebKit/537.36 (KHTML, like Gecko) Chrome/114.0.0.0 Safari/537.36"
185.216.113.70 - - [20/Apr/2026:02:08:10 +0300] "POST /wp-cron.php?doing_wp_cron=1776640090.8161599636077880859375 HTTP/1.1" 200 448 "-" "WordPress/6.3.8; https://serhatburke.miroglu.net"
148.135.200.8 - - [20/Apr/2026:02:07:58 +0300] "GET /fortuna-online-romania-experienta-si-oferte-sa-cazinou-dans-bonusuri-volant/ HTTP/1.1" 200 74626 "-" "Mozilla/5.0 (Windows NT 10.0; Win64; x64) AppleWebKit/537.36 (KHTML, like Gecko) Chrome/122.0.0.0 Safari/537.36"
185.216.113.70 - - [20/Apr/2026:02:08:47 +0300] "POST /wp-cron.php?doing_wp_cron=1776640127.0438749790191650390625 HTTP/1.1" 200 448 "-" "WordPress/6.3.8; https://serhatburke.miroglu.net"
77.232.38.47 - - [20/Apr/2026:02:08:35 +0300] "POST /xmlrpc.php HTTP/1.1" 200 100976 "-" "Mozilla/5.0 (Windows NT 10.0; Win64; x64) AppleWebKit/537.36 (KHTML, like Gecko) Chrome/79.0.3945.130 Safari/537.36 OPR/66.0.3515.115"
77.232.38.47 - - [20/Apr/2026:02:08:47 +0300] "POST /xmlrpc.php HTTP/1.1" 200 725 "-" "Mozilla/5.0 (Windows NT 10.0; Win64; x64) AppleWebKit/537.36 (KHTML, like Gecko) Chrome/79.0.3945.130 Safari/537.36 OPR/66.0.3515.115"
185.216.113.70 - - [20/Apr/2026:02:09:07 +0300] "POST /wp-cron.php?doing_wp_cron=1776640147.8456308841705322265625 HTTP/1.1" 200 448 "-" "WordPress/6.3.8; https://serhatburke.miroglu.net"
45.250.252.183 - - [20/Apr/2026:02:08:45 +0300] "POST /xmlrpc.php HTTP/1.1" 200 630 "-" "Mozilla/5.0 (Windows NT 10.0; Win64; x64) AppleWebKit/537.36 (KHTML, like Gecko) Chrome/114.0.0.0 Safari/537.36"
77.232.38.47 - - [20/Apr/2026:02:09:10 +0300] "POST /xmlrpc.php HTTP/1.1" 200 489 "-" "Mozilla/5.0 (Windows NT 10.0; Win64; x64) AppleWebKit/537.36 (KHTML, like Gecko) Chrome/79.0.3945.130 Safari/537.36 OPR/66.0.3515.115"
45.250.252.183 - - [20/Apr/2026:02:09:14 +0300] "POST /xmlrpc.php HTTP/1.1" 200 17567 "-" "Mozilla/5.0 (Windows NT 10.0; Win64; x64) AppleWebKit/537.36 (KHTML, like Gecko) Chrome/114.0.0.0 Safari/537.36"
77.232.38.47 - - [20/Apr/2026:02:09:25 +0300] "POST /xmlrpc.php HTTP/1.1" 200 557623 "-" "Mozilla/5.0 (Windows NT 10.0; Win64; x64) AppleWebKit/537.36 (KHTML, like Gecko) Chrome/79.0.3945.130 Safari/537.36 OPR/66.0.3515.115"
45.250.252.183 - - [20/Apr/2026:02:09:35 +0300] "GET /desert-treasure-ii-slots-try-the-online-game-for-free-now/ HTTP/1.1" 200 78371 "-" "Mozilla/5.0 (Windows NT 10.0; Win64; x64; rv:124.0) Gecko/20100101 Firefox/124.0"
148.135.200.8 - - [20/Apr/2026:02:09:50 +0300] "POST /xmlrpc.php HTTP/1.1" 200 630 "-" "Mozilla/5.0 (Windows NT 10.0; Win64; x64) AppleWebKit/537.36 (KHTML, like Gecko) Chrome/114.0.0.0 Safari/537.36"
185.216.113.70 - - [20/Apr/2026:02:10:22 +0300] "POST /wp-cron.php?doing_wp_cron=1776640222.0697760581970214843750 HTTP/1.1" 200 448 "-" "WordPress/6.3.8; https://serhatburke.miroglu.net"
148.135.200.8 - - [20/Apr/2026:02:10:07 +0300] "POST /xmlrpc.php HTTP/1.1" 200 12481 "-" "Mozilla/5.0 (Windows NT 10.0; Win64; x64) AppleWebKit/537.36 (KHTML, like Gecko) Chrome/114.0.0.0 Safari/537.36"
148.135.200.8 - - [20/Apr/2026:02:10:22 +0300] "GET /gamomat-prezentarea-generala-si-tu-pacanele-in-romania/ HTTP/1.1" 200 73659 "-" "Mozilla/5.0 (Windows NT 10.0; Win64; x64) AppleWebKit/537.36 (KHTML, like Gecko) Chrome/124.0.0.0 Safari/537.36 Edg/124.0.0.0"
45.250.252.183 - - [20/Apr/2026:02:10:33 +0300] "POST /xmlrpc.php HTTP/1.1" 200 630 "-" "Mozilla/5.0 (Windows NT 10.0; Win64; x64) AppleWebKit/537.36 (KHTML, like Gecko) Chrome/114.0.0.0 Safari/537.36"
185.216.113.70 - - [20/Apr/2026:02:11:18 +0300] "POST /wp-cron.php?doing_wp_cron=1776640278.4669480323791503906250 HTTP/1.1" 200 448 "-" "WordPress/6.3.8; https://serhatburke.miroglu.net"
45.250.252.183 - - [20/Apr/2026:02:10:59 +0300] "POST /xmlrpc.php HTTP/1.1" 200 18374 "-" "Mozilla/5.0 (Windows NT 10.0; Win64; x64) AppleWebKit/537.36 (KHTML, like Gecko) Chrome/114.0.0.0 Safari/537.36"
45.250.252.183 - - [20/Apr/2026:02:11:20 +0300] "GET /casino-%E6%AF%94%E8%BE%83%E7%BB%8F%E5%85%B8%E7%9A%84monte-carlo-%E6%A8%A1%E6%8B%9F%E8%BD%AF%E4%BB%B6-%E6%A0%B8%E8%83%BD%E9%9D%A9%E6%96%B0-chinanet/ HTTP/1.1" 200 81191 "-" "Mozilla/5.0 (Windows NT 10.0; rv:125.0) Gecko/20100101 Firefox/125.0"
185.216.113.70 - - [20/Apr/2026:02:12:18 +0300] "POST /wp-cron.php?doing_wp_cron=1776640337.9391860961914062500000 HTTP/1.1" 200 448 "-" "WordPress/6.3.8; https://serhatburke.miroglu.net"
148.135.200.8 - - [20/Apr/2026:02:12:02 +0300] "POST /xmlrpc.php HTTP/1.1" 200 630 "-" "Mozilla/5.0 (Windows NT 10.0; Win64; x64) AppleWebKit/537.36 (KHTML, like Gecko) Chrome/114.0.0.0 Safari/537.36"
200.25.47.132 - - [20/Apr/2026:02:12:06 +0300] "POST /xmlrpc.php HTTP/1.1" 200 630 "-" "Mozilla/5.0 (Windows NT 10.0; Win64; x64) AppleWebKit/537.36 (KHTML, like Gecko) Chrome/114.0.0.0 Safari/537.36"
148.135.200.8 - - [20/Apr/2026:02:12:24 +0300] "POST /xmlrpc.php HTTP/1.1" 200 12973 "-" "Mozilla/5.0 (Windows NT 10.0; Win64; x64) AppleWebKit/537.36 (KHTML, like Gecko) Chrome/114.0.0.0 Safari/537.36"
200.25.47.132 - - [20/Apr/2026:02:12:30 +0300] "POST /xmlrpc.php HTTP/1.1" 200 11935 "-" "Mozilla/5.0 (Windows NT 10.0; Win64; x64) AppleWebKit/537.36 (KHTML, like Gecko) Chrome/114.0.0.0 Safari/537.36"
45.250.252.183 - - [20/Apr/2026:02:12:28 +0300] "POST /xmlrpc.php HTTP/1.1" 200 630 "-" "Mozilla/5.0 (Windows NT 10.0; Win64; x64) AppleWebKit/537.36 (KHTML, like Gecko) Chrome/114.0.0.0 Safari/537.36"
185.216.113.70 - - [20/Apr/2026:02:13:03 +0300] "POST /wp-cron.php?doing_wp_cron=1776640383.3554499149322509765625 HTTP/1.1" 200 448 "-" "WordPress/6.3.8; https://serhatburke.miroglu.net"
148.135.200.8 - - [20/Apr/2026:02:12:44 +0300] "GET /jocuri-sa-norocire-online-joaca-jocuri-de-cazino-online-la-ice-casino/ HTTP/1.1" 200 74404 "-" "Mozilla/5.0 (Windows NT 10.0; Win64; x64) AppleWebKit/537.36 (KHTML, like Gecko) Chrome/122.0.0.0 Safari/537.36"
200.25.47.132 - - [20/Apr/2026:02:12:54 +0300] "GET /better-casinos-on-the-internet-australia-2026-real-cash-gambling-enterprise-sites/ HTTP/1.1" 200 73783 "-" "Mozilla/5.0 (Windows NT 10.0; Win64; x64) AppleWebKit/537.36 (KHTML, like Gecko) Chrome/123.0.0.0 Safari/537.36"
185.216.113.70 - - [20/Apr/2026:02:13:22 +0300] "POST /wp-cron.php?doing_wp_cron=1776640402.6349439620971679687500 HTTP/1.1" 200 448 "-" "WordPress/6.3.8; https://serhatburke.miroglu.net"
45.250.252.183 - - [20/Apr/2026:02:13:02 +0300] "POST /xmlrpc.php HTTP/1.1" 200 16831 "-" "Mozilla/5.0 (Windows NT 10.0; Win64; x64) AppleWebKit/537.36 (KHTML, like Gecko) Chrome/114.0.0.0 Safari/537.36"
85.208.96.210 - - [20/Apr/2026:02:13:21 +0300] "GET /robots.txt HTTP/1.1" 200 605 "-" "Mozilla/5.0 (compatible; SemrushBot/7~bl; +http://www.semrush.com/bot.html)"
45.250.252.183 - - [20/Apr/2026:02:13:24 +0300] "GET /a-cual-antiguedad-se-entra-en-el-casino/ HTTP/1.1" 200 77503 "-" "Mozilla/5.0 (Windows NT 10.0; rv:109.0) Gecko/20100101 Firefox/115.0"
85.208.96.210 - - [20/Apr/2026:02:13:37 +0300] "GET /robots.txt HTTP/1.1" 200 605 "-" "Mozilla/5.0 (compatible; SemrushBot/7~bl; +http://www.semrush.com/bot.html)"
185.191.171.18 - - [20/Apr/2026:02:13:49 +0300] "GET /gallery/drone/ HTTP/1.1" 200 17893 "-" "Mozilla/5.0 (compatible; SemrushBot/7~bl; +http://www.semrush.com/bot.html)"
102.221.34.102 - - [20/Apr/2026:02:14:10 +0300] "POST /xmlrpc.php HTTP/1.1" 200 630 "-" "Mozilla/5.0 (Windows NT 10.0; Win64; x64) AppleWebKit/537.36 (KHTML, like Gecko) Chrome/114.0.0.0 Safari/537.36"
185.216.113.70 - - [20/Apr/2026:02:14:23 +0300] "POST /wp-cron.php?doing_wp_cron=1776640462.9857649803161621093750 HTTP/1.1" 200 448 "-" "WordPress/6.3.8; https://serhatburke.miroglu.net"
45.250.252.183 - - [20/Apr/2026:02:14:07 +0300] "POST /xmlrpc.php HTTP/1.1" 200 630 "-" "Mozilla/5.0 (Windows NT 10.0; Win64; x64) AppleWebKit/537.36 (KHTML, like Gecko) Chrome/114.0.0.0 Safari/537.36"
102.221.34.102 - - [20/Apr/2026:02:14:28 +0300] "POST /xmlrpc.php HTTP/1.1" 200 12133 "-" "Mozilla/5.0 (Windows NT 10.0; Win64; x64) AppleWebKit/537.36 (KHTML, like Gecko) Chrome/114.0.0.0 Safari/537.36"
45.250.252.183 - - [20/Apr/2026:02:14:29 +0300] "POST /xmlrpc.php HTTP/1.1" 200 17085 "-" "Mozilla/5.0 (Windows NT 10.0; Win64; x64) AppleWebKit/537.36 (KHTML, like Gecko) Chrome/114.0.0.0 Safari/537.36"
102.221.34.102 - - [20/Apr/2026:02:14:44 +0300] "GET /penny-slots-on-the-web-10-best-video-game-and-where-you-can-enjoy-her-or-him/ HTTP/1.1" 200 73322 "-" "Mozilla/5.0 (Windows NT 10.0; Win64; x64) AppleWebKit/537.36 (KHTML, like Gecko) Chrome/124.0.0.0 Safari/537.36 Edg/124.0.0.0"
148.135.200.8 - - [20/Apr/2026:02:14:46 +0300] "POST /xmlrpc.php HTTP/1.1" 200 630 "-" "Mozilla/5.0 (Windows NT 10.0; Win64; x64) AppleWebKit/537.36 (KHTML, like Gecko) Chrome/114.0.0.0 Safari/537.36"
45.250.252.183 - - [20/Apr/2026:02:14:49 +0300] "GET /68-mejores-casinos-online-desplazandolo-hacia-el-pelo-fiables-en-chile-sobre-2026/ HTTP/1.1" 200 78692 "-" "Mozilla/5.0 (Windows NT 10.0; Win64; x64) AppleWebKit/537.36 (KHTML, like Gecko) Chrome/109.0.0.0 Safari/537.36"
185.216.113.70 - - [20/Apr/2026:02:15:19 +0300] "POST /wp-cron.php?doing_wp_cron=1776640519.6883449554443359375000 HTTP/1.1" 200 448 "-" "WordPress/6.3.8; https://serhatburke.miroglu.net"
148.135.200.8 - - [20/Apr/2026:02:15:07 +0300] "POST /xmlrpc.php HTTP/1.1" 200 12859 "-" "Mozilla/5.0 (Windows NT 10.0; Win64; x64) AppleWebKit/537.36 (KHTML, like Gecko) Chrome/114.0.0.0 Safari/537.36"
148.135.200.8 - - [20/Apr/2026:02:15:19 +0300] "GET /cele-irish-eyes-prep-bani-reali-maciuca-bune-pacanele-online-pe-bani-intre-romania-marilyn-monroe-1-depozit-2025/ HTTP/1.1" 200 75501 "-" "Mozilla/5.0 (Windows NT 10.0; Win64; x64) AppleWebKit/537.36 (KHTML, like Gecko) Chrome/109.0.0.0 Safari/537.36"
77.232.38.47 - - [20/Apr/2026:02:15:28 +0300] "POST /xmlrpc.php HTTP/1.1" 200 100976 "-" "Mozilla/5.0 (Macintosh; Intel Mac OS X 10_15_1) AppleWebKit/537.36 (KHTML, like Gecko) Chrome/80.0.3987.132 Safari/537.36"
185.216.113.70 - - [20/Apr/2026:02:16:07 +0300] "POST /wp-cron.php?doing_wp_cron=1776640567.4792459011077880859375 HTTP/1.1" 200 448 "-" "WordPress/6.3.8; https://serhatburke.miroglu.net"
77.232.38.47 - - [20/Apr/2026:02:15:47 +0300] "POST /xmlrpc.php HTTP/1.1" 200 725 "-" "Mozilla/5.0 (Macintosh; Intel Mac OS X 10_15_1) AppleWebKit/537.36 (KHTML, like Gecko) Chrome/80.0.3987.132 Safari/537.36"
200.25.47.132 - - [20/Apr/2026:02:15:52 +0300] "POST /xmlrpc.php HTTP/1.1" 200 630 "-" "Mozilla/5.0 (Windows NT 10.0; Win64; x64) AppleWebKit/537.36 (KHTML, like Gecko) Chrome/114.0.0.0 Safari/537.36"
45.250.252.183 - - [20/Apr/2026:02:15:52 +0300] "POST /xmlrpc.php HTTP/1.1" 200 630 "-" "Mozilla/5.0 (Windows NT 10.0; Win64; x64) AppleWebKit/537.36 (KHTML, like Gecko) Chrome/114.0.0.0 Safari/537.36"
77.232.38.47 - - [20/Apr/2026:02:16:11 +0300] "POST /xmlrpc.php HTTP/1.1" 200 489 "-" "Mozilla/5.0 (Macintosh; Intel Mac OS X 10_15_1) AppleWebKit/537.36 (KHTML, like Gecko) Chrome/80.0.3987.132 Safari/537.36"
200.25.47.132 - - [20/Apr/2026:02:16:22 +0300] "POST /xmlrpc.php HTTP/1.1" 200 10953 "-" "Mozilla/5.0 (Windows NT 10.0; Win64; x64) AppleWebKit/537.36 (KHTML, like Gecko) Chrome/114.0.0.0 Safari/537.36"
185.216.113.70 - - [20/Apr/2026:02:16:43 +0300] "POST /wp-cron.php?doing_wp_cron=1776640603.5865700244903564453125 HTTP/1.1" 200 448 "-" "WordPress/6.3.8; https://serhatburke.miroglu.net"
77.232.38.47 - - [20/Apr/2026:02:16:26 +0300] "POST /xmlrpc.php HTTP/1.1" 200 743712 "-" "Mozilla/5.0 (Macintosh; Intel Mac OS X 10_15_1) AppleWebKit/537.36 (KHTML, like Gecko) Chrome/80.0.3987.132 Safari/537.36"
45.250.252.183 - - [20/Apr/2026:02:16:26 +0300] "POST /xmlrpc.php HTTP/1.1" 200 16811 "-" "Mozilla/5.0 (Windows NT 10.0; Win64; x64) AppleWebKit/537.36 (KHTML, like Gecko) Chrome/114.0.0.0 Safari/537.36"
200.25.47.132 - - [20/Apr/2026:02:16:41 +0300] "GET /baseball-celebrity-slot-play-totally-free-trial-game-review-2026/ HTTP/1.1" 200 72169 "-" "Mozilla/5.0 (Windows NT 10.0; Win64; x64) AppleWebKit/537.36 (KHTML, like Gecko) Chrome/109.0.0.0 Safari/537.36"
45.250.252.183 - - [20/Apr/2026:02:16:49 +0300] "GET /tragamonedas-de-vegas-juguetear-sin-cargo/ HTTP/1.1" 200 77332 "-" "Mozilla/5.0 (Windows NT 10.0; Win64; x64) AppleWebKit/537.36 (KHTML, like Gecko) Chrome/122.0.0.0 Safari/537.36"
148.135.200.8 - - [20/Apr/2026:02:17:04 +0300] "POST /xmlrpc.php HTTP/1.1" 200 630 "-" "Mozilla/5.0 (Windows NT 10.0; Win64; x64) AppleWebKit/537.36 (KHTML, like Gecko) Chrome/114.0.0.0 Safari/537.36"
185.216.113.70 - - [20/Apr/2026:02:17:34 +0300] "POST /wp-cron.php?doing_wp_cron=1776640654.1454548835754394531250 HTTP/1.1" 200 448 "-" "WordPress/6.3.8; https://serhatburke.miroglu.net"
148.135.200.8 - - [20/Apr/2026:02:17:21 +0300] "POST /xmlrpc.php HTTP/1.1" 200 12522 "-" "Mozilla/5.0 (Windows NT 10.0; Win64; x64) AppleWebKit/537.36 (KHTML, like Gecko) Chrome/114.0.0.0 Safari/537.36"
148.135.200.8 - - [20/Apr/2026:02:17:34 +0300] "GET /jocuri-care-te-platesc-spre-bani-reali-2026-deasupra-cazinouri-online/ HTTP/1.1" 200 74218 "-" "Mozilla/5.0 (Windows NT 10.0; Win64; x64) AppleWebKit/537.36 (KHTML, like Gecko) Chrome/123.0.0.0 Safari/537.36"
45.250.252.183 - - [20/Apr/2026:02:17:46 +0300] "POST /xmlrpc.php HTTP/1.1" 200 630 "-" "Mozilla/5.0 (Windows NT 10.0; Win64; x64) AppleWebKit/537.36 (KHTML, like Gecko) Chrome/114.0.0.0 Safari/537.36"
185.216.113.70 - - [20/Apr/2026:02:18:25 +0300] "POST /wp-cron.php?doing_wp_cron=1776640705.1534390449523925781250 HTTP/1.1" 200 448 "-" "WordPress/6.3.8; https://serhatburke.miroglu.net"
45.250.252.183 - - [20/Apr/2026:02:18:08 +0300] "POST /xmlrpc.php HTTP/1.1" 200 17277 "-" "Mozilla/5.0 (Windows NT 10.0; Win64; x64) AppleWebKit/537.36 (KHTML, like Gecko) Chrome/114.0.0.0 Safari/537.36"
45.250.252.183 - - [20/Apr/2026:02:18:27 +0300] "GET /playson-slots-superiores-marathonbet-webblog-es/ HTTP/1.1" 200 77900 "-" "Mozilla/5.0 (Windows NT 10.0; rv:125.0) Gecko/20100101 Firefox/125.0"
148.135.200.8 - - [20/Apr/2026:02:18:43 +0300] "POST /xmlrpc.php HTTP/1.1" 200 630 "-" "Mozilla/5.0 (Windows NT 10.0; Win64; x64) AppleWebKit/537.36 (KHTML, like Gecko) Chrome/114.0.0.0 Safari/537.36"
185.216.113.70 - - [20/Apr/2026:02:19:22 +0300] "POST /wp-cron.php?doing_wp_cron=1776640762.0199980735778808593750 HTTP/1.1" 200 448 "-" "WordPress/6.3.8; https://serhatburke.miroglu.net"
77.232.38.47 - - [20/Apr/2026:02:19:02 +0300] "POST /xmlrpc.php HTTP/1.1" 200 100976 "-" "Mozilla/5.0 (Windows NT 10.0; Win64; x64) AppleWebKit/537.36 (KHTML, like Gecko) Chrome/64.0.3282.140 Safari/537.36 Edge/18.17763"
148.135.200.8 - - [20/Apr/2026:02:19:03 +0300] "POST /xmlrpc.php HTTP/1.1" 200 13221 "-" "Mozilla/5.0 (Windows NT 10.0; Win64; x64) AppleWebKit/537.36 (KHTML, like Gecko) Chrome/114.0.0.0 Safari/537.36"
200.25.47.132 - - [20/Apr/2026:02:19:08 +0300] "POST /xmlrpc.php HTTP/1.1" 200 630 "-" "Mozilla/5.0 (Windows NT 10.0; Win64; x64) AppleWebKit/537.36 (KHTML, like Gecko) Chrome/114.0.0.0 Safari/537.36"
77.232.38.47 - - [20/Apr/2026:02:19:22 +0300] "POST /xmlrpc.php HTTP/1.1" 200 725 "-" "Mozilla/5.0 (Windows NT 10.0; Win64; x64) AppleWebKit/537.36 (KHTML, like Gecko) Chrome/64.0.3282.140 Safari/537.36 Edge/18.17763"
148.135.200.8 - - [20/Apr/2026:02:19:25 +0300] "GET /jocuri-cazino-online-netbet-cazino/ HTTP/1.1" 200 73867 "-" "Mozilla/5.0 (Windows NT 10.0; Win64; x64; rv:125.0) Gecko/20100101 Firefox/125.0"
45.250.252.183 - - [20/Apr/2026:02:19:32 +0300] "POST /xmlrpc.php HTTP/1.1" 200 630 "-" "Mozilla/5.0 (Windows NT 10.0; Win64; x64) AppleWebKit/537.36 (KHTML, like Gecko) Chrome/114.0.0.0 Safari/537.36"
200.25.47.132 - - [20/Apr/2026:02:19:41 +0300] "POST /xmlrpc.php HTTP/1.1" 200 12118 "-" "Mozilla/5.0 (Windows NT 10.0; Win64; x64) AppleWebKit/537.36 (KHTML, like Gecko) Chrome/114.0.0.0 Safari/537.36"
77.232.38.47 - - [20/Apr/2026:02:19:55 +0300] "POST /xmlrpc.php HTTP/1.1" 200 489 "-" "Mozilla/5.0 (Windows NT 10.0; Win64; x64) AppleWebKit/537.36 (KHTML, like Gecko) Chrome/64.0.3282.140 Safari/537.36 Edge/18.17763"
185.216.113.70 - - [20/Apr/2026:02:20:40 +0300] "POST /wp-cron.php?doing_wp_cron=1776640839.9718699455261230468750 HTTP/1.1" 200 448 "-" "WordPress/6.3.8; https://serhatburke.miroglu.net"
200.25.47.132 - - [20/Apr/2026:02:20:12 +0300] "GET /finest-on-the-internet-pokies-australian-continent-2026-gamble-a-real-income-pokies/ HTTP/1.1" 200 73814 "-" "Mozilla/5.0 (Windows NT 10.0; Win64; x64; rv:125.0) Gecko/20100101 Firefox/125.0"
77.232.38.47 - - [20/Apr/2026:02:20:18 +0300] "POST /xmlrpc.php HTTP/1.1" 200 455286 "-" "Mozilla/5.0 (Windows NT 10.0; Win64; x64) AppleWebKit/537.36 (KHTML, like Gecko) Chrome/64.0.3282.140 Safari/537.36 Edge/18.17763"
45.250.252.183 - - [20/Apr/2026:02:20:15 +0300] "POST /xmlrpc.php HTTP/1.1" 200 16925 "-" "Mozilla/5.0 (Windows NT 10.0; Win64; x64) AppleWebKit/537.36 (KHTML, like Gecko) Chrome/114.0.0.0 Safari/537.36"
148.135.200.8 - - [20/Apr/2026:02:20:22 +0300] "POST /xmlrpc.php HTTP/1.1" 200 630 "-" "Mozilla/5.0 (Windows NT 10.0; Win64; x64) AppleWebKit/537.36 (KHTML, like Gecko) Chrome/114.0.0.0 Safari/537.36"
45.250.252.183 - - [20/Apr/2026:02:20:51 +0300] "GET /twin-spin-deluxe-slot-demo-entretenimiento-tragamonedas-de-balde/ HTTP/1.1" 200 78085 "-" "Mozilla/5.0 (Windows NT 10.0; rv:109.0) Gecko/20100101 Firefox/115.0"
148.135.200.8 - - [20/Apr/2026:02:20:56 +0300] "POST /xmlrpc.php HTTP/1.1" 200 12482 "-" "Mozilla/5.0 (Windows NT 10.0; Win64; x64) AppleWebKit/537.36 (KHTML, like Gecko) Chrome/114.0.0.0 Safari/537.36"
148.135.200.8 - - [20/Apr/2026:02:21:14 +0300] "GET /bonusuri-fara-aerostat-dynasty-conj-bani-reali-depunere-de-pariuri-sportive-in-romania-gerar-2026/ HTTP/1.1" 200 74880 "-" "Mozilla/5.0 (Windows NT 10.0; rv:125.0) Gecko/20100101 Firefox/125.0"
45.250.252.183 - - [20/Apr/2026:02:21:17 +0300] "POST /xmlrpc.php HTTP/1.1" 200 630 "-" "Mozilla/5.0 (Windows NT 10.0; Win64; x64) AppleWebKit/537.36 (KHTML, like Gecko) Chrome/114.0.0.0 Safari/537.36"
185.216.113.70 - - [20/Apr/2026:02:22:01 +0300] "POST /wp-cron.php?doing_wp_cron=1776640921.6187291145324707031250 HTTP/1.1" 200 448 "-" "WordPress/6.3.8; https://serhatburke.miroglu.net"
45.250.252.183 - - [20/Apr/2026:02:21:43 +0300] "POST /xmlrpc.php HTTP/1.1" 200 16250 "-" "Mozilla/5.0 (Windows NT 10.0; Win64; x64) AppleWebKit/537.36 (KHTML, like Gecko) Chrome/114.0.0.0 Safari/537.36"
148.135.200.8 - - [20/Apr/2026:02:22:04 +0300] "POST /xmlrpc.php HTTP/1.1" 200 630 "-" "Mozilla/5.0 (Windows NT 10.0; Win64; x64) AppleWebKit/537.36 (KHTML, like Gecko) Chrome/114.0.0.0 Safari/537.36"
200.25.47.132 - - [20/Apr/2026:02:22:10 +0300] "POST /xmlrpc.php HTTP/1.1" 200 630 "-" "Mozilla/5.0 (Windows NT 10.0; Win64; x64) AppleWebKit/537.36 (KHTML, like Gecko) Chrome/114.0.0.0 Safari/537.36"
45.250.252.183 - - [20/Apr/2026:02:22:03 +0300] "GET /treinta-000-juegos-de-casino-regalado-online/ HTTP/1.1" 200 76640 "-" "Mozilla/5.0 (Windows NT 10.0; Win64; x64; rv:124.0) Gecko/20100101 Firefox/124.0"
102.221.34.102 - - [20/Apr/2026:02:22:15 +0300] "POST /xmlrpc.php HTTP/1.1" 200 630 "-" "Mozilla/5.0 (Windows NT 10.0; Win64; x64) AppleWebKit/537.36 (KHTML, like Gecko) Chrome/114.0.0.0 Safari/537.36"
65.111.29.70 - - [20/Apr/2026:02:22:29 +0300] "GET /quickwin-casino-opinie-i-bonusy-2026/ HTTP/1.1" 200 18092 "-" "Mozilla/5.0 (compatible; Googlebot/2.1; +http://www.google.com/bot.html)"
185.216.113.70 - - [20/Apr/2026:02:23:09 +0300] "POST /wp-cron.php?doing_wp_cron=1776640988.6482648849487304687500 HTTP/1.1" 200 448 "-" "WordPress/6.3.8; https://serhatburke.miroglu.net"
148.135.200.8 - - [20/Apr/2026:02:22:44 +0300] "POST /xmlrpc.php HTTP/1.1" 200 12309 "-" "Mozilla/5.0 (Windows NT 10.0; Win64; x64) AppleWebKit/537.36 (KHTML, like Gecko) Chrome/114.0.0.0 Safari/537.36"
200.25.47.132 - - [20/Apr/2026:02:22:48 +0300] "POST /xmlrpc.php HTTP/1.1" 200 11562 "-" "Mozilla/5.0 (Windows NT 10.0; Win64; x64) AppleWebKit/537.36 (KHTML, like Gecko) Chrome/114.0.0.0 Safari/537.36"
102.221.34.102 - - [20/Apr/2026:02:22:53 +0300] "POST /xmlrpc.php HTTP/1.1" 200 14671 "-" "Mozilla/5.0 (Windows NT 10.0; Win64; x64) AppleWebKit/537.36 (KHTML, like Gecko) Chrome/114.0.0.0 Safari/537.36"
45.250.252.183 - - [20/Apr/2026:02:22:58 +0300] "POST /xmlrpc.php HTTP/1.1" 200 630 "-" "Mozilla/5.0 (Windows NT 10.0; Win64; x64) AppleWebKit/537.36 (KHTML, like Gecko) Chrome/114.0.0.0 Safari/537.36"
148.135.200.8 - - [20/Apr/2026:02:23:09 +0300] "GET /netbet-online-romania-casino-sloturi-jocuri-sa-masa-bonusuri-si-mobile-play/ HTTP/1.1" 200 74066 "-" "Mozilla/5.0 (Windows NT 10.0; Win64; x64) AppleWebKit/537.36 (KHTML, like Gecko) Chrome/109.0.0.0 Safari/537.36"
185.216.113.70 - - [20/Apr/2026:02:24:10 +0300] "POST /wp-cron.php?doing_wp_cron=1776641050.8685190677642822265625 HTTP/1.1" 200 448 "-" "WordPress/6.3.8; https://serhatburke.miroglu.net"
148.135.200.8 - - [20/Apr/2026:02:23:27 +0300] "POST /xmlrpc.php HTTP/1.1" 200 630 "-" "Mozilla/5.0 (Windows NT 10.0; Win64; x64) AppleWebKit/537.36 (KHTML, like Gecko) Chrome/114.0.0.0 Safari/537.36"
185.216.113.70 - - [20/Apr/2026:02:24:13 +0300] "POST /wp-cron.php?doing_wp_cron=1776641052.9799759387969970703125 HTTP/1.1" 200 448 "-" "WordPress/6.3.8; https://serhatburke.miroglu.net"
200.25.47.132 - - [20/Apr/2026:02:23:31 +0300] "GET /5-deposit-bingo-22-sites-to-possess-2026-with-in-initial-deposit-of-5-pound/ HTTP/1.1" 200 72940 "-" "Mozilla/5.0 (Windows NT 10.0; Win64; x64) AppleWebKit/537.36 (KHTML, like Gecko) Chrome/109.0.0.0 Safari/537.36"
185.216.113.70 - - [20/Apr/2026:02:24:20 +0300] "POST /wp-cron.php?doing_wp_cron=1776641060.3707149028778076171875 HTTP/1.1" 200 448 "-" "WordPress/6.3.8; https://serhatburke.miroglu.net"
159.223.61.53 - - [20/Apr/2026:02:23:37 +0300] "GET /casino-online-skrill-prelievo-veloce/ HTTP/1.1" 200 18092 "https://serhatburke.miroglu.net/" "Mozilla/5.0 (Windows NT 10.0; Win64; x64) AppleWebKit/537.36 (KHTML, like Gecko) Chrome/137.0.0.0 Safari/537.36"
185.216.113.70 - - [20/Apr/2026:02:24:27 +0300] "POST /wp-cron.php?doing_wp_cron=1776641067.5782449245452880859375 HTTP/1.1" 200 448 "-" "WordPress/6.3.8; https://serhatburke.miroglu.net"
102.221.34.102 - - [20/Apr/2026:02:23:42 +0300] "GET /list-of-pharaohs-from-old-egypt/ HTTP/1.1" 200 74992 "-" "Mozilla/5.0 (Windows NT 10.0; Win64; x64; rv:124.0) Gecko/20100101 Firefox/124.0"
185.216.113.70 - - [20/Apr/2026:02:24:59 +0300] "POST /wp-cron.php?doing_wp_cron=1776641099.7119541168212890625000 HTTP/1.1" 200 448 "-" "WordPress/6.3.8; https://serhatburke.miroglu.net"
159.223.61.53 - - [20/Apr/2026:02:24:08 +0300] "GET /casino-online-skrill-prelievo-veloce/ HTTP/1.1" 200 18092 "https://serhatburke.miroglu.net/" "Mozilla/5.0 (Windows NT 10.0; Win64; x64) AppleWebKit/537.36 (KHTML, like Gecko) Chrome/137.0.0.0 Safari/537.36"
45.250.252.183 - - [20/Apr/2026:02:24:09 +0300] "POST /xmlrpc.php HTTP/1.1" 200 17057 "-" "Mozilla/5.0 (Windows NT 10.0; Win64; x64) AppleWebKit/537.36 (KHTML, like Gecko) Chrome/114.0.0.0 Safari/537.36"
148.135.200.8 - - [20/Apr/2026:02:24:18 +0300] "POST /xmlrpc.php HTTP/1.1" 200 12604 "-" "Mozilla/5.0 (Windows NT 10.0; Win64; x64) AppleWebKit/537.36 (KHTML, like Gecko) Chrome/114.0.0.0 Safari/537.36"
159.223.61.53 - - [20/Apr/2026:02:24:39 +0300] "GET /casino-online-skrill-prelievo-veloce/ HTTP/1.1" 200 18092 "https://serhatburke.miroglu.net/" "Mozilla/5.0 (Windows NT 10.0; Win64; x64) AppleWebKit/537.36 (KHTML, like Gecko) Chrome/137.0.0.0 Safari/537.36"
45.250.252.183 - - [20/Apr/2026:02:24:39 +0300] "POST /xmlrpc.php HTTP/1.1" 200 630 "-" "Mozilla/5.0 (Windows NT 10.0; Win64; x64) AppleWebKit/537.36 (KHTML, like Gecko) Chrome/114.0.0.0 Safari/537.36"
148.135.200.8 - - [20/Apr/2026:02:24:48 +0300] "POST /xmlrpc.php HTTP/1.1" 200 630 "-" "Mozilla/5.0 (Windows NT 10.0; Win64; x64) AppleWebKit/537.36 (KHTML, like Gecko) Chrome/114.0.0.0 Safari/537.36"
200.25.47.132 - - [20/Apr/2026:02:25:04 +0300] "POST /xmlrpc.php HTTP/1.1" 200 630 "-" "Mozilla/5.0 (Windows NT 10.0; Win64; x64) AppleWebKit/537.36 (KHTML, like Gecko) Chrome/114.0.0.0 Safari/537.36"
148.135.200.8 - - [20/Apr/2026:02:25:14 +0300] "GET /casino-bonus-dar-plata-bonus-gratiuit-de-jucatorii-romani/ HTTP/1.1" 200 73902 "-" "Mozilla/5.0 (Windows NT 10.0; Win64; x64) AppleWebKit/537.36 (KHTML, like Gecko) Chrome/124.0.0.0 Safari/537.36 Edg/124.0.0.0"
45.250.252.183 - - [20/Apr/2026:02:25:08 +0300] "GET /twin-spin-maquina-tragamonedas-de-balde-acerca-de-linea-tratar-para-divertirte-netent/ HTTP/1.1" 200 78709 "-" "Mozilla/5.0 (Windows NT 10.0; Win64; x64) AppleWebKit/537.36 (KHTML, like Gecko) Chrome/124.0.0.0 Safari/537.36 Edg/124.0.0.0"
148.135.200.8 - - [20/Apr/2026:02:25:47 +0300] "POST /xmlrpc.php HTTP/1.1" 200 12719 "-" "Mozilla/5.0 (Windows NT 10.0; Win64; x64) AppleWebKit/537.36 (KHTML, like Gecko) Chrome/114.0.0.0 Safari/537.36"
45.250.252.183 - - [20/Apr/2026:02:25:47 +0300] "POST /xmlrpc.php HTTP/1.1" 200 17199 "-" "Mozilla/5.0 (Windows NT 10.0; Win64; x64) AppleWebKit/537.36 (KHTML, like Gecko) Chrome/114.0.0.0 Safari/537.36"
200.25.47.132 - - [20/Apr/2026:02:25:53 +0300] "POST /xmlrpc.php HTTP/1.1" 200 11394 "-" "Mozilla/5.0 (Windows NT 10.0; Win64; x64) AppleWebKit/537.36 (KHTML, like Gecko) Chrome/114.0.0.0 Safari/537.36"
102.221.34.102 - - [20/Apr/2026:02:25:58 +0300] "POST /xmlrpc.php HTTP/1.1" 200 630 "-" "Mozilla/5.0 (Windows NT 10.0; Win64; x64) AppleWebKit/537.36 (KHTML, like Gecko) Chrome/114.0.0.0 Safari/537.36"
148.135.200.8 - - [20/Apr/2026:02:26:04 +0300] "GET /pacanele-degeaba-jocuri-cam-aparate-77777-demo/ HTTP/1.1" 200 73640 "-" "Mozilla/5.0 (Windows NT 10.0; Win64; x64) AppleWebKit/537.36 (KHTML, like Gecko) Chrome/122.0.0.0 Safari/537.36"
45.250.252.183 - - [20/Apr/2026:02:26:10 +0300] "GET /tragaperas-fairy-land-slot-espana-2026/ HTTP/1.1" 200 78001 "-" "Mozilla/5.0 (Windows NT 10.0; Win64; x64; rv:125.0) Gecko/20100101 Firefox/125.0"
185.216.113.70 - - [20/Apr/2026:02:26:44 +0300] "POST /wp-cron.php?doing_wp_cron=1776641204.3441460132598876953125 HTTP/1.1" 200 448 "-" "WordPress/6.3.8; https://serhatburke.miroglu.net"
102.221.34.102 - - [20/Apr/2026:02:26:28 +0300] "POST /xmlrpc.php HTTP/1.1" 200 15317 "-" "Mozilla/5.0 (Windows NT 10.0; Win64; x64) AppleWebKit/537.36 (KHTML, like Gecko) Chrome/114.0.0.0 Safari/537.36"
45.250.252.183 - - [20/Apr/2026:02:26:13 +0300] "POST /xmlrpc.php HTTP/1.1" 200 630 "-" "Mozilla/5.0 (Windows NT 10.0; Win64; x64) AppleWebKit/537.36 (KHTML, like Gecko) Chrome/114.0.0.0 Safari/537.36"
200.25.47.132 - - [20/Apr/2026:02:26:17 +0300] "GET /betfred-promo-password-uk-choice-10-score-fifty-inside-100-percent-free-bets-2026/ HTTP/1.1" 200 66076 "-" "Mozilla/5.0 (Windows NT 10.0; Win64; x64; rv:124.0) Gecko/20100101 Firefox/124.0"
102.221.34.102 - - [20/Apr/2026:02:26:46 +0300] "GET /suns-gm-brian-gregory-confident-in-guidance/ HTTP/1.1" 200 75836 "-" "Mozilla/5.0 (Windows NT 10.0; rv:125.0) Gecko/20100101 Firefox/125.0"
45.250.252.183 - - [20/Apr/2026:02:26:51 +0300] "POST /xmlrpc.php HTTP/1.1" 200 17361 "-" "Mozilla/5.0 (Windows NT 10.0; Win64; x64) AppleWebKit/537.36 (KHTML, like Gecko) Chrome/114.0.0.0 Safari/537.36"
