45.250.252.183 - - [20/Apr/2026:02:27:19 +0300] "GET /fruit-shop-megaways-slot-play-96-06percent-rtp-5200-xbet-max-win/ HTTP/1.1" 200 78648 "-" "Mozilla/5.0 (Windows NT 10.0; Win64; x64; rv:125.0) Gecko/20100101 Firefox/125.0"
185.191.171.13 - - [20/Apr/2026:02:27:27 +0300] "GET /individuals-might-access-many-playing-categories-tora-after-by-just-visiting-his-her-%EF%BF%BDgame-hall-section/ HTTP/1.1" 200 20281 "-" "Mozilla/5.0 (compatible; SemrushBot/7~bl; +http://www.semrush.com/bot.html)"
185.216.113.70 - - [20/Apr/2026:02:27:58 +0300] "POST /wp-cron.php?doing_wp_cron=1776641277.9869151115417480468750 HTTP/1.1" 200 448 "-" "WordPress/6.3.8; https://serhatburke.miroglu.net"
45.250.252.183 - - [20/Apr/2026:02:27:42 +0300] "POST /xmlrpc.php HTTP/1.1" 200 630 "-" "Mozilla/5.0 (Windows NT 10.0; Win64; x64) AppleWebKit/537.36 (KHTML, like Gecko) Chrome/114.0.0.0 Safari/537.36"
200.25.47.132 - - [20/Apr/2026:02:27:49 +0300] "POST /xmlrpc.php HTTP/1.1" 200 630 "-" "Mozilla/5.0 (Windows NT 10.0; Win64; x64) AppleWebKit/537.36 (KHTML, like Gecko) Chrome/114.0.0.0 Safari/537.36"
200.25.47.132 - - [20/Apr/2026:02:28:07 +0300] "POST /xmlrpc.php HTTP/1.1" 200 10764 "-" "Mozilla/5.0 (Windows NT 10.0; Win64; x64) AppleWebKit/537.36 (KHTML, like Gecko) Chrome/114.0.0.0 Safari/537.36"
45.250.252.183 - - [20/Apr/2026:02:28:04 +0300] "POST /xmlrpc.php HTTP/1.1" 200 17174 "-" "Mozilla/5.0 (Windows NT 10.0; Win64; x64) AppleWebKit/537.36 (KHTML, like Gecko) Chrome/114.0.0.0 Safari/537.36"
200.25.47.132 - - [20/Apr/2026:02:28:22 +0300] "GET /top-10-casinos-on-the-internet-the-real-deal-currency-play-within-the-march-2026/ HTTP/1.1" 200 72377 "-" "Mozilla/5.0 (Windows NT 10.0; Win64; x64) AppleWebKit/537.36 (KHTML, like Gecko) Chrome/109.0.0.0 Safari/537.36"
185.216.113.70 - - [20/Apr/2026:02:28:40 +0300] "POST /wp-cron.php?doing_wp_cron=1776641320.5867910385131835937500 HTTP/1.1" 200 448 "-" "WordPress/6.3.8; https://serhatburke.miroglu.net"
45.250.252.183 - - [20/Apr/2026:02:28:23 +0300] "GET /giros-de-balde-para-sometimiento-carente-tanque-2026-latam/ HTTP/1.1" 200 77982 "-" "Mozilla/5.0 (Windows NT 10.0; rv:125.0) Gecko/20100101 Firefox/125.0"
185.216.113.70 - - [20/Apr/2026:02:29:44 +0300] "POST /wp-cron.php?doing_wp_cron=1776641384.3100159168243408203125 HTTP/1.1" 200 448 "-" "WordPress/6.3.8; https://serhatburke.miroglu.net"
45.250.252.183 - - [20/Apr/2026:02:29:20 +0300] "POST /xmlrpc.php HTTP/1.1" 200 630 "-" "Mozilla/5.0 (Windows NT 10.0; Win64; x64) AppleWebKit/537.36 (KHTML, like Gecko) Chrome/114.0.0.0 Safari/537.36"
102.221.34.102 - - [20/Apr/2026:02:29:41 +0300] "POST /xmlrpc.php HTTP/1.1" 200 630 "-" "Mozilla/5.0 (Windows NT 10.0; Win64; x64) AppleWebKit/537.36 (KHTML, like Gecko) Chrome/114.0.0.0 Safari/537.36"
45.250.252.183 - - [20/Apr/2026:02:29:51 +0300] "POST /xmlrpc.php HTTP/1.1" 200 16390 "-" "Mozilla/5.0 (Windows NT 10.0; Win64; x64) AppleWebKit/537.36 (KHTML, like Gecko) Chrome/114.0.0.0 Safari/537.36"
102.221.34.102 - - [20/Apr/2026:02:30:05 +0300] "POST /xmlrpc.php HTTP/1.1" 200 13951 "-" "Mozilla/5.0 (Windows NT 10.0; Win64; x64) AppleWebKit/537.36 (KHTML, like Gecko) Chrome/114.0.0.0 Safari/537.36"
45.250.252.183 - - [20/Apr/2026:02:30:14 +0300] "GET /official-website-in-canada-login-and-claim-a1500-bonus/ HTTP/1.1" 200 77157 "-" "Mozilla/5.0 (Windows NT 10.0; Win64; x64) AppleWebKit/537.36 (KHTML, like Gecko) Chrome/123.0.0.0 Safari/537.36"
102.221.34.102 - - [20/Apr/2026:02:30:21 +0300] "GET /avalon-position-game-review-free-gamble-demonstration-added-bonus/ HTTP/1.1" 200 75247 "-" "Mozilla/5.0 (Windows NT 10.0; Win64; x64) AppleWebKit/537.36 (KHTML, like Gecko) Chrome/124.0.0.0 Safari/537.36"
185.216.113.70 - - [20/Apr/2026:02:30:43 +0300] "POST /wp-cron.php?doing_wp_cron=1776641443.3161671161651611328125 HTTP/1.1" 200 448 "-" "WordPress/6.3.8; https://serhatburke.miroglu.net"
200.25.47.132 - - [20/Apr/2026:02:30:29 +0300] "POST /xmlrpc.php HTTP/1.1" 200 630 "-" "Mozilla/5.0 (Windows NT 10.0; Win64; x64) AppleWebKit/537.36 (KHTML, like Gecko) Chrome/114.0.0.0 Safari/537.36"
200.25.47.132 - - [20/Apr/2026:02:30:49 +0300] "POST /xmlrpc.php HTTP/1.1" 200 11941 "-" "Mozilla/5.0 (Windows NT 10.0; Win64; x64) AppleWebKit/537.36 (KHTML, like Gecko) Chrome/114.0.0.0 Safari/537.36"
45.250.252.183 - - [20/Apr/2026:02:30:51 +0300] "POST /xmlrpc.php HTTP/1.1" 200 630 "-" "Mozilla/5.0 (Windows NT 10.0; Win64; x64) AppleWebKit/537.36 (KHTML, like Gecko) Chrome/114.0.0.0 Safari/537.36"
207.46.13.141 - - [20/Apr/2026:02:31:07 +0300] "GET /category-sitemap.xml HTTP/2" 200 2437 "-" "Mozilla/5.0 AppleWebKit/537.36 (KHTML, like Gecko; compatible; bingbot/2.0; +http://www.bing.com/bingbot.htm) Chrome/116.0.1938.76 Safari/537.36"
200.25.47.132 - - [20/Apr/2026:02:31:04 +0300] "GET /free-harbors-and-you-may-demonstration-on-line-pokies/ HTTP/1.1" 200 72714 "-" "Mozilla/5.0 (Windows NT 10.0; Win64; x64; rv:124.0) Gecko/20100101 Firefox/124.0"
45.250.252.183 - - [20/Apr/2026:02:31:15 +0300] "POST /xmlrpc.php HTTP/1.1" 200 20351 "-" "Mozilla/5.0 (Windows NT 10.0; Win64; x64) AppleWebKit/537.36 (KHTML, like Gecko) Chrome/114.0.0.0 Safari/537.36"
66.249.73.1 - - [20/Apr/2026:02:31:24 +0300] "GET /robots.txt HTTP/1.1" 200 719 "-" "Mozilla/5.0 (compatible; Googlebot/2.1; +http://www.google.com/bot.html)"
185.216.113.70 - - [20/Apr/2026:02:31:48 +0300] "POST /wp-cron.php?doing_wp_cron=1776641508.3378930091857910156250 HTTP/1.1" 200 448 "-" "WordPress/6.3.8; https://serhatburke.miroglu.net"
45.250.252.183 - - [20/Apr/2026:02:31:33 +0300] "GET /lucky-halloween-slot-machine-play-online-for-free-instantly/ HTTP/1.1" 200 81365 "-" "Mozilla/5.0 (Windows NT 10.0; Win64; x64) AppleWebKit/537.36 (KHTML, like Gecko) Chrome/124.0.0.0 Safari/537.36 Edg/124.0.0.0"
185.216.113.70 - - [20/Apr/2026:02:32:44 +0300] "POST /wp-cron.php?doing_wp_cron=1776641564.0772080421447753906250 HTTP/1.1" 200 448 "-" "WordPress/6.3.8; https://serhatburke.miroglu.net"
45.250.252.183 - - [20/Apr/2026:02:32:26 +0300] "POST /xmlrpc.php HTTP/1.1" 200 630 "-" "Mozilla/5.0 (Windows NT 10.0; Win64; x64) AppleWebKit/537.36 (KHTML, like Gecko) Chrome/114.0.0.0 Safari/537.36"
200.25.47.132 - - [20/Apr/2026:02:32:34 +0300] "POST /xmlrpc.php HTTP/1.1" 200 630 "-" "Mozilla/5.0 (Windows NT 10.0; Win64; x64) AppleWebKit/537.36 (KHTML, like Gecko) Chrome/114.0.0.0 Safari/537.36"
102.221.34.102 - - [20/Apr/2026:02:32:34 +0300] "POST /xmlrpc.php HTTP/1.1" 200 630 "-" "Mozilla/5.0 (Windows NT 10.0; Win64; x64) AppleWebKit/537.36 (KHTML, like Gecko) Chrome/114.0.0.0 Safari/537.36"
45.250.252.183 - - [20/Apr/2026:02:32:51 +0300] "POST /xmlrpc.php HTTP/1.1" 200 20306 "-" "Mozilla/5.0 (Windows NT 10.0; Win64; x64) AppleWebKit/537.36 (KHTML, like Gecko) Chrome/114.0.0.0 Safari/537.36"
102.221.34.102 - - [20/Apr/2026:02:32:56 +0300] "POST /xmlrpc.php HTTP/1.1" 200 12563 "-" "Mozilla/5.0 (Windows NT 10.0; Win64; x64) AppleWebKit/537.36 (KHTML, like Gecko) Chrome/114.0.0.0 Safari/537.36"
200.25.47.132 - - [20/Apr/2026:02:32:57 +0300] "POST /xmlrpc.php HTTP/1.1" 200 11743 "-" "Mozilla/5.0 (Windows NT 10.0; Win64; x64) AppleWebKit/537.36 (KHTML, like Gecko) Chrome/114.0.0.0 Safari/537.36"
102.221.34.102 - - [20/Apr/2026:02:33:13 +0300] "GET /totally-free-harbors-100-percent-free-online-casino-games-on-line/ HTTP/1.1" 200 73721 "-" "Mozilla/5.0 (Windows NT 10.0; Win64; x64) AppleWebKit/537.36 (KHTML, like Gecko) Chrome/109.0.0.0 Safari/537.36"
200.25.47.132 - - [20/Apr/2026:02:33:14 +0300] "GET /better-local-casino-invited-bonuses-2026-claim-a-top-join-incentive/ HTTP/1.1" 200 73027 "-" "Mozilla/5.0 (Windows NT 10.0; Win64; x64) AppleWebKit/537.36 (KHTML, like Gecko) Chrome/124.0.0.0 Safari/537.36 Edg/124.0.0.0"
45.250.252.183 - - [20/Apr/2026:02:33:12 +0300] "GET /hugo-casino-review-treintapercent-cashback-offer/ HTTP/1.1" 200 80989 "-" "Mozilla/5.0 (Windows NT 10.0; rv:125.0) Gecko/20100101 Firefox/125.0"
185.216.113.70 - - [20/Apr/2026:02:34:17 +0300] "POST /wp-cron.php?doing_wp_cron=1776641656.8868770599365234375000 HTTP/1.1" 200 448 "-" "WordPress/6.3.8; https://serhatburke.miroglu.net"
45.250.252.183 - - [20/Apr/2026:02:33:59 +0300] "POST /xmlrpc.php HTTP/1.1" 200 630 "-" "Mozilla/5.0 (Windows NT 10.0; Win64; x64) AppleWebKit/537.36 (KHTML, like Gecko) Chrome/114.0.0.0 Safari/537.36"
200.25.47.132 - - [20/Apr/2026:02:34:09 +0300] "POST /xmlrpc.php HTTP/1.1" 200 630 "-" "Mozilla/5.0 (Windows NT 10.0; Win64; x64) AppleWebKit/537.36 (KHTML, like Gecko) Chrome/114.0.0.0 Safari/537.36"
45.250.252.183 - - [20/Apr/2026:02:34:23 +0300] "POST /xmlrpc.php HTTP/1.1" 200 17901 "-" "Mozilla/5.0 (Windows NT 10.0; Win64; x64) AppleWebKit/537.36 (KHTML, like Gecko) Chrome/114.0.0.0 Safari/537.36"
200.25.47.132 - - [20/Apr/2026:02:34:30 +0300] "POST /xmlrpc.php HTTP/1.1" 200 11748 "-" "Mozilla/5.0 (Windows NT 10.0; Win64; x64) AppleWebKit/537.36 (KHTML, like Gecko) Chrome/114.0.0.0 Safari/537.36"
185.216.113.70 - - [20/Apr/2026:02:35:05 +0300] "POST /wp-cron.php?doing_wp_cron=1776641704.9379549026489257812500 HTTP/1.1" 200 448 "-" "WordPress/6.3.8; https://serhatburke.miroglu.net"
200.25.47.132 - - [20/Apr/2026:02:34:44 +0300] "GET /just-how-pokies-work/ HTTP/1.1" 200 71681 "-" "Mozilla/5.0 (Windows NT 10.0; Win64; x64) AppleWebKit/537.36 (KHTML, like Gecko) Chrome/123.0.0.0 Safari/537.36"
45.250.252.183 - - [20/Apr/2026:02:34:43 +0300] "GET /tu-finalidad-magico-de-casino-online-en-argentina/ HTTP/1.1" 200 78760 "-" "Mozilla/5.0 (Windows NT 10.0; Win64; x64) AppleWebKit/537.36 (KHTML, like Gecko) Chrome/124.0.0.0 Safari/537.36 Edg/124.0.0.0"
102.221.34.102 - - [20/Apr/2026:02:34:50 +0300] "POST /xmlrpc.php HTTP/1.1" 200 630 "-" "Mozilla/5.0 (Windows NT 10.0; Win64; x64) AppleWebKit/537.36 (KHTML, like Gecko) Chrome/114.0.0.0 Safari/537.36"
102.221.34.102 - - [20/Apr/2026:02:35:16 +0300] "POST /xmlrpc.php HTTP/1.1" 200 14346 "-" "Mozilla/5.0 (Windows NT 10.0; Win64; x64) AppleWebKit/537.36 (KHTML, like Gecko) Chrome/114.0.0.0 Safari/537.36"
185.216.113.70 - - [20/Apr/2026:02:35:40 +0300] "POST /wp-cron.php?doing_wp_cron=1776641740.6433188915252685546875 HTTP/1.1" 200 448 "-" "WordPress/6.3.8; https://serhatburke.miroglu.net"
102.221.34.102 - - [20/Apr/2026:02:35:29 +0300] "GET /debit-card-online-casinos-2026-put-gamble-from-the-best-websites/ HTTP/1.1" 200 75344 "-" "Mozilla/5.0 (Windows NT 10.0; Win64; x64) AppleWebKit/537.36 (KHTML, like Gecko) Chrome/122.0.0.0 Safari/537.36"
45.250.252.183 - - [20/Apr/2026:02:35:32 +0300] "POST /xmlrpc.php HTTP/1.1" 200 630 "-" "Mozilla/5.0 (Windows NT 10.0; Win64; x64) AppleWebKit/537.36 (KHTML, like Gecko) Chrome/114.0.0.0 Safari/537.36"
200.25.47.132 - - [20/Apr/2026:02:35:40 +0300] "POST /xmlrpc.php HTTP/1.1" 200 630 "-" "Mozilla/5.0 (Windows NT 10.0; Win64; x64) AppleWebKit/537.36 (KHTML, like Gecko) Chrome/114.0.0.0 Safari/537.36"
185.216.113.70 - - [20/Apr/2026:02:36:13 +0300] "POST /wp-cron.php?doing_wp_cron=1776641773.4467968940734863281250 HTTP/1.1" 200 448 "-" "WordPress/6.3.8; https://serhatburke.miroglu.net"
45.250.252.183 - - [20/Apr/2026:02:35:56 +0300] "POST /xmlrpc.php HTTP/1.1" 200 17466 "-" "Mozilla/5.0 (Windows NT 10.0; Win64; x64) AppleWebKit/537.36 (KHTML, like Gecko) Chrome/114.0.0.0 Safari/537.36"
200.25.47.132 - - [20/Apr/2026:02:36:01 +0300] "POST /xmlrpc.php HTTP/1.1" 200 11395 "-" "Mozilla/5.0 (Windows NT 10.0; Win64; x64) AppleWebKit/537.36 (KHTML, like Gecko) Chrome/114.0.0.0 Safari/537.36"
200.25.47.132 - - [20/Apr/2026:02:36:17 +0300] "GET /real-money-online-slots/ HTTP/1.1" 200 71376 "-" "Mozilla/5.0 (Windows NT 10.0; Win64; x64; rv:125.0) Gecko/20100101 Firefox/125.0"
45.250.252.183 - - [20/Apr/2026:02:36:15 +0300] "GET /casino-en-internet-chile-juegos-con-recursos-real/ HTTP/1.1" 200 78212 "-" "Mozilla/5.0 (Windows NT 10.0; Win64; x64) AppleWebKit/537.36 (KHTML, like Gecko) Chrome/124.0.0.0 Safari/537.36 Edg/124.0.0.0"
148.135.200.8 - - [20/Apr/2026:02:36:37 +0300] "POST /xmlrpc.php HTTP/1.1" 200 630 "-" "Mozilla/5.0 (Windows NT 10.0; Win64; x64) AppleWebKit/537.36 (KHTML, like Gecko) Chrome/114.0.0.0 Safari/537.36"
185.216.113.70 - - [20/Apr/2026:02:37:15 +0300] "POST /wp-cron.php?doing_wp_cron=1776641835.2688848972320556640625 HTTP/1.1" 200 448 "-" "WordPress/6.3.8; https://serhatburke.miroglu.net"
102.221.34.102 - - [20/Apr/2026:02:36:55 +0300] "POST /xmlrpc.php HTTP/1.1" 200 630 "-" "Mozilla/5.0 (Windows NT 10.0; Win64; x64) AppleWebKit/537.36 (KHTML, like Gecko) Chrome/114.0.0.0 Safari/537.36"
185.216.113.70 - - [20/Apr/2026:02:37:18 +0300] "POST /wp-cron.php?doing_wp_cron=1776641838.3007879257202148437500 HTTP/1.1" 200 448 "-" "WordPress/6.3.8; https://serhatburke.miroglu.net"
148.135.200.8 - - [20/Apr/2026:02:36:56 +0300] "POST /xmlrpc.php HTTP/1.1" 200 9890 "-" "Mozilla/5.0 (Windows NT 10.0; Win64; x64) AppleWebKit/537.36 (KHTML, like Gecko) Chrome/114.0.0.0 Safari/537.36"
185.216.113.70 - - [20/Apr/2026:02:37:28 +0300] "POST /wp-cron.php?doing_wp_cron=1776641847.8658299446105957031250 HTTP/1.1" 200 448 "-" "WordPress/6.3.8; https://serhatburke.miroglu.net"
45.250.252.183 - - [20/Apr/2026:02:36:59 +0300] "POST /xmlrpc.php HTTP/1.1" 200 630 "-" "Mozilla/5.0 (Windows NT 10.0; Win64; x64) AppleWebKit/537.36 (KHTML, like Gecko) Chrome/114.0.0.0 Safari/537.36"
185.216.113.70 - - [20/Apr/2026:02:37:54 +0300] "POST /wp-cron.php?doing_wp_cron=1776641874.1814360618591308593750 HTTP/1.1" 200 448 "-" "WordPress/6.3.8; https://serhatburke.miroglu.net"
200.25.47.132 - - [20/Apr/2026:02:37:14 +0300] "POST /xmlrpc.php HTTP/1.1" 200 630 "-" "Mozilla/5.0 (Windows NT 10.0; Win64; x64) AppleWebKit/537.36 (KHTML, like Gecko) Chrome/114.0.0.0 Safari/537.36"
148.135.200.8 - - [20/Apr/2026:02:37:18 +0300] "GET /forsoka-gratis-online/ HTTP/1.1" 200 70280 "-" "Mozilla/5.0 (Windows NT 10.0; Win64; x64) AppleWebKit/537.36 (KHTML, like Gecko) Chrome/124.0.0.0 Safari/537.36"
102.221.34.102 - - [20/Apr/2026:02:37:22 +0300] "POST /xmlrpc.php HTTP/1.1" 200 14406 "-" "Mozilla/5.0 (Windows NT 10.0; Win64; x64) AppleWebKit/537.36 (KHTML, like Gecko) Chrome/114.0.0.0 Safari/537.36"
45.250.252.183 - - [20/Apr/2026:02:37:35 +0300] "POST /xmlrpc.php HTTP/1.1" 200 16335 "-" "Mozilla/5.0 (Windows NT 10.0; Win64; x64) AppleWebKit/537.36 (KHTML, like Gecko) Chrome/114.0.0.0 Safari/537.36"
200.25.47.132 - - [20/Apr/2026:02:38:01 +0300] "POST /xmlrpc.php HTTP/1.1" 200 11720 "-" "Mozilla/5.0 (Windows NT 10.0; Win64; x64) AppleWebKit/537.36 (KHTML, like Gecko) Chrome/114.0.0.0 Safari/537.36"
102.221.34.102 - - [20/Apr/2026:02:38:09 +0300] "GET /most-recent-80-free-revolves-no-deposit-up-to-date-march-2026/ HTTP/1.1" 200 75629 "-" "Mozilla/5.0 (Windows NT 10.0; rv:125.0) Gecko/20100101 Firefox/125.0"
185.216.113.70 - - [20/Apr/2026:02:39:08 +0300] "POST /wp-cron.php?doing_wp_cron=1776641948.5707609653472900390625 HTTP/1.1" 200 448 "-" "WordPress/6.3.8; https://serhatburke.miroglu.net"
148.135.200.8 - - [20/Apr/2026:02:38:22 +0300] "POST /xmlrpc.php HTTP/1.1" 200 630 "-" "Mozilla/5.0 (Windows NT 10.0; Win64; x64) AppleWebKit/537.36 (KHTML, like Gecko) Chrome/114.0.0.0 Safari/537.36"
185.216.113.70 - - [20/Apr/2026:02:39:12 +0300] "POST /wp-cron.php?doing_wp_cron=1776641952.6710159778594970703125 HTTP/1.1" 200 448 "-" "WordPress/6.3.8; https://serhatburke.miroglu.net"
185.216.113.70 - - [20/Apr/2026:02:39:17 +0300] "POST /wp-cron.php?doing_wp_cron=1776641956.9917769432067871093750 HTTP/1.1" 200 448 "-" "WordPress/6.3.8; https://serhatburke.miroglu.net"
45.250.252.183 - - [20/Apr/2026:02:38:22 +0300] "GET /strike-it-big-with-jurassic-park-gold-the-ultimate-dino-themed-slot-of-2026/ HTTP/1.1" 200 77713 "-" "Mozilla/5.0 (Windows NT 10.0; Win64; x64) AppleWebKit/537.36 (KHTML, like Gecko) Chrome/123.0.0.0 Safari/537.36 OPR/109.0.0.0"
200.25.47.132 - - [20/Apr/2026:02:38:27 +0300] "POST /xmlrpc.php HTTP/1.1" 200 630 "-" "Mozilla/5.0 (Windows NT 10.0; Win64; x64) AppleWebKit/537.36 (KHTML, like Gecko) Chrome/114.0.0.0 Safari/537.36"
185.216.113.70 - - [20/Apr/2026:02:39:23 +0300] "POST /wp-cron.php?doing_wp_cron=1776641963.8783349990844726562500 HTTP/1.1" 200 448 "-" "WordPress/6.3.8; https://serhatburke.miroglu.net"
102.221.34.102 - - [20/Apr/2026:02:38:31 +0300] "POST /xmlrpc.php HTTP/1.1" 200 630 "-" "Mozilla/5.0 (Windows NT 10.0; Win64; x64) AppleWebKit/537.36 (KHTML, like Gecko) Chrome/114.0.0.0 Safari/537.36"
185.216.113.70 - - [20/Apr/2026:02:39:25 +0300] "POST /wp-cron.php?doing_wp_cron=1776641964.9768579006195068359375 HTTP/1.1" 200 448 "-" "WordPress/6.3.8; https://serhatburke.miroglu.net"
185.216.113.70 - - [20/Apr/2026:02:39:26 +0300] "POST /wp-cron.php?doing_wp_cron=1776641966.2050969600677490234375 HTTP/1.1" 200 448 "-" "WordPress/6.3.8; https://serhatburke.miroglu.net"
45.250.252.183 - - [20/Apr/2026:02:38:30 +0300] "POST /xmlrpc.php HTTP/1.1" 200 630 "-" "Mozilla/5.0 (Windows NT 10.0; Win64; x64) AppleWebKit/537.36 (KHTML, like Gecko) Chrome/114.0.0.0 Safari/537.36"
200.25.47.132 - - [20/Apr/2026:02:38:32 +0300] "GET /greatest-on-the-internet-pokies-australia-real-cash-pokies-february-2026/ HTTP/1.1" 200 73095 "-" "Mozilla/5.0 (Windows NT 10.0; Win64; x64) AppleWebKit/537.36 (KHTML, like Gecko) Chrome/123.0.0.0 Safari/537.36 OPR/109.0.0.0"
185.216.113.70 - - [20/Apr/2026:02:40:37 +0300] "POST /wp-cron.php?doing_wp_cron=1776642036.9550220966339111328125 HTTP/1.1" 200 448 "-" "WordPress/6.3.8; https://serhatburke.miroglu.net"
148.135.200.8 - - [20/Apr/2026:02:39:14 +0300] "POST /xmlrpc.php HTTP/1.1" 200 9584 "-" "Mozilla/5.0 (Windows NT 10.0; Win64; x64) AppleWebKit/537.36 (KHTML, like Gecko) Chrome/114.0.0.0 Safari/537.36"
200.25.47.132 - - [20/Apr/2026:02:39:24 +0300] "POST /xmlrpc.php HTTP/1.1" 200 11105 "-" "Mozilla/5.0 (Windows NT 10.0; Win64; x64) AppleWebKit/537.36 (KHTML, like Gecko) Chrome/114.0.0.0 Safari/537.36"
102.221.34.102 - - [20/Apr/2026:02:39:30 +0300] "POST /xmlrpc.php HTTP/1.1" 200 14638 "-" "Mozilla/5.0 (Windows NT 10.0; Win64; x64) AppleWebKit/537.36 (KHTML, like Gecko) Chrome/114.0.0.0 Safari/537.36"
45.250.252.183 - - [20/Apr/2026:02:39:33 +0300] "POST /xmlrpc.php HTTP/1.1" 200 20579 "-" "Mozilla/5.0 (Windows NT 10.0; Win64; x64) AppleWebKit/537.36 (KHTML, like Gecko) Chrome/114.0.0.0 Safari/537.36"
200.25.47.132 - - [20/Apr/2026:02:39:41 +0300] "POST /xmlrpc.php HTTP/1.1" 200 630 "-" "Mozilla/5.0 (Windows NT 10.0; Win64; x64) AppleWebKit/537.36 (KHTML, like Gecko) Chrome/114.0.0.0 Safari/537.36"
45.250.252.183 - - [20/Apr/2026:02:39:55 +0300] "POST /xmlrpc.php HTTP/1.1" 200 630 "-" "Mozilla/5.0 (Windows NT 10.0; Win64; x64) AppleWebKit/537.36 (KHTML, like Gecko) Chrome/114.0.0.0 Safari/537.36"
148.135.200.8 - - [20/Apr/2026:02:40:05 +0300] "POST /xmlrpc.php HTTP/1.1" 200 630 "-" "Mozilla/5.0 (Windows NT 10.0; Win64; x64) AppleWebKit/537.36 (KHTML, like Gecko) Chrome/114.0.0.0 Safari/537.36"
102.221.34.102 - - [20/Apr/2026:02:40:12 +0300] "POST /xmlrpc.php HTTP/1.1" 200 630 "-" "Mozilla/5.0 (Windows NT 10.0; Win64; x64) AppleWebKit/537.36 (KHTML, like Gecko) Chrome/114.0.0.0 Safari/537.36"
185.191.171.1 - - [20/Apr/2026:02:41:12 +0300] "GET /gallery/gallery-grid-landscape/ HTTP/1.1" 200 0 "-" "Mozilla/5.0 (compatible; SemrushBot/7~bl; +http://www.semrush.com/bot.html)"
185.216.113.70 - - [20/Apr/2026:02:42:07 +0300] "POST /wp-cron.php?doing_wp_cron=1776642127.2757859230041503906250 HTTP/1.1" 200 448 "-" "WordPress/6.3.8; https://serhatburke.miroglu.net"
185.216.113.70 - - [20/Apr/2026:02:42:10 +0300] "POST /wp-cron.php?doing_wp_cron=1776642130.2552270889282226562500 HTTP/1.1" 200 448 "-" "WordPress/6.3.8; https://serhatburke.miroglu.net"
148.135.200.8 - - [20/Apr/2026:02:40:37 +0300] "GET /casino-gallande-webben-ultimata-svenska-sprake-casinon-online-2026/ HTTP/1.1" 200 71258 "-" "Mozilla/5.0 (Windows NT 10.0; Win64; x64; rv:124.0) Gecko/20100101 Firefox/124.0"
200.25.47.132 - - [20/Apr/2026:02:40:51 +0300] "GET /coc/ HTTP/1.1" 200 71011 "-" "Mozilla/5.0 (Windows NT 10.0; rv:109.0) Gecko/20100101 Firefox/115.0"
185.216.113.70 - - [20/Apr/2026:02:42:15 +0300] "POST /wp-cron.php?doing_wp_cron=1776642135.3859438896179199218750 HTTP/1.1" 200 448 "-" "WordPress/6.3.8; https://serhatburke.miroglu.net"
102.221.34.102 - - [20/Apr/2026:02:41:00 +0300] "GET /enjoy-19700-totally-free-slot-games-no-install/ HTTP/1.1" 200 74989 "-" "Mozilla/5.0 (Windows NT 10.0; Win64; x64; rv:124.0) Gecko/20100101 Firefox/124.0"
185.216.113.70 - - [20/Apr/2026:02:42:35 +0300] "POST /wp-cron.php?doing_wp_cron=1776642155.4654009342193603515625 HTTP/1.1" 200 448 "-" "WordPress/6.3.8; https://serhatburke.miroglu.net"
200.25.47.132 - - [20/Apr/2026:02:41:05 +0300] "POST /xmlrpc.php HTTP/1.1" 200 11934 "-" "Mozilla/5.0 (Windows NT 10.0; Win64; x64) AppleWebKit/537.36 (KHTML, like Gecko) Chrome/114.0.0.0 Safari/537.36"
185.216.113.70 - - [20/Apr/2026:02:42:37 +0300] "POST /wp-cron.php?doing_wp_cron=1776642157.1550710201263427734375 HTTP/1.1" 200 448 "-" "WordPress/6.3.8; https://serhatburke.miroglu.net"
200.25.47.132 - - [20/Apr/2026:02:41:09 +0300] "POST /xmlrpc.php HTTP/1.1" 200 630 "-" "Mozilla/5.0 (Windows NT 10.0; Win64; x64) AppleWebKit/537.36 (KHTML, like Gecko) Chrome/114.0.0.0 Safari/537.36"
185.216.113.70 - - [20/Apr/2026:02:42:41 +0300] "POST /wp-cron.php?doing_wp_cron=1776642160.9702870845794677734375 HTTP/1.1" 200 448 "-" "WordPress/6.3.8; https://serhatburke.miroglu.net"
148.135.200.8 - - [20/Apr/2026:02:41:25 +0300] "POST /xmlrpc.php HTTP/1.1" 200 9871 "-" "Mozilla/5.0 (Windows NT 10.0; Win64; x64) AppleWebKit/537.36 (KHTML, like Gecko) Chrome/114.0.0.0 Safari/537.36"
185.216.113.70 - - [20/Apr/2026:02:42:44 +0300] "POST /wp-cron.php?doing_wp_cron=1776642164.1715068817138671875000 HTTP/1.1" 200 448 "-" "WordPress/6.3.8; https://serhatburke.miroglu.net"
45.250.252.183 - - [20/Apr/2026:02:41:01 +0300] "GET /kitty-glitter-slot-review-and-demo-play-with-high-rtp/ HTTP/1.1" 200 81387 "-" "Mozilla/5.0 (Windows NT 10.0; Win64; x64) AppleWebKit/537.36 (KHTML, like Gecko) Chrome/124.0.0.0 Safari/537.36 Edg/124.0.0.0"
185.216.113.70 - - [20/Apr/2026:02:42:47 +0300] "POST /wp-cron.php?doing_wp_cron=1776642167.6767289638519287109375 HTTP/1.1" 200 448 "-" "WordPress/6.3.8; https://serhatburke.miroglu.net"
138.186.20.243 - - [20/Apr/2026:02:41:16 +0300] "GET /gli-effetti-positivi-del-turinabol-10-mg/ HTTP/1.1" 200 67116 "-" "GuzzleHttp/7"
185.216.113.70 - - [20/Apr/2026:02:42:50 +0300] "POST /wp-cron.php?doing_wp_cron=1776642170.4939908981323242187500 HTTP/1.1" 200 448 "-" "WordPress/6.3.8; https://serhatburke.miroglu.net"
45.250.252.183 - - [20/Apr/2026:02:41:20 +0300] "POST /xmlrpc.php HTTP/1.1" 200 17900 "-" "Mozilla/5.0 (Windows NT 10.0; Win64; x64) AppleWebKit/537.36 (KHTML, like Gecko) Chrome/114.0.0.0 Safari/537.36"
185.216.113.70 - - [20/Apr/2026:02:42:51 +0300] "POST /wp-cron.php?doing_wp_cron=1776642171.8743228912353515625000 HTTP/1.1" 200 448 "-" "WordPress/6.3.8; https://serhatburke.miroglu.net"
45.250.252.183 - - [20/Apr/2026:02:41:25 +0300] "POST /xmlrpc.php HTTP/1.1" 200 630 "-" "Mozilla/5.0 (Windows NT 10.0; Win64; x64) AppleWebKit/537.36 (KHTML, like Gecko) Chrome/114.0.0.0 Safari/537.36"
185.191.171.1 - - [20/Apr/2026:02:42:03 +0300] "GET /gallery/gallery-grid-landscape/ HTTP/1.1" 200 0 "-" "Mozilla/5.0 (compatible; SemrushBot/7~bl; +http://www.semrush.com/bot.html)"
185.216.113.70 - - [20/Apr/2026:02:43:13 +0300] "POST /wp-cron.php?doing_wp_cron=1776642193.4830970764160156250000 HTTP/1.1" 200 448 "-" "WordPress/6.3.8; https://serhatburke.miroglu.net"
102.221.34.102 - - [20/Apr/2026:02:41:35 +0300] "POST /xmlrpc.php HTTP/1.1" 200 14453 "-" "Mozilla/5.0 (Windows NT 10.0; Win64; x64) AppleWebKit/537.36 (KHTML, like Gecko) Chrome/114.0.0.0 Safari/537.36"
185.216.113.70 - - [20/Apr/2026:02:43:41 +0300] "POST /wp-cron.php?doing_wp_cron=1776642221.8666939735412597656250 HTTP/1.1" 200 448 "-" "WordPress/6.3.8; https://serhatburke.miroglu.net"
185.216.113.70 - - [20/Apr/2026:02:43:42 +0300] "POST /wp-cron.php?doing_wp_cron=1776642222.4834480285644531250000 HTTP/1.1" 200 448 "-" "WordPress/6.3.8; https://serhatburke.miroglu.net"
102.221.34.102 - - [20/Apr/2026:02:42:00 +0300] "POST /xmlrpc.php HTTP/1.1" 200 630 "-" "Mozilla/5.0 (Windows NT 10.0; Win64; x64) AppleWebKit/537.36 (KHTML, like Gecko) Chrome/114.0.0.0 Safari/537.36"
23.108.44.20 - - [20/Apr/2026:02:42:04 +0300] "GET /beste-casino-site-belgie-hoge-inzet/ HTTP/1.1" 200 18613 "-" "Mozilla/5.0 (Windows NT 10.0; Win64; x64) AppleWebKit/537.36 (KHTML, like Gecko) Chrome/114.0.0.0 YaBrowser/22.7.0 Yowser/2.5 Safari/537.36"
200.25.47.132 - - [20/Apr/2026:02:42:31 +0300] "POST /xmlrpc.php HTTP/1.1" 500 745 "-" "Mozilla/5.0 (Windows NT 10.0; Win64; x64) AppleWebKit/537.36 (KHTML, like Gecko) Chrome/114.0.0.0 Safari/537.36"
185.216.113.70 - - [20/Apr/2026:02:44:36 +0300] "POST /wp-cron.php?doing_wp_cron=1776642276.4729878902435302734375 HTTP/1.1" 200 448 "-" "WordPress/6.3.8; https://serhatburke.miroglu.net"
200.25.47.132 - - [20/Apr/2026:02:42:37 +0300] "GET /greatest-skrill-casinos-2026-fool-around-with-age-purses-during-the-greatest-sa-casinos/ HTTP/1.1" 500 745 "-" "Mozilla/5.0 (Windows NT 10.0; Win64; x64) AppleWebKit/537.36 (KHTML, like Gecko) Chrome/124.0.0.0 Safari/537.36 Edg/124.0.0.0"
148.135.200.8 - - [20/Apr/2026:02:42:41 +0300] "GET /jamfor-basta-casino-sidan-pa-nate-hos-oss-skattefria-2026/ HTTP/1.1" 500 745 "-" "Mozilla/5.0 (Windows NT 10.0; Win64; x64) AppleWebKit/537.36 (KHTML, like Gecko) Chrome/123.0.0.0 Safari/537.36"
45.250.252.183 - - [20/Apr/2026:02:42:41 +0300] "POST /xmlrpc.php HTTP/1.1" 500 745 "-" "Mozilla/5.0 (Windows NT 10.0; Win64; x64) AppleWebKit/537.36 (KHTML, like Gecko) Chrome/114.0.0.0 Safari/537.36"
200.25.47.132 - - [20/Apr/2026:02:42:44 +0300] "POST /xmlrpc.php HTTP/1.1" 500 745 "-" "Mozilla/5.0 (Windows NT 10.0; Win64; x64) AppleWebKit/537.36 (KHTML, like Gecko) Chrome/114.0.0.0 Safari/537.36"
45.250.252.183 - - [20/Apr/2026:02:42:53 +0300] "GET /codere-2/ HTTP/1.1" 500 745 "-" "Mozilla/5.0 (Windows NT 10.0; Win64; x64) AppleWebKit/537.36 (KHTML, like Gecko) Chrome/124.0.0.0 Safari/537.36"
45.250.252.183 - - [20/Apr/2026:02:42:56 +0300] "POST /xmlrpc.php HTTP/1.1" 500 745 "-" "Mozilla/5.0 (Windows NT 10.0; Win64; x64) AppleWebKit/537.36 (KHTML, like Gecko) Chrome/114.0.0.0 Safari/537.36"
45.250.252.183 - - [20/Apr/2026:02:42:59 +0300] "POST /xmlrpc.php HTTP/1.1" 500 745 "-" "Mozilla/5.0 (Windows NT 10.0; Win64; x64) AppleWebKit/537.36 (KHTML, like Gecko) Chrome/114.0.0.0 Safari/537.36"
102.221.34.102 - - [20/Apr/2026:02:43:15 +0300] "GET /flame-isle-ny-travel-guide-development-events-actions-you-can-take-list-webpage/ HTTP/1.1" 500 745 "-" "Mozilla/5.0 (Windows NT 10.0; Win64; x64) AppleWebKit/537.36 (KHTML, like Gecko) Chrome/124.0.0.0 Safari/537.36"
185.216.113.70 - - [20/Apr/2026:02:45:23 +0300] "POST /wp-cron.php?doing_wp_cron=1776642322.8736760616302490234375 HTTP/1.1" 200 448 "-" "WordPress/6.3.8; https://serhatburke.miroglu.net"
102.221.34.102 - - [20/Apr/2026:02:43:25 +0300] "POST /xmlrpc.php HTTP/1.1" 200 630 "-" "Mozilla/5.0 (Windows NT 10.0; Win64; x64) AppleWebKit/537.36 (KHTML, like Gecko) Chrome/114.0.0.0 Safari/537.36"
185.216.113.70 - - [20/Apr/2026:02:45:28 +0300] "POST /wp-cron.php?doing_wp_cron=1776642327.8810250759124755859375 HTTP/1.1" 200 448 "-" "WordPress/6.3.8; https://serhatburke.miroglu.net"
102.221.34.102 - - [20/Apr/2026:02:43:39 +0300] "POST /xmlrpc.php HTTP/1.1" 500 745 "-" "Mozilla/5.0 (Windows NT 10.0; Win64; x64) AppleWebKit/537.36 (KHTML, like Gecko) Chrome/114.0.0.0 Safari/537.36"
185.216.113.70 - - [20/Apr/2026:02:45:50 +0300] "POST /wp-cron.php?doing_wp_cron=1776642350.2820000648498535156250 HTTP/1.1" 200 448 "-" "WordPress/6.3.8; https://serhatburke.miroglu.net"
200.25.47.132 - - [20/Apr/2026:02:44:11 +0300] "POST /xmlrpc.php HTTP/1.1" 500 1102 "-" "Mozilla/5.0 (Windows NT 10.0; Win64; x64) AppleWebKit/537.36 (KHTML, like Gecko) Chrome/114.0.0.0 Safari/537.36"
200.25.47.132 - - [20/Apr/2026:02:43:54 +0300] "POST /xmlrpc.php HTTP/1.1" 500 745 "-" "Mozilla/5.0 (Windows NT 10.0; Win64; x64) AppleWebKit/537.36 (KHTML, like Gecko) Chrome/114.0.0.0 Safari/537.36"
185.216.113.70 - - [20/Apr/2026:02:46:11 +0300] "POST /wp-cron.php?doing_wp_cron=1776642371.2724909782409667968750 HTTP/1.1" 200 448 "-" "WordPress/6.3.8; https://serhatburke.miroglu.net"
148.135.200.8 - - [20/Apr/2026:02:44:21 +0300] "POST /xmlrpc.php HTTP/1.1" 200 627 "-" "Mozilla/5.0 (Windows NT 10.0; Win64; x64) AppleWebKit/537.36 (KHTML, like Gecko) Chrome/114.0.0.0 Safari/537.36"
185.216.113.70 - - [20/Apr/2026:02:46:17 +0300] "POST /wp-cron.php?doing_wp_cron=1776642377.6008789539337158203125 HTTP/1.1" 200 448 "-" "WordPress/6.3.8; https://serhatburke.miroglu.net"
45.250.252.183 - - [20/Apr/2026:02:44:37 +0300] "POST /xmlrpc.php HTTP/1.1" 500 1102 "-" "Mozilla/5.0 (Windows NT 10.0; Win64; x64) AppleWebKit/537.36 (KHTML, like Gecko) Chrome/114.0.0.0 Safari/537.36"
200.25.47.132 - - [20/Apr/2026:02:44:17 +0300] "POST /xmlrpc.php HTTP/1.1" 500 745 "-" "Mozilla/5.0 (Windows NT 10.0; Win64; x64) AppleWebKit/537.36 (KHTML, like Gecko) Chrome/114.0.0.0 Safari/537.36"
200.25.47.132 - - [20/Apr/2026:02:44:29 +0300] "POST /xmlrpc.php HTTP/1.1" 500 745 "-" "Mozilla/5.0 (Windows NT 10.0; Win64; x64) AppleWebKit/537.36 (KHTML, like Gecko) Chrome/114.0.0.0 Safari/537.36"
185.216.113.70 - - [20/Apr/2026:02:46:31 +0300] "POST /wp-cron.php?doing_wp_cron=1776642390.9832420349121093750000 HTTP/1.1" 200 448 "-" "WordPress/6.3.8; https://serhatburke.miroglu.net"
102.221.34.102 - - [20/Apr/2026:02:44:48 +0300] "POST /xmlrpc.php HTTP/1.1" 200 630 "-" "Mozilla/5.0 (Windows NT 10.0; Win64; x64) AppleWebKit/537.36 (KHTML, like Gecko) Chrome/114.0.0.0 Safari/537.36"
45.250.252.183 - - [20/Apr/2026:02:44:33 +0300] "POST /xmlrpc.php HTTP/1.1" 500 745 "-" "Mozilla/5.0 (Windows NT 10.0; Win64; x64) AppleWebKit/537.36 (KHTML, like Gecko) Chrome/114.0.0.0 Safari/537.36"
185.216.113.70 - - [20/Apr/2026:02:46:35 +0300] "POST /wp-cron.php?doing_wp_cron=1776642394.8643589019775390625000 HTTP/1.1" 200 448 "-" "WordPress/6.3.8; https://serhatburke.miroglu.net"
102.221.34.102 - - [20/Apr/2026:02:44:54 +0300] "POST /xmlrpc.php HTTP/1.1" 200 627 "-" "Mozilla/5.0 (Windows NT 10.0; Win64; x64) AppleWebKit/537.36 (KHTML, like Gecko) Chrome/114.0.0.0 Safari/537.36"
45.250.252.183 - - [20/Apr/2026:02:44:44 +0300] "POST /xmlrpc.php HTTP/1.1" 500 745 "-" "Mozilla/5.0 (Windows NT 10.0; Win64; x64) AppleWebKit/537.36 (KHTML, like Gecko) Chrome/114.0.0.0 Safari/537.36"
185.216.113.70 - - [20/Apr/2026:02:46:56 +0300] "POST /wp-cron.php?doing_wp_cron=1776642416.6497960090637207031250 HTTP/1.1" 200 448 "-" "WordPress/6.3.8; https://serhatburke.miroglu.net"
102.221.34.102 - - [20/Apr/2026:02:45:05 +0300] "POST /xmlrpc.php HTTP/1.1" 500 1102 "-" "Mozilla/5.0 (Windows NT 10.0; Win64; x64) AppleWebKit/537.36 (KHTML, like Gecko) Chrome/114.0.0.0 Safari/537.36"
185.216.113.70 - - [20/Apr/2026:02:47:02 +0300] "POST /wp-cron.php?doing_wp_cron=1776642421.9598760604858398437500 HTTP/1.1" 200 448 "-" "WordPress/6.3.8; https://serhatburke.miroglu.net"
85.208.96.205 - - [20/Apr/2026:02:46:11 +0300] "GET /wasteland-value-slot-slot-comment-away-from-playtech/ HTTP/1.1" 200 0 "-" "Mozilla/5.0 (compatible; SemrushBot/7~bl; +http://www.semrush.com/bot.html)"
102.221.34.102 - - [20/Apr/2026:02:45:25 +0300] "POST /xmlrpc.php HTTP/1.1" 200 13421 "-" "Mozilla/5.0 (Windows NT 10.0; Win64; x64) AppleWebKit/537.36 (KHTML, like Gecko) Chrome/114.0.0.0 Safari/537.36"
200.25.47.132 - - [20/Apr/2026:02:45:15 +0300] "POST /xmlrpc.php HTTP/1.1" 500 745 "-" "Mozilla/5.0 (Windows NT 10.0; Win64; x64) AppleWebKit/537.36 (KHTML, like Gecko) Chrome/114.0.0.0 Safari/537.36"
185.216.113.70 - - [20/Apr/2026:02:47:30 +0300] "POST /wp-cron.php?doing_wp_cron=1776642449.9666569232940673828125 HTTP/1.1" 200 448 "-" "WordPress/6.3.8; https://serhatburke.miroglu.net"
200.25.47.132 - - [20/Apr/2026:02:45:34 +0300] "POST /xmlrpc.php HTTP/1.1" 500 1102 "-" "Mozilla/5.0 (Windows NT 10.0; Win64; x64) AppleWebKit/537.36 (KHTML, like Gecko) Chrome/114.0.0.0 Safari/537.36"
85.208.96.205 - - [20/Apr/2026:02:47:02 +0300] "GET /wasteland-value-slot-slot-comment-away-from-playtech/ HTTP/1.1" 200 0 "-" "Mozilla/5.0 (compatible; SemrushBot/7~bl; +http://www.semrush.com/bot.html)"
102.221.34.102 - - [20/Apr/2026:02:46:02 +0300] "POST /xmlrpc.php HTTP/1.1" 500 745 "-" "Mozilla/5.0 (Windows NT 10.0; Win64; x64) AppleWebKit/537.36 (KHTML, like Gecko) Chrome/114.0.0.0 Safari/537.36"
200.25.47.132 - - [20/Apr/2026:02:46:09 +0300] "GET /?p=122324 HTTP/1.1" 500 745 "-" "Mozilla/5.0 (Windows NT 10.0; rv:109.0) Gecko/20100101 Firefox/115.0"
45.250.252.183 - - [20/Apr/2026:02:46:24 +0300] "GET /?p=122326 HTTP/1.1" 500 745 "-" "Mozilla/5.0 (Windows NT 10.0; Win64; x64; rv:124.0) Gecko/20100101 Firefox/124.0"
102.221.34.102 - - [20/Apr/2026:02:46:28 +0300] "POST /xmlrpc.php HTTP/1.1" 500 745 "-" "Mozilla/5.0 (Windows NT 10.0; Win64; x64) AppleWebKit/537.36 (KHTML, like Gecko) Chrome/114.0.0.0 Safari/537.36"
185.216.113.70 - - [20/Apr/2026:02:48:30 +0300] "POST /wp-cron.php?doing_wp_cron=1776642510.3705248832702636718750 HTTP/1.1" 200 448 "-" "WordPress/6.3.8; https://serhatburke.miroglu.net"
200.25.47.132 - - [20/Apr/2026:02:46:55 +0300] "POST /xmlrpc.php HTTP/1.1" 500 1102 "-" "Mozilla/5.0 (Windows NT 10.0; Win64; x64) AppleWebKit/537.36 (KHTML, like Gecko) Chrome/114.0.0.0 Safari/537.36"
185.216.113.70 - - [20/Apr/2026:02:48:30 +0300] "POST /wp-cron.php?doing_wp_cron=1776642510.5844008922576904296875 HTTP/1.1" 200 448 "-" "WordPress/6.3.8; https://serhatburke.miroglu.net"
102.221.34.102 - - [20/Apr/2026:02:46:50 +0300] "POST /xmlrpc.php HTTP/1.1" 200 13422 "-" "Mozilla/5.0 (Windows NT 10.0; Win64; x64) AppleWebKit/537.36 (KHTML, like Gecko) Chrome/114.0.0.0 Safari/537.36"
185.216.113.70 - - [20/Apr/2026:02:48:36 +0300] "POST /wp-cron.php?doing_wp_cron=1776642516.8721790313720703125000 HTTP/1.1" 200 448 "-" "WordPress/6.3.8; https://serhatburke.miroglu.net"
102.221.34.102 - - [20/Apr/2026:02:47:03 +0300] "GET /greatest-casinos-on-the-internet-the-real-deal-profit-2026/ HTTP/1.1" 200 75281 "-" "Mozilla/5.0 (Windows NT 10.0; Win64; x64) AppleWebKit/537.36 (KHTML, like Gecko) Chrome/122.0.0.0 Safari/537.36"
185.216.113.70 - - [20/Apr/2026:02:49:01 +0300] "POST /wp-cron.php?doing_wp_cron=1776642541.5554559230804443359375 HTTP/1.1" 200 448 "-" "WordPress/6.3.8; https://serhatburke.miroglu.net"
200.25.47.132 - - [20/Apr/2026:02:47:49 +0300] "POST /xmlrpc.php HTTP/1.1" 200 627 "-" "Mozilla/5.0 (Windows NT 10.0; Win64; x64) AppleWebKit/537.36 (KHTML, like Gecko) Chrome/114.0.0.0 Safari/537.36"
185.216.113.70 - - [20/Apr/2026:02:49:05 +0300] "POST /wp-cron.php?doing_wp_cron=1776642545.6833570003509521484375 HTTP/1.1" 200 448 "-" "WordPress/6.3.8; https://serhatburke.miroglu.net"
45.250.252.183 - - [20/Apr/2026:02:48:04 +0300] "POST /xmlrpc.php HTTP/1.1" 200 627 "-" "Mozilla/5.0 (Windows NT 10.0; Win64; x64) AppleWebKit/537.36 (KHTML, like Gecko) Chrome/114.0.0.0 Safari/537.36"
185.216.113.70 - - [20/Apr/2026:02:49:07 +0300] "POST /wp-cron.php?doing_wp_cron=1776642546.9733040332794189453125 HTTP/1.1" 200 448 "-" "WordPress/6.3.8; https://serhatburke.miroglu.net"
148.135.200.8 - - [20/Apr/2026:02:48:07 +0300] "POST /xmlrpc.php HTTP/1.1" 200 630 "-" "Mozilla/5.0 (Windows NT 10.0; Win64; x64) AppleWebKit/537.36 (KHTML, like Gecko) Chrome/114.0.0.0 Safari/537.36"
185.216.113.70 - - [20/Apr/2026:02:49:10 +0300] "POST /wp-cron.php?doing_wp_cron=1776642550.3556220531463623046875 HTTP/1.1" 200 448 "-" "WordPress/6.3.8; https://serhatburke.miroglu.net"
102.221.34.102 - - [20/Apr/2026:02:48:13 +0300] "POST /xmlrpc.php HTTP/1.1" 200 13683 "-" "Mozilla/5.0 (Windows NT 10.0; Win64; x64) AppleWebKit/537.36 (KHTML, like Gecko) Chrome/114.0.0.0 Safari/537.36"
185.216.113.70 - - [20/Apr/2026:02:49:31 +0300] "POST /wp-cron.php?doing_wp_cron=1776642570.9620690345764160156250 HTTP/1.1" 200 448 "-" "WordPress/6.3.8; https://serhatburke.miroglu.net"
102.221.34.102 - - [20/Apr/2026:02:48:35 +0300] "POST /xmlrpc.php HTTP/1.1" 200 13422 "-" "Mozilla/5.0 (Windows NT 10.0; Win64; x64) AppleWebKit/537.36 (KHTML, like Gecko) Chrome/114.0.0.0 Safari/537.36"
148.135.200.8 - - [20/Apr/2026:02:49:12 +0300] "POST /xmlrpc.php HTTP/1.1" 200 10782 "-" "Mozilla/5.0 (Windows NT 10.0; Win64; x64) AppleWebKit/537.36 (KHTML, like Gecko) Chrome/114.0.0.0 Safari/537.36"
102.221.34.102 - - [20/Apr/2026:02:49:11 +0300] "GET /a-knowledgeable-cellular-video-game-within-the-2026/ HTTP/1.1" 200 75107 "-" "Mozilla/5.0 (Windows NT 10.0; Win64; x64; rv:124.0) Gecko/20100101 Firefox/124.0"
102.221.34.102 - - [20/Apr/2026:02:49:32 +0300] "GET /stinkin-steeped-slot-free-gamble-online-casino-ports-no-install/ HTTP/1.1" 200 74828 "-" "Mozilla/5.0 (Windows NT 10.0; Win64; x64) AppleWebKit/537.36 (KHTML, like Gecko) Chrome/124.0.0.0 Safari/537.36 Edg/124.0.0.0"
148.135.200.8 - - [20/Apr/2026:02:50:00 +0300] "GET /more-than-under-betting-informed-me-advice-information/ HTTP/1.1" 200 71638 "-" "Mozilla/5.0 (Windows NT 10.0; Win64; x64) AppleWebKit/537.36 (KHTML, like Gecko) Chrome/123.0.0.0 Safari/537.36 OPR/109.0.0.0"
185.216.113.70 - - [20/Apr/2026:02:52:11 +0300] "POST /wp-cron.php?doing_wp_cron=1776642731.7702150344848632812500 HTTP/1.1" 200 448 "-" "WordPress/6.3.8; https://serhatburke.miroglu.net"
148.135.200.8 - - [20/Apr/2026:02:51:56 +0300] "POST /xmlrpc.php HTTP/1.1" 200 630 "-" "Mozilla/5.0 (Windows NT 10.0; Win64; x64) AppleWebKit/537.36 (KHTML, like Gecko) Chrome/114.0.0.0 Safari/537.36"
148.135.200.8 - - [20/Apr/2026:02:52:17 +0300] "POST /xmlrpc.php HTTP/1.1" 200 11374 "-" "Mozilla/5.0 (Windows NT 10.0; Win64; x64) AppleWebKit/537.36 (KHTML, like Gecko) Chrome/114.0.0.0 Safari/537.36"
148.135.200.8 - - [20/Apr/2026:02:52:29 +0300] "GET /31-blos-einzahlung-inside-book-of-lucky-8-line-1-einzahlung-2024-dead-500-freispiele-gebuhrenfrei/ HTTP/1.1" 200 74115 "-" "Mozilla/5.0 (Windows NT 10.0; Win64; x64) AppleWebKit/537.36 (KHTML, like Gecko) Chrome/124.0.0.0 Safari/537.36"
185.216.113.70 - - [20/Apr/2026:02:54:50 +0300] "POST /wp-cron.php?doing_wp_cron=1776642890.7595770359039306640625 HTTP/1.1" 200 448 "-" "WordPress/6.3.8; https://serhatburke.miroglu.net"
107.152.46.202 - - [20/Apr/2026:02:54:37 +0300] "GET /beste-casino-site-belgie-hoge-inzet/ HTTP/1.1" 200 18595 "https://serhatburke.miroglu.net/" "Mozilla/5.0 (Windows NT 10.0; Win64; x64) AppleWebKit/537.36 (KHTML, like Gecko) Chrome/114.0.0.0 Safari/537.36 Edg/114.0.1264.71"
107.152.46.202 - - [20/Apr/2026:02:54:52 +0300] "POST /wp-comments-post.php HTTP/1.1" 302 1083 "https://serhatburke.miroglu.net/beste-casino-site-belgie-hoge-inzet/" "Mozilla/5.0 (Windows NT 10.0; Win64; x64) AppleWebKit/537.36 (KHTML, like Gecko) Chrome/114.0.0.0 Safari/537.36 Edg/114.0.1264.71"
107.152.46.202 - - [20/Apr/2026:02:55:05 +0300] "GET /beste-casino-site-belgie-hoge-inzet/?unapproved=515&moderation-hash=01246da9b58c2da10fc9748b4333efae HTTP/1.1" 200 19038 "https://serhatburke.miroglu.net/wp-comments-post.php" "Mozilla/5.0 (Windows NT 10.0; Win64; x64) AppleWebKit/537.36 (KHTML, like Gecko) Chrome/114.0.0.0 Safari/537.36 Edg/114.0.1264.71"
107.152.46.202 - - [20/Apr/2026:02:55:18 +0300] "GET /beste-casino-site-belgie-hoge-inzet/ HTTP/1.1" 200 18613 "-" "Mozilla/5.0 (Windows NT 10.0; Win64; x64) AppleWebKit/537.36 (KHTML, like Gecko) Chrome/114.0.0.0 Safari/537.36 Edg/114.0.1264.71"
185.216.113.70 - - [20/Apr/2026:02:56:11 +0300] "POST /wp-cron.php?doing_wp_cron=1776642971.0228390693664550781250 HTTP/1.1" 200 448 "-" "WordPress/6.3.8; https://serhatburke.miroglu.net"
52.167.144.232 - - [20/Apr/2026:02:55:57 +0300] "GET /post-sitemap2.xml HTTP/2" 200 95780 "-" "Mozilla/5.0 AppleWebKit/537.36 (KHTML, like Gecko; compatible; bingbot/2.0; +http://www.bing.com/bingbot.htm) Chrome/116.0.1938.76 Safari/537.36"
185.216.113.70 - - [20/Apr/2026:03:00:38 +0300] "POST /wp-cron.php?doing_wp_cron=1776643238.7015030384063720703125 HTTP/1.1" 200 448 "-" "WordPress/6.3.8; https://serhatburke.miroglu.net"
200.25.47.132 - - [20/Apr/2026:03:00:21 +0300] "POST /xmlrpc.php HTTP/1.1" 200 630 "-" "Mozilla/5.0 (Windows NT 10.0; Win64; x64) AppleWebKit/537.36 (KHTML, like Gecko) Chrome/114.0.0.0 Safari/537.36"
200.25.47.132 - - [20/Apr/2026:03:00:45 +0300] "POST /xmlrpc.php HTTP/1.1" 200 11377 "-" "Mozilla/5.0 (Windows NT 10.0; Win64; x64) AppleWebKit/537.36 (KHTML, like Gecko) Chrome/114.0.0.0 Safari/537.36"
107.152.46.202 - - [20/Apr/2026:03:00:49 +0300] "GET /beste-casino-site-belgie-hoge-inzet/ HTTP/1.1" 200 18613 "-" "Mozilla/5.0 (Windows NT 10.0; Win64; x64) AppleWebKit/537.36 (KHTML, like Gecko) Chrome/114.0.0.0 Safari/537.36 Vivaldi/5.3.2679.68"
200.25.47.132 - - [20/Apr/2026:03:01:05 +0300] "GET /a-brief-history-out-of-book-away-from-ra/ HTTP/1.1" 200 71770 "-" "Mozilla/5.0 (Windows NT 10.0; Win64; x64) AppleWebKit/537.36 (KHTML, like Gecko) Chrome/122.0.0.0 Safari/537.36"
217.196.163.29 - - [20/Apr/2026:03:01:07 +0300] "GET / HTTP/1.1" 200 68881 "-" "Mozilla/5.0 (Windows NT 10.0; Win64; x64) AppleWebKit/537.36 (KHTML, like Gecko) Chrome/124.0.0.0 Safari/537.36"
185.216.113.70 - - [20/Apr/2026:03:03:52 +0300] "POST /wp-cron.php?doing_wp_cron=1776643432.0190401077270507812500 HTTP/1.1" 200 448 "-" "WordPress/6.3.8; https://serhatburke.miroglu.net"
66.249.73.14 - - [20/Apr/2026:03:03:37 +0300] "GET / HTTP/1.1" 200 17539 "-" "Mozilla/5.0 (Linux; Android 6.0.1; Nexus 5X Build/MMB29P) AppleWebKit/537.36 (KHTML, like Gecko) Chrome/146.0.7680.177 Mobile Safari/537.36 (compatible; Googlebot/2.1; +http://www.google.com/bot.html)"
66.249.73.15 - - [20/Apr/2026:03:03:56 +0300] "GET /wp-content/themes/toppic/js/jquery.royalslider.min.js?ver=4.2 HTTP/1.1" 200 18653 "https://serhatburke.miroglu.net/" "Mozilla/5.0 (Linux; Android 6.0.1; Nexus 5X Build/MMB29P) AppleWebKit/537.36 (KHTML, like Gecko) Chrome/146.0.7680.177 Mobile Safari/537.36 (compatible; Googlebot/2.1; +http://www.google.com/bot.html)"
66.249.73.15 - - [20/Apr/2026:03:03:56 +0300] "GET /wp-content/themes/toppic/js/jquery.royalslider.min.js?ver=4.2 HTTP/1.1" 200 18653 "https://serhatburke.miroglu.net/" "Mozilla/5.0 (Linux; Android 6.0.1; Nexus 5X Build/MMB29P) AppleWebKit/537.36 (KHTML, like Gecko) Chrome/146.0.7680.177 Mobile Safari/537.36 (compatible; Googlebot/2.1; +http://www.google.com/bot.html)"
185.191.171.13 - - [20/Apr/2026:03:03:52 +0300] "GET /quickwin-casino-opinie-i-bonusy-2026/ HTTP/1.1" 200 20116 "-" "Mozilla/5.0 (compatible; SemrushBot/7~bl; +http://www.semrush.com/bot.html)"
84.77.6.72 - - [20/Apr/2026:03:04:08 +0300] "GET /methylstenbolon-dosierung-ein-leitfaden-fur-sportler/ HTTP/1.1" 200 68226 "-" "GuzzleHttp/7"
185.216.113.70 - - [20/Apr/2026:03:04:49 +0300] "POST /wp-cron.php?doing_wp_cron=1776643489.1046590805053710937500 HTTP/1.1" 200 448 "-" "WordPress/6.3.8; https://serhatburke.miroglu.net"
66.249.73.15 - - [20/Apr/2026:03:04:35 +0300] "GET /donbet-casino-review-for-uk-players/ HTTP/1.1" 200 18545 "-" "Mozilla/5.0 (Linux; Android 6.0.1; Nexus 5X Build/MMB29P) AppleWebKit/537.36 (KHTML, like Gecko) Chrome/146.0.7680.177 Mobile Safari/537.36 (compatible; Googlebot/2.1; +http://www.google.com/bot.html)"
66.249.73.14 - - [20/Apr/2026:03:04:53 +0300] "GET /donbet-casino-review-for-uk-players/undefined?ts=1775520000 HTTP/1.1" 200 0 "https://serhatburke.miroglu.net/donbet-casino-review-for-uk-players/" "Mozilla/5.0 (Linux; Android 6.0.1; Nexus 5X Build/MMB29P) AppleWebKit/537.36 (KHTML, like Gecko) Chrome/146.0.7680.177 Mobile Safari/537.36 (compatible; Googlebot/2.1; +http://www.google.com/bot.html)"
66.249.73.14 - - [20/Apr/2026:03:05:06 +0300] "GET /donbet-casino-review-for-uk-players/undefined?ts=1775520000 HTTP/1.1" 200 0 "https://serhatburke.miroglu.net/donbet-casino-review-for-uk-players/" "Mozilla/5.0 (Linux; Android 6.0.1; Nexus 5X Build/MMB29P) AppleWebKit/537.36 (KHTML, like Gecko) Chrome/146.0.7680.177 Mobile Safari/537.36 (compatible; Googlebot/2.1; +http://www.google.com/bot.html)"
66.249.73.14 - - [20/Apr/2026:03:05:18 +0300] "GET /donbet-casino-review-for-uk-players/undefined?ts=1775520000 HTTP/1.1" 200 0 "https://serhatburke.miroglu.net/donbet-casino-review-for-uk-players/" "Mozilla/5.0 (Linux; Android 6.0.1; Nexus 5X Build/MMB29P) AppleWebKit/537.36 (KHTML, like Gecko) Chrome/146.0.7680.177 Mobile Safari/537.36 (compatible; Googlebot/2.1; +http://www.google.com/bot.html)"
66.249.73.14 - - [20/Apr/2026:03:05:31 +0300] "GET /donbet-casino-review-for-uk-players/undefined?ts=1775520000 HTTP/1.1" 200 0 "https://serhatburke.miroglu.net/donbet-casino-review-for-uk-players/" "Mozilla/5.0 (Linux; Android 6.0.1; Nexus 5X Build/MMB29P) AppleWebKit/537.36 (KHTML, like Gecko) Chrome/146.0.7680.177 Mobile Safari/537.36 (compatible; Googlebot/2.1; +http://www.google.com/bot.html)"
185.216.113.70 - - [20/Apr/2026:03:05:45 +0300] "POST /wp-cron.php?doing_wp_cron=1776643545.0172209739685058593750 HTTP/1.1" 200 448 "-" "WordPress/6.3.8; https://serhatburke.miroglu.net"
66.249.73.14 - - [20/Apr/2026:03:05:45 +0300] "GET /donbet-casino-review-for-uk-players/undefined?ts=1775520000 HTTP/1.1" 200 0 "https://serhatburke.miroglu.net/donbet-casino-review-for-uk-players/" "Mozilla/5.0 (Linux; Android 6.0.1; Nexus 5X Build/MMB29P) AppleWebKit/537.36 (KHTML, like Gecko) Chrome/146.0.7680.177 Mobile Safari/537.36 (compatible; Googlebot/2.1; +http://www.google.com/bot.html)"
40.77.167.58 - - [20/Apr/2026:03:06:12 +0300] "GET /sitemaps.xml HTTP/2" 302 0 "-" "Mozilla/5.0 AppleWebKit/537.36 (KHTML, like Gecko; compatible; bingbot/2.0; +http://www.bing.com/bingbot.htm) Chrome/116.0.1938.76 Safari/537.36"
185.216.113.70 - - [20/Apr/2026:03:06:47 +0300] "POST /wp-cron.php?doing_wp_cron=1776643606.9618399143218994140625 HTTP/1.1" 200 448 "-" "WordPress/6.3.8; https://serhatburke.miroglu.net"
40.77.167.58 - - [20/Apr/2026:03:06:32 +0300] "GET /sitemap.xml HTTP/2" 200 1114 "-" "Mozilla/5.0 AppleWebKit/537.36 (KHTML, like Gecko; compatible; bingbot/2.0; +http://www.bing.com/bingbot.htm) Chrome/116.0.1938.76 Safari/537.36"
40.77.167.58 - - [20/Apr/2026:03:07:01 +0300] "GET /post_tag-sitemap.xml HTTP/2" 200 1178 "-" "Mozilla/5.0 AppleWebKit/537.36 (KHTML, like Gecko; compatible; bingbot/2.0; +http://www.bing.com/bingbot.htm) Chrome/116.0.1938.76 Safari/537.36"
65.21.47.11 - - [20/Apr/2026:03:07:21 +0300] "GET / HTTP/1.1" 200 17539 "-" "Mozilla/5.0 (X11; CrOS x86_64 14541.0.0) AppleWebKit/537.36 (KHTML, like Gecko) Chrome/145.0.0.0 Safari/537.36"
185.216.113.70 - - [20/Apr/2026:03:07:48 +0300] "POST /wp-cron.php?doing_wp_cron=1776643668.2470788955688476562500 HTTP/1.1" 200 448 "-" "WordPress/6.3.8; https://serhatburke.miroglu.net"
65.21.47.11 - - [20/Apr/2026:03:07:35 +0300] "POST /xmlrpc.php HTTP/1.1" 200 735 "https://serhatburke.miroglu.net" "Mozilla/5.0 (X11; CrOS x86_64 14541.0.0) AppleWebKit/537.36 (KHTML, like Gecko) Chrome/145.0.0.0 Safari/537.36"
148.135.200.8 - - [20/Apr/2026:03:07:52 +0300] "POST /xmlrpc.php HTTP/1.1" 200 630 "-" "Mozilla/5.0 (Windows NT 10.0; Win64; x64) AppleWebKit/537.36 (KHTML, like Gecko) Chrome/114.0.0.0 Safari/537.36"
185.216.113.70 - - [20/Apr/2026:03:08:27 +0300] "POST /wp-cron.php?doing_wp_cron=1776643707.0293490886688232421875 HTTP/1.1" 200 448 "-" "WordPress/6.3.8; https://serhatburke.miroglu.net"
148.135.200.8 - - [20/Apr/2026:03:08:12 +0300] "POST /xmlrpc.php HTTP/1.1" 200 10408 "-" "Mozilla/5.0 (Windows NT 10.0; Win64; x64) AppleWebKit/537.36 (KHTML, like Gecko) Chrome/114.0.0.0 Safari/537.36"
148.135.200.8 - - [20/Apr/2026:03:08:27 +0300] "GET /100-free-no-deposit-revolves-2026-now-offers-away-from-leading-gambling-enterprises/ HTTP/1.1" 200 72011 "-" "Mozilla/5.0 (Windows NT 10.0; Win64; x64) AppleWebKit/537.36 (KHTML, like Gecko) Chrome/109.0.0.0 Safari/537.36"
185.216.113.70 - - [20/Apr/2026:03:10:19 +0300] "POST /wp-cron.php?doing_wp_cron=1776643815.5145390033721923828125 HTTP/1.1" 200 448 "-" "WordPress/6.3.8; https://serhatburke.miroglu.net"
200.25.47.132 - - [20/Apr/2026:03:09:59 +0300] "POST /xmlrpc.php HTTP/1.1" 200 630 "-" "Mozilla/5.0 (Windows NT 10.0; Win64; x64) AppleWebKit/537.36 (KHTML, like Gecko) Chrome/114.0.0.0 Safari/537.36"
200.25.47.132 - - [20/Apr/2026:03:10:28 +0300] "POST /xmlrpc.php HTTP/1.1" 200 11671 "-" "Mozilla/5.0 (Windows NT 10.0; Win64; x64) AppleWebKit/537.36 (KHTML, like Gecko) Chrome/114.0.0.0 Safari/537.36"
2.59.50.176 - - [20/Apr/2026:03:10:27 +0300] "GET /zotabet-casino-bonus-premier-depot-2026/ HTTP/1.1" 200 18537 "https://serhatburke.miroglu.net/" "Mozilla/5.0 (Windows NT 10.0; Win64; x64) AppleWebKit/537.36 (KHTML, like Gecko) Chrome/114.0.0.0 YaBrowser/22.7.0 Yowser/2.5 Safari/537.36"
2.59.50.176 - - [20/Apr/2026:03:10:56 +0300] "GET /wp-login.php?action=register HTTP/1.1" 302 702 "https://serhatburke.miroglu.net/zotabet-casino-bonus-premier-depot-2026/" "Mozilla/5.0 (Windows NT 6.3; Win64; x64) AppleWebKit/537.36 (KHTML, like Gecko) Chrome/103.0.0.0 Safari/537.36"
200.25.47.132 - - [20/Apr/2026:03:10:51 +0300] "GET /what-are-the-greatest-harbors-playing-at-the-mohegan-sunshine/ HTTP/1.1" 200 72710 "-" "Mozilla/5.0 (Windows NT 10.0; rv:109.0) Gecko/20100101 Firefox/115.0"
2.59.50.176 - - [20/Apr/2026:03:11:11 +0300] "GET /wp-login.php?registration=disabled HTTP/1.1" 200 3806 "https://serhatburke.miroglu.net/wp-login.php?action=register" "Mozilla/5.0 (Windows NT 6.3; Win64; x64) AppleWebKit/537.36 (KHTML, like Gecko) Chrome/103.0.0.0 Safari/537.36"
185.216.113.70 - - [20/Apr/2026:03:12:27 +0300] "POST /wp-cron.php?doing_wp_cron=1776643947.7788350582122802734375 HTTP/1.1" 200 448 "-" "WordPress/6.3.8; https://serhatburke.miroglu.net"
200.25.47.132 - - [20/Apr/2026:03:12:12 +0300] "POST /xmlrpc.php HTTP/1.1" 200 630 "-" "Mozilla/5.0 (Windows NT 10.0; Win64; x64) AppleWebKit/537.36 (KHTML, like Gecko) Chrome/114.0.0.0 Safari/537.36"
200.25.47.132 - - [20/Apr/2026:03:12:34 +0300] "POST /xmlrpc.php HTTP/1.1" 200 11485 "-" "Mozilla/5.0 (Windows NT 10.0; Win64; x64) AppleWebKit/537.36 (KHTML, like Gecko) Chrome/114.0.0.0 Safari/537.36"
