185.216.113.70 - - [19/Apr/2026:15:42:59 +0300] "POST /wp-cron.php?doing_wp_cron=1776602579.3113920688629150390625 HTTP/1.1" 200 448 "-" "WordPress/6.3.8; https://serhatburke.miroglu.net"
103.219.169.211 - - [19/Apr/2026:15:42:45 +0300] "POST /xmlrpc.php HTTP/1.1" 200 630 "-" "Mozilla/5.0 (Windows NT 10.0; Win64; x64) AppleWebKit/537.36 (KHTML, like Gecko) Chrome/114.0.0.0 Safari/537.36"
200.25.47.120 - - [19/Apr/2026:15:42:52 +0300] "POST /xmlrpc.php HTTP/1.1" 200 630 "-" "Mozilla/5.0 (Windows NT 10.0; Win64; x64) AppleWebKit/537.36 (KHTML, like Gecko) Chrome/114.0.0.0 Safari/537.36"
103.219.169.211 - - [19/Apr/2026:15:43:06 +0300] "POST /xmlrpc.php HTTP/1.1" 200 12264 "-" "Mozilla/5.0 (Windows NT 10.0; Win64; x64) AppleWebKit/537.36 (KHTML, like Gecko) Chrome/114.0.0.0 Safari/537.36"
200.25.47.120 - - [19/Apr/2026:15:43:13 +0300] "POST /xmlrpc.php HTTP/1.1" 200 15348 "-" "Mozilla/5.0 (Windows NT 10.0; Win64; x64) AppleWebKit/537.36 (KHTML, like Gecko) Chrome/114.0.0.0 Safari/537.36"
103.219.169.211 - - [19/Apr/2026:15:43:19 +0300] "GET /beste-angeschlossen-casinos-land-der-dichter-und-denker-monat-des-fruhlingsbeginns-2026/ HTTP/1.1" 200 74715 "-" "Mozilla/5.0 (Windows NT 10.0; Win64; x64) AppleWebKit/537.36 (KHTML, like Gecko) Chrome/123.0.0.0 Safari/537.36"
200.25.47.120 - - [19/Apr/2026:15:43:27 +0300] "GET /angeschlossen-casinos-uber-echtgeld-nachfolgende-5-besten-casinos-2026/ HTTP/1.1" 200 77269 "-" "Mozilla/5.0 (Windows NT 10.0; Win64; x64) AppleWebKit/537.36 (KHTML, like Gecko) Chrome/123.0.0.0 Safari/537.36 OPR/109.0.0.0"
185.216.113.70 - - [19/Apr/2026:15:44:02 +0300] "POST /wp-cron.php?doing_wp_cron=1776602642.4301519393920898437500 HTTP/1.1" 200 448 "-" "WordPress/6.3.8; https://serhatburke.miroglu.net"
200.25.47.117 - - [19/Apr/2026:15:43:51 +0300] "POST /xmlrpc.php HTTP/1.1" 200 630 "-" "Mozilla/5.0 (Windows NT 10.0; Win64; x64) AppleWebKit/537.36 (KHTML, like Gecko) Chrome/114.0.0.0 Safari/537.36"
200.25.47.117 - - [19/Apr/2026:15:44:09 +0300] "POST /xmlrpc.php HTTP/1.1" 200 9803 "-" "Mozilla/5.0 (Windows NT 10.0; Win64; x64) AppleWebKit/537.36 (KHTML, like Gecko) Chrome/114.0.0.0 Safari/537.36"
200.25.47.120 - - [19/Apr/2026:15:44:11 +0300] "POST /xmlrpc.php HTTP/1.1" 200 630 "-" "Mozilla/5.0 (Windows NT 10.0; Win64; x64) AppleWebKit/537.36 (KHTML, like Gecko) Chrome/114.0.0.0 Safari/537.36"
200.25.47.117 - - [19/Apr/2026:15:44:23 +0300] "GET /book-of-ra-online-darmowo-i-zagraj-przy-book-of-ra-deluxe-na-naszym-portalu/ HTTP/1.1" 200 71638 "-" "Mozilla/5.0 (Windows NT 10.0; Win64; x64) AppleWebKit/537.36 (KHTML, like Gecko) Chrome/123.0.0.0 Safari/537.36"
185.216.113.70 - - [19/Apr/2026:15:44:42 +0300] "POST /wp-cron.php?doing_wp_cron=1776602682.1825580596923828125000 HTTP/1.1" 200 448 "-" "WordPress/6.3.8; https://serhatburke.miroglu.net"
200.25.47.120 - - [19/Apr/2026:15:44:30 +0300] "POST /xmlrpc.php HTTP/1.1" 200 15205 "-" "Mozilla/5.0 (Windows NT 10.0; Win64; x64) AppleWebKit/537.36 (KHTML, like Gecko) Chrome/114.0.0.0 Safari/537.36"
200.25.47.120 - - [19/Apr/2026:15:44:43 +0300] "GET /online-spielsaal-zahlungsmethoden-2026-geradlinig-and-unter-allen-umstanden/ HTTP/1.1" 200 77185 "-" "Mozilla/5.0 (Windows NT 10.0; Win64; x64; rv:124.0) Gecko/20100101 Firefox/124.0"
203.147.133.18 - - [19/Apr/2026:15:45:07 +0300] "GET /28563-2/ HTTP/1.1" 200 18760 "https://serhatburke.miroglu.net/" "Mozilla/5.0 (X11; Fedora; Linux x86_64; rv:114.0) Gecko/20100101 Firefox/114.0"
103.97.224.221 - - [19/Apr/2026:15:45:32 +0300] "GET /wp-includes/css/dist/block-library/style.min.css?ver=6.3.8 HTTP/1.1" 200 13578 "https://serhatburke.miroglu.net/28563-2/" "Mozilla/5.0 (Windows NT 10.0; Win64; x64) AppleWebKit/537.36 (KHTML, like Gecko) Chrome/143.0.0.0 Safari/537.36"
185.216.113.70 - - [19/Apr/2026:15:45:41 +0300] "POST /wp-cron.php?doing_wp_cron=1776602741.9074149131774902343750 HTTP/1.1" 200 448 "-" "WordPress/6.3.8; https://serhatburke.miroglu.net"
200.25.47.117 - - [19/Apr/2026:15:45:25 +0300] "POST /xmlrpc.php HTTP/1.1" 200 630 "-" "Mozilla/5.0 (Windows NT 10.0; Win64; x64) AppleWebKit/537.36 (KHTML, like Gecko) Chrome/114.0.0.0 Safari/537.36"
103.219.169.211 - - [19/Apr/2026:15:45:28 +0300] "POST /xmlrpc.php HTTP/1.1" 200 630 "-" "Mozilla/5.0 (Windows NT 10.0; Win64; x64) AppleWebKit/537.36 (KHTML, like Gecko) Chrome/114.0.0.0 Safari/537.36"
200.25.47.120 - - [19/Apr/2026:15:45:30 +0300] "POST /xmlrpc.php HTTP/1.1" 200 630 "-" "Mozilla/5.0 (Windows NT 10.0; Win64; x64) AppleWebKit/537.36 (KHTML, like Gecko) Chrome/114.0.0.0 Safari/537.36"
200.25.47.117 - - [19/Apr/2026:15:45:48 +0300] "POST /xmlrpc.php HTTP/1.1" 200 10270 "-" "Mozilla/5.0 (Windows NT 10.0; Win64; x64) AppleWebKit/537.36 (KHTML, like Gecko) Chrome/114.0.0.0 Safari/537.36"
103.219.169.211 - - [19/Apr/2026:15:45:53 +0300] "POST /xmlrpc.php HTTP/1.1" 200 12312 "-" "Mozilla/5.0 (Windows NT 10.0; Win64; x64) AppleWebKit/537.36 (KHTML, like Gecko) Chrome/114.0.0.0 Safari/537.36"
200.25.47.120 - - [19/Apr/2026:15:45:55 +0300] "POST /xmlrpc.php HTTP/1.1" 200 15269 "-" "Mozilla/5.0 (Windows NT 10.0; Win64; x64) AppleWebKit/537.36 (KHTML, like Gecko) Chrome/114.0.0.0 Safari/537.36"
200.25.47.117 - - [19/Apr/2026:15:46:09 +0300] "GET /uciecha-slotowa-iron-man-2-recenzja/ HTTP/1.1" 200 71036 "-" "Mozilla/5.0 (Windows NT 10.0; Win64; x64) AppleWebKit/537.36 (KHTML, like Gecko) Chrome/124.0.0.0 Safari/537.36"
103.219.169.211 - - [19/Apr/2026:15:46:15 +0300] "GET /durchsetzbar-casinos-qua-wesentlich-schneller-ausschuttung-2026-im-kollationieren/ HTTP/1.1" 200 74283 "-" "Mozilla/5.0 (Windows NT 10.0; rv:109.0) Gecko/20100101 Firefox/115.0"
200.25.47.120 - - [19/Apr/2026:15:46:16 +0300] "GET /70-freispiele-blos-einzahlung-fur-nusse-angeschlossen-zum-besten-geben/ HTTP/1.1" 200 76982 "-" "Mozilla/5.0 (Windows NT 10.0; Win64; x64) AppleWebKit/537.36 (KHTML, like Gecko) Chrome/124.0.0.0 Safari/537.36"
103.97.224.221 - - [19/Apr/2026:15:46:39 +0300] "GET /wp-content/plugins/contact-form-7/includes/css/styles.css?ver=5.8 HTTP/1.1" 200 1490 "https://serhatburke.miroglu.net/28563-2/" "Mozilla/5.0 (Windows NT 10.0; Win64; x64) AppleWebKit/537.36 (KHTML, like Gecko) Chrome/143.0.0.0 Safari/537.36"
103.97.224.221 - - [19/Apr/2026:15:46:40 +0300] "GET /wp-content/themes/toppic/css/fontello.css?ver=4.2 HTTP/1.1" 200 1802 "https://serhatburke.miroglu.net/28563-2/" "Mozilla/5.0 (Windows NT 10.0; Win64; x64) AppleWebKit/537.36 (KHTML, like Gecko) Chrome/143.0.0.0 Safari/537.36"
103.97.224.221 - - [19/Apr/2026:15:46:42 +0300] "GET /wp-content/themes/toppic/css/reset.css?ver=4.2 HTTP/1.1" 200 1178 "https://serhatburke.miroglu.net/28563-2/" "Mozilla/5.0 (Windows NT 10.0; Win64; x64) AppleWebKit/537.36 (KHTML, like Gecko) Chrome/143.0.0.0 Safari/537.36"
103.97.224.221 - - [19/Apr/2026:15:46:43 +0300] "GET /wp-content/themes/toppic/css/default.css?ver=4.2 HTTP/1.1" 200 1811 "https://serhatburke.miroglu.net/28563-2/" "Mozilla/5.0 (Windows NT 10.0; Win64; x64) AppleWebKit/537.36 (KHTML, like Gecko) Chrome/143.0.0.0 Safari/537.36"
103.97.224.221 - - [19/Apr/2026:15:46:44 +0300] "GET /wp-content/themes/toppic/style.css?ver=4.2 HTTP/1.1" 200 23398 "https://serhatburke.miroglu.net/28563-2/" "Mozilla/5.0 (Windows NT 10.0; Win64; x64) AppleWebKit/537.36 (KHTML, like Gecko) Chrome/143.0.0.0 Safari/537.36"
103.97.224.221 - - [19/Apr/2026:15:46:45 +0300] "GET /wp-content/themes/toppic/css/royalslider.css?ver=4.2 HTTP/1.1" 200 1887 "https://serhatburke.miroglu.net/28563-2/" "Mozilla/5.0 (Windows NT 10.0; Win64; x64) AppleWebKit/537.36 (KHTML, like Gecko) Chrome/143.0.0.0 Safari/537.36"
103.97.224.221 - - [19/Apr/2026:15:46:48 +0300] "GET /wp-content/themes/toppic/css/rs-default.css?ver=4.2 HTTP/1.1" 200 2625 "https://serhatburke.miroglu.net/28563-2/" "Mozilla/5.0 (Windows NT 10.0; Win64; x64) AppleWebKit/537.36 (KHTML, like Gecko) Chrome/143.0.0.0 Safari/537.36"
103.97.224.221 - - [19/Apr/2026:15:46:49 +0300] "GET /wp-content/themes/toppic/css/lightbox.css?ver=4.2 HTTP/1.1" 200 2956 "https://serhatburke.miroglu.net/28563-2/" "Mozilla/5.0 (Windows NT 10.0; Win64; x64) AppleWebKit/537.36 (KHTML, like Gecko) Chrome/143.0.0.0 Safari/537.36"
103.97.224.221 - - [19/Apr/2026:15:46:50 +0300] "GET /wp-content/themes/toppic/css/woocommerce.css?ver=4.2 HTTP/1.1" 200 2848 "https://serhatburke.miroglu.net/28563-2/" "Mozilla/5.0 (Windows NT 10.0; Win64; x64) AppleWebKit/537.36 (KHTML, like Gecko) Chrome/143.0.0.0 Safari/537.36"
103.97.224.221 - - [19/Apr/2026:15:46:51 +0300] "GET /wp-content/themes/toppic/css/responsive.css?ver=4.2 HTTP/1.1" 200 2796 "https://serhatburke.miroglu.net/28563-2/" "Mozilla/5.0 (Windows NT 10.0; Win64; x64) AppleWebKit/537.36 (KHTML, like Gecko) Chrome/143.0.0.0 Safari/537.36"
185.216.113.70 - - [19/Apr/2026:15:47:04 +0300] "POST /wp-cron.php?doing_wp_cron=1776602824.5343039035797119140625 HTTP/1.1" 200 448 "-" "WordPress/6.3.8; https://serhatburke.miroglu.net"
200.25.47.120 - - [19/Apr/2026:15:46:45 +0300] "POST /xmlrpc.php HTTP/1.1" 200 630 "-" "Mozilla/5.0 (Windows NT 10.0; Win64; x64) AppleWebKit/537.36 (KHTML, like Gecko) Chrome/114.0.0.0 Safari/537.36"
200.25.47.117 - - [19/Apr/2026:15:46:51 +0300] "POST /xmlrpc.php HTTP/1.1" 200 630 "-" "Mozilla/5.0 (Windows NT 10.0; Win64; x64) AppleWebKit/537.36 (KHTML, like Gecko) Chrome/114.0.0.0 Safari/537.36"
103.97.224.221 - - [19/Apr/2026:15:46:52 +0300] "POST /wp-comments-post.php HTTP/1.1" 302 1055 "https://serhatburke.miroglu.net/28563-2/" "Mozilla/5.0 (X11; Fedora; Linux x86_64; rv:114.0) Gecko/20100101 Firefox/114.0"
200.25.47.120 - - [19/Apr/2026:15:47:11 +0300] "POST /xmlrpc.php HTTP/1.1" 200 15082 "-" "Mozilla/5.0 (Windows NT 10.0; Win64; x64) AppleWebKit/537.36 (KHTML, like Gecko) Chrome/114.0.0.0 Safari/537.36"
103.97.224.221 - - [19/Apr/2026:15:47:16 +0300] "GET /28563-2/?unapproved=504&moderation-hash=67800a8abc158fa29092a0a412271634 HTTP/1.1" 200 19187 "https://serhatburke.miroglu.net/wp-comments-post.php" "Mozilla/5.0 (X11; Fedora; Linux x86_64; rv:114.0) Gecko/20100101 Firefox/114.0"
200.25.47.117 - - [19/Apr/2026:15:47:19 +0300] "POST /xmlrpc.php HTTP/1.1" 200 9800 "-" "Mozilla/5.0 (Windows NT 10.0; Win64; x64) AppleWebKit/537.36 (KHTML, like Gecko) Chrome/114.0.0.0 Safari/537.36"
185.216.113.70 - - [19/Apr/2026:15:47:48 +0300] "POST /wp-cron.php?doing_wp_cron=1776602868.0025019645690917968750 HTTP/1.1" 200 448 "-" "WordPress/6.3.8; https://serhatburke.miroglu.net"
200.25.47.120 - - [19/Apr/2026:15:47:31 +0300] "GET /top-10-online-live-casinos-qua-live-rauschgifthandler-spielen/ HTTP/1.1" 200 76649 "-" "Mozilla/5.0 (Windows NT 10.0; Win64; x64) AppleWebKit/537.36 (KHTML, like Gecko) Chrome/124.0.0.0 Safari/537.36 Edg/124.0.0.0"
103.97.224.221 - - [19/Apr/2026:15:47:35 +0300] "GET /28563-2/ HTTP/1.1" 200 18715 "-" "Mozilla/5.0 (compatible; Googlebot/2.1; +http://www.google.com/bot.html)"
200.25.47.117 - - [19/Apr/2026:15:47:39 +0300] "GET /casino-games-automaty-do-komputerow-programy-po-google-play/ HTTP/1.1" 200 71567 "-" "Mozilla/5.0 (Windows NT 10.0; Win64; x64) AppleWebKit/537.36 (KHTML, like Gecko) Chrome/124.0.0.0 Safari/537.36"
200.25.47.120 - - [19/Apr/2026:15:47:56 +0300] "POST /xmlrpc.php HTTP/1.1" 200 630 "-" "Mozilla/5.0 (Windows NT 10.0; Win64; x64) AppleWebKit/537.36 (KHTML, like Gecko) Chrome/114.0.0.0 Safari/537.36"
103.97.224.221 - - [19/Apr/2026:15:48:03 +0300] "GET /28563-2/ HTTP/1.1" 200 18715 "-" "Mozilla/5.0 (compatible; Googlebot/2.1; +http://www.google.com/bot.html)"
185.216.113.70 - - [19/Apr/2026:15:48:31 +0300] "POST /wp-cron.php?doing_wp_cron=1776602911.5119519233703613281250 HTTP/1.1" 200 448 "-" "WordPress/6.3.8; https://serhatburke.miroglu.net"
200.25.47.117 - - [19/Apr/2026:15:48:15 +0300] "POST /xmlrpc.php HTTP/1.1" 200 630 "-" "Mozilla/5.0 (Windows NT 10.0; Win64; x64) AppleWebKit/537.36 (KHTML, like Gecko) Chrome/114.0.0.0 Safari/537.36"
200.25.47.120 - - [19/Apr/2026:15:48:15 +0300] "POST /xmlrpc.php HTTP/1.1" 200 15038 "-" "Mozilla/5.0 (Windows NT 10.0; Win64; x64) AppleWebKit/537.36 (KHTML, like Gecko) Chrome/114.0.0.0 Safari/537.36"
200.25.47.120 - - [19/Apr/2026:15:48:33 +0300] "GET /die-besten-angeschlossen-casinos-qua-paypal-2026/ HTTP/1.1" 200 76146 "-" "Mozilla/5.0 (Windows NT 10.0; Win64; x64) AppleWebKit/537.36 (KHTML, like Gecko) Chrome/122.0.0.0 Safari/537.36"
200.25.47.117 - - [19/Apr/2026:15:48:38 +0300] "POST /xmlrpc.php HTTP/1.1" 200 9239 "-" "Mozilla/5.0 (Windows NT 10.0; Win64; x64) AppleWebKit/537.36 (KHTML, like Gecko) Chrome/114.0.0.0 Safari/537.36"
200.25.47.120 - - [19/Apr/2026:15:48:42 +0300] "POST /xmlrpc.php HTTP/1.1" 200 630 "-" "Mozilla/5.0 (Windows NT 10.0; Win64; x64) AppleWebKit/537.36 (KHTML, like Gecko) Chrome/114.0.0.0 Safari/537.36"
200.25.47.117 - - [19/Apr/2026:15:48:57 +0300] "GET /top-piec-lokalnych-kasyn-przez-internet-najpozytywniejsze-kasyno-online-2025-w-naszym-kraju/ HTTP/1.1" 200 72001 "-" "Mozilla/5.0 (Windows NT 10.0; Win64; x64) AppleWebKit/537.36 (KHTML, like Gecko) Chrome/123.0.0.0 Safari/537.36 OPR/109.0.0.0"
200.25.47.120 - - [19/Apr/2026:15:49:04 +0300] "POST /xmlrpc.php HTTP/1.1" 200 15725 "-" "Mozilla/5.0 (Windows NT 10.0; Win64; x64) AppleWebKit/537.36 (KHTML, like Gecko) Chrome/114.0.0.0 Safari/537.36"
200.25.47.120 - - [19/Apr/2026:15:49:17 +0300] "GET /vollumfanglich-ernennen-in-der-wissenschaftlichen-gewerbe-so-klappts-wbh/ HTTP/1.1" 200 77378 "-" "Mozilla/5.0 (Windows NT 10.0; Win64; x64) AppleWebKit/537.36 (KHTML, like Gecko) Chrome/122.0.0.0 Safari/537.36"
185.216.113.70 - - [19/Apr/2026:15:49:45 +0300] "POST /wp-cron.php?doing_wp_cron=1776602984.9666960239410400390625 HTTP/1.1" 200 448 "-" "WordPress/6.3.8; https://serhatburke.miroglu.net"
200.25.47.120 - - [19/Apr/2026:15:49:32 +0300] "POST /xmlrpc.php HTTP/1.1" 200 630 "-" "Mozilla/5.0 (Windows NT 10.0; Win64; x64) AppleWebKit/537.36 (KHTML, like Gecko) Chrome/114.0.0.0 Safari/537.36"
185.216.113.70 - - [19/Apr/2026:15:49:46 +0300] "POST /wp-cron.php?doing_wp_cron=1776602986.6209909915924072265625 HTTP/1.1" 200 448 "-" "WordPress/6.3.8; https://serhatburke.miroglu.net"
200.25.47.117 - - [19/Apr/2026:15:49:33 +0300] "POST /xmlrpc.php HTTP/1.1" 200 630 "-" "Mozilla/5.0 (Windows NT 10.0; Win64; x64) AppleWebKit/537.36 (KHTML, like Gecko) Chrome/114.0.0.0 Safari/537.36"
185.216.113.70 - - [19/Apr/2026:15:50:13 +0300] "POST /wp-cron.php?doing_wp_cron=1776603013.2681639194488525390625 HTTP/1.1" 200 448 "-" "WordPress/6.3.8; https://serhatburke.miroglu.net"
200.25.47.120 - - [19/Apr/2026:15:49:51 +0300] "POST /xmlrpc.php HTTP/1.1" 200 15657 "-" "Mozilla/5.0 (Windows NT 10.0; Win64; x64) AppleWebKit/537.36 (KHTML, like Gecko) Chrome/114.0.0.0 Safari/537.36"
200.25.47.117 - - [19/Apr/2026:15:49:53 +0300] "POST /xmlrpc.php HTTP/1.1" 200 9057 "-" "Mozilla/5.0 (Windows NT 10.0; Win64; x64) AppleWebKit/537.36 (KHTML, like Gecko) Chrome/114.0.0.0 Safari/537.36"
200.25.47.117 - - [19/Apr/2026:15:50:15 +0300] "GET /darmowe-gry-hot-spot-rozlegly-wybor-automatow-hot-spot-przez-internet/ HTTP/1.1" 200 71401 "-" "Mozilla/5.0 (Windows NT 10.0; Win64; x64; rv:125.0) Gecko/20100101 Firefox/125.0"
200.25.47.120 - - [19/Apr/2026:15:50:15 +0300] "GET /beste-paypal-online-casinos-2026-inoffizieller-mitarbeiter-spielbank-via-paypal-bezahlen/ HTTP/1.1" 200 77486 "-" "Mozilla/5.0 (Windows NT 10.0; Win64; x64) AppleWebKit/537.36 (KHTML, like Gecko) Chrome/109.0.0.0 Safari/537.36"
200.25.47.120 - - [19/Apr/2026:15:50:29 +0300] "POST /xmlrpc.php HTTP/1.1" 200 630 "-" "Mozilla/5.0 (Windows NT 10.0; Win64; x64) AppleWebKit/537.36 (KHTML, like Gecko) Chrome/114.0.0.0 Safari/537.36"
200.25.47.117 - - [19/Apr/2026:15:50:54 +0300] "POST /xmlrpc.php HTTP/1.1" 200 630 "-" "Mozilla/5.0 (Windows NT 10.0; Win64; x64) AppleWebKit/537.36 (KHTML, like Gecko) Chrome/114.0.0.0 Safari/537.36"
185.191.206.81 - - [19/Apr/2026:15:50:26 +0300] "POST /xmlrpc.php HTTP/1.1" 200 630 "-" "Mozilla/5.0 (Windows NT 10.0; Win64; x64) AppleWebKit/537.36 (KHTML, like Gecko) Chrome/114.0.0.0 Safari/537.36"
200.25.47.120 - - [19/Apr/2026:15:50:59 +0300] "POST /xmlrpc.php HTTP/1.1" 200 14997 "-" "Mozilla/5.0 (Windows NT 10.0; Win64; x64) AppleWebKit/537.36 (KHTML, like Gecko) Chrome/114.0.0.0 Safari/537.36"
185.216.113.70 - - [19/Apr/2026:15:51:28 +0300] "POST /wp-cron.php?doing_wp_cron=1776603088.4777801036834716796875 HTTP/1.1" 200 448 "-" "WordPress/6.3.8; https://serhatburke.miroglu.net"
185.216.113.70 - - [19/Apr/2026:15:51:31 +0300] "POST /wp-cron.php?doing_wp_cron=1776603090.8799209594726562500000 HTTP/1.1" 200 448 "-" "WordPress/6.3.8; https://serhatburke.miroglu.net"
200.25.47.117 - - [19/Apr/2026:15:51:13 +0300] "POST /xmlrpc.php HTTP/1.1" 200 10110 "-" "Mozilla/5.0 (Windows NT 10.0; Win64; x64) AppleWebKit/537.36 (KHTML, like Gecko) Chrome/114.0.0.0 Safari/537.36"
200.25.47.120 - - [19/Apr/2026:15:51:12 +0300] "GET /diese-besten-spielbank-spiele-online-via-echtgeld-und-gebuhrenfrei/ HTTP/1.1" 200 76493 "-" "Mozilla/5.0 (Windows NT 10.0; rv:125.0) Gecko/20100101 Firefox/125.0"
17.22.253.121 - - [19/Apr/2026:15:51:46 +0300] "GET /wp-content/plugins/contact-form-7/includes/css/styles.css?ver=5.8 HTTP/1.1" 200 1619 "https://serhatburke.miroglu.net/gorgeous-since-the-hades-casino-online-1-free-with-10x-multiplier-microgaming-position-remark-demonstration-february-2026/" "Mozilla/5.0 (Macintosh; Intel Mac OS X 10_15_7) AppleWebKit/605.1.15 (KHTML, like Gecko) Version/17.4 Safari/605.1.15 (Applebot/0.1; +http://www.apple.com/go/applebot)"
17.22.253.17 - - [19/Apr/2026:15:51:47 +0300] "GET /wp-includes/css/dist/block-library/style.min.css?ver=6.3.8 HTTP/1.1" 200 14419 "https://serhatburke.miroglu.net/gorgeous-since-the-hades-casino-online-1-free-with-10x-multiplier-microgaming-position-remark-demonstration-february-2026/" "Mozilla/5.0 (Macintosh; Intel Mac OS X 10_15_7) AppleWebKit/605.1.15 (KHTML, like Gecko) Version/17.4 Safari/605.1.15 (Applebot/0.1; +http://www.apple.com/go/applebot)"
185.216.113.70 - - [19/Apr/2026:15:51:48 +0300] "POST /wp-cron.php?doing_wp_cron=1776603108.1888589859008789062500 HTTP/1.1" 200 448 "-" "WordPress/6.3.8; https://serhatburke.miroglu.net"
185.191.206.81 - - [19/Apr/2026:15:51:14 +0300] "POST /xmlrpc.php HTTP/1.1" 200 14389 "-" "Mozilla/5.0 (Windows NT 10.0; Win64; x64) AppleWebKit/537.36 (KHTML, like Gecko) Chrome/114.0.0.0 Safari/537.36"
17.22.245.138 - - [19/Apr/2026:15:51:48 +0300] "GET /wp-content/themes/toppic/style.css?ver=4.2 HTTP/1.1" 200 23964 "https://serhatburke.miroglu.net/gorgeous-since-the-hades-casino-online-1-free-with-10x-multiplier-microgaming-position-remark-demonstration-february-2026/" "Mozilla/5.0 (Macintosh; Intel Mac OS X 10_15_7) AppleWebKit/605.1.15 (KHTML, like Gecko) Version/17.4 Safari/605.1.15 (Applebot/0.1; +http://www.apple.com/go/applebot)"
17.22.253.36 - - [19/Apr/2026:15:51:52 +0300] "GET /wp-content/themes/toppic/css/reset.css?ver=4.2 HTTP/1.1" 200 1275 "https://serhatburke.miroglu.net/gorgeous-since-the-hades-casino-online-1-free-with-10x-multiplier-microgaming-position-remark-demonstration-february-2026/" "Mozilla/5.0 (Macintosh; Intel Mac OS X 10_15_7) AppleWebKit/605.1.15 (KHTML, like Gecko) Version/17.4 Safari/605.1.15 (Applebot/0.1; +http://www.apple.com/go/applebot)"
17.22.253.142 - - [19/Apr/2026:15:51:52 +0300] "GET /wp-content/themes/toppic/css/default.css?ver=4.2 HTTP/1.1" 200 1951 "https://serhatburke.miroglu.net/gorgeous-since-the-hades-casino-online-1-free-with-10x-multiplier-microgaming-position-remark-demonstration-february-2026/" "Mozilla/5.0 (Macintosh; Intel Mac OS X 10_15_7) AppleWebKit/605.1.15 (KHTML, like Gecko) Version/17.4 Safari/605.1.15 (Applebot/0.1; +http://www.apple.com/go/applebot)"
17.22.253.241 - - [19/Apr/2026:15:51:55 +0300] "GET /wp-content/themes/toppic/css/fontello.css?ver=4.2 HTTP/1.1" 200 1944 "https://serhatburke.miroglu.net/gorgeous-since-the-hades-casino-online-1-free-with-10x-multiplier-microgaming-position-remark-demonstration-february-2026/" "Mozilla/5.0 (Macintosh; Intel Mac OS X 10_15_7) AppleWebKit/605.1.15 (KHTML, like Gecko) Version/17.4 Safari/605.1.15 (Applebot/0.1; +http://www.apple.com/go/applebot)"
200.25.47.117 - - [19/Apr/2026:15:51:32 +0300] "GET /bezplatne-rozrywki-online-bez-download-graj-w-darmowe-rozrywki-dzieki-pc-oraz-smartfona/ HTTP/1.1" 200 72847 "-" "Mozilla/5.0 (Windows NT 10.0; Win64; x64) AppleWebKit/537.36 (KHTML, like Gecko) Chrome/124.0.0.0 Safari/537.36"
17.22.253.142 - - [19/Apr/2026:15:51:55 +0300] "GET /wp-content/plugins/roses-like-this/likesScript.js?ver=6.3.8 HTTP/1.1" 200 1164 "https://serhatburke.miroglu.net/gorgeous-since-the-hades-casino-online-1-free-with-10x-multiplier-microgaming-position-remark-demonstration-february-2026/" "Mozilla/5.0 (Macintosh; Intel Mac OS X 10_15_7) AppleWebKit/605.1.15 (KHTML, like Gecko) Version/17.4 Safari/605.1.15 (Applebot/0.1; +http://www.apple.com/go/applebot)"
17.22.253.160 - - [19/Apr/2026:15:51:57 +0300] "GET /wp-content/themes/toppic/css/rs-default.css?ver=4.2 HTTP/1.1" 200 2788 "https://serhatburke.miroglu.net/gorgeous-since-the-hades-casino-online-1-free-with-10x-multiplier-microgaming-position-remark-demonstration-february-2026/" "Mozilla/5.0 (Macintosh; Intel Mac OS X 10_15_7) AppleWebKit/605.1.15 (KHTML, like Gecko) Version/17.4 Safari/605.1.15 (Applebot/0.1; +http://www.apple.com/go/applebot)"
200.25.47.120 - - [19/Apr/2026:15:51:36 +0300] "POST /xmlrpc.php HTTP/1.1" 200 630 "-" "Mozilla/5.0 (Windows NT 10.0; Win64; x64) AppleWebKit/537.36 (KHTML, like Gecko) Chrome/114.0.0.0 Safari/537.36"
17.22.245.19 - - [19/Apr/2026:15:51:59 +0300] "GET /wp-content/themes/toppic/css/royalslider.css?ver=4.2 HTTP/1.1" 200 2007 "https://serhatburke.miroglu.net/gorgeous-since-the-hades-casino-online-1-free-with-10x-multiplier-microgaming-position-remark-demonstration-february-2026/" "Mozilla/5.0 (Macintosh; Intel Mac OS X 10_15_7) AppleWebKit/605.1.15 (KHTML, like Gecko) Version/17.4 Safari/605.1.15 (Applebot/0.1; +http://www.apple.com/go/applebot)"
17.22.245.183 - - [19/Apr/2026:15:51:59 +0300] "GET /wp-content/themes/toppic/css/lightbox.css?ver=4.2 HTTP/1.1" 200 3115 "https://serhatburke.miroglu.net/gorgeous-since-the-hades-casino-online-1-free-with-10x-multiplier-microgaming-position-remark-demonstration-february-2026/" "Mozilla/5.0 (Macintosh; Intel Mac OS X 10_15_7) AppleWebKit/605.1.15 (KHTML, like Gecko) Version/17.4 Safari/605.1.15 (Applebot/0.1; +http://www.apple.com/go/applebot)"
17.22.237.183 - - [19/Apr/2026:15:52:01 +0300] "GET /wp-content/plugins/contact-form-7/includes/swv/js/index.js?ver=5.8 HTTP/1.1" 200 3829 "https://serhatburke.miroglu.net/gorgeous-since-the-hades-casino-online-1-free-with-10x-multiplier-microgaming-position-remark-demonstration-february-2026/" "Mozilla/5.0 (Macintosh; Intel Mac OS X 10_15_7) AppleWebKit/605.1.15 (KHTML, like Gecko) Version/17.4 Safari/605.1.15 (Applebot/0.1; +http://www.apple.com/go/applebot)"
17.22.237.235 - - [19/Apr/2026:15:52:02 +0300] "GET /wp-content/plugins/contact-form-7/includes/js/index.js?ver=5.8 HTTP/1.1" 200 4793 "https://serhatburke.miroglu.net/gorgeous-since-the-hades-casino-online-1-free-with-10x-multiplier-microgaming-position-remark-demonstration-february-2026/" "Mozilla/5.0 (Macintosh; Intel Mac OS X 10_15_7) AppleWebKit/605.1.15 (KHTML, like Gecko) Version/17.4 Safari/605.1.15 (Applebot/0.1; +http://www.apple.com/go/applebot)"
17.22.245.106 - - [19/Apr/2026:15:52:02 +0300] "GET /wp-includes/js/jquery/jquery-migrate.min.js?ver=3.4.1 HTTP/1.1" 200 5500 "https://serhatburke.miroglu.net/gorgeous-since-the-hades-casino-online-1-free-with-10x-multiplier-microgaming-position-remark-demonstration-february-2026/" "Mozilla/5.0 (Macintosh; Intel Mac OS X 10_15_7) AppleWebKit/605.1.15 (KHTML, like Gecko) Version/17.4 Safari/605.1.15 (Applebot/0.1; +http://www.apple.com/go/applebot)"
17.22.253.229 - - [19/Apr/2026:15:52:03 +0300] "GET /wp-content/themes/toppic/js/jquery.parallax.custom.js?ver=4.2 HTTP/1.1" 200 1461 "https://serhatburke.miroglu.net/gorgeous-since-the-hades-casino-online-1-free-with-10x-multiplier-microgaming-position-remark-demonstration-february-2026/" "Mozilla/5.0 (Macintosh; Intel Mac OS X 10_15_7) AppleWebKit/605.1.15 (KHTML, like Gecko) Version/17.4 Safari/605.1.15 (Applebot/0.1; +http://www.apple.com/go/applebot)"
17.22.245.19 - - [19/Apr/2026:15:52:04 +0300] "GET /wp-content/themes/toppic/js/jquery.mtree.js?ver=4.2 HTTP/1.1" 200 1444 "https://serhatburke.miroglu.net/gorgeous-since-the-hades-casino-online-1-free-with-10x-multiplier-microgaming-position-remark-demonstration-february-2026/" "Mozilla/5.0 (Macintosh; Intel Mac OS X 10_15_7) AppleWebKit/605.1.15 (KHTML, like Gecko) Version/17.4 Safari/605.1.15 (Applebot/0.1; +http://www.apple.com/go/applebot)"
17.22.237.235 - - [19/Apr/2026:15:52:05 +0300] "GET /wp-content/themes/toppic/js/jquery.touchswipe.js?ver=4.2 HTTP/1.1" 200 5344 "https://serhatburke.miroglu.net/gorgeous-since-the-hades-casino-online-1-free-with-10x-multiplier-microgaming-position-remark-demonstration-february-2026/" "Mozilla/5.0 (Macintosh; Intel Mac OS X 10_15_7) AppleWebKit/605.1.15 (KHTML, like Gecko) Version/17.4 Safari/605.1.15 (Applebot/0.1; +http://www.apple.com/go/applebot)"
17.22.237.54 - - [19/Apr/2026:15:52:09 +0300] "GET /wp-content/themes/toppic/js/scrollMonitor.js?ver=4.2 HTTP/1.1" 200 3278 "https://serhatburke.miroglu.net/gorgeous-since-the-hades-casino-online-1-free-with-10x-multiplier-microgaming-position-remark-demonstration-february-2026/" "Mozilla/5.0 (Macintosh; Intel Mac OS X 10_15_7) AppleWebKit/605.1.15 (KHTML, like Gecko) Version/17.4 Safari/605.1.15 (Applebot/0.1; +http://www.apple.com/go/applebot)"
17.22.237.183 - - [19/Apr/2026:15:52:10 +0300] "GET /wp-content/themes/toppic/js/jquery.transit.min.js?ver=4.2 HTTP/1.1" 200 3205 "https://serhatburke.miroglu.net/gorgeous-since-the-hades-casino-online-1-free-with-10x-multiplier-microgaming-position-remark-demonstration-february-2026/" "Mozilla/5.0 (Macintosh; Intel Mac OS X 10_15_7) AppleWebKit/605.1.15 (KHTML, like Gecko) Version/17.4 Safari/605.1.15 (Applebot/0.1; +http://www.apple.com/go/applebot)"
17.22.253.229 - - [19/Apr/2026:15:52:11 +0300] "GET /wp-content/themes/toppic/js/jquery.modernizr.custom.js?ver=4.2 HTTP/1.1" 200 3513 "https://serhatburke.miroglu.net/gorgeous-since-the-hades-casino-online-1-free-with-10x-multiplier-microgaming-position-remark-demonstration-february-2026/" "Mozilla/5.0 (Macintosh; Intel Mac OS X 10_15_7) AppleWebKit/605.1.15 (KHTML, like Gecko) Version/17.4 Safari/605.1.15 (Applebot/0.1; +http://www.apple.com/go/applebot)"
17.22.245.19 - - [19/Apr/2026:15:52:12 +0300] "GET /wp-content/themes/toppic/js/jquery.kenb.js?ver=4.2 HTTP/1.1" 200 1807 "https://serhatburke.miroglu.net/gorgeous-since-the-hades-casino-online-1-free-with-10x-multiplier-microgaming-position-remark-demonstration-february-2026/" "Mozilla/5.0 (Macintosh; Intel Mac OS X 10_15_7) AppleWebKit/605.1.15 (KHTML, like Gecko) Version/17.4 Safari/605.1.15 (Applebot/0.1; +http://www.apple.com/go/applebot)"
17.22.237.216 - - [19/Apr/2026:15:52:13 +0300] "GET /wp-content/themes/toppic/js/jquery.tipsy.js?ver=4.2 HTTP/1.1" 200 1579 "https://serhatburke.miroglu.net/gorgeous-since-the-hades-casino-online-1-free-with-10x-multiplier-microgaming-position-remark-demonstration-february-2026/" "Mozilla/5.0 (Macintosh; Intel Mac OS X 10_15_7) AppleWebKit/605.1.15 (KHTML, like Gecko) Version/17.4 Safari/605.1.15 (Applebot/0.1; +http://www.apple.com/go/applebot)"
17.22.237.235 - - [19/Apr/2026:15:52:14 +0300] "GET /wp-content/themes/toppic/js/jquery.magnific-popup.min.js?ver=4.2 HTTP/1.1" 200 8048 "https://serhatburke.miroglu.net/gorgeous-since-the-hades-casino-online-1-free-with-10x-multiplier-microgaming-position-remark-demonstration-february-2026/" "Mozilla/5.0 (Macintosh; Intel Mac OS X 10_15_7) AppleWebKit/605.1.15 (KHTML, like Gecko) Version/17.4 Safari/605.1.15 (Applebot/0.1; +http://www.apple.com/go/applebot)"
17.22.237.183 - - [19/Apr/2026:15:52:15 +0300] "GET /wp-content/themes/toppic/js/lazysizes.min.js?ver=4.2 HTTP/1.1" 200 3766 "https://serhatburke.miroglu.net/gorgeous-since-the-hades-casino-online-1-free-with-10x-multiplier-microgaming-position-remark-demonstration-february-2026/" "Mozilla/5.0 (Macintosh; Intel Mac OS X 10_15_7) AppleWebKit/605.1.15 (KHTML, like Gecko) Version/17.4 Safari/605.1.15 (Applebot/0.1; +http://www.apple.com/go/applebot)"
200.25.47.120 - - [19/Apr/2026:15:52:04 +0300] "POST /xmlrpc.php HTTP/1.1" 200 14550 "-" "Mozilla/5.0 (Windows NT 10.0; Win64; x64) AppleWebKit/537.36 (KHTML, like Gecko) Chrome/114.0.0.0 Safari/537.36"
17.22.245.162 - - [19/Apr/2026:15:52:20 +0300] "GET /wp-content/themes/toppic/js/jquery.custom.js?ver=4.2 HTTP/1.1" 200 9224 "https://serhatburke.miroglu.net/gorgeous-since-the-hades-casino-online-1-free-with-10x-multiplier-microgaming-position-remark-demonstration-february-2026/" "Mozilla/5.0 (Macintosh; Intel Mac OS X 10_15_7) AppleWebKit/605.1.15 (KHTML, like Gecko) Version/17.4 Safari/605.1.15 (Applebot/0.1; +http://www.apple.com/go/applebot)"
17.22.253.229 - - [19/Apr/2026:15:52:21 +0300] "GET /wp-content/plugins/google-analytics-for-wordpress/assets/js/frontend-gtag.min.js?ver=10.1.2 HTTP/1.1" 200 3735 "https://serhatburke.miroglu.net/gorgeous-since-the-hades-casino-online-1-free-with-10x-multiplier-microgaming-position-remark-demonstration-february-2026/" "Mozilla/5.0 (Macintosh; Intel Mac OS X 10_15_7) AppleWebKit/605.1.15 (KHTML, like Gecko) Version/17.4 Safari/605.1.15 (Applebot/0.1; +http://www.apple.com/go/applebot)"
185.191.206.81 - - [19/Apr/2026:15:51:48 +0300] "GET /allen-afgelopen-online-gokkasten-speel-kosteloos-ofwel-pro-in-bankbiljet/ HTTP/1.1" 200 76040 "-" "Mozilla/5.0 (Windows NT 10.0; rv:125.0) Gecko/20100101 Firefox/125.0"
200.25.47.117 - - [19/Apr/2026:15:52:09 +0300] "POST /xmlrpc.php HTTP/1.1" 200 630 "-" "Mozilla/5.0 (Windows NT 10.0; Win64; x64) AppleWebKit/537.36 (KHTML, like Gecko) Chrome/114.0.0.0 Safari/537.36"
200.25.47.120 - - [19/Apr/2026:15:52:20 +0300] "GET /religious-monarchin-of-the-nile-online-kostenlos-spielen-an-dieser-stelle/ HTTP/1.1" 200 76327 "-" "Mozilla/5.0 (Windows NT 10.0; Win64; x64) AppleWebKit/537.36 (KHTML, like Gecko) Chrome/124.0.0.0 Safari/537.36 Edg/124.0.0.0"
185.191.206.81 - - [19/Apr/2026:15:52:10 +0300] "POST /xmlrpc.php HTTP/1.1" 200 630 "-" "Mozilla/5.0 (Windows NT 10.0; Win64; x64) AppleWebKit/537.36 (KHTML, like Gecko) Chrome/114.0.0.0 Safari/537.36"
185.216.113.70 - - [19/Apr/2026:15:52:47 +0300] "POST /wp-cron.php?doing_wp_cron=1776603167.3613140583038330078125 HTTP/1.1" 200 448 "-" "WordPress/6.3.8; https://serhatburke.miroglu.net"
17.22.237.198 - - [19/Apr/2026:15:52:31 +0300] "GET /gorgeous-since-the-hades-casino-online-1-free-with-10x-multiplier-microgaming-position-remark-demonstration-february-2026/undefined?ts=1776603148 HTTP/1.1" 404 15923 "https://serhatburke.miroglu.net/gorgeous-since-the-hades-casino-online-1-free-with-10x-multiplier-microgaming-position-remark-demonstration-february-2026/" "Mozilla/5.0 (Macintosh; Intel Mac OS X 10_15_7) AppleWebKit/605.1.15 (KHTML, like Gecko) Version/17.4 Safari/605.1.15 (Applebot/0.1; +http://www.apple.com/go/applebot)"
200.25.47.117 - - [19/Apr/2026:15:52:32 +0300] "POST /xmlrpc.php HTTP/1.1" 200 11116 "-" "Mozilla/5.0 (Windows NT 10.0; Win64; x64) AppleWebKit/537.36 (KHTML, like Gecko) Chrome/114.0.0.0 Safari/537.36"
200.25.47.120 - - [19/Apr/2026:15:52:34 +0300] "POST /xmlrpc.php HTTP/1.1" 200 630 "-" "Mozilla/5.0 (Windows NT 10.0; Win64; x64) AppleWebKit/537.36 (KHTML, like Gecko) Chrome/114.0.0.0 Safari/537.36"
17.22.237.198 - - [19/Apr/2026:15:52:53 +0300] "GET /gorgeous-since-the-hades-casino-online-1-free-with-10x-multiplier-microgaming-position-remark-demonstration-february-2026/undefined?ts=1776603168 HTTP/1.1" 404 15745 "https://serhatburke.miroglu.net/gorgeous-since-the-hades-casino-online-1-free-with-10x-multiplier-microgaming-position-remark-demonstration-february-2026/" "Mozilla/5.0 (Macintosh; Intel Mac OS X 10_15_7) AppleWebKit/605.1.15 (KHTML, like Gecko) Version/17.4 Safari/605.1.15 (Applebot/0.1; +http://www.apple.com/go/applebot)"
200.25.47.120 - - [19/Apr/2026:15:52:58 +0300] "POST /xmlrpc.php HTTP/1.1" 200 15022 "-" "Mozilla/5.0 (Windows NT 10.0; Win64; x64) AppleWebKit/537.36 (KHTML, like Gecko) Chrome/114.0.0.0 Safari/537.36"
200.25.47.117 - - [19/Apr/2026:15:52:51 +0300] "GET /black-horse-bezplatne-gry-hazardowe-signs-all-signs-most-recommended-sign-company-in-south-fl/ HTTP/1.1" 200 73255 "-" "Mozilla/5.0 (Windows NT 10.0; Win64; x64) AppleWebKit/537.36 (KHTML, like Gecko) Chrome/122.0.0.0 Safari/537.36"
185.191.206.81 - - [19/Apr/2026:15:52:49 +0300] "POST /xmlrpc.php HTTP/1.1" 200 14140 "-" "Mozilla/5.0 (Windows NT 10.0; Win64; x64) AppleWebKit/537.36 (KHTML, like Gecko) Chrome/114.0.0.0 Safari/537.36"
17.22.253.41 - - [19/Apr/2026:15:53:20 +0300] "GET /gorgeous-since-the-hades-casino-online-1-free-with-10x-multiplier-microgaming-position-remark-demonstration-february-2026/undefined?ts=1776603196 HTTP/1.1" 404 15924 "https://serhatburke.miroglu.net/gorgeous-since-the-hades-casino-online-1-free-with-10x-multiplier-microgaming-position-remark-demonstration-february-2026/" "Mozilla/5.0 (Macintosh; Intel Mac OS X 10_15_7) AppleWebKit/605.1.15 (KHTML, like Gecko) Version/17.4 Safari/605.1.15 (Applebot/0.1; +http://www.apple.com/go/applebot)"
200.25.47.120 - - [19/Apr/2026:15:53:20 +0300] "GET /ramses-ii-von-novoline-taucht-der-ins-hexe-agypten/ HTTP/1.1" 200 76170 "-" "Mozilla/5.0 (Windows NT 10.0; Win64; x64) AppleWebKit/537.36 (KHTML, like Gecko) Chrome/123.0.0.0 Safari/537.36 OPR/109.0.0.0"
200.25.47.117 - - [19/Apr/2026:15:53:22 +0300] "POST /xmlrpc.php HTTP/1.1" 200 630 "-" "Mozilla/5.0 (Windows NT 10.0; Win64; x64) AppleWebKit/537.36 (KHTML, like Gecko) Chrome/114.0.0.0 Safari/537.36"
185.216.113.70 - - [19/Apr/2026:15:53:49 +0300] "POST /wp-cron.php?doing_wp_cron=1776603229.1276791095733642578125 HTTP/1.1" 200 448 "-" "WordPress/6.3.8; https://serhatburke.miroglu.net"
200.25.47.120 - - [19/Apr/2026:15:53:29 +0300] "POST /xmlrpc.php HTTP/1.1" 200 630 "-" "Mozilla/5.0 (Windows NT 10.0; Win64; x64) AppleWebKit/537.36 (KHTML, like Gecko) Chrome/114.0.0.0 Safari/537.36"
17.22.253.41 - - [19/Apr/2026:15:53:48 +0300] "GET /gorgeous-since-the-hades-casino-online-1-free-with-10x-multiplier-microgaming-position-remark-demonstration-february-2026/undefined?ts=1776603221 HTTP/1.1" 404 15716 "https://serhatburke.miroglu.net/gorgeous-since-the-hades-casino-online-1-free-with-10x-multiplier-microgaming-position-remark-demonstration-february-2026/" "Mozilla/5.0 (Macintosh; Intel Mac OS X 10_15_7) AppleWebKit/605.1.15 (KHTML, like Gecko) Version/17.4 Safari/605.1.15 (Applebot/0.1; +http://www.apple.com/go/applebot)"
185.191.206.81 - - [19/Apr/2026:15:53:31 +0300] "GET /jungle-trip-suriname-fooien-voor-zeker-onvergetelijke-ondervinding/ HTTP/1.1" 200 75579 "-" "Mozilla/5.0 (Windows NT 10.0; rv:125.0) Gecko/20100101 Firefox/125.0"
200.25.47.117 - - [19/Apr/2026:15:53:51 +0300] "POST /xmlrpc.php HTTP/1.1" 200 10610 "-" "Mozilla/5.0 (Windows NT 10.0; Win64; x64) AppleWebKit/537.36 (KHTML, like Gecko) Chrome/114.0.0.0 Safari/537.36"
200.25.47.120 - - [19/Apr/2026:15:53:57 +0300] "POST /xmlrpc.php HTTP/1.1" 200 15452 "-" "Mozilla/5.0 (Windows NT 10.0; Win64; x64) AppleWebKit/537.36 (KHTML, like Gecko) Chrome/114.0.0.0 Safari/537.36"
17.22.245.127 - - [19/Apr/2026:15:54:13 +0300] "GET /gorgeous-since-the-hades-casino-online-1-free-with-10x-multiplier-microgaming-position-remark-demonstration-february-2026/undefined?ts=1776603249 HTTP/1.1" 404 15923 "https://serhatburke.miroglu.net/gorgeous-since-the-hades-casino-online-1-free-with-10x-multiplier-microgaming-position-remark-demonstration-february-2026/" "Mozilla/5.0 (Macintosh; Intel Mac OS X 10_15_7) AppleWebKit/605.1.15 (KHTML, like Gecko) Version/17.4 Safari/605.1.15 (Applebot/0.1; +http://www.apple.com/go/applebot)"
185.191.206.81 - - [19/Apr/2026:15:53:54 +0300] "POST /xmlrpc.php HTTP/1.1" 200 630 "-" "Mozilla/5.0 (Windows NT 10.0; Win64; x64) AppleWebKit/537.36 (KHTML, like Gecko) Chrome/114.0.0.0 Safari/537.36"
200.25.47.117 - - [19/Apr/2026:15:54:17 +0300] "GET /book-of-ra-deluxe-bezplatnie-graj-w-wziety-robot-od-czasu-magic-fruits-robot-chwili-novomatic/ HTTP/1.1" 200 72289 "-" "Mozilla/5.0 (Windows NT 10.0; Win64; x64) AppleWebKit/537.36 (KHTML, like Gecko) Chrome/124.0.0.0 Safari/537.36 Edg/124.0.0.0"
200.25.47.120 - - [19/Apr/2026:15:54:23 +0300] "GET /casino-freispiele-ohne-einzahlung-free-spins-fur-nusse-2026/ HTTP/1.1" 200 76935 "-" "Mozilla/5.0 (Windows NT 10.0; Win64; x64) AppleWebKit/537.36 (KHTML, like Gecko) Chrome/109.0.0.0 Safari/537.36"
185.216.113.70 - - [19/Apr/2026:15:54:44 +0300] "POST /wp-cron.php?doing_wp_cron=1776603284.0891180038452148437500 HTTP/1.1" 200 448 "-" "WordPress/6.3.8; https://serhatburke.miroglu.net"
200.25.47.117 - - [19/Apr/2026:15:54:32 +0300] "POST /xmlrpc.php HTTP/1.1" 200 630 "-" "Mozilla/5.0 (Windows NT 10.0; Win64; x64) AppleWebKit/537.36 (KHTML, like Gecko) Chrome/114.0.0.0 Safari/537.36"
17.22.253.215 - - [19/Apr/2026:15:54:41 +0300] "GET /gorgeous-since-the-hades-casino-online-1-free-with-10x-multiplier-microgaming-position-remark-demonstration-february-2026/undefined?ts=1776603270 HTTP/1.1" 404 15923 "https://serhatburke.miroglu.net/gorgeous-since-the-hades-casino-online-1-free-with-10x-multiplier-microgaming-position-remark-demonstration-february-2026/" "Mozilla/5.0 (Macintosh; Intel Mac OS X 10_15_7) AppleWebKit/605.1.15 (KHTML, like Gecko) Version/17.4 Safari/605.1.15 (Applebot/0.1; +http://www.apple.com/go/applebot)"
185.216.113.70 - - [19/Apr/2026:15:55:25 +0300] "POST /wp-cron.php?doing_wp_cron=1776603325.5792999267578125000000 HTTP/1.1" 200 448 "-" "WordPress/6.3.8; https://serhatburke.miroglu.net"
185.191.206.81 - - [19/Apr/2026:15:54:41 +0300] "POST /xmlrpc.php HTTP/1.1" 200 13024 "-" "Mozilla/5.0 (Windows NT 10.0; Win64; x64) AppleWebKit/537.36 (KHTML, like Gecko) Chrome/114.0.0.0 Safari/537.36"
200.25.47.117 - - [19/Apr/2026:15:54:51 +0300] "POST /xmlrpc.php HTTP/1.1" 200 10230 "-" "Mozilla/5.0 (Windows NT 10.0; Win64; x64) AppleWebKit/537.36 (KHTML, like Gecko) Chrome/114.0.0.0 Safari/537.36"
185.216.113.70 - - [19/Apr/2026:15:55:50 +0300] "POST /wp-cron.php?doing_wp_cron=1776603350.0650680065155029296875 HTTP/1.1" 200 448 "-" "WordPress/6.3.8; https://serhatburke.miroglu.net"
178.156.215.67 - - [19/Apr/2026:15:55:05 +0300] "POST /xmlrpc.php HTTP/1.1" 200 604 "-" "Mozilla/5.0 (Windows NT 10.0; Win64; x64) AppleWebKit/537.36 (KHTML, like Gecko) Chrome/108.0.0.0 Safari/537.36"
185.216.113.70 - - [19/Apr/2026:15:55:56 +0300] "POST /wp-cron.php?doing_wp_cron=1776603356.7783050537109375000000 HTTP/1.1" 200 448 "-" "WordPress/6.3.8; https://serhatburke.miroglu.net"
17.22.245.234 - - [19/Apr/2026:15:55:08 +0300] "GET /gorgeous-since-the-hades-casino-online-1-free-with-10x-multiplier-microgaming-position-remark-demonstration-february-2026/undefined?ts=1776603270 HTTP/1.1" 404 15923 "https://serhatburke.miroglu.net/gorgeous-since-the-hades-casino-online-1-free-with-10x-multiplier-microgaming-position-remark-demonstration-february-2026/" "Mozilla/5.0 (Macintosh; Intel Mac OS X 10_15_7) AppleWebKit/605.1.15 (KHTML, like Gecko) Version/17.4 Safari/605.1.15 (Applebot/0.1; +http://www.apple.com/go/applebot)"
185.216.113.70 - - [19/Apr/2026:15:56:46 +0300] "POST /wp-cron.php?doing_wp_cron=1776603406.7799239158630371093750 HTTP/1.1" 200 448 "-" "WordPress/6.3.8; https://serhatburke.miroglu.net"
200.25.47.117 - - [19/Apr/2026:15:55:29 +0300] "GET /bezplatne-gry-hazardowe-gry-hazardowe-internetowego-z-brakiem-rejestracje/ HTTP/1.1" 200 72251 "-" "Mozilla/5.0 (Windows NT 10.0; Win64; x64) AppleWebKit/537.36 (KHTML, like Gecko) Chrome/124.0.0.0 Safari/537.36"
185.216.113.70 - - [19/Apr/2026:15:56:53 +0300] "POST /wp-cron.php?doing_wp_cron=1776603413.2704520225524902343750 HTTP/1.1" 200 448 "-" "WordPress/6.3.8; https://serhatburke.miroglu.net"
185.191.206.81 - - [19/Apr/2026:15:55:22 +0300] "POST /xmlrpc.php HTTP/1.1" 200 630 "-" "Mozilla/5.0 (Windows NT 10.0; Win64; x64) AppleWebKit/537.36 (KHTML, like Gecko) Chrome/114.0.0.0 Safari/537.36"
17.22.245.253 - - [19/Apr/2026:15:55:33 +0300] "GET /gorgeous-since-the-hades-casino-online-1-free-with-10x-multiplier-microgaming-position-remark-demonstration-february-2026/undefined?ts=1776603331 HTTP/1.1" 404 15806 "https://serhatburke.miroglu.net/gorgeous-since-the-hades-casino-online-1-free-with-10x-multiplier-microgaming-position-remark-demonstration-february-2026/" "Mozilla/5.0 (Macintosh; Intel Mac OS X 10_15_7) AppleWebKit/605.1.15 (KHTML, like Gecko) Version/17.4 Safari/605.1.15 (Applebot/0.1; +http://www.apple.com/go/applebot)"
185.216.113.70 - - [19/Apr/2026:15:57:01 +0300] "POST /wp-cron.php?doing_wp_cron=1776603420.8837180137634277343750 HTTP/1.1" 200 448 "-" "WordPress/6.3.8; https://serhatburke.miroglu.net"
200.25.47.117 - - [19/Apr/2026:15:55:39 +0300] "POST /xmlrpc.php HTTP/1.1" 200 630 "-" "Mozilla/5.0 (Windows NT 10.0; Win64; x64) AppleWebKit/537.36 (KHTML, like Gecko) Chrome/114.0.0.0 Safari/537.36"
185.216.113.70 - - [19/Apr/2026:15:57:03 +0300] "POST /wp-cron.php?doing_wp_cron=1776603423.0873138904571533203125 HTTP/1.1" 200 448 "-" "WordPress/6.3.8; https://serhatburke.miroglu.net"
185.191.206.81 - - [19/Apr/2026:15:55:26 +0300] "GET /cleopatra-plusteken-fietsslot-van-igt-beoordeling-vinnig-noppes-online/ HTTP/1.1" 200 74778 "-" "Mozilla/5.0 (Windows NT 10.0; rv:125.0) Gecko/20100101 Firefox/125.0"
185.216.113.70 - - [19/Apr/2026:15:57:33 +0300] "POST /wp-cron.php?doing_wp_cron=1776603453.5073029994964599609375 HTTP/1.1" 200 448 "-" "WordPress/6.3.8; https://serhatburke.miroglu.net"
17.22.237.133 - - [19/Apr/2026:15:56:06 +0300] "GET /gorgeous-since-the-hades-casino-online-1-free-with-10x-multiplier-microgaming-position-remark-demonstration-february-2026/undefined?ts=1776603362 HTTP/1.1" 404 15924 "https://serhatburke.miroglu.net/gorgeous-since-the-hades-casino-online-1-free-with-10x-multiplier-microgaming-position-remark-demonstration-february-2026/" "Mozilla/5.0 (Macintosh; Intel Mac OS X 10_15_7) AppleWebKit/605.1.15 (KHTML, like Gecko) Version/17.4 Safari/605.1.15 (Applebot/0.1; +http://www.apple.com/go/applebot)"
185.216.113.70 - - [19/Apr/2026:15:58:02 +0300] "POST /wp-cron.php?doing_wp_cron=1776603482.1159720420837402343750 HTTP/1.1" 200 448 "-" "WordPress/6.3.8; https://serhatburke.miroglu.net"
17.22.245.250 - - [19/Apr/2026:15:56:37 +0300] "GET /gorgeous-since-the-hades-casino-online-1-free-with-10x-multiplier-microgaming-position-remark-demonstration-february-2026/undefined?ts=1776603388 HTTP/1.1" 404 15805 "https://serhatburke.miroglu.net/gorgeous-since-the-hades-casino-online-1-free-with-10x-multiplier-microgaming-position-remark-demonstration-february-2026/" "Mozilla/5.0 (Macintosh; Intel Mac OS X 10_15_7) AppleWebKit/605.1.15 (KHTML, like Gecko) Version/17.4 Safari/605.1.15 (Applebot/0.1; +http://www.apple.com/go/applebot)"
185.216.113.70 - - [19/Apr/2026:15:58:10 +0300] "POST /wp-cron.php?doing_wp_cron=1776603490.0576589107513427734375 HTTP/1.1" 200 448 "-" "WordPress/6.3.8; https://serhatburke.miroglu.net"
200.25.47.117 - - [19/Apr/2026:15:56:50 +0300] "POST /xmlrpc.php HTTP/1.1" 200 630 "-" "Mozilla/5.0 (Windows NT 10.0; Win64; x64) AppleWebKit/537.36 (KHTML, like Gecko) Chrome/114.0.0.0 Safari/537.36"
185.216.113.70 - - [19/Apr/2026:15:58:21 +0300] "POST /wp-cron.php?doing_wp_cron=1776603501.2745409011840820312500 HTTP/1.1" 200 448 "-" "WordPress/6.3.8; https://serhatburke.miroglu.net"
200.25.47.117 - - [19/Apr/2026:15:57:09 +0300] "POST /xmlrpc.php HTTP/1.1" 200 9793 "-" "Mozilla/5.0 (Windows NT 10.0; Win64; x64) AppleWebKit/537.36 (KHTML, like Gecko) Chrome/114.0.0.0 Safari/537.36"
185.216.113.70 - - [19/Apr/2026:15:58:33 +0300] "POST /wp-cron.php?doing_wp_cron=1776603513.2619459629058837890625 HTTP/1.1" 200 448 "-" "WordPress/6.3.8; https://serhatburke.miroglu.net"
185.191.206.81 - - [19/Apr/2026:15:56:48 +0300] "POST /xmlrpc.php HTTP/1.1" 200 630 "-" "Mozilla/5.0 (Windows NT 10.0; Win64; x64) AppleWebKit/537.36 (KHTML, like Gecko) Chrome/114.0.0.0 Safari/537.36"
185.216.113.70 - - [19/Apr/2026:15:58:48 +0300] "POST /wp-cron.php?doing_wp_cron=1776603528.2777380943298339843750 HTTP/1.1" 200 448 "-" "WordPress/6.3.8; https://serhatburke.miroglu.net"
17.22.253.235 - - [19/Apr/2026:15:57:17 +0300] "GET /gorgeous-since-the-hades-casino-online-1-free-with-10x-multiplier-microgaming-position-remark-demonstration-february-2026/undefined?ts=1776603388 HTTP/1.1" 404 15923 "https://serhatburke.miroglu.net/gorgeous-since-the-hades-casino-online-1-free-with-10x-multiplier-microgaming-position-remark-demonstration-february-2026/" "Mozilla/5.0 (Macintosh; Intel Mac OS X 10_15_7) AppleWebKit/605.1.15 (KHTML, like Gecko) Version/17.4 Safari/605.1.15 (Applebot/0.1; +http://www.apple.com/go/applebot)"
185.216.113.70 - - [19/Apr/2026:15:58:52 +0300] "POST /wp-cron.php?doing_wp_cron=1776603532.4652130603790283203125 HTTP/1.1" 200 448 "-" "WordPress/6.3.8; https://serhatburke.miroglu.net"
185.191.206.81 - - [19/Apr/2026:15:57:01 +0300] "POST /xmlrpc.php HTTP/1.1" 200 13941 "-" "Mozilla/5.0 (Windows NT 10.0; Win64; x64) AppleWebKit/537.36 (KHTML, like Gecko) Chrome/114.0.0.0 Safari/537.36"
185.216.113.70 - - [19/Apr/2026:15:58:57 +0300] "POST /wp-cron.php?doing_wp_cron=1776603537.6904580593109130859375 HTTP/1.1" 200 448 "-" "WordPress/6.3.8; https://serhatburke.miroglu.net"
185.191.206.81 - - [19/Apr/2026:15:57:07 +0300] "POST /xmlrpc.php HTTP/1.1" 200 627 "-" "Mozilla/5.0 (Windows NT 10.0; Win64; x64) AppleWebKit/537.36 (KHTML, like Gecko) Chrome/114.0.0.0 Safari/537.36"
185.216.113.70 - - [19/Apr/2026:15:59:06 +0300] "POST /wp-cron.php?doing_wp_cron=1776603545.9879059791564941406250 HTTP/1.1" 200 448 "-" "WordPress/6.3.8; https://serhatburke.miroglu.net"
17.22.245.205 - - [19/Apr/2026:15:57:37 +0300] "GET /gorgeous-since-the-hades-casino-online-1-free-with-10x-multiplier-microgaming-position-remark-demonstration-february-2026/undefined?ts=1776603388 HTTP/1.1" 404 15923 "https://serhatburke.miroglu.net/gorgeous-since-the-hades-casino-online-1-free-with-10x-multiplier-microgaming-position-remark-demonstration-february-2026/" "Mozilla/5.0 (Macintosh; Intel Mac OS X 10_15_7) AppleWebKit/605.1.15 (KHTML, like Gecko) Version/17.4 Safari/605.1.15 (Applebot/0.1; +http://www.apple.com/go/applebot)"
185.216.113.70 - - [19/Apr/2026:15:59:39 +0300] "POST /wp-cron.php?doing_wp_cron=1776603579.1770169734954833984375 HTTP/1.1" 200 448 "-" "WordPress/6.3.8; https://serhatburke.miroglu.net"
200.25.47.117 - - [19/Apr/2026:15:57:52 +0300] "POST /xmlrpc.php HTTP/1.1" 200 630 "-" "Mozilla/5.0 (Windows NT 10.0; Win64; x64) AppleWebKit/537.36 (KHTML, like Gecko) Chrome/114.0.0.0 Safari/537.36"
185.216.113.70 - - [19/Apr/2026:16:00:06 +0300] "POST /wp-cron.php?doing_wp_cron=1776603606.3791229724884033203125 HTTP/1.1" 200 448 "-" "WordPress/6.3.8; https://serhatburke.miroglu.net"
185.216.113.70 - - [19/Apr/2026:16:00:06 +0300] "POST /wp-cron.php?doing_wp_cron=1776603606.6677598953247070312500 HTTP/1.1" 200 448 "-" "WordPress/6.3.8; https://serhatburke.miroglu.net"
200.25.47.117 - - [19/Apr/2026:15:58:17 +0300] "POST /xmlrpc.php HTTP/1.1" 200 10144 "-" "Mozilla/5.0 (Windows NT 10.0; Win64; x64) AppleWebKit/537.36 (KHTML, like Gecko) Chrome/114.0.0.0 Safari/537.36"
200.25.47.117 - - [19/Apr/2026:15:58:23 +0300] "GET /bezplatne-zabawy-hot-spot-rozlegly-selekcja-automatow-hot-spot-online/ HTTP/1.1" 200 71796 "-" "Mozilla/5.0 (Windows NT 10.0; Win64; x64) AppleWebKit/537.36 (KHTML, like Gecko) Chrome/123.0.0.0 Safari/537.36 OPR/109.0.0.0"
185.191.206.81 - - [19/Apr/2026:15:58:14 +0300] "POST /xmlrpc.php HTTP/1.1" 500 745 "-" "Mozilla/5.0 (Windows NT 10.0; Win64; x64) AppleWebKit/537.36 (KHTML, like Gecko) Chrome/114.0.0.0 Safari/537.36"
185.216.113.70 - - [19/Apr/2026:16:00:17 +0300] "POST /wp-cron.php?doing_wp_cron=1776603617.4553029537200927734375 HTTP/1.1" 200 448 "-" "WordPress/6.3.8; https://serhatburke.miroglu.net"
103.219.169.211 - - [19/Apr/2026:15:58:36 +0300] "POST /xmlrpc.php HTTP/1.1" 200 630 "-" "Mozilla/5.0 (Windows NT 10.0; Win64; x64) AppleWebKit/537.36 (KHTML, like Gecko) Chrome/114.0.0.0 Safari/537.36"
185.191.206.81 - - [19/Apr/2026:15:58:27 +0300] "POST /xmlrpc.php HTTP/1.1" 500 745 "-" "Mozilla/5.0 (Windows NT 10.0; Win64; x64) AppleWebKit/537.36 (KHTML, like Gecko) Chrome/114.0.0.0 Safari/537.36"
185.191.206.81 - - [19/Apr/2026:15:58:45 +0300] "POST /xmlrpc.php HTTP/1.1" 500 745 "-" "Mozilla/5.0 (Windows NT 10.0; Win64; x64) AppleWebKit/537.36 (KHTML, like Gecko) Chrome/114.0.0.0 Safari/537.36"
185.216.113.70 - - [19/Apr/2026:16:00:57 +0300] "POST /wp-cron.php?doing_wp_cron=1776603657.3042590618133544921875 HTTP/1.1" 200 448 "-" "WordPress/6.3.8; https://serhatburke.miroglu.net"
200.25.47.117 - - [19/Apr/2026:15:58:57 +0300] "POST /xmlrpc.php HTTP/1.1" 500 745 "-" "Mozilla/5.0 (Windows NT 10.0; Win64; x64) AppleWebKit/537.36 (KHTML, like Gecko) Chrome/114.0.0.0 Safari/537.36"
192.210.189.253 - - [19/Apr/2026:15:59:08 +0300] "GET /beste-casino-site-belgie-hoge-inzet/ HTTP/1.1" 200 18613 "-" "Mozilla/5.0 (compatible; Googlebot/2.1; +http://www.google.com/bot.html)"
200.25.47.117 - - [19/Apr/2026:15:59:32 +0300] "POST /xmlrpc.php HTTP/1.1" 500 745 "-" "Mozilla/5.0 (Windows NT 10.0; Win64; x64) AppleWebKit/537.36 (KHTML, like Gecko) Chrome/114.0.0.0 Safari/537.36"
185.216.113.70 - - [19/Apr/2026:16:01:44 +0300] "POST /wp-cron.php?doing_wp_cron=1776603704.3872880935668945312500 HTTP/1.1" 200 448 "-" "WordPress/6.3.8; https://serhatburke.miroglu.net"
103.219.169.211 - - [19/Apr/2026:16:00:15 +0300] "POST /xmlrpc.php HTTP/1.1" 500 1102 "-" "Mozilla/5.0 (Windows NT 10.0; Win64; x64) AppleWebKit/537.36 (KHTML, like Gecko) Chrome/114.0.0.0 Safari/537.36"
185.216.113.70 - - [19/Apr/2026:16:01:48 +0300] "POST /wp-cron.php?doing_wp_cron=1776603707.7575669288635253906250 HTTP/1.1" 200 448 "-" "WordPress/6.3.8; https://serhatburke.miroglu.net"
