102.221.34.102 - - [20/Apr/2026:04:02:48 +0300] "POST /xmlrpc.php HTTP/1.1" 200 14140 "-" "Mozilla/5.0 (Windows NT 10.0; Win64; x64) AppleWebKit/537.36 (KHTML, like Gecko) Chrome/114.0.0.0 Safari/537.36"
200.25.47.132 - - [20/Apr/2026:04:02:45 +0300] "GET /5-deposit-casino-sites-deposit-5-get-free-spins-and-you-will-added-bonus-currency/ HTTP/1.1" 200 72687 "-" "Mozilla/5.0 (Windows NT 10.0; Win64; x64) AppleWebKit/537.36 (KHTML, like Gecko) Chrome/124.0.0.0 Safari/537.36"
91.107.208.255 - - [20/Apr/2026:04:03:04 +0300] "POST /xmlrpc.php HTTP/1.1" 200 601 "-" "Mozilla/5.0 (Windows NT 10.0; Win64; x64) AppleWebKit/537.36 (KHTML, like Gecko) Chrome/108.0.0.0 Safari/537.36"
102.221.34.102 - - [20/Apr/2026:04:03:13 +0300] "POST /xmlrpc.php HTTP/1.1" 200 630 "-" "Mozilla/5.0 (Windows NT 10.0; Win64; x64) AppleWebKit/537.36 (KHTML, like Gecko) Chrome/114.0.0.0 Safari/537.36"
102.221.34.102 - - [20/Apr/2026:04:03:10 +0300] "GET /rated-assessed/ HTTP/1.1" 200 74254 "-" "Mozilla/5.0 (Windows NT 10.0; Win64; x64) AppleWebKit/537.36 (KHTML, like Gecko) Chrome/109.0.0.0 Safari/537.36"
185.216.113.70 - - [20/Apr/2026:04:03:42 +0300] "POST /wp-cron.php?doing_wp_cron=1776647021.9859380722045898437500 HTTP/1.1" 200 448 "-" "WordPress/6.3.8; https://serhatburke.miroglu.net"
91.107.208.255 - - [20/Apr/2026:04:03:25 +0300] "POST /xmlrpc.php HTTP/1.1" 200 594 "-" "Mozilla/5.0 (Windows NT 10.0; Win64; x64) AppleWebKit/537.36 (KHTML, like Gecko) Chrome/108.0.0.0 Safari/537.36"
102.221.34.102 - - [20/Apr/2026:04:03:40 +0300] "POST /xmlrpc.php HTTP/1.1" 200 13990 "-" "Mozilla/5.0 (Windows NT 10.0; Win64; x64) AppleWebKit/537.36 (KHTML, like Gecko) Chrome/114.0.0.0 Safari/537.36"
102.221.34.102 - - [20/Apr/2026:04:03:57 +0300] "GET /better-online-casinos-one-to-pay-real-cash-february-2026/ HTTP/1.1" 200 74857 "-" "Mozilla/5.0 (Windows NT 10.0; Win64; x64) AppleWebKit/537.36 (KHTML, like Gecko) Chrome/123.0.0.0 Safari/537.36 OPR/109.0.0.0"
102.221.34.102 - - [20/Apr/2026:04:04:04 +0300] "POST /xmlrpc.php HTTP/1.1" 200 630 "-" "Mozilla/5.0 (Windows NT 10.0; Win64; x64) AppleWebKit/537.36 (KHTML, like Gecko) Chrome/114.0.0.0 Safari/537.36"
52.167.144.140 - - [20/Apr/2026:04:04:07 +0300] "GET /sitemap.xml HTTP/2" 200 1093 "-" "Mozilla/5.0 AppleWebKit/537.36 (KHTML, like Gecko; compatible; bingbot/2.0; +http://www.bing.com/bingbot.htm) Chrome/116.0.1938.76 Safari/537.36"
185.216.113.70 - - [20/Apr/2026:04:04:43 +0300] "POST /wp-cron.php?doing_wp_cron=1776647083.1281919479370117187500 HTTP/1.1" 200 448 "-" "WordPress/6.3.8; https://serhatburke.miroglu.net"
102.221.34.102 - - [20/Apr/2026:04:04:28 +0300] "POST /xmlrpc.php HTTP/1.1" 200 14753 "-" "Mozilla/5.0 (Windows NT 10.0; Win64; x64) AppleWebKit/537.36 (KHTML, like Gecko) Chrome/114.0.0.0 Safari/537.36"
102.221.34.102 - - [20/Apr/2026:04:04:44 +0300] "GET /cool-fruit-local-casino-no-deposit-incentive-60-free-revolves-madness-dragon-playing-where-you-can-gamble-95-50-rtp-keller-williams/ HTTP/1.1" 200 77425 "-" "Mozilla/5.0 (Windows NT 10.0; rv:125.0) Gecko/20100101 Firefox/125.0"
102.221.34.102 - - [20/Apr/2026:04:04:55 +0300] "POST /xmlrpc.php HTTP/1.1" 200 630 "-" "Mozilla/5.0 (Windows NT 10.0; Win64; x64) AppleWebKit/537.36 (KHTML, like Gecko) Chrome/114.0.0.0 Safari/537.36"
102.221.34.102 - - [20/Apr/2026:04:05:15 +0300] "POST /xmlrpc.php HTTP/1.1" 200 14395 "-" "Mozilla/5.0 (Windows NT 10.0; Win64; x64) AppleWebKit/537.36 (KHTML, like Gecko) Chrome/114.0.0.0 Safari/537.36"
185.216.113.70 - - [20/Apr/2026:04:05:41 +0300] "POST /wp-cron.php?doing_wp_cron=1776647141.2992010116577148437500 HTTP/1.1" 200 448 "-" "WordPress/6.3.8; https://serhatburke.miroglu.net"
102.221.34.102 - - [20/Apr/2026:04:05:28 +0300] "GET /finest-casino-applications-the-real-deal-money-in-canada-better-mobile-gaming-programs-2026/ HTTP/1.1" 200 76163 "-" "Mozilla/5.0 (Windows NT 10.0; Win64; x64) AppleWebKit/537.36 (KHTML, like Gecko) Chrome/109.0.0.0 Safari/537.36"
45.84.192.5 - - [20/Apr/2026:04:05:32 +0300] "GET /casino-online-skrill-prelievo-veloce/ HTTP/1.1" 200 18092 "https://serhatburke.miroglu.net/" "Mozilla/5.0 (Macintosh; Intel Mac OS X 12_5) AppleWebKit/537.36 (KHTML, like Gecko) Chrome/114.0.0.0 Safari/537.36 Vivaldi/5.3.2679.68"
45.84.192.5 - - [20/Apr/2026:04:05:54 +0300] "GET /wp-login.php?action=register HTTP/1.1" 302 702 "https://serhatburke.miroglu.net/casino-online-skrill-prelievo-veloce/" "Mozilla/5.0 (Windows NT 6.3; Win64; x64) AppleWebKit/537.36 (KHTML, like Gecko) Chrome/103.0.0.0 Safari/537.36"
45.84.192.5 - - [20/Apr/2026:04:06:08 +0300] "GET /wp-login.php?registration=disabled HTTP/1.1" 200 3806 "https://serhatburke.miroglu.net/wp-login.php?action=register" "Mozilla/5.0 (Windows NT 6.3; Win64; x64) AppleWebKit/537.36 (KHTML, like Gecko) Chrome/103.0.0.0 Safari/537.36"
47.128.51.208 - - [20/Apr/2026:04:06:23 +0300] "GET /on-line-casino-casino-prime-slots-casino-skrill-listing-in-the-2026/ HTTP/2" 200 18120 "-" "Mozilla/5.0 (Linux; Android 5.0) AppleWebKit/537.36 (KHTML, like Gecko) Mobile Safari/537.36 (compatible; Bytespider; spider-feedback@bytedance.com)"
47.128.51.208 - - [20/Apr/2026:04:06:44 +0300] "GET /wp-content/themes/toppic/css/reset.css?ver=4.2 HTTP/2" 200 566 "https://serhatburke.miroglu.net/on-line-casino-casino-prime-slots-casino-skrill-listing-in-the-2026/" "Mozilla/5.0 (Linux; Android 5.0) AppleWebKit/537.36 (KHTML, like Gecko) Mobile Safari/537.36 (compatible; Bytespider; spider-feedback@bytedance.com)"
47.128.51.208 - - [20/Apr/2026:04:06:45 +0300] "GET /wp-content/themes/toppic/style.css?ver=4.2 HTTP/2" 200 22783 "https://serhatburke.miroglu.net/on-line-casino-casino-prime-slots-casino-skrill-listing-in-the-2026/" "Mozilla/5.0 (Linux; Android 5.0) AppleWebKit/537.36 (KHTML, like Gecko) Mobile Safari/537.36 (compatible; Bytespider; spider-feedback@bytedance.com)"
47.128.51.208 - - [20/Apr/2026:04:06:46 +0300] "GET /wp-content/uploads/2023/08/LOGO-1.png HTTP/2" 206 500 "https://serhatburke.miroglu.net/on-line-casino-casino-prime-slots-casino-skrill-listing-in-the-2026/" "Mozilla/5.0 (Linux; Android 5.0) AppleWebKit/537.36 (KHTML, like Gecko) Mobile Safari/537.36 (compatible; Bytespider; spider-feedback@bytedance.com)"
47.128.51.159 - - [20/Apr/2026:04:07:02 +0300] "GET /robots.txt HTTP/1.1" 200 0 "-" "Mozilla/5.0 (Linux; Android 5.0) AppleWebKit/537.36 (KHTML, like Gecko) Mobile Safari/537.36 (compatible; Bytespider; spider-feedback@bytedance.com)"
185.216.113.70 - - [20/Apr/2026:04:12:11 +0300] "POST /wp-cron.php?doing_wp_cron=1776647531.1478800773620605468750 HTTP/1.1" 200 448 "-" "WordPress/6.3.8; https://serhatburke.miroglu.net"
200.25.47.132 - - [20/Apr/2026:04:11:52 +0300] "POST /xmlrpc.php HTTP/1.1" 200 630 "-" "Mozilla/5.0 (Windows NT 10.0; Win64; x64) AppleWebKit/537.36 (KHTML, like Gecko) Chrome/114.0.0.0 Safari/537.36"
200.25.47.132 - - [20/Apr/2026:04:12:18 +0300] "POST /xmlrpc.php HTTP/1.1" 200 11182 "-" "Mozilla/5.0 (Windows NT 10.0; Win64; x64) AppleWebKit/537.36 (KHTML, like Gecko) Chrome/114.0.0.0 Safari/537.36"
185.216.113.70 - - [20/Apr/2026:04:12:48 +0300] "POST /wp-cron.php?doing_wp_cron=1776647568.4951701164245605468750 HTTP/1.1" 200 448 "-" "WordPress/6.3.8; https://serhatburke.miroglu.net"
200.25.47.132 - - [20/Apr/2026:04:12:34 +0300] "GET /dominance-gambling-establishment-sports-play-real-cash-slots-choice-more/ HTTP/1.1" 200 72562 "-" "Mozilla/5.0 (Windows NT 10.0; Win64; x64; rv:124.0) Gecko/20100101 Firefox/124.0"
185.191.171.12 - - [20/Apr/2026:04:13:07 +0300] "GET /test-p-100-hvordan-skal-det-indtages/ HTTP/1.1" 200 18664 "-" "Mozilla/5.0 (compatible; SemrushBot/7~bl; +http://www.semrush.com/bot.html)"
102.221.34.102 - - [20/Apr/2026:04:13:17 +0300] "POST /xmlrpc.php HTTP/1.1" 200 630 "-" "Mozilla/5.0 (Windows NT 10.0; Win64; x64) AppleWebKit/537.36 (KHTML, like Gecko) Chrome/114.0.0.0 Safari/537.36"
185.216.113.70 - - [20/Apr/2026:04:13:52 +0300] "POST /wp-cron.php?doing_wp_cron=1776647632.6770401000976562500000 HTTP/1.1" 200 448 "-" "WordPress/6.3.8; https://serhatburke.miroglu.net"
102.221.34.102 - - [20/Apr/2026:04:13:38 +0300] "POST /xmlrpc.php HTTP/1.1" 200 14426 "-" "Mozilla/5.0 (Windows NT 10.0; Win64; x64) AppleWebKit/537.36 (KHTML, like Gecko) Chrome/114.0.0.0 Safari/537.36"
102.221.34.102 - - [20/Apr/2026:04:13:54 +0300] "GET /promote-domains-purchase-domain-names-park-domains/ HTTP/1.1" 200 75205 "-" "Mozilla/5.0 (Windows NT 10.0; Win64; x64) AppleWebKit/537.36 (KHTML, like Gecko) Chrome/109.0.0.0 Safari/537.36"
185.216.113.70 - - [20/Apr/2026:04:15:46 +0300] "POST /wp-cron.php?doing_wp_cron=1776647746.9044260978698730468750 HTTP/1.1" 200 448 "-" "WordPress/6.3.8; https://serhatburke.miroglu.net"
200.25.47.132 - - [20/Apr/2026:04:15:33 +0300] "POST /xmlrpc.php HTTP/1.1" 200 630 "-" "Mozilla/5.0 (Windows NT 10.0; Win64; x64) AppleWebKit/537.36 (KHTML, like Gecko) Chrome/114.0.0.0 Safari/537.36"
200.25.47.132 - - [20/Apr/2026:04:15:54 +0300] "POST /xmlrpc.php HTTP/1.1" 200 11663 "-" "Mozilla/5.0 (Windows NT 10.0; Win64; x64) AppleWebKit/537.36 (KHTML, like Gecko) Chrome/114.0.0.0 Safari/537.36"
185.191.171.5 - - [20/Apr/2026:04:16:03 +0300] "GET /robots.txt HTTP/1.1" 200 605 "-" "Mozilla/5.0 (compatible; SemrushBot/7~bl; +http://www.semrush.com/bot.html)"
200.25.47.132 - - [20/Apr/2026:04:16:09 +0300] "GET /aztec-secret-luxury-position-by-bgaming/ HTTP/1.1" 200 72570 "-" "Mozilla/5.0 (Windows NT 10.0; rv:109.0) Gecko/20100101 Firefox/115.0"
85.208.96.209 - - [20/Apr/2026:04:16:15 +0300] "GET /better-have-a-glimpse-at-this-site-all-of-us-web-based-casinos-top-10-casinos-compared-2026/ HTTP/1.1" 200 22377 "-" "Mozilla/5.0 (compatible; SemrushBot/7~bl; +http://www.semrush.com/bot.html)"
185.216.113.70 - - [20/Apr/2026:04:17:04 +0300] "POST /wp-cron.php?doing_wp_cron=1776647823.9693861007690429687500 HTTP/1.1" 200 448 "-" "WordPress/6.3.8; https://serhatburke.miroglu.net"
196.58.225.54 - - [20/Apr/2026:04:16:51 +0300] "GET /beste-casino-site-belgie-hoge-inzet/ HTTP/1.1" 200 18613 "-" "Mozilla/5.0 (Windows NT 10.0; Win64; x64) AppleWebKit/537.36 (KHTML, like Gecko) Chrome/114.0.0.0 YaBrowser/22.7.0 Yowser/2.5 Safari/537.36"
185.216.113.70 - - [20/Apr/2026:04:18:43 +0300] "POST /wp-cron.php?doing_wp_cron=1776647922.9243109226226806640625 HTTP/1.1" 200 448 "-" "WordPress/6.3.8; https://serhatburke.miroglu.net"
85.208.96.201 - - [20/Apr/2026:04:18:29 +0300] "GET /hvordan-regulerede-er-pa-idraetsgren-for-rigtige-gysser-inden-for-dannevan/ HTTP/1.1" 200 20700 "-" "Mozilla/5.0 (compatible; SemrushBot/7~bl; +http://www.semrush.com/bot.html)"
102.221.34.102 - - [20/Apr/2026:04:18:52 +0300] "POST /xmlrpc.php HTTP/1.1" 200 630 "-" "Mozilla/5.0 (Windows NT 10.0; Win64; x64) AppleWebKit/537.36 (KHTML, like Gecko) Chrome/114.0.0.0 Safari/537.36"
185.216.113.70 - - [20/Apr/2026:04:19:27 +0300] "POST /wp-cron.php?doing_wp_cron=1776647967.6608679294586181640625 HTTP/1.1" 200 448 "-" "WordPress/6.3.8; https://serhatburke.miroglu.net"
102.221.34.102 - - [20/Apr/2026:04:19:12 +0300] "POST /xmlrpc.php HTTP/1.1" 200 14977 "-" "Mozilla/5.0 (Windows NT 10.0; Win64; x64) AppleWebKit/537.36 (KHTML, like Gecko) Chrome/114.0.0.0 Safari/537.36"
102.221.34.102 - - [20/Apr/2026:04:19:28 +0300] "GET /best-a-real-income-casinos-on-the-internet-within-the-canada-march-2026/ HTTP/1.1" 200 76288 "-" "Mozilla/5.0 (Windows NT 10.0; Win64; x64; rv:125.0) Gecko/20100101 Firefox/125.0"
102.221.34.102 - - [20/Apr/2026:04:20:21 +0300] "POST /xmlrpc.php HTTP/1.1" 200 630 "-" "Mozilla/5.0 (Windows NT 10.0; Win64; x64) AppleWebKit/537.36 (KHTML, like Gecko) Chrome/114.0.0.0 Safari/537.36"
185.216.113.70 - - [20/Apr/2026:04:20:54 +0300] "POST /wp-cron.php?doing_wp_cron=1776648054.7913110256195068359375 HTTP/1.1" 200 448 "-" "WordPress/6.3.8; https://serhatburke.miroglu.net"
102.221.34.102 - - [20/Apr/2026:04:20:41 +0300] "POST /xmlrpc.php HTTP/1.1" 200 14630 "-" "Mozilla/5.0 (Windows NT 10.0; Win64; x64) AppleWebKit/537.36 (KHTML, like Gecko) Chrome/114.0.0.0 Safari/537.36"
200.25.47.132 - - [20/Apr/2026:04:21:01 +0300] "POST /xmlrpc.php HTTP/1.1" 200 630 "-" "Mozilla/5.0 (Windows NT 10.0; Win64; x64) AppleWebKit/537.36 (KHTML, like Gecko) Chrome/114.0.0.0 Safari/537.36"
102.221.34.102 - - [20/Apr/2026:04:20:55 +0300] "GET /greatest-cellular-web-based-casinos-real-cash-2026/ HTTP/1.1" 200 75296 "-" "Mozilla/5.0 (Windows NT 10.0; rv:109.0) Gecko/20100101 Firefox/115.0"
200.25.47.132 - - [20/Apr/2026:04:21:24 +0300] "POST /xmlrpc.php HTTP/1.1" 200 11398 "-" "Mozilla/5.0 (Windows NT 10.0; Win64; x64) AppleWebKit/537.36 (KHTML, like Gecko) Chrome/114.0.0.0 Safari/537.36"
185.216.113.70 - - [20/Apr/2026:04:21:51 +0300] "POST /wp-cron.php?doing_wp_cron=1776648111.5985128879547119140625 HTTP/1.1" 200 448 "-" "WordPress/6.3.8; https://serhatburke.miroglu.net"
200.25.47.132 - - [20/Apr/2026:04:21:39 +0300] "GET /larger-crappy-wolf-gambling-establishment-video-game-remark/ HTTP/1.1" 200 72339 "-" "Mozilla/5.0 (Windows NT 10.0; Win64; x64) AppleWebKit/537.36 (KHTML, like Gecko) Chrome/123.0.0.0 Safari/537.36"
102.221.34.102 - - [20/Apr/2026:04:21:59 +0300] "POST /xmlrpc.php HTTP/1.1" 200 630 "-" "Mozilla/5.0 (Windows NT 10.0; Win64; x64) AppleWebKit/537.36 (KHTML, like Gecko) Chrome/114.0.0.0 Safari/537.36"
185.216.113.70 - - [20/Apr/2026:04:22:35 +0300] "POST /wp-cron.php?doing_wp_cron=1776648155.8967859745025634765625 HTTP/1.1" 200 448 "-" "WordPress/6.3.8; https://serhatburke.miroglu.net"
102.221.34.102 - - [20/Apr/2026:04:22:21 +0300] "POST /xmlrpc.php HTTP/1.1" 200 14100 "-" "Mozilla/5.0 (Windows NT 10.0; Win64; x64) AppleWebKit/537.36 (KHTML, like Gecko) Chrome/114.0.0.0 Safari/537.36"
102.221.34.102 - - [20/Apr/2026:04:22:37 +0300] "GET /greatest-on-the-web-pokies-discover-legit-on-the-web-pokies-for-real-money/ HTTP/1.1" 200 75588 "-" "Mozilla/5.0 (Windows NT 10.0; Win64; x64; rv:125.0) Gecko/20100101 Firefox/125.0"
102.221.34.102 - - [20/Apr/2026:04:23:10 +0300] "POST /xmlrpc.php HTTP/1.1" 200 630 "-" "Mozilla/5.0 (Windows NT 10.0; Win64; x64) AppleWebKit/537.36 (KHTML, like Gecko) Chrome/114.0.0.0 Safari/537.36"
185.216.113.70 - - [20/Apr/2026:04:23:45 +0300] "POST /wp-cron.php?doing_wp_cron=1776648224.9356329441070556640625 HTTP/1.1" 200 448 "-" "WordPress/6.3.8; https://serhatburke.miroglu.net"
102.221.34.102 - - [20/Apr/2026:04:23:31 +0300] "POST /xmlrpc.php HTTP/1.1" 200 12103 "-" "Mozilla/5.0 (Windows NT 10.0; Win64; x64) AppleWebKit/537.36 (KHTML, like Gecko) Chrome/114.0.0.0 Safari/537.36"
102.221.34.102 - - [20/Apr/2026:04:23:45 +0300] "GET /greatest-online-pokies-australian-continent-the-real-deal-money-january-2026/ HTTP/1.1" 200 73427 "-" "Mozilla/5.0 (Windows NT 10.0; Win64; x64) AppleWebKit/537.36 (KHTML, like Gecko) Chrome/122.0.0.0 Safari/537.36"
170.168.97.142 - - [20/Apr/2026:04:24:00 +0300] "GET / HTTP/2" 200 18856 "-" "Mozilla/5.0 (Macintosh; Intel Mac OS X 10_15_7) AppleWebKit/537.36 (KHTML, like Gecko) Chrome/120.0.0.0 Safari/537.36"
185.216.113.70 - - [20/Apr/2026:04:24:41 +0300] "POST /wp-cron.php?doing_wp_cron=1776648281.7541561126708984375000 HTTP/1.1" 200 448 "-" "WordPress/6.3.8; https://serhatburke.miroglu.net"
102.221.34.102 - - [20/Apr/2026:04:24:28 +0300] "POST /xmlrpc.php HTTP/1.1" 200 630 "-" "Mozilla/5.0 (Windows NT 10.0; Win64; x64) AppleWebKit/537.36 (KHTML, like Gecko) Chrome/114.0.0.0 Safari/537.36"
102.221.34.102 - - [20/Apr/2026:04:24:48 +0300] "POST /xmlrpc.php HTTP/1.1" 200 11665 "-" "Mozilla/5.0 (Windows NT 10.0; Win64; x64) AppleWebKit/537.36 (KHTML, like Gecko) Chrome/114.0.0.0 Safari/537.36"
102.221.34.102 - - [20/Apr/2026:04:25:04 +0300] "GET /better-pokies-applications-to-own-australians-a-real-income-slot-packages/ HTTP/1.1" 200 73007 "-" "Mozilla/5.0 (Windows NT 10.0; Win64; x64) AppleWebKit/537.36 (KHTML, like Gecko) Chrome/124.0.0.0 Safari/537.36"
185.216.113.70 - - [20/Apr/2026:04:25:54 +0300] "POST /wp-cron.php?doing_wp_cron=1776648354.8000319004058837890625 HTTP/1.1" 200 448 "-" "WordPress/6.3.8; https://serhatburke.miroglu.net"
102.221.34.102 - - [20/Apr/2026:04:25:42 +0300] "POST /xmlrpc.php HTTP/1.1" 200 630 "-" "Mozilla/5.0 (Windows NT 10.0; Win64; x64) AppleWebKit/537.36 (KHTML, like Gecko) Chrome/114.0.0.0 Safari/537.36"
200.25.47.132 - - [20/Apr/2026:04:26:00 +0300] "POST /xmlrpc.php HTTP/1.1" 200 630 "-" "Mozilla/5.0 (Windows NT 10.0; Win64; x64) AppleWebKit/537.36 (KHTML, like Gecko) Chrome/114.0.0.0 Safari/537.36"
102.221.34.102 - - [20/Apr/2026:04:26:01 +0300] "POST /xmlrpc.php HTTP/1.1" 200 14600 "-" "Mozilla/5.0 (Windows NT 10.0; Win64; x64) AppleWebKit/537.36 (KHTML, like Gecko) Chrome/114.0.0.0 Safari/537.36"
185.191.171.17 - - [20/Apr/2026:04:26:12 +0300] "GET /portfolio/in-the-sky/ HTTP/1.1" 200 18894 "-" "Mozilla/5.0 (compatible; SemrushBot/7~bl; +http://www.semrush.com/bot.html)"
200.25.47.132 - - [20/Apr/2026:04:26:24 +0300] "POST /xmlrpc.php HTTP/1.1" 200 10825 "-" "Mozilla/5.0 (Windows NT 10.0; Win64; x64) AppleWebKit/537.36 (KHTML, like Gecko) Chrome/114.0.0.0 Safari/537.36"
102.221.34.102 - - [20/Apr/2026:04:26:20 +0300] "GET /crown-gold-coins-gambling-establishment-real-money/ HTTP/1.1" 200 75212 "-" "Mozilla/5.0 (Windows NT 10.0; Win64; x64; rv:125.0) Gecko/20100101 Firefox/125.0"
185.216.113.70 - - [20/Apr/2026:04:26:50 +0300] "POST /wp-cron.php?doing_wp_cron=1776648410.4613509178161621093750 HTTP/1.1" 200 448 "-" "WordPress/6.3.8; https://serhatburke.miroglu.net"
200.25.47.132 - - [20/Apr/2026:04:26:39 +0300] "GET /greatest-boku-casinos-2026-boku-mobile-payments/ HTTP/1.1" 200 71604 "-" "Mozilla/5.0 (Windows NT 10.0; Win64; x64) AppleWebKit/537.36 (KHTML, like Gecko) Chrome/123.0.0.0 Safari/537.36"
102.221.34.102 - - [20/Apr/2026:04:26:54 +0300] "POST /xmlrpc.php HTTP/1.1" 200 630 "-" "Mozilla/5.0 (Windows NT 10.0; Win64; x64) AppleWebKit/537.36 (KHTML, like Gecko) Chrome/114.0.0.0 Safari/537.36"
185.216.113.70 - - [20/Apr/2026:04:27:26 +0300] "POST /wp-cron.php?doing_wp_cron=1776648446.1641299724578857421875 HTTP/1.1" 200 448 "-" "WordPress/6.3.8; https://serhatburke.miroglu.net"
102.221.34.102 - - [20/Apr/2026:04:27:13 +0300] "POST /xmlrpc.php HTTP/1.1" 200 14277 "-" "Mozilla/5.0 (Windows NT 10.0; Win64; x64) AppleWebKit/537.36 (KHTML, like Gecko) Chrome/114.0.0.0 Safari/537.36"
102.221.34.102 - - [20/Apr/2026:04:27:27 +0300] "GET /residence-local-casino-no-deposit-extra-promo-password-2026/ HTTP/1.1" 200 75466 "-" "Mozilla/5.0 (Windows NT 10.0; Win64; x64) AppleWebKit/537.36 (KHTML, like Gecko) Chrome/122.0.0.0 Safari/537.36"
102.221.34.102 - - [20/Apr/2026:04:28:06 +0300] "POST /xmlrpc.php HTTP/1.1" 200 630 "-" "Mozilla/5.0 (Windows NT 10.0; Win64; x64) AppleWebKit/537.36 (KHTML, like Gecko) Chrome/114.0.0.0 Safari/537.36"
185.216.113.70 - - [20/Apr/2026:04:28:41 +0300] "POST /wp-cron.php?doing_wp_cron=1776648520.9375929832458496093750 HTTP/1.1" 200 448 "-" "WordPress/6.3.8; https://serhatburke.miroglu.net"
102.221.34.102 - - [20/Apr/2026:04:28:25 +0300] "POST /xmlrpc.php HTTP/1.1" 200 14512 "-" "Mozilla/5.0 (Windows NT 10.0; Win64; x64) AppleWebKit/537.36 (KHTML, like Gecko) Chrome/114.0.0.0 Safari/537.36"
102.221.34.102 - - [20/Apr/2026:04:28:42 +0300] "GET /infinite-a-method-to-gamble/ HTTP/1.1" 200 74607 "-" "Mozilla/5.0 (Windows NT 10.0; Win64; x64; rv:124.0) Gecko/20100101 Firefox/124.0"
102.221.34.102 - - [20/Apr/2026:04:29:20 +0300] "POST /xmlrpc.php HTTP/1.1" 200 630 "-" "Mozilla/5.0 (Windows NT 10.0; Win64; x64) AppleWebKit/537.36 (KHTML, like Gecko) Chrome/114.0.0.0 Safari/537.36"
185.216.113.70 - - [20/Apr/2026:04:29:56 +0300] "POST /wp-cron.php?doing_wp_cron=1776648595.8951110839843750000000 HTTP/1.1" 200 448 "-" "WordPress/6.3.8; https://serhatburke.miroglu.net"
102.221.34.102 - - [20/Apr/2026:04:29:40 +0300] "POST /xmlrpc.php HTTP/1.1" 200 14341 "-" "Mozilla/5.0 (Windows NT 10.0; Win64; x64) AppleWebKit/537.36 (KHTML, like Gecko) Chrome/114.0.0.0 Safari/537.36"
102.221.34.102 - - [20/Apr/2026:04:29:57 +0300] "GET /enjoy-100-percent-free-position-online-game-zero-obtain-zero-subscription/ HTTP/1.1" 200 75836 "-" "Mozilla/5.0 (Windows NT 10.0; rv:125.0) Gecko/20100101 Firefox/125.0"
185.216.113.70 - - [20/Apr/2026:04:30:45 +0300] "POST /wp-cron.php?doing_wp_cron=1776648645.7072699069976806640625 HTTP/1.1" 200 448 "-" "WordPress/6.3.8; https://serhatburke.miroglu.net"
102.221.34.102 - - [20/Apr/2026:04:30:31 +0300] "POST /xmlrpc.php HTTP/1.1" 200 630 "-" "Mozilla/5.0 (Windows NT 10.0; Win64; x64) AppleWebKit/537.36 (KHTML, like Gecko) Chrome/114.0.0.0 Safari/537.36"
200.25.47.132 - - [20/Apr/2026:04:30:37 +0300] "POST /xmlrpc.php HTTP/1.1" 200 630 "-" "Mozilla/5.0 (Windows NT 10.0; Win64; x64) AppleWebKit/537.36 (KHTML, like Gecko) Chrome/114.0.0.0 Safari/537.36"
102.221.34.102 - - [20/Apr/2026:04:30:52 +0300] "POST /xmlrpc.php HTTP/1.1" 200 13837 "-" "Mozilla/5.0 (Windows NT 10.0; Win64; x64) AppleWebKit/537.36 (KHTML, like Gecko) Chrome/114.0.0.0 Safari/537.36"
200.25.47.132 - - [20/Apr/2026:04:31:01 +0300] "POST /xmlrpc.php HTTP/1.1" 200 11511 "-" "Mozilla/5.0 (Windows NT 10.0; Win64; x64) AppleWebKit/537.36 (KHTML, like Gecko) Chrome/114.0.0.0 Safari/537.36"
102.221.34.102 - - [20/Apr/2026:04:31:13 +0300] "GET /50-totally-free-revolves-now-offers/ HTTP/1.1" 200 74086 "-" "Mozilla/5.0 (Windows NT 10.0; Win64; x64) AppleWebKit/537.36 (KHTML, like Gecko) Chrome/109.0.0.0 Safari/537.36"
200.25.47.132 - - [20/Apr/2026:04:31:22 +0300] "GET /get-an-enjoyable-extra-away-from-121-undertaking-california3-hundred-to-the-put/ HTTP/1.1" 200 73109 "-" "Mozilla/5.0 (Windows NT 10.0; Win64; x64) AppleWebKit/537.36 (KHTML, like Gecko) Chrome/124.0.0.0 Safari/537.36 Edg/124.0.0.0"
185.216.113.70 - - [20/Apr/2026:04:31:52 +0300] "POST /wp-cron.php?doing_wp_cron=1776648712.6095719337463378906250 HTTP/1.1" 200 448 "-" "WordPress/6.3.8; https://serhatburke.miroglu.net"
102.221.34.102 - - [20/Apr/2026:04:31:37 +0300] "POST /xmlrpc.php HTTP/1.1" 200 630 "-" "Mozilla/5.0 (Windows NT 10.0; Win64; x64) AppleWebKit/537.36 (KHTML, like Gecko) Chrome/114.0.0.0 Safari/537.36"
102.221.34.102 - - [20/Apr/2026:04:31:59 +0300] "POST /xmlrpc.php HTTP/1.1" 200 14774 "-" "Mozilla/5.0 (Windows NT 10.0; Win64; x64) AppleWebKit/537.36 (KHTML, like Gecko) Chrome/114.0.0.0 Safari/537.36"
102.221.34.102 - - [20/Apr/2026:04:32:15 +0300] "GET /rich-wiktionary-the-newest-100-percent-free-dictionary/ HTTP/1.1" 200 75322 "-" "Mozilla/5.0 (Windows NT 10.0; rv:109.0) Gecko/20100101 Firefox/115.0"
185.216.113.70 - - [20/Apr/2026:04:32:59 +0300] "POST /wp-cron.php?doing_wp_cron=1776648779.6963109970092773437500 HTTP/1.1" 200 448 "-" "WordPress/6.3.8; https://serhatburke.miroglu.net"
102.221.34.102 - - [20/Apr/2026:04:32:46 +0300] "POST /xmlrpc.php HTTP/1.1" 200 630 "-" "Mozilla/5.0 (Windows NT 10.0; Win64; x64) AppleWebKit/537.36 (KHTML, like Gecko) Chrome/114.0.0.0 Safari/537.36"
102.221.34.102 - - [20/Apr/2026:04:33:06 +0300] "POST /xmlrpc.php HTTP/1.1" 200 14790 "-" "Mozilla/5.0 (Windows NT 10.0; Win64; x64) AppleWebKit/537.36 (KHTML, like Gecko) Chrome/114.0.0.0 Safari/537.36"
102.221.34.102 - - [20/Apr/2026:04:33:20 +0300] "GET /thunderstruck/ HTTP/1.1" 200 74425 "-" "Mozilla/5.0 (Windows NT 10.0; Win64; x64) AppleWebKit/537.36 (KHTML, like Gecko) Chrome/124.0.0.0 Safari/537.36 Edg/124.0.0.0"
185.216.113.70 - - [20/Apr/2026:04:33:56 +0300] "POST /wp-cron.php?doing_wp_cron=1776648836.6032309532165527343750 HTTP/1.1" 200 448 "-" "WordPress/6.3.8; https://serhatburke.miroglu.net"
102.221.34.102 - - [20/Apr/2026:04:33:42 +0300] "POST /xmlrpc.php HTTP/1.1" 200 630 "-" "Mozilla/5.0 (Windows NT 10.0; Win64; x64) AppleWebKit/537.36 (KHTML, like Gecko) Chrome/114.0.0.0 Safari/537.36"
102.221.34.102 - - [20/Apr/2026:04:34:03 +0300] "POST /xmlrpc.php HTTP/1.1" 200 14638 "-" "Mozilla/5.0 (Windows NT 10.0; Win64; x64) AppleWebKit/537.36 (KHTML, like Gecko) Chrome/114.0.0.0 Safari/537.36"
102.221.34.102 - - [20/Apr/2026:04:34:18 +0300] "GET /better-no-deposit-extra-also-provides-campaigns-wager-totally-free/ HTTP/1.1" 200 75771 "-" "Mozilla/5.0 (Windows NT 10.0; Win64; x64) AppleWebKit/537.36 (KHTML, like Gecko) Chrome/124.0.0.0 Safari/537.36 Edg/124.0.0.0"
185.216.113.70 - - [20/Apr/2026:04:34:58 +0300] "POST /wp-cron.php?doing_wp_cron=1776648898.2214419841766357421875 HTTP/1.1" 200 448 "-" "WordPress/6.3.8; https://serhatburke.miroglu.net"
102.221.34.102 - - [20/Apr/2026:04:34:45 +0300] "POST /xmlrpc.php HTTP/1.1" 200 630 "-" "Mozilla/5.0 (Windows NT 10.0; Win64; x64) AppleWebKit/537.36 (KHTML, like Gecko) Chrome/114.0.0.0 Safari/537.36"
52.167.144.210 - - [20/Apr/2026:04:34:47 +0300] "GET /post-sitemap58.xml HTTP/2" 200 28577 "-" "Mozilla/5.0 AppleWebKit/537.36 (KHTML, like Gecko; compatible; bingbot/2.0; +http://www.bing.com/bingbot.htm) Chrome/116.0.1938.76 Safari/537.36"
102.221.34.102 - - [20/Apr/2026:04:35:05 +0300] "POST /xmlrpc.php HTTP/1.1" 200 12233 "-" "Mozilla/5.0 (Windows NT 10.0; Win64; x64) AppleWebKit/537.36 (KHTML, like Gecko) Chrome/114.0.0.0 Safari/537.36"
102.221.34.102 - - [20/Apr/2026:04:35:20 +0300] "GET /safari-sam-betsoft-online-casino-games/ HTTP/1.1" 200 72670 "-" "Mozilla/5.0 (Windows NT 10.0; Win64; x64) AppleWebKit/537.36 (KHTML, like Gecko) Chrome/124.0.0.0 Safari/537.36 Edg/124.0.0.0"
185.216.113.70 - - [20/Apr/2026:04:35:41 +0300] "POST /wp-cron.php?doing_wp_cron=1776648941.6125390529632568359375 HTTP/1.1" 200 448 "-" "WordPress/6.3.8; https://serhatburke.miroglu.net"
200.25.47.132 - - [20/Apr/2026:04:35:29 +0300] "POST /xmlrpc.php HTTP/1.1" 200 630 "-" "Mozilla/5.0 (Windows NT 10.0; Win64; x64) AppleWebKit/537.36 (KHTML, like Gecko) Chrome/114.0.0.0 Safari/537.36"
200.25.47.132 - - [20/Apr/2026:04:35:48 +0300] "POST /xmlrpc.php HTTP/1.1" 200 11864 "-" "Mozilla/5.0 (Windows NT 10.0; Win64; x64) AppleWebKit/537.36 (KHTML, like Gecko) Chrome/114.0.0.0 Safari/537.36"
102.221.34.102 - - [20/Apr/2026:04:35:54 +0300] "POST /xmlrpc.php HTTP/1.1" 200 630 "-" "Mozilla/5.0 (Windows NT 10.0; Win64; x64) AppleWebKit/537.36 (KHTML, like Gecko) Chrome/114.0.0.0 Safari/537.36"
200.25.47.132 - - [20/Apr/2026:04:36:04 +0300] "GET /respected-one-hundred-no-deposit-bonus-gambling-enterprises-united-states/ HTTP/1.1" 200 73301 "-" "Mozilla/5.0 (Windows NT 10.0; rv:125.0) Gecko/20100101 Firefox/125.0"
185.216.113.70 - - [20/Apr/2026:04:36:27 +0300] "POST /wp-cron.php?doing_wp_cron=1776648987.1269330978393554687500 HTTP/1.1" 200 448 "-" "WordPress/6.3.8; https://serhatburke.miroglu.net"
102.221.34.102 - - [20/Apr/2026:04:36:13 +0300] "POST /xmlrpc.php HTTP/1.1" 200 14408 "-" "Mozilla/5.0 (Windows NT 10.0; Win64; x64) AppleWebKit/537.36 (KHTML, like Gecko) Chrome/114.0.0.0 Safari/537.36"
102.221.34.102 - - [20/Apr/2026:04:36:28 +0300] "GET /safari-sam-slot-because-of-the-betsoft-free-demonstration-play/ HTTP/1.1" 200 75199 "-" "Mozilla/5.0 (Windows NT 10.0; Win64; x64) AppleWebKit/537.36 (KHTML, like Gecko) Chrome/123.0.0.0 Safari/537.36"
102.221.34.102 - - [20/Apr/2026:04:36:55 +0300] "POST /xmlrpc.php HTTP/1.1" 200 630 "-" "Mozilla/5.0 (Windows NT 10.0; Win64; x64) AppleWebKit/537.36 (KHTML, like Gecko) Chrome/114.0.0.0 Safari/537.36"
185.216.113.70 - - [20/Apr/2026:04:37:27 +0300] "POST /wp-cron.php?doing_wp_cron=1776649047.5779271125793457031250 HTTP/1.1" 200 448 "-" "WordPress/6.3.8; https://serhatburke.miroglu.net"
102.221.34.102 - - [20/Apr/2026:04:37:14 +0300] "POST /xmlrpc.php HTTP/1.1" 200 14781 "-" "Mozilla/5.0 (Windows NT 10.0; Win64; x64) AppleWebKit/537.36 (KHTML, like Gecko) Chrome/114.0.0.0 Safari/537.36"
102.221.34.102 - - [20/Apr/2026:04:37:28 +0300] "GET /better-online-casinos-canada-2026-a-real-income-gambling-games-california/ HTTP/1.1" 200 76182 "-" "Mozilla/5.0 (Windows NT 10.0; Win64; x64; rv:124.0) Gecko/20100101 Firefox/124.0"
102.221.34.102 - - [20/Apr/2026:04:38:00 +0300] "POST /xmlrpc.php HTTP/1.1" 200 630 "-" "Mozilla/5.0 (Windows NT 10.0; Win64; x64) AppleWebKit/537.36 (KHTML, like Gecko) Chrome/114.0.0.0 Safari/537.36"
185.216.113.70 - - [20/Apr/2026:04:38:33 +0300] "POST /wp-cron.php?doing_wp_cron=1776649113.7883260250091552734375 HTTP/1.1" 200 448 "-" "WordPress/6.3.8; https://serhatburke.miroglu.net"
102.221.34.102 - - [20/Apr/2026:04:38:20 +0300] "POST /xmlrpc.php HTTP/1.1" 200 12349 "-" "Mozilla/5.0 (Windows NT 10.0; Win64; x64) AppleWebKit/537.36 (KHTML, like Gecko) Chrome/114.0.0.0 Safari/537.36"
102.221.34.102 - - [20/Apr/2026:04:38:34 +0300] "GET /kaizen-software-vehicle-farm-clan-spins-2026/ HTTP/1.1" 200 73160 "-" "Mozilla/5.0 (Windows NT 10.0; Win64; x64; rv:125.0) Gecko/20100101 Firefox/125.0"
102.221.34.102 - - [20/Apr/2026:04:39:03 +0300] "POST /xmlrpc.php HTTP/1.1" 200 630 "-" "Mozilla/5.0 (Windows NT 10.0; Win64; x64) AppleWebKit/537.36 (KHTML, like Gecko) Chrome/114.0.0.0 Safari/537.36"
185.216.113.70 - - [20/Apr/2026:04:39:33 +0300] "POST /wp-cron.php?doing_wp_cron=1776649173.7883141040802001953125 HTTP/1.1" 200 448 "-" "WordPress/6.3.8; https://serhatburke.miroglu.net"
102.221.34.102 - - [20/Apr/2026:04:39:21 +0300] "POST /xmlrpc.php HTTP/1.1" 200 14707 "-" "Mozilla/5.0 (Windows NT 10.0; Win64; x64) AppleWebKit/537.36 (KHTML, like Gecko) Chrome/114.0.0.0 Safari/537.36"
102.221.34.102 - - [20/Apr/2026:04:39:35 +0300] "GET /santastic-demonstration-position-from-the-rtg-100-percent-free-play-review/ HTTP/1.1" 200 75879 "-" "Mozilla/5.0 (Windows NT 10.0; rv:109.0) Gecko/20100101 Firefox/115.0"
200.25.47.132 - - [20/Apr/2026:04:40:00 +0300] "POST /xmlrpc.php HTTP/1.1" 200 630 "-" "Mozilla/5.0 (Windows NT 10.0; Win64; x64) AppleWebKit/537.36 (KHTML, like Gecko) Chrome/114.0.0.0 Safari/537.36"
185.216.113.70 - - [20/Apr/2026:04:40:30 +0300] "POST /wp-cron.php?doing_wp_cron=1776649229.9773249626159667968750 HTTP/1.1" 200 448 "-" "WordPress/6.3.8; https://serhatburke.miroglu.net"
102.221.34.102 - - [20/Apr/2026:04:40:16 +0300] "POST /xmlrpc.php HTTP/1.1" 200 630 "-" "Mozilla/5.0 (Windows NT 10.0; Win64; x64) AppleWebKit/537.36 (KHTML, like Gecko) Chrome/114.0.0.0 Safari/537.36"
200.25.47.132 - - [20/Apr/2026:04:40:20 +0300] "POST /xmlrpc.php HTTP/1.1" 200 11210 "-" "Mozilla/5.0 (Windows NT 10.0; Win64; x64) AppleWebKit/537.36 (KHTML, like Gecko) Chrome/114.0.0.0 Safari/537.36"
185.191.171.14 - - [20/Apr/2026:04:40:26 +0300] "GET /better-online-slots-games-for-real-currency-at-the-on-line-casino-free-spins-casino-777-websites-applications/ HTTP/1.1" 200 22198 "-" "Mozilla/5.0 (compatible; SemrushBot/7~bl; +http://www.semrush.com/bot.html)"
102.221.34.102 - - [20/Apr/2026:04:40:36 +0300] "POST /xmlrpc.php HTTP/1.1" 200 11780 "-" "Mozilla/5.0 (Windows NT 10.0; Win64; x64) AppleWebKit/537.36 (KHTML, like Gecko) Chrome/114.0.0.0 Safari/537.36"
200.25.47.132 - - [20/Apr/2026:04:40:37 +0300] "GET /better-local-casino-bonuses-instead-of-wagering-2026-greatest-zero-wager-also-offers-totally-free-spins/ HTTP/1.1" 200 73388 "-" "Mozilla/5.0 (Windows NT 10.0; Win64; x64) AppleWebKit/537.36 (KHTML, like Gecko) Chrome/124.0.0.0 Safari/537.36"
102.221.34.102 - - [20/Apr/2026:04:40:56 +0300] "GET /88-luck-casino-slot-games-software-on-the-internet-gamble/ HTTP/1.1" 200 72430 "-" "Mozilla/5.0 (Windows NT 10.0; Win64; x64) AppleWebKit/537.36 (KHTML, like Gecko) Chrome/109.0.0.0 Safari/537.36"
102.221.34.102 - - [20/Apr/2026:04:41:15 +0300] "POST /xmlrpc.php HTTP/1.1" 200 630 "-" "Mozilla/5.0 (Windows NT 10.0; Win64; x64) AppleWebKit/537.36 (KHTML, like Gecko) Chrome/114.0.0.0 Safari/537.36"
185.216.113.70 - - [20/Apr/2026:04:41:46 +0300] "POST /wp-cron.php?doing_wp_cron=1776649306.3102049827575683593750 HTTP/1.1" 200 448 "-" "WordPress/6.3.8; https://serhatburke.miroglu.net"
102.221.34.102 - - [20/Apr/2026:04:41:34 +0300] "POST /xmlrpc.php HTTP/1.1" 200 14507 "-" "Mozilla/5.0 (Windows NT 10.0; Win64; x64) AppleWebKit/537.36 (KHTML, like Gecko) Chrome/114.0.0.0 Safari/537.36"
102.221.34.102 - - [20/Apr/2026:04:41:47 +0300] "GET /away-from-scratch-never-ever-scratch-once-again-immediate-victory-game-420-awards/ HTTP/1.1" 200 76071 "-" "Mozilla/5.0 (Windows NT 10.0; Win64; x64; rv:124.0) Gecko/20100101 Firefox/124.0"
102.221.34.102 - - [20/Apr/2026:04:42:12 +0300] "POST /xmlrpc.php HTTP/1.1" 200 630 "-" "Mozilla/5.0 (Windows NT 10.0; Win64; x64) AppleWebKit/537.36 (KHTML, like Gecko) Chrome/114.0.0.0 Safari/537.36"
185.216.113.70 - - [20/Apr/2026:04:42:42 +0300] "POST /wp-cron.php?doing_wp_cron=1776649362.0768260955810546875000 HTTP/1.1" 200 448 "-" "WordPress/6.3.8; https://serhatburke.miroglu.net"
102.221.34.102 - - [20/Apr/2026:04:42:29 +0300] "POST /xmlrpc.php HTTP/1.1" 200 12328 "-" "Mozilla/5.0 (Windows NT 10.0; Win64; x64) AppleWebKit/537.36 (KHTML, like Gecko) Chrome/114.0.0.0 Safari/537.36"
102.221.34.102 - - [20/Apr/2026:04:42:43 +0300] "GET /secrets-away-from-xmas-position-gamble-position-game-on-the-internet/ HTTP/1.1" 200 73427 "-" "Mozilla/5.0 (Windows NT 10.0; Win64; x64; rv:124.0) Gecko/20100101 Firefox/124.0"
85.208.96.202 - - [20/Apr/2026:04:42:51 +0300] "GET /finest-casino-bonuses-within-the-2026-finest-discount-coupons-casino-jungle-jackpots-free-revolves/ HTTP/1.1" 200 21889 "-" "Mozilla/5.0 (compatible; SemrushBot/7~bl; +http://www.semrush.com/bot.html)"
102.221.34.102 - - [20/Apr/2026:04:43:09 +0300] "POST /xmlrpc.php HTTP/1.1" 200 630 "-" "Mozilla/5.0 (Windows NT 10.0; Win64; x64) AppleWebKit/537.36 (KHTML, like Gecko) Chrome/114.0.0.0 Safari/537.36"
185.216.113.70 - - [20/Apr/2026:04:43:38 +0300] "POST /wp-cron.php?doing_wp_cron=1776649418.6820080280303955078125 HTTP/1.1" 200 448 "-" "WordPress/6.3.8; https://serhatburke.miroglu.net"
102.221.34.102 - - [20/Apr/2026:04:43:29 +0300] "POST /xmlrpc.php HTTP/1.1" 200 14437 "-" "Mozilla/5.0 (Windows NT 10.0; Win64; x64) AppleWebKit/537.36 (KHTML, like Gecko) Chrome/114.0.0.0 Safari/537.36"
17.246.23.181 - - [20/Apr/2026:04:43:24 +0300] "GET /alternativa-de-bate-papo-por-video-aleatorio-para-45/ HTTP/1.1" 200 24399 "-" "Mozilla/5.0 (Macintosh; Intel Mac OS X 10_15_7) AppleWebKit/605.1.15 (KHTML, like Gecko) Version/17.4 Safari/605.1.15 (Applebot/0.1; +http://www.apple.com/go/applebot)"
102.221.34.102 - - [20/Apr/2026:04:43:44 +0300] "GET /free-position-video-game-online-2026-gamble-free-gambling-enterprise-slots-for-fun/ HTTP/1.1" 200 75924 "-" "Mozilla/5.0 (Windows NT 10.0; Win64; x64) AppleWebKit/537.36 (KHTML, like Gecko) Chrome/109.0.0.0 Safari/537.36"
102.221.34.102 - - [20/Apr/2026:04:44:08 +0300] "POST /xmlrpc.php HTTP/1.1" 200 630 "-" "Mozilla/5.0 (Windows NT 10.0; Win64; x64) AppleWebKit/537.36 (KHTML, like Gecko) Chrome/114.0.0.0 Safari/537.36"
185.216.113.70 - - [20/Apr/2026:04:44:57 +0300] "POST /wp-cron.php?doing_wp_cron=1776649496.8856260776519775390625 HTTP/1.1" 200 448 "-" "WordPress/6.3.8; https://serhatburke.miroglu.net"
45.3.54.43 - - [20/Apr/2026:04:44:26 +0300] "GET /wp-login.php HTTP/1.1" 200 4197 "-" "Mozilla/5.0 (Windows NT 10.0; Win64; x64) AppleWebKit/537.36 (KHTML, like Gecko) Chrome/143.0.0.0 Safari/537.36"
102.221.34.102 - - [20/Apr/2026:04:44:27 +0300] "POST /xmlrpc.php HTTP/1.1" 200 14607 "-" "Mozilla/5.0 (Windows NT 10.0; Win64; x64) AppleWebKit/537.36 (KHTML, like Gecko) Chrome/114.0.0.0 Safari/537.36"
104.207.62.130 - - [20/Apr/2026:04:44:28 +0300] "GET /wp-login.php HTTP/1.1" 200 4197 "-" "Mozilla/5.0 (Windows NT 10.0; Win64; x64) AppleWebKit/537.36 (KHTML, like Gecko) Chrome/143.0.0.0 Safari/537.36"
209.50.188.8 - - [20/Apr/2026:04:44:30 +0300] "GET /wp-login.php HTTP/1.1" 200 4197 "-" "Mozilla/5.0 (Windows NT 10.0; Win64; x64) AppleWebKit/537.36 (KHTML, like Gecko) Chrome/143.0.0.0 Safari/537.36"
200.25.47.132 - - [20/Apr/2026:04:44:36 +0300] "POST /xmlrpc.php HTTP/1.1" 200 630 "-" "Mozilla/5.0 (Windows NT 10.0; Win64; x64) AppleWebKit/537.36 (KHTML, like Gecko) Chrome/114.0.0.0 Safari/537.36"
45.3.54.43 - - [20/Apr/2026:04:44:57 +0300] "POST /wp-login.php HTTP/1.1" 302 1359 "https://serhatburke.miroglu.net/wp-login.php" "Mozilla/5.0 (Windows NT 10.0; Win64; x64) AppleWebKit/537.36 (KHTML, like Gecko) Chrome/143.0.0.0 Safari/537.36"
104.207.62.130 - - [20/Apr/2026:04:45:01 +0300] "POST /wp-login.php HTTP/1.1" 302 1359 "https://serhatburke.miroglu.net/wp-login.php" "Mozilla/5.0 (Windows NT 10.0; Win64; x64) AppleWebKit/537.36 (KHTML, like Gecko) Chrome/143.0.0.0 Safari/537.36"
102.221.34.102 - - [20/Apr/2026:04:45:03 +0300] "POST /xmlrpc.php HTTP/1.1" 200 630 "-" "Mozilla/5.0 (Windows NT 10.0; Win64; x64) AppleWebKit/537.36 (KHTML, like Gecko) Chrome/114.0.0.0 Safari/537.36"
209.50.188.8 - - [20/Apr/2026:04:45:07 +0300] "POST /wp-login.php HTTP/1.1" 302 1365 "https://serhatburke.miroglu.net/wp-login.php" "Mozilla/5.0 (Windows NT 10.0; Win64; x64) AppleWebKit/537.36 (KHTML, like Gecko) Chrome/143.0.0.0 Safari/537.36"
102.221.34.102 - - [20/Apr/2026:04:45:02 +0300] "GET /siberian-violent-storm-slot-machine-game-play-free-slot-game-by-igt/ HTTP/1.1" 200 75923 "-" "Mozilla/5.0 (Windows NT 10.0; Win64; x64) AppleWebKit/537.36 (KHTML, like Gecko) Chrome/109.0.0.0 Safari/537.36"
185.216.113.70 - - [20/Apr/2026:04:46:09 +0300] "POST /wp-cron.php?doing_wp_cron=1776649569.5668048858642578125000 HTTP/1.1" 200 448 "-" "WordPress/6.3.8; https://serhatburke.miroglu.net"
200.25.47.132 - - [20/Apr/2026:04:45:27 +0300] "POST /xmlrpc.php HTTP/1.1" 200 12019 "-" "Mozilla/5.0 (Windows NT 10.0; Win64; x64) AppleWebKit/537.36 (KHTML, like Gecko) Chrome/114.0.0.0 Safari/537.36"
185.216.113.70 - - [20/Apr/2026:04:46:26 +0300] "POST /wp-cron.php?doing_wp_cron=1776649586.8898301124572753906250 HTTP/1.1" 200 448 "-" "WordPress/6.3.8; https://serhatburke.miroglu.net"
45.3.54.43 - - [20/Apr/2026:04:45:46 +0300] "GET /wp-admin/ HTTP/1.1" 200 245913 "https://serhatburke.miroglu.net/wp-login.php" "Mozilla/5.0 (Windows NT 10.0; Win64; x64) AppleWebKit/537.36 (KHTML, like Gecko) Chrome/143.0.0.0 Safari/537.36"
185.216.113.70 - - [20/Apr/2026:04:46:33 +0300] "POST /wp-cron.php?doing_wp_cron=1776649593.1609289646148681640625 HTTP/1.1" 200 448 "-" "WordPress/6.3.8; https://serhatburke.miroglu.net"
45.3.54.43 - - [20/Apr/2026:04:46:33 +0300] "GET /wp-admin/plugin-install.php HTTP/1.1" 403 411 "https://serhatburke.miroglu.net/wp-login.php" "Mozilla/5.0 (Windows NT 10.0; Win64; x64) AppleWebKit/537.36 (KHTML, like Gecko) Chrome/143.0.0.0 Safari/537.36"
45.3.54.43 - - [20/Apr/2026:04:46:33 +0300] "GET /wp-admin/plugin-install.php HTTP/1.1" 403 233 "https://serhatburke.miroglu.net/wp-login.php" "Mozilla/5.0 (Windows NT 10.0; Win64; x64) AppleWebKit/537.36 (KHTML, like Gecko) Chrome/143.0.0.0 Safari/537.36"
104.207.62.130 - - [20/Apr/2026:04:45:52 +0300] "GET /wp-admin/ HTTP/1.1" 200 245324 "https://serhatburke.miroglu.net/wp-login.php" "Mozilla/5.0 (Windows NT 10.0; Win64; x64) AppleWebKit/537.36 (KHTML, like Gecko) Chrome/143.0.0.0 Safari/537.36"
104.207.62.130 - - [20/Apr/2026:04:46:35 +0300] "GET /wp-admin/plugin-install.php HTTP/1.1" 403 233 "https://serhatburke.miroglu.net/wp-login.php" "Mozilla/5.0 (Windows NT 10.0; Win64; x64) AppleWebKit/537.36 (KHTML, like Gecko) Chrome/143.0.0.0 Safari/537.36"
104.207.62.130 - - [20/Apr/2026:04:46:36 +0300] "GET /wp-admin/plugin-install.php HTTP/1.1" 403 233 "https://serhatburke.miroglu.net/wp-login.php" "Mozilla/5.0 (Windows NT 10.0; Win64; x64) AppleWebKit/537.36 (KHTML, like Gecko) Chrome/143.0.0.0 Safari/537.36"
185.216.113.70 - - [20/Apr/2026:04:46:41 +0300] "POST /wp-cron.php?doing_wp_cron=1776649601.0979158878326416015625 HTTP/1.1" 200 448 "-" "WordPress/6.3.8; https://serhatburke.miroglu.net"
209.50.188.8 - - [20/Apr/2026:04:45:55 +0300] "GET /wp-admin/ HTTP/1.1" 200 245378 "https://serhatburke.miroglu.net/wp-login.php" "Mozilla/5.0 (Windows NT 10.0; Win64; x64) AppleWebKit/537.36 (KHTML, like Gecko) Chrome/143.0.0.0 Safari/537.36"
209.50.188.8 - - [20/Apr/2026:04:46:45 +0300] "GET /wp-admin/plugin-install.php HTTP/1.1" 403 233 "https://serhatburke.miroglu.net/wp-login.php" "Mozilla/5.0 (Windows NT 10.0; Win64; x64) AppleWebKit/537.36 (KHTML, like Gecko) Chrome/143.0.0.0 Safari/537.36"
209.50.188.8 - - [20/Apr/2026:04:46:45 +0300] "GET /wp-admin/plugin-install.php HTTP/1.1" 403 233 "https://serhatburke.miroglu.net/wp-login.php" "Mozilla/5.0 (Windows NT 10.0; Win64; x64) AppleWebKit/537.36 (KHTML, like Gecko) Chrome/143.0.0.0 Safari/537.36"
102.221.34.102 - - [20/Apr/2026:04:45:59 +0300] "POST /xmlrpc.php HTTP/1.1" 200 14078 "-" "Mozilla/5.0 (Windows NT 10.0; Win64; x64) AppleWebKit/537.36 (KHTML, like Gecko) Chrome/114.0.0.0 Safari/537.36"
102.221.34.102 - - [20/Apr/2026:04:46:02 +0300] "POST /xmlrpc.php HTTP/1.1" 200 630 "-" "Mozilla/5.0 (Windows NT 10.0; Win64; x64) AppleWebKit/537.36 (KHTML, like Gecko) Chrome/114.0.0.0 Safari/537.36"
200.25.47.132 - - [20/Apr/2026:04:46:11 +0300] "GET /greatest-totally-free-spins-all-of-us-2026-deposit-no-deposit-bonuses/ HTTP/1.1" 200 73121 "-" "Mozilla/5.0 (Windows NT 10.0; Win64; x64) AppleWebKit/537.36 (KHTML, like Gecko) Chrome/123.0.0.0 Safari/537.36 OPR/109.0.0.0"
45.3.54.43 - - [20/Apr/2026:04:46:33 +0300] "GET /wp-admin/users.php?role=administrator HTTP/1.1" 200 0 "https://serhatburke.miroglu.net/wp-admin/users.php" "Mozilla/5.0 (Windows NT 10.0; Win64; x64) AppleWebKit/537.36 (KHTML, like Gecko) Chrome/143.0.0.0 Safari/537.36"
104.207.62.130 - - [20/Apr/2026:04:46:36 +0300] "GET /wp-admin/users.php?role=administrator HTTP/1.1" 200 0 "https://serhatburke.miroglu.net/wp-admin/users.php" "Mozilla/5.0 (Windows NT 10.0; Win64; x64) AppleWebKit/537.36 (KHTML, like Gecko) Chrome/143.0.0.0 Safari/537.36"
209.50.188.8 - - [20/Apr/2026:04:46:46 +0300] "GET /wp-admin/users.php?role=administrator HTTP/1.1" 200 0 "https://serhatburke.miroglu.net/wp-admin/users.php" "Mozilla/5.0 (Windows NT 10.0; Win64; x64) AppleWebKit/537.36 (KHTML, like Gecko) Chrome/143.0.0.0 Safari/537.36"
185.216.113.70 - - [20/Apr/2026:04:48:07 +0300] "POST /wp-cron.php?doing_wp_cron=1776649687.2681300640106201171875 HTTP/1.1" 200 448 "-" "WordPress/6.3.8; https://serhatburke.miroglu.net"
185.216.113.70 - - [20/Apr/2026:04:46:34 +0300] "POST /wp-admin/admin-ajax.php?action=as_async_request_queue_runner&nonce=b30b152f96 HTTP/1.1" 200 1039 "-" "WordPress/6.3.8; https://serhatburke.miroglu.net"
185.216.113.70 - - [20/Apr/2026:04:48:21 +0300] "POST /wp-cron.php?doing_wp_cron=1776649701.6754438877105712890625 HTTP/1.1" 200 448 "-" "WordPress/6.3.8; https://serhatburke.miroglu.net"
185.216.113.70 - - [20/Apr/2026:04:46:32 +0300] "POST /wp-admin/admin-ajax.php?action=as_async_request_queue_runner&nonce=2f29cd54dd HTTP/1.1" 200 1039 "-" "WordPress/6.3.8; https://serhatburke.miroglu.net"
185.216.113.70 - - [20/Apr/2026:04:46:44 +0300] "POST /wp-admin/admin-ajax.php?action=as_async_request_queue_runner&nonce=cb8d706368 HTTP/1.1" 200 1039 "-" "WordPress/6.3.8; https://serhatburke.miroglu.net"
185.216.113.70 - - [20/Apr/2026:04:48:32 +0300] "POST /wp-cron.php?doing_wp_cron=1776649711.9585199356079101562500 HTTP/1.1" 200 448 "-" "WordPress/6.3.8; https://serhatburke.miroglu.net"
185.216.113.70 - - [20/Apr/2026:04:48:32 +0300] "POST /wp-cron.php?doing_wp_cron=1776649711.8708848953247070312500 HTTP/1.1" 200 448 "-" "WordPress/6.3.8; https://serhatburke.miroglu.net"
102.221.34.102 - - [20/Apr/2026:04:46:56 +0300] "GET /curso-de-theatre-age-audiovisual-uesb-2/ HTTP/1.1" 200 74431 "-" "Mozilla/5.0 (Windows NT 10.0; rv:109.0) Gecko/20100101 Firefox/115.0"
185.216.113.70 - - [20/Apr/2026:04:48:40 +0300] "POST /wp-cron.php?doing_wp_cron=1776649720.8686299324035644531250 HTTP/1.1" 200 448 "-" "WordPress/6.3.8; https://serhatburke.miroglu.net"
158.69.22.136 - - [20/Apr/2026:04:47:02 +0300] "GET /beste-casino-site-belgie-hoge-inzet/ HTTP/1.1" 200 18595 "https://serhatburke.miroglu.net/" "Mozilla/5.0 (Macintosh; Intel Mac OS X 10_15_7) AppleWebKit/605.1.15 (KHTML, like Gecko) Version/26.1 Safari/605.1.15"
185.216.113.70 - - [20/Apr/2026:04:48:46 +0300] "POST /wp-cron.php?doing_wp_cron=1776649725.9721119403839111328125 HTTP/1.1" 200 448 "-" "WordPress/6.3.8; https://serhatburke.miroglu.net"
102.221.34.102 - - [20/Apr/2026:04:46:59 +0300] "POST /xmlrpc.php HTTP/1.1" 200 630 "-" "Mozilla/5.0 (Windows NT 10.0; Win64; x64) AppleWebKit/537.36 (KHTML, like Gecko) Chrome/114.0.0.0 Safari/537.36"
185.216.113.70 - - [20/Apr/2026:04:49:03 +0300] "POST /wp-cron.php?doing_wp_cron=1776649742.8472299575805664062500 HTTP/1.1" 200 448 "-" "WordPress/6.3.8; https://serhatburke.miroglu.net"
102.221.34.102 - - [20/Apr/2026:04:47:19 +0300] "POST /xmlrpc.php HTTP/1.1" 200 11887 "-" "Mozilla/5.0 (Windows NT 10.0; Win64; x64) AppleWebKit/537.36 (KHTML, like Gecko) Chrome/114.0.0.0 Safari/537.36"
185.216.113.70 - - [20/Apr/2026:04:49:10 +0300] "POST /wp-cron.php?doing_wp_cron=1776649750.5770359039306640625000 HTTP/1.1" 200 448 "-" "WordPress/6.3.8; https://serhatburke.miroglu.net"
158.69.22.136 - - [20/Apr/2026:04:47:33 +0300] "GET /beste-casino-site-belgie-hoge-inzet/ HTTP/1.1" 200 18595 "https://serhatburke.miroglu.net/" "Mozilla/5.0 (Macintosh; Intel Mac OS X 10_15_7) AppleWebKit/605.1.15 (KHTML, like Gecko) Version/26.1 Safari/605.1.15"
185.216.113.70 - - [20/Apr/2026:04:49:19 +0300] "POST /wp-cron.php?doing_wp_cron=1776649759.2858440876007080078125 HTTP/1.1" 200 448 "-" "WordPress/6.3.8; https://serhatburke.miroglu.net"
17.246.23.35 - - [20/Apr/2026:04:47:21 +0300] "GET /alternativa-de-bate-papo-por-video-aleatorio-para-45/undefined?ts=1776649640 HTTP/1.1" 404 15865 "https://serhatburke.miroglu.net/alternativa-de-bate-papo-por-video-aleatorio-para-45/" "Mozilla/5.0 (Macintosh; Intel Mac OS X 10_15_7) AppleWebKit/605.1.15 (KHTML, like Gecko) Version/17.4 Safari/605.1.15 (Applebot/0.1; +http://www.apple.com/go/applebot)"
17.246.15.23 - - [20/Apr/2026:04:47:44 +0300] "GET /alternativa-de-bate-papo-por-video-aleatorio-para-45/undefined?ts=1776649663 HTTP/1.1" 500 782 "https://serhatburke.miroglu.net/alternativa-de-bate-papo-por-video-aleatorio-para-45/" "Mozilla/5.0 (Macintosh; Intel Mac OS X 10_15_7) AppleWebKit/605.1.15 (KHTML, like Gecko) Version/17.4 Safari/605.1.15 (Applebot/0.1; +http://www.apple.com/go/applebot)"
102.221.34.102 - - [20/Apr/2026:04:47:56 +0300] "POST /xmlrpc.php HTTP/1.1" 500 745 "-" "Mozilla/5.0 (Windows NT 10.0; Win64; x64) AppleWebKit/537.36 (KHTML, like Gecko) Chrome/114.0.0.0 Safari/537.36"
158.69.22.136 - - [20/Apr/2026:04:48:03 +0300] "GET /beste-casino-site-belgie-hoge-inzet/ HTTP/1.1" 500 782 "https://serhatburke.miroglu.net/" "Mozilla/5.0 (Macintosh; Intel Mac OS X 10_15_7) AppleWebKit/605.1.15 (KHTML, like Gecko) Version/26.1 Safari/605.1.15"
17.246.23.67 - - [20/Apr/2026:04:48:07 +0300] "GET /alternativa-de-bate-papo-por-video-aleatorio-para-45/undefined?ts=1776649687 HTTP/1.1" 500 782 "https://serhatburke.miroglu.net/alternativa-de-bate-papo-por-video-aleatorio-para-45/" "Mozilla/5.0 (Macintosh; Intel Mac OS X 10_15_7) AppleWebKit/605.1.15 (KHTML, like Gecko) Version/17.4 Safari/605.1.15 (Applebot/0.1; +http://www.apple.com/go/applebot)"
17.246.15.36 - - [20/Apr/2026:04:48:30 +0300] "GET /alternativa-de-bate-papo-por-video-aleatorio-para-45/undefined?ts=1776649710 HTTP/1.1" 500 782 "https://serhatburke.miroglu.net/alternativa-de-bate-papo-por-video-aleatorio-para-45/" "Mozilla/5.0 (Macintosh; Intel Mac OS X 10_15_7) AppleWebKit/605.1.15 (KHTML, like Gecko) Version/17.4 Safari/605.1.15 (Applebot/0.1; +http://www.apple.com/go/applebot)"
102.221.34.102 - - [20/Apr/2026:04:48:36 +0300] "POST /xmlrpc.php HTTP/1.1" 500 745 "-" "Mozilla/5.0 (Windows NT 10.0; Win64; x64) AppleWebKit/537.36 (KHTML, like Gecko) Chrome/114.0.0.0 Safari/537.36"
102.221.34.102 - - [20/Apr/2026:04:48:39 +0300] "POST /xmlrpc.php HTTP/1.1" 500 745 "-" "Mozilla/5.0 (Windows NT 10.0; Win64; x64) AppleWebKit/537.36 (KHTML, like Gecko) Chrome/114.0.0.0 Safari/537.36"
102.221.34.102 - - [20/Apr/2026:04:48:51 +0300] "POST /xmlrpc.php HTTP/1.1" 500 745 "-" "Mozilla/5.0 (Windows NT 10.0; Win64; x64) AppleWebKit/537.36 (KHTML, like Gecko) Chrome/114.0.0.0 Safari/537.36"
17.246.23.62 - - [20/Apr/2026:04:48:53 +0300] "GET /alternativa-de-bate-papo-por-video-aleatorio-para-45/undefined?ts=1776649733 HTTP/1.1" 500 782 "https://serhatburke.miroglu.net/alternativa-de-bate-papo-por-video-aleatorio-para-45/" "Mozilla/5.0 (Macintosh; Intel Mac OS X 10_15_7) AppleWebKit/605.1.15 (KHTML, like Gecko) Version/17.4 Safari/605.1.15 (Applebot/0.1; +http://www.apple.com/go/applebot)"
102.221.34.102 - - [20/Apr/2026:04:49:04 +0300] "POST /xmlrpc.php HTTP/1.1" 500 745 "-" "Mozilla/5.0 (Windows NT 10.0; Win64; x64) AppleWebKit/537.36 (KHTML, like Gecko) Chrome/114.0.0.0 Safari/537.36"
200.25.47.132 - - [20/Apr/2026:04:49:14 +0300] "POST /xmlrpc.php HTTP/1.1" 500 745 "-" "Mozilla/5.0 (Windows NT 10.0; Win64; x64) AppleWebKit/537.36 (KHTML, like Gecko) Chrome/114.0.0.0 Safari/537.36"
17.246.19.75 - - [20/Apr/2026:04:49:16 +0300] "GET /alternativa-de-bate-papo-por-video-aleatorio-para-45/undefined?ts=1776649756 HTTP/1.1" 500 782 "https://serhatburke.miroglu.net/alternativa-de-bate-papo-por-video-aleatorio-para-45/" "Mozilla/5.0 (Macintosh; Intel Mac OS X 10_15_7) AppleWebKit/605.1.15 (KHTML, like Gecko) Version/17.4 Safari/605.1.15 (Applebot/0.1; +http://www.apple.com/go/applebot)"
17.246.19.142 - - [20/Apr/2026:04:49:25 +0300] "GET /alternativa-de-bate-papo-por-video-aleatorio-para-45/undefined?ts=1776649764 HTTP/1.1" 500 782 "https://serhatburke.miroglu.net/alternativa-de-bate-papo-por-video-aleatorio-para-45/" "Mozilla/5.0 (Macintosh; Intel Mac OS X 10_15_7) AppleWebKit/605.1.15 (KHTML, like Gecko) Version/17.4 Safari/605.1.15 (Applebot/0.1; +http://www.apple.com/go/applebot)"
185.216.113.70 - - [20/Apr/2026:04:51:34 +0300] "POST /wp-cron.php?doing_wp_cron=1776649893.9882240295410156250000 HTTP/1.1" 200 448 "-" "WordPress/6.3.8; https://serhatburke.miroglu.net"
102.221.34.102 - - [20/Apr/2026:04:49:36 +0300] "POST /xmlrpc.php HTTP/1.1" 500 745 "-" "Mozilla/5.0 (Windows NT 10.0; Win64; x64) AppleWebKit/537.36 (KHTML, like Gecko) Chrome/114.0.0.0 Safari/537.36"
185.216.113.70 - - [20/Apr/2026:04:51:48 +0300] "POST /wp-cron.php?doing_wp_cron=1776649908.0696239471435546875000 HTTP/1.1" 200 448 "-" "WordPress/6.3.8; https://serhatburke.miroglu.net"
185.216.113.70 - - [20/Apr/2026:04:51:48 +0300] "POST /wp-cron.php?doing_wp_cron=1776649908.4926600456237792968750 HTTP/1.1" 200 448 "-" "WordPress/6.3.8; https://serhatburke.miroglu.net"
