185.216.113.70 - - [16/Apr/2026:12:44:35 +0300] "POST /wp-cron.php?doing_wp_cron=1776332675.1117808818817138671875 HTTP/1.1" 200 448 "-" "WordPress/6.3.8; https://serhatburke.miroglu.net"
128.1.218.166 - - [16/Apr/2026:12:44:21 +0300] "POST /xmlrpc.php HTTP/1.1" 200 14096 "-" "Mozilla/5.0 (Windows NT 10.0; Win64; x64) AppleWebKit/537.36 (KHTML, like Gecko) Chrome/114.0.0.0 Safari/537.36"
165.73.240.153 - - [16/Apr/2026:12:44:23 +0300] "POST /xmlrpc.php HTTP/1.1" 200 13036 "-" "Mozilla/5.0 (Windows NT 10.0; Win64; x64) AppleWebKit/537.36 (KHTML, like Gecko) Chrome/114.0.0.0 Safari/537.36"
188.68.1.196 - - [16/Apr/2026:12:44:32 +0300] "GET /truefortune-casino-quick-wins-for-the-busy-player/ HTTP/1.1" 200 22310 "-" "Python/3.14 aiohttp/3.13.3"
128.1.218.166 - - [16/Apr/2026:12:44:37 +0300] "GET /cryptowild-gambling-enterprise-review-current-added-bonus-australian-real-money-online-casinos-knowledge/ HTTP/1.1" 200 76327 "-" "Mozilla/5.0 (Windows NT 10.0; rv:125.0) Gecko/20100101 Firefox/125.0"
154.73.249.126 - - [16/Apr/2026:12:44:44 +0300] "GET /truefortune-casino-quick-wins-for-the-busy-player/ HTTP/1.1" 200 22310 "-" "Python/3.14 aiohttp/3.13.3"
165.73.240.153 - - [16/Apr/2026:12:44:39 +0300] "GET /is-on-the-net-casino-courtroom-in-australia-newest-the-riches-in-the-rough-slot-machine-laws-explained/ HTTP/1.1" 200 75028 "-" "Mozilla/5.0 (Windows NT 10.0; Win64; x64; rv:124.0) Gecko/20100101 Firefox/124.0"
128.1.218.166 - - [16/Apr/2026:12:44:50 +0300] "POST /xmlrpc.php HTTP/1.1" 200 630 "-" "Mozilla/5.0 (Windows NT 10.0; Win64; x64) AppleWebKit/537.36 (KHTML, like Gecko) Chrome/114.0.0.0 Safari/537.36"
185.216.113.70 - - [16/Apr/2026:12:45:48 +0300] "POST /wp-cron.php?doing_wp_cron=1776332748.3963079452514648437500 HTTP/1.1" 200 448 "-" "WordPress/6.3.8; https://serhatburke.miroglu.net"
185.216.113.70 - - [16/Apr/2026:12:45:49 +0300] "POST /wp-cron.php?doing_wp_cron=1776332749.3049919605255126953125 HTTP/1.1" 200 448 "-" "WordPress/6.3.8; https://serhatburke.miroglu.net"
185.216.113.70 - - [16/Apr/2026:12:45:50 +0300] "POST /wp-cron.php?doing_wp_cron=1776332750.7512929439544677734375 HTTP/1.1" 200 448 "-" "WordPress/6.3.8; https://serhatburke.miroglu.net"
84.200.80.218 - - [16/Apr/2026:12:45:17 +0300] "GET /online-casino-met-snelle-uitbetaling-2026-snelste-47/ HTTP/1.1" 200 108056 "-" "Screaming Frog SEO Spider/18.1"
84.200.80.218 - - [16/Apr/2026:12:45:17 +0300] "GET /10-gokkasten-uit-de-speelhallen-die-je-online-kunt-16/ HTTP/1.1" 200 108403 "-" "Screaming Frog SEO Spider/18.1"
84.200.80.218 - - [16/Apr/2026:12:45:17 +0300] "GET /speel-online-bingo-en-maak-kans-op-grote-prijzen-89/ HTTP/1.1" 200 98275 "-" "Screaming Frog SEO Spider/18.1"
185.216.113.70 - - [16/Apr/2026:12:45:56 +0300] "POST /wp-cron.php?doing_wp_cron=1776332756.5264029502868652343750 HTTP/1.1" 200 448 "-" "WordPress/6.3.8; https://serhatburke.miroglu.net"
128.1.218.166 - - [16/Apr/2026:12:45:19 +0300] "POST /xmlrpc.php HTTP/1.1" 200 14000 "-" "Mozilla/5.0 (Windows NT 10.0; Win64; x64) AppleWebKit/537.36 (KHTML, like Gecko) Chrome/114.0.0.0 Safari/537.36"
185.216.113.70 - - [16/Apr/2026:12:46:07 +0300] "POST /wp-cron.php?doing_wp_cron=1776332767.7152459621429443359375 HTTP/1.1" 200 448 "-" "WordPress/6.3.8; https://serhatburke.miroglu.net"
84.200.80.218 - - [16/Apr/2026:12:45:25 +0300] "GET /super-flip-slot-game-35/ HTTP/1.1" 200 115546 "-" "Screaming Frog SEO Spider/18.1"
128.1.218.166 - - [16/Apr/2026:12:45:41 +0300] "POST /xmlrpc.php HTTP/1.1" 200 630 "-" "Mozilla/5.0 (Windows NT 10.0; Win64; x64) AppleWebKit/537.36 (KHTML, like Gecko) Chrome/114.0.0.0 Safari/537.36"
165.73.240.153 - - [16/Apr/2026:12:45:53 +0300] "POST /xmlrpc.php HTTP/1.1" 200 630 "-" "Mozilla/5.0 (Windows NT 10.0; Win64; x64) AppleWebKit/537.36 (KHTML, like Gecko) Chrome/114.0.0.0 Safari/537.36"
128.1.218.166 - - [16/Apr/2026:12:45:57 +0300] "GET /wild-local-casino-remark-2026-crypto-bonus-punctual-earnings-avalon-symbols-video-game-range/ HTTP/1.1" 200 75749 "-" "Mozilla/5.0 (Windows NT 10.0; rv:109.0) Gecko/20100101 Firefox/115.0"
185.216.113.70 - - [16/Apr/2026:12:47:09 +0300] "POST /wp-cron.php?doing_wp_cron=1776332829.7999339103698730468750 HTTP/1.1" 200 448 "-" "WordPress/6.3.8; https://serhatburke.miroglu.net"
128.1.218.166 - - [16/Apr/2026:12:46:33 +0300] "POST /xmlrpc.php HTTP/1.1" 200 630 "-" "Mozilla/5.0 (Windows NT 10.0; Win64; x64) AppleWebKit/537.36 (KHTML, like Gecko) Chrome/114.0.0.0 Safari/537.36"
185.216.113.70 - - [16/Apr/2026:12:47:13 +0300] "POST /wp-cron.php?doing_wp_cron=1776332833.0996739864349365234375 HTTP/1.1" 200 448 "-" "WordPress/6.3.8; https://serhatburke.miroglu.net"
185.216.113.70 - - [16/Apr/2026:12:47:13 +0300] "POST /wp-cron.php?doing_wp_cron=1776332833.4101119041442871093750 HTTP/1.1" 200 448 "-" "WordPress/6.3.8; https://serhatburke.miroglu.net"
128.1.218.166 - - [16/Apr/2026:12:46:42 +0300] "POST /xmlrpc.php HTTP/1.1" 200 13504 "-" "Mozilla/5.0 (Windows NT 10.0; Win64; x64) AppleWebKit/537.36 (KHTML, like Gecko) Chrome/114.0.0.0 Safari/537.36"
103.219.169.133 - - [16/Apr/2026:12:46:41 +0300] "POST /xmlrpc.php HTTP/1.1" 200 630 "-" "Mozilla/5.0 (Windows NT 10.0; Win64; x64) AppleWebKit/537.36 (KHTML, like Gecko) Chrome/114.0.0.0 Safari/537.36"
185.216.113.70 - - [16/Apr/2026:12:47:29 +0300] "POST /wp-cron.php?doing_wp_cron=1776332849.8097629547119140625000 HTTP/1.1" 200 448 "-" "WordPress/6.3.8; https://serhatburke.miroglu.net"
165.73.240.153 - - [16/Apr/2026:12:46:56 +0300] "POST /xmlrpc.php HTTP/1.1" 200 12997 "-" "Mozilla/5.0 (Windows NT 10.0; Win64; x64) AppleWebKit/537.36 (KHTML, like Gecko) Chrome/114.0.0.0 Safari/537.36"
185.216.113.70 - - [16/Apr/2026:12:48:09 +0300] "POST /wp-cron.php?doing_wp_cron=1776332889.7184989452362060546875 HTTP/1.1" 200 448 "-" "WordPress/6.3.8; https://serhatburke.miroglu.net"
128.1.218.166 - - [16/Apr/2026:12:47:16 +0300] "POST /xmlrpc.php HTTP/1.1" 200 14392 "-" "Mozilla/5.0 (Windows NT 10.0; Win64; x64) AppleWebKit/537.36 (KHTML, like Gecko) Chrome/114.0.0.0 Safari/537.36"
128.1.218.166 - - [16/Apr/2026:12:47:15 +0300] "GET /cryptowild-gambling-enterprise-added-bonus-codes-survivor-online-release-high-winnings-now/ HTTP/1.1" 200 75345 "-" "Mozilla/5.0 (Windows NT 10.0; Win64; x64) AppleWebKit/537.36 (KHTML, like Gecko) Chrome/124.0.0.0 Safari/537.36 Edg/124.0.0.0"
103.219.169.133 - - [16/Apr/2026:12:47:19 +0300] "POST /xmlrpc.php HTTP/1.1" 200 17234 "-" "Mozilla/5.0 (Windows NT 10.0; Win64; x64) AppleWebKit/537.36 (KHTML, like Gecko) Chrome/114.0.0.0 Safari/537.36"
128.1.218.166 - - [16/Apr/2026:12:47:22 +0300] "POST /xmlrpc.php HTTP/1.1" 200 630 "-" "Mozilla/5.0 (Windows NT 10.0; Win64; x64) AppleWebKit/537.36 (KHTML, like Gecko) Chrome/114.0.0.0 Safari/537.36"
84.200.80.218 - - [16/Apr/2026:12:45:32 +0300] "GET /tafelspellen-in-het-online-casino-onetime-nl-23/ HTTP/1.1" 200 98275 "-" "Screaming Frog SEO Spider/18.1"
165.73.240.153 - - [16/Apr/2026:12:47:31 +0300] "GET /better-a-real-income-web-based-casinos-within-the-canada-greatest-internet-castle-blood-slot-for-real-money-sites-2026/ HTTP/1.1" 200 75374 "-" "Mozilla/5.0 (Windows NT 10.0; Win64; x64) AppleWebKit/537.36 (KHTML, like Gecko) Chrome/122.0.0.0 Safari/537.36"
165.73.240.153 - - [16/Apr/2026:12:47:48 +0300] "POST /xmlrpc.php HTTP/1.1" 200 630 "-" "Mozilla/5.0 (Windows NT 10.0; Win64; x64) AppleWebKit/537.36 (KHTML, like Gecko) Chrome/114.0.0.0 Safari/537.36"
128.1.218.166 - - [16/Apr/2026:12:48:14 +0300] "POST /xmlrpc.php HTTP/1.1" 200 630 "-" "Mozilla/5.0 (Windows NT 10.0; Win64; x64) AppleWebKit/537.36 (KHTML, like Gecko) Chrome/114.0.0.0 Safari/537.36"
128.1.218.166 - - [16/Apr/2026:12:48:24 +0300] "POST /xmlrpc.php HTTP/1.1" 200 14380 "-" "Mozilla/5.0 (Windows NT 10.0; Win64; x64) AppleWebKit/537.36 (KHTML, like Gecko) Chrome/114.0.0.0 Safari/537.36"
103.219.169.133 - - [16/Apr/2026:12:48:18 +0300] "GET /verbunden-kasino-beste-bewertung-online-casino-bonus-ohne-einzahlung-sizzling-hot-test-kollationieren-30-kraut-casinos/ HTTP/1.1" 200 80202 "-" "Mozilla/5.0 (Windows NT 10.0; Win64; x64) AppleWebKit/537.36 (KHTML, like Gecko) Chrome/122.0.0.0 Safari/537.36"
128.1.218.166 - - [16/Apr/2026:12:48:16 +0300] "GET /totally-free-5-no-deposit-incentives-thunderstruck-slot-no-download-no-signup-during-the-british-casinos-2026/ HTTP/1.1" 200 76770 "-" "Mozilla/5.0 (Windows NT 10.0; Win64; x64; rv:125.0) Gecko/20100101 Firefox/125.0"
165.73.240.153 - - [16/Apr/2026:12:48:42 +0300] "POST /xmlrpc.php HTTP/1.1" 200 12679 "-" "Mozilla/5.0 (Windows NT 10.0; Win64; x64) AppleWebKit/537.36 (KHTML, like Gecko) Chrome/114.0.0.0 Safari/537.36"
128.1.218.166 - - [16/Apr/2026:12:48:57 +0300] "GET /affirmed-british-no-deposit-free-chips-casino-no-deposit-gambling-establishment-now-offers-to-own-march-2026/ HTTP/1.1" 200 76474 "-" "Mozilla/5.0 (Windows NT 10.0; Win64; x64) AppleWebKit/537.36 (KHTML, like Gecko) Chrome/109.0.0.0 Safari/537.36"
128.1.218.166 - - [16/Apr/2026:12:48:58 +0300] "POST /xmlrpc.php HTTP/1.1" 200 14051 "-" "Mozilla/5.0 (Windows NT 10.0; Win64; x64) AppleWebKit/537.36 (KHTML, like Gecko) Chrome/114.0.0.0 Safari/537.36"
128.1.218.166 - - [16/Apr/2026:12:49:01 +0300] "POST /xmlrpc.php HTTP/1.1" 200 630 "-" "Mozilla/5.0 (Windows NT 10.0; Win64; x64) AppleWebKit/537.36 (KHTML, like Gecko) Chrome/114.0.0.0 Safari/537.36"
165.73.240.153 - - [16/Apr/2026:12:49:06 +0300] "GET /enjoy-burning-stars-slot-rtp-casino-games-during-the-twist-and-victory-uk-casino-site/ HTTP/1.1" 200 74373 "-" "Mozilla/5.0 (Windows NT 10.0; Win64; x64; rv:124.0) Gecko/20100101 Firefox/124.0"
165.73.240.153 - - [16/Apr/2026:12:49:19 +0300] "POST /xmlrpc.php HTTP/1.1" 200 630 "-" "Mozilla/5.0 (Windows NT 10.0; Win64; x64) AppleWebKit/537.36 (KHTML, like Gecko) Chrome/114.0.0.0 Safari/537.36"
128.1.218.166 - - [16/Apr/2026:12:49:22 +0300] "GET /paysafecard-gambling-enterprise-uk-top-ten-casinos-funky-fruits-farm-casino-taking-paysafecard-put/ HTTP/1.1" 200 76056 "-" "Mozilla/5.0 (Windows NT 10.0; rv:125.0) Gecko/20100101 Firefox/125.0"
185.216.113.70 - - [16/Apr/2026:12:49:44 +0300] "POST /wp-cron.php?doing_wp_cron=1776332984.2981219291687011718750 HTTP/1.1" 200 448 "-" "WordPress/6.3.8; https://serhatburke.miroglu.net"
128.1.218.166 - - [16/Apr/2026:12:49:30 +0300] "POST /xmlrpc.php HTTP/1.1" 200 14218 "-" "Mozilla/5.0 (Windows NT 10.0; Win64; x64) AppleWebKit/537.36 (KHTML, like Gecko) Chrome/114.0.0.0 Safari/537.36"
165.73.240.153 - - [16/Apr/2026:12:49:42 +0300] "POST /xmlrpc.php HTTP/1.1" 200 13446 "-" "Mozilla/5.0 (Windows NT 10.0; Win64; x64) AppleWebKit/537.36 (KHTML, like Gecko) Chrome/114.0.0.0 Safari/537.36"
128.1.218.166 - - [16/Apr/2026:12:49:46 +0300] "GET /wilderness-night-slots-n-play-bet-login-remark-bonus-codes-for-march-2026/ HTTP/1.1" 200 75509 "-" "Mozilla/5.0 (Windows NT 10.0; Win64; x64) AppleWebKit/537.36 (KHTML, like Gecko) Chrome/122.0.0.0 Safari/537.36"
128.1.218.166 - - [16/Apr/2026:12:49:48 +0300] "POST /xmlrpc.php HTTP/1.1" 200 630 "-" "Mozilla/5.0 (Windows NT 10.0; Win64; x64) AppleWebKit/537.36 (KHTML, like Gecko) Chrome/114.0.0.0 Safari/537.36"
103.219.169.133 - - [16/Apr/2026:12:50:03 +0300] "POST /xmlrpc.php HTTP/1.1" 200 630 "-" "Mozilla/5.0 (Windows NT 10.0; Win64; x64) AppleWebKit/537.36 (KHTML, like Gecko) Chrome/114.0.0.0 Safari/537.36"
165.73.240.153 - - [16/Apr/2026:12:50:07 +0300] "GET /as-to-the-reasons-blackjackpro-montecarlo-multihand-online-real-money-the-new-pokies-is-the-greatest-internet-casino-around-australia-inside-the-2026/ HTTP/1.1" 200 76677 "-" "Mozilla/5.0 (Windows NT 10.0; Win64; x64) AppleWebKit/537.36 (KHTML, like Gecko) Chrome/123.0.0.0 Safari/537.36"
128.1.218.166 - - [16/Apr/2026:12:50:20 +0300] "POST /xmlrpc.php HTTP/1.1" 200 13935 "-" "Mozilla/5.0 (Windows NT 10.0; Win64; x64) AppleWebKit/537.36 (KHTML, like Gecko) Chrome/114.0.0.0 Safari/537.36"
185.216.113.70 - - [16/Apr/2026:12:50:47 +0300] "POST /wp-cron.php?doing_wp_cron=1776333046.8938200473785400390625 HTTP/1.1" 200 448 "-" "WordPress/6.3.8; https://serhatburke.miroglu.net"
103.219.169.133 - - [16/Apr/2026:12:50:27 +0300] "POST /xmlrpc.php HTTP/1.1" 200 16316 "-" "Mozilla/5.0 (Windows NT 10.0; Win64; x64) AppleWebKit/537.36 (KHTML, like Gecko) Chrome/114.0.0.0 Safari/537.36"
185.216.113.70 - - [16/Apr/2026:12:51:01 +0300] "POST /wp-cron.php?doing_wp_cron=1776333060.9037389755249023437500 HTTP/1.1" 200 448 "-" "WordPress/6.3.8; https://serhatburke.miroglu.net"
128.1.218.166 - - [16/Apr/2026:12:50:33 +0300] "POST /xmlrpc.php HTTP/1.1" 200 630 "-" "Mozilla/5.0 (Windows NT 10.0; Win64; x64) AppleWebKit/537.36 (KHTML, like Gecko) Chrome/114.0.0.0 Safari/537.36"
185.216.113.70 - - [16/Apr/2026:12:51:04 +0300] "POST /wp-cron.php?doing_wp_cron=1776333064.2046670913696289062500 HTTP/1.1" 200 448 "-" "WordPress/6.3.8; https://serhatburke.miroglu.net"
98.98.9.27 - - [16/Apr/2026:12:50:34 +0300] "POST /xmlrpc.php HTTP/1.1" 200 630 "-" "Mozilla/5.0 (Windows NT 10.0; Win64; x64) AppleWebKit/537.36 (KHTML, like Gecko) Chrome/114.0.0.0 Safari/537.36"
185.216.113.70 - - [16/Apr/2026:12:51:07 +0300] "POST /wp-cron.php?doing_wp_cron=1776333067.7139561176300048828125 HTTP/1.1" 200 448 "-" "WordPress/6.3.8; https://serhatburke.miroglu.net"
128.1.218.166 - - [16/Apr/2026:12:50:35 +0300] "GET /doubledown-gambling-enterprise-100-percent-bonanza-slot-free-chips-mr-bet-position-coins-tokens-costa-rica/ HTTP/1.1" 200 75933 "-" "Mozilla/5.0 (Windows NT 10.0; rv:125.0) Gecko/20100101 Firefox/125.0"
103.219.169.133 - - [16/Apr/2026:12:50:48 +0300] "GET /bet365-helvetische-aztec-warrior-princess-online-casinos-republik-probe-und-erfahrung-2026-alternativer-querverweis/ HTTP/1.1" 200 79100 "-" "Mozilla/5.0 (Windows NT 10.0; Win64; x64) AppleWebKit/537.36 (KHTML, like Gecko) Chrome/124.0.0.0 Safari/537.36 Edg/124.0.0.0"
165.73.240.153 - - [16/Apr/2026:12:50:50 +0300] "POST /xmlrpc.php HTTP/1.1" 200 630 "-" "Mozilla/5.0 (Windows NT 10.0; Win64; x64) AppleWebKit/537.36 (KHTML, like Gecko) Chrome/114.0.0.0 Safari/537.36"
128.1.218.166 - - [16/Apr/2026:12:51:08 +0300] "POST /xmlrpc.php HTTP/1.1" 200 13724 "-" "Mozilla/5.0 (Windows NT 10.0; Win64; x64) AppleWebKit/537.36 (KHTML, like Gecko) Chrome/114.0.0.0 Safari/537.36"
98.98.9.27 - - [16/Apr/2026:12:51:11 +0300] "POST /xmlrpc.php HTTP/1.1" 200 12923 "-" "Mozilla/5.0 (Windows NT 10.0; Win64; x64) AppleWebKit/537.36 (KHTML, like Gecko) Chrome/114.0.0.0 Safari/537.36"
128.1.218.166 - - [16/Apr/2026:12:51:20 +0300] "POST /xmlrpc.php HTTP/1.1" 200 630 "-" "Mozilla/5.0 (Windows NT 10.0; Win64; x64) AppleWebKit/537.36 (KHTML, like Gecko) Chrome/114.0.0.0 Safari/537.36"
185.216.113.70 - - [16/Apr/2026:12:52:25 +0300] "POST /wp-cron.php?doing_wp_cron=1776333145.3095490932464599609375 HTTP/1.1" 200 448 "-" "WordPress/6.3.8; https://serhatburke.miroglu.net"
185.216.113.70 - - [16/Apr/2026:12:52:27 +0300] "POST /wp-cron.php?doing_wp_cron=1776333147.0890350341796875000000 HTTP/1.1" 200 448 "-" "WordPress/6.3.8; https://serhatburke.miroglu.net"
165.73.240.153 - - [16/Apr/2026:12:51:44 +0300] "POST /xmlrpc.php HTTP/1.1" 200 12772 "-" "Mozilla/5.0 (Windows NT 10.0; Win64; x64) AppleWebKit/537.36 (KHTML, like Gecko) Chrome/114.0.0.0 Safari/537.36"
107.152.46.252 - - [16/Apr/2026:12:51:44 +0300] "GET /zotabet-casino-bonus-premier-depot-2026/ HTTP/1.1" 200 18530 "-" "Mozilla/5.0 (Windows NT 10.0; Win64; x64) AppleWebKit/537.36 (KHTML, like Gecko) Chrome/114.0.0.0 Safari/537.36"
185.216.113.70 - - [16/Apr/2026:12:52:44 +0300] "POST /wp-cron.php?doing_wp_cron=1776333164.0884180068969726562500 HTTP/1.1" 200 448 "-" "WordPress/6.3.8; https://serhatburke.miroglu.net"
128.1.218.166 - - [16/Apr/2026:12:52:01 +0300] "GET /dr-survivor-win-choice-casino-closed-in-order-to-united-kingdom-people-inside-the-2023/ HTTP/1.1" 200 75301 "-" "Mozilla/5.0 (Windows NT 10.0; rv:125.0) Gecko/20100101 Firefox/125.0"
185.216.113.70 - - [16/Apr/2026:12:52:49 +0300] "POST /wp-cron.php?doing_wp_cron=1776333169.4108738899230957031250 HTTP/1.1" 200 448 "-" "WordPress/6.3.8; https://serhatburke.miroglu.net"
98.98.9.27 - - [16/Apr/2026:12:52:04 +0300] "GET /newest-big-bad-wolf-online-slot-movies/ HTTP/1.1" 200 73337 "-" "Mozilla/5.0 (Windows NT 10.0; Win64; x64) AppleWebKit/537.36 (KHTML, like Gecko) Chrome/124.0.0.0 Safari/537.36 Edg/124.0.0.0"
185.216.113.70 - - [16/Apr/2026:12:52:55 +0300] "POST /wp-cron.php?doing_wp_cron=1776333174.8116989135742187500000 HTTP/1.1" 200 448 "-" "WordPress/6.3.8; https://serhatburke.miroglu.net"
128.1.218.166 - - [16/Apr/2026:12:52:06 +0300] "POST /xmlrpc.php HTTP/1.1" 200 630 "-" "Mozilla/5.0 (Windows NT 10.0; Win64; x64) AppleWebKit/537.36 (KHTML, like Gecko) Chrome/114.0.0.0 Safari/537.36"
142.44.233.59 - - [16/Apr/2026:12:52:34 +0300] "GET /discover-the-power-of-dexscreener-for-crypto-traders/ HTTP/2" 200 0 "-" "Mozilla/5.0 (compatible; AhrefsBot/7.0; +http://ahrefs.com/robot/)"
185.216.113.70 - - [16/Apr/2026:12:53:09 +0300] "POST /wp-cron.php?doing_wp_cron=1776333189.4080820083618164062500 HTTP/1.1" 200 448 "-" "WordPress/6.3.8; https://serhatburke.miroglu.net"
165.73.240.153 - - [16/Apr/2026:12:52:12 +0300] "POST /xmlrpc.php HTTP/1.1" 200 630 "-" "Mozilla/5.0 (Windows NT 10.0; Win64; x64) AppleWebKit/537.36 (KHTML, like Gecko) Chrome/114.0.0.0 Safari/537.36"
185.216.113.70 - - [16/Apr/2026:12:53:11 +0300] "POST /wp-cron.php?doing_wp_cron=1776333191.6949789524078369140625 HTTP/1.1" 200 448 "-" "WordPress/6.3.8; https://serhatburke.miroglu.net"
128.1.218.166 - - [16/Apr/2026:12:52:13 +0300] "POST /xmlrpc.php HTTP/1.1" 200 13774 "-" "Mozilla/5.0 (Windows NT 10.0; Win64; x64) AppleWebKit/537.36 (KHTML, like Gecko) Chrome/114.0.0.0 Safari/537.36"
185.216.113.70 - - [16/Apr/2026:12:53:35 +0300] "POST /wp-cron.php?doing_wp_cron=1776333215.4869859218597412109375 HTTP/1.1" 200 448 "-" "WordPress/6.3.8; https://serhatburke.miroglu.net"
165.73.240.153 - - [16/Apr/2026:12:52:28 +0300] "GET /funky-good-fresh-slot-sites-with-fire-bird-fruit-ranch-slot-comment-playtech-enjoy-100-percent-free-trial/ HTTP/1.1" 200 74616 "-" "Mozilla/5.0 (Windows NT 10.0; Win64; x64; rv:124.0) Gecko/20100101 Firefox/124.0"
185.216.113.70 - - [16/Apr/2026:12:53:39 +0300] "POST /wp-cron.php?doing_wp_cron=1776333219.7064459323883056640625 HTTP/1.1" 200 448 "-" "WordPress/6.3.8; https://serhatburke.miroglu.net"
185.216.113.70 - - [16/Apr/2026:12:53:55 +0300] "POST /wp-cron.php?doing_wp_cron=1776333235.2091209888458251953125 HTTP/1.1" 200 448 "-" "WordPress/6.3.8; https://serhatburke.miroglu.net"
103.219.169.133 - - [16/Apr/2026:12:52:52 +0300] "POST /xmlrpc.php HTTP/1.1" 200 630 "-" "Mozilla/5.0 (Windows NT 10.0; Win64; x64) AppleWebKit/537.36 (KHTML, like Gecko) Chrome/114.0.0.0 Safari/537.36"
185.216.113.70 - - [16/Apr/2026:12:54:19 +0300] "POST /wp-cron.php?doing_wp_cron=1776333258.8983728885650634765625 HTTP/1.1" 200 448 "-" "WordPress/6.3.8; https://serhatburke.miroglu.net"
128.1.218.166 - - [16/Apr/2026:12:52:51 +0300] "POST /xmlrpc.php HTTP/1.1" 200 630 "-" "Mozilla/5.0 (Windows NT 10.0; Win64; x64) AppleWebKit/537.36 (KHTML, like Gecko) Chrome/114.0.0.0 Safari/537.36"
185.216.113.70 - - [16/Apr/2026:12:54:26 +0300] "POST /wp-cron.php?doing_wp_cron=1776333266.1872498989105224609375 HTTP/1.1" 200 448 "-" "WordPress/6.3.8; https://serhatburke.miroglu.net"
128.1.218.166 - - [16/Apr/2026:12:53:02 +0300] "POST /xmlrpc.php HTTP/1.1" 200 13892 "-" "Mozilla/5.0 (Windows NT 10.0; Win64; x64) AppleWebKit/537.36 (KHTML, like Gecko) Chrome/114.0.0.0 Safari/537.36"
185.216.113.70 - - [16/Apr/2026:12:54:46 +0300] "POST /wp-cron.php?doing_wp_cron=1776333283.3160169124603271484375 HTTP/1.1" 200 448 "-" "WordPress/6.3.8; https://serhatburke.miroglu.net"
165.73.240.153 - - [16/Apr/2026:12:53:17 +0300] "POST /xmlrpc.php HTTP/1.1" 200 12688 "-" "Mozilla/5.0 (Windows NT 10.0; Win64; x64) AppleWebKit/537.36 (KHTML, like Gecko) Chrome/114.0.0.0 Safari/537.36"
185.216.113.70 - - [16/Apr/2026:12:54:52 +0300] "POST /wp-cron.php?doing_wp_cron=1776333292.3425769805908203125000 HTTP/1.1" 200 448 "-" "WordPress/6.3.8; https://serhatburke.miroglu.net"
128.1.218.166 - - [16/Apr/2026:12:53:13 +0300] "GET /register-so-you-can-thescore-dragon-link-pokies-choice-us/ HTTP/1.1" 200 74545 "-" "Mozilla/5.0 (Windows NT 10.0; Win64; x64) AppleWebKit/537.36 (KHTML, like Gecko) Chrome/123.0.0.0 Safari/537.36 OPR/109.0.0.0"
185.216.113.70 - - [16/Apr/2026:12:55:05 +0300] "POST /wp-cron.php?doing_wp_cron=1776333304.8967630863189697265625 HTTP/1.1" 200 448 "-" "WordPress/6.3.8; https://serhatburke.miroglu.net"
128.1.218.166 - - [16/Apr/2026:12:53:34 +0300] "POST /xmlrpc.php HTTP/1.1" 200 630 "-" "Mozilla/5.0 (Windows NT 10.0; Win64; x64) AppleWebKit/537.36 (KHTML, like Gecko) Chrome/114.0.0.0 Safari/537.36"
185.216.113.70 - - [16/Apr/2026:12:55:07 +0300] "POST /wp-cron.php?doing_wp_cron=1776333307.7898879051208496093750 HTTP/1.1" 200 448 "-" "WordPress/6.3.8; https://serhatburke.miroglu.net"
165.73.240.153 - - [16/Apr/2026:12:53:33 +0300] "POST /xmlrpc.php HTTP/1.1" 200 630 "-" "Mozilla/5.0 (Windows NT 10.0; Win64; x64) AppleWebKit/537.36 (KHTML, like Gecko) Chrome/114.0.0.0 Safari/537.36"
185.216.113.70 - - [16/Apr/2026:12:55:54 +0300] "POST /wp-cron.php?doing_wp_cron=1776333354.7197659015655517578125 HTTP/1.1" 200 448 "-" "WordPress/6.3.8; https://serhatburke.miroglu.net"
103.219.169.133 - - [16/Apr/2026:12:54:02 +0300] "POST /xmlrpc.php HTTP/1.1" 200 16342 "-" "Mozilla/5.0 (Windows NT 10.0; Win64; x64) AppleWebKit/537.36 (KHTML, like Gecko) Chrome/114.0.0.0 Safari/537.36"
128.1.218.166 - - [16/Apr/2026:12:54:13 +0300] "POST /xmlrpc.php HTTP/1.1" 500 745 "-" "Mozilla/5.0 (Windows NT 10.0; Win64; x64) AppleWebKit/537.36 (KHTML, like Gecko) Chrome/114.0.0.0 Safari/537.36"
185.216.113.70 - - [16/Apr/2026:12:56:26 +0300] "POST /wp-cron.php?doing_wp_cron=1776333386.1980259418487548828125 HTTP/1.1" 200 448 "-" "WordPress/6.3.8; https://serhatburke.miroglu.net"
128.1.218.166 - - [16/Apr/2026:12:54:26 +0300] "POST /xmlrpc.php HTTP/1.1" 500 745 "-" "Mozilla/5.0 (Windows NT 10.0; Win64; x64) AppleWebKit/537.36 (KHTML, like Gecko) Chrome/114.0.0.0 Safari/537.36"
128.1.218.166 - - [16/Apr/2026:12:54:28 +0300] "GET /gamble-ports-best-bitcoin-casinos-and-you-can-real-time-games-for-real-money/ HTTP/1.1" 500 745 "-" "Mozilla/5.0 (Windows NT 10.0; Win64; x64) AppleWebKit/537.36 (KHTML, like Gecko) Chrome/109.0.0.0 Safari/537.36"
185.216.113.70 - - [16/Apr/2026:12:56:38 +0300] "POST /wp-cron.php?doing_wp_cron=1776333398.6036710739135742187500 HTTP/1.1" 200 448 "-" "WordPress/6.3.8; https://serhatburke.miroglu.net"
185.216.113.70 - - [16/Apr/2026:12:56:39 +0300] "POST /wp-cron.php?doing_wp_cron=1776333399.3068830966949462890625 HTTP/1.1" 200 448 "-" "WordPress/6.3.8; https://serhatburke.miroglu.net"
128.1.218.166 - - [16/Apr/2026:12:54:58 +0300] "POST /xmlrpc.php HTTP/1.1" 200 630 "-" "Mozilla/5.0 (Windows NT 10.0; Win64; x64) AppleWebKit/537.36 (KHTML, like Gecko) Chrome/114.0.0.0 Safari/537.36"
165.73.240.153 - - [16/Apr/2026:12:54:48 +0300] "GET /funky-fruits-madness-dragon-gaming-where-to-james-dean-step-casino-magic-lamp-hd-slot-one-deposit-take-pleasure-in-95-fiftypercent-rtp/ HTTP/1.1" 200 75792 "-" "Mozilla/5.0 (Windows NT 10.0; rv:109.0) Gecko/20100101 Firefox/115.0"
128.1.218.166 - - [16/Apr/2026:12:54:53 +0300] "POST /xmlrpc.php HTTP/1.1" 500 745 "-" "Mozilla/5.0 (Windows NT 10.0; Win64; x64) AppleWebKit/537.36 (KHTML, like Gecko) Chrome/114.0.0.0 Safari/537.36"
185.216.113.70 - - [16/Apr/2026:12:56:57 +0300] "POST /wp-cron.php?doing_wp_cron=1776333417.0159869194030761718750 HTTP/1.1" 200 448 "-" "WordPress/6.3.8; https://serhatburke.miroglu.net"
185.216.113.70 - - [16/Apr/2026:12:56:57 +0300] "POST /wp-cron.php?doing_wp_cron=1776333417.6904289722442626953125 HTTP/1.1" 200 448 "-" "WordPress/6.3.8; https://serhatburke.miroglu.net"
128.1.218.166 - - [16/Apr/2026:12:55:12 +0300] "POST /xmlrpc.php HTTP/1.1" 200 13698 "-" "Mozilla/5.0 (Windows NT 10.0; Win64; x64) AppleWebKit/537.36 (KHTML, like Gecko) Chrome/114.0.0.0 Safari/537.36"
165.73.240.153 - - [16/Apr/2026:12:54:58 +0300] "POST /xmlrpc.php HTTP/1.1" 200 630 "-" "Mozilla/5.0 (Windows NT 10.0; Win64; x64) AppleWebKit/537.36 (KHTML, like Gecko) Chrome/114.0.0.0 Safari/537.36"
185.216.113.70 - - [16/Apr/2026:12:57:07 +0300] "POST /wp-cron.php?doing_wp_cron=1776333426.9090030193328857421875 HTTP/1.1" 200 448 "-" "WordPress/6.3.8; https://serhatburke.miroglu.net"
165.73.240.153 - - [16/Apr/2026:12:55:15 +0300] "POST /xmlrpc.php HTTP/1.1" 200 13191 "-" "Mozilla/5.0 (Windows NT 10.0; Win64; x64) AppleWebKit/537.36 (KHTML, like Gecko) Chrome/114.0.0.0 Safari/537.36"
128.1.218.166 - - [16/Apr/2026:12:55:43 +0300] "POST /xmlrpc.php HTTP/1.1" 500 745 "-" "Mozilla/5.0 (Windows NT 10.0; Win64; x64) AppleWebKit/537.36 (KHTML, like Gecko) Chrome/114.0.0.0 Safari/537.36"
103.219.169.133 - - [16/Apr/2026:12:55:44 +0300] "POST /xmlrpc.php HTTP/1.1" 500 745 "-" "Mozilla/5.0 (Windows NT 10.0; Win64; x64) AppleWebKit/537.36 (KHTML, like Gecko) Chrome/114.0.0.0 Safari/537.36"
103.219.169.133 - - [16/Apr/2026:12:55:47 +0300] "POST /xmlrpc.php HTTP/1.1" 500 745 "-" "Mozilla/5.0 (Windows NT 10.0; Win64; x64) AppleWebKit/537.36 (KHTML, like Gecko) Chrome/114.0.0.0 Safari/537.36"
128.1.218.166 - - [16/Apr/2026:12:55:54 +0300] "POST /xmlrpc.php HTTP/1.1" 500 745 "-" "Mozilla/5.0 (Windows NT 10.0; Win64; x64) AppleWebKit/537.36 (KHTML, like Gecko) Chrome/114.0.0.0 Safari/537.36"
185.216.113.70 - - [16/Apr/2026:12:58:06 +0300] "POST /wp-cron.php?doing_wp_cron=1776333485.9873249530792236328125 HTTP/1.1" 200 448 "-" "WordPress/6.3.8; https://serhatburke.miroglu.net"
165.73.240.153 - - [16/Apr/2026:12:56:13 +0300] "POST /xmlrpc.php HTTP/1.1" 200 630 "-" "Mozilla/5.0 (Windows NT 10.0; Win64; x64) AppleWebKit/537.36 (KHTML, like Gecko) Chrome/114.0.0.0 Safari/537.36"
128.1.218.166 - - [16/Apr/2026:12:56:08 +0300] "POST /xmlrpc.php HTTP/1.1" 500 745 "-" "Mozilla/5.0 (Windows NT 10.0; Win64; x64) AppleWebKit/537.36 (KHTML, like Gecko) Chrome/114.0.0.0 Safari/537.36"
128.1.218.166 - - [16/Apr/2026:12:56:11 +0300] "POST /xmlrpc.php HTTP/1.1" 500 745 "-" "Mozilla/5.0 (Windows NT 10.0; Win64; x64) AppleWebKit/537.36 (KHTML, like Gecko) Chrome/114.0.0.0 Safari/537.36"
185.216.113.70 - - [16/Apr/2026:12:58:24 +0300] "POST /wp-cron.php?doing_wp_cron=1776333504.6033930778503417968750 HTTP/1.1" 200 448 "-" "WordPress/6.3.8; https://serhatburke.miroglu.net"
128.1.218.166 - - [16/Apr/2026:12:56:25 +0300] "POST /xmlrpc.php HTTP/1.1" 500 745 "-" "Mozilla/5.0 (Windows NT 10.0; Win64; x64) AppleWebKit/537.36 (KHTML, like Gecko) Chrome/114.0.0.0 Safari/537.36"
165.73.240.153 - - [16/Apr/2026:12:56:28 +0300] "POST /xmlrpc.php HTTP/1.1" 500 745 "-" "Mozilla/5.0 (Windows NT 10.0; Win64; x64) AppleWebKit/537.36 (KHTML, like Gecko) Chrome/114.0.0.0 Safari/537.36"
128.1.218.166 - - [16/Apr/2026:12:56:38 +0300] "POST /xmlrpc.php HTTP/1.1" 500 745 "-" "Mozilla/5.0 (Windows NT 10.0; Win64; x64) AppleWebKit/537.36 (KHTML, like Gecko) Chrome/114.0.0.0 Safari/537.36"
165.73.240.153 - - [16/Apr/2026:12:56:38 +0300] "POST /xmlrpc.php HTTP/1.1" 500 745 "-" "Mozilla/5.0 (Windows NT 10.0; Win64; x64) AppleWebKit/537.36 (KHTML, like Gecko) Chrome/114.0.0.0 Safari/537.36"
196.198.13.168 - - [16/Apr/2026:12:56:51 +0300] "GET /casino-online-skrill-prelievo-veloce/ HTTP/1.1" 500 782 "https://serhatburke.miroglu.net/" "Mozilla/5.0 (X11; Ubuntu; Linux x86_64; rv:147.0) Gecko/20100101 Firefox/147.0"
128.1.218.166 - - [16/Apr/2026:12:56:57 +0300] "POST /xmlrpc.php HTTP/1.1" 500 745 "-" "Mozilla/5.0 (Windows NT 10.0; Win64; x64) AppleWebKit/537.36 (KHTML, like Gecko) Chrome/114.0.0.0 Safari/537.36"
165.73.240.153 - - [16/Apr/2026:12:57:00 +0300] "POST /xmlrpc.php HTTP/1.1" 500 745 "-" "Mozilla/5.0 (Windows NT 10.0; Win64; x64) AppleWebKit/537.36 (KHTML, like Gecko) Chrome/114.0.0.0 Safari/537.36"
128.1.218.166 - - [16/Apr/2026:12:57:22 +0300] "POST /xmlrpc.php HTTP/1.1" 500 745 "-" "Mozilla/5.0 (Windows NT 10.0; Win64; x64) AppleWebKit/537.36 (KHTML, like Gecko) Chrome/114.0.0.0 Safari/537.36"
103.219.169.133 - - [16/Apr/2026:12:57:24 +0300] "POST /xmlrpc.php HTTP/1.1" 500 745 "-" "Mozilla/5.0 (Windows NT 10.0; Win64; x64) AppleWebKit/537.36 (KHTML, like Gecko) Chrome/114.0.0.0 Safari/537.36"
165.73.240.153 - - [16/Apr/2026:12:57:27 +0300] "POST /xmlrpc.php HTTP/1.1" 500 745 "-" "Mozilla/5.0 (Windows NT 10.0; Win64; x64) AppleWebKit/537.36 (KHTML, like Gecko) Chrome/114.0.0.0 Safari/537.36"
185.216.113.70 - - [16/Apr/2026:12:59:14 +0300] "POST /wp-cron.php?doing_wp_cron=1776333553.8119258880615234375000 HTTP/1.1" 200 448 "-" "WordPress/6.3.8; https://serhatburke.miroglu.net"
103.219.169.133 - - [16/Apr/2026:12:57:28 +0300] "GET /?p=113648 HTTP/1.1" 500 745 "-" "Mozilla/5.0 (Windows NT 10.0; Win64; x64; rv:125.0) Gecko/20100101 Firefox/125.0"
185.216.113.70 - - [16/Apr/2026:12:59:38 +0300] "POST /wp-cron.php?doing_wp_cron=1776333578.4010000228881835937500 HTTP/1.1" 200 448 "-" "WordPress/6.3.8; https://serhatburke.miroglu.net"
165.73.240.153 - - [16/Apr/2026:12:57:53 +0300] "POST /xmlrpc.php HTTP/1.1" 500 1102 "-" "Mozilla/5.0 (Windows NT 10.0; Win64; x64) AppleWebKit/537.36 (KHTML, like Gecko) Chrome/114.0.0.0 Safari/537.36"
185.216.113.70 - - [16/Apr/2026:12:59:42 +0300] "POST /wp-cron.php?doing_wp_cron=1776333582.0044529438018798828125 HTTP/1.1" 200 448 "-" "WordPress/6.3.8; https://serhatburke.miroglu.net"
128.1.218.166 - - [16/Apr/2026:12:57:51 +0300] "GET /?p=113650 HTTP/1.1" 301 677 "-" "Mozilla/5.0 (Windows NT 10.0; rv:109.0) Gecko/20100101 Firefox/115.0"
185.216.113.70 - - [16/Apr/2026:12:59:59 +0300] "POST /wp-cron.php?doing_wp_cron=1776333598.9170970916748046875000 HTTP/1.1" 200 448 "-" "WordPress/6.3.8; https://serhatburke.miroglu.net"
165.73.240.153 - - [16/Apr/2026:12:58:23 +0300] "POST /xmlrpc.php HTTP/1.1" 200 11926 "-" "Mozilla/5.0 (Windows NT 10.0; Win64; x64) AppleWebKit/537.36 (KHTML, like Gecko) Chrome/114.0.0.0 Safari/537.36"
103.219.169.133 - - [16/Apr/2026:12:57:58 +0300] "POST /xmlrpc.php HTTP/1.1" 500 745 "-" "Mozilla/5.0 (Windows NT 10.0; Win64; x64) AppleWebKit/537.36 (KHTML, like Gecko) Chrome/114.0.0.0 Safari/537.36"
128.1.218.166 - - [16/Apr/2026:12:58:05 +0300] "POST /xmlrpc.php HTTP/1.1" 500 745 "-" "Mozilla/5.0 (Windows NT 10.0; Win64; x64) AppleWebKit/537.36 (KHTML, like Gecko) Chrome/114.0.0.0 Safari/537.36"
128.1.218.166 - - [16/Apr/2026:12:58:23 +0300] "POST /xmlrpc.php HTTP/1.1" 500 745 "-" "Mozilla/5.0 (Windows NT 10.0; Win64; x64) AppleWebKit/537.36 (KHTML, like Gecko) Chrome/114.0.0.0 Safari/537.36"
185.216.113.70 - - [16/Apr/2026:13:00:32 +0300] "POST /wp-cron.php?doing_wp_cron=1776333632.2887270450592041015625 HTTP/1.1" 200 448 "-" "WordPress/6.3.8; https://serhatburke.miroglu.net"
128.1.218.166 - - [16/Apr/2026:12:58:37 +0300] "GET /?p=113652 HTTP/1.1" 301 647 "-" "Mozilla/5.0 (Windows NT 10.0; Win64; x64; rv:124.0) Gecko/20100101 Firefox/124.0"
185.216.113.70 - - [16/Apr/2026:13:00:40 +0300] "POST /wp-cron.php?doing_wp_cron=1776333640.7222080230712890625000 HTTP/1.1" 200 448 "-" "WordPress/6.3.8; https://serhatburke.miroglu.net"
165.73.240.153 - - [16/Apr/2026:12:58:40 +0300] "GET /?p=113654 HTTP/1.1" 500 745 "-" "Mozilla/5.0 (Windows NT 10.0; rv:109.0) Gecko/20100101 Firefox/115.0"
103.219.169.133 - - [16/Apr/2026:12:59:08 +0300] "POST /xmlrpc.php HTTP/1.1" 200 627 "-" "Mozilla/5.0 (Windows NT 10.0; Win64; x64) AppleWebKit/537.36 (KHTML, like Gecko) Chrome/114.0.0.0 Safari/537.36"
185.216.113.70 - - [16/Apr/2026:13:00:47 +0300] "POST /wp-cron.php?doing_wp_cron=1776333647.1063549518585205078125 HTTP/1.1" 200 448 "-" "WordPress/6.3.8; https://serhatburke.miroglu.net"
54.39.89.104 - - [16/Apr/2026:13:00:18 +0300] "GET /discover-the-power-of-bscscan-for-crypto-investors-4/ HTTP/2" 200 0 "-" "Mozilla/5.0 (compatible; AhrefsBot/7.0; +http://ahrefs.com/robot/)"
185.216.113.70 - - [16/Apr/2026:13:00:49 +0300] "POST /wp-cron.php?doing_wp_cron=1776333649.5109949111938476562500 HTTP/1.1" 200 448 "-" "WordPress/6.3.8; https://serhatburke.miroglu.net"
165.73.240.153 - - [16/Apr/2026:12:59:07 +0300] "POST /xmlrpc.php HTTP/1.1" 500 1102 "-" "Mozilla/5.0 (Windows NT 10.0; Win64; x64) AppleWebKit/537.36 (KHTML, like Gecko) Chrome/114.0.0.0 Safari/537.36"
192.210.189.253 - - [16/Apr/2026:12:58:52 +0300] "GET /casino-online-skrill-prelievo-veloce/ HTTP/1.1" 200 18092 "https://serhatburke.miroglu.net/" "Mozilla/5.0 (X11; Ubuntu; Linux x86_64; rv:147.0) Gecko/20100101 Firefox/147.0"
192.210.189.253 - - [16/Apr/2026:13:00:52 +0300] "GET /wp-includes/css/dist/block-library/style.min.css?ver=6.3.8 HTTP/1.1" 200 13578 "https://serhatburke.miroglu.net/casino-online-skrill-prelievo-veloce/" "Mozilla/5.0 (Windows NT 10.0; Win64; x64) AppleWebKit/537.36 (KHTML, like Gecko) Chrome/145.0.0.0 Safari/537.36"
192.210.189.253 - - [16/Apr/2026:13:00:55 +0300] "GET /wp-content/plugins/contact-form-7/includes/css/styles.css?ver=5.8 HTTP/1.1" 200 1490 "https://serhatburke.miroglu.net/casino-online-skrill-prelievo-veloce/" "Mozilla/5.0 (Windows NT 10.0; Win64; x64) AppleWebKit/537.36 (KHTML, like Gecko) Chrome/145.0.0.0 Safari/537.36"
192.210.189.253 - - [16/Apr/2026:13:00:57 +0300] "GET /wp-content/themes/toppic/css/fontello.css?ver=4.2 HTTP/1.1" 200 1802 "https://serhatburke.miroglu.net/casino-online-skrill-prelievo-veloce/" "Mozilla/5.0 (Windows NT 10.0; Win64; x64) AppleWebKit/537.36 (KHTML, like Gecko) Chrome/145.0.0.0 Safari/537.36"
192.210.189.253 - - [16/Apr/2026:13:00:59 +0300] "GET /wp-content/themes/toppic/css/reset.css?ver=4.2 HTTP/1.1" 200 1178 "https://serhatburke.miroglu.net/casino-online-skrill-prelievo-veloce/" "Mozilla/5.0 (Windows NT 10.0; Win64; x64) AppleWebKit/537.36 (KHTML, like Gecko) Chrome/145.0.0.0 Safari/537.36"
192.210.189.253 - - [16/Apr/2026:13:01:01 +0300] "GET /wp-content/themes/toppic/css/default.css?ver=4.2 HTTP/1.1" 200 1811 "https://serhatburke.miroglu.net/casino-online-skrill-prelievo-veloce/" "Mozilla/5.0 (Windows NT 10.0; Win64; x64) AppleWebKit/537.36 (KHTML, like Gecko) Chrome/145.0.0.0 Safari/537.36"
192.210.189.253 - - [16/Apr/2026:13:01:03 +0300] "GET /wp-content/themes/toppic/style.css?ver=4.2 HTTP/1.1" 200 23398 "https://serhatburke.miroglu.net/casino-online-skrill-prelievo-veloce/" "Mozilla/5.0 (Windows NT 10.0; Win64; x64) AppleWebKit/537.36 (KHTML, like Gecko) Chrome/145.0.0.0 Safari/537.36"
192.210.189.253 - - [16/Apr/2026:13:01:05 +0300] "GET /wp-content/themes/toppic/css/royalslider.css?ver=4.2 HTTP/1.1" 200 1887 "https://serhatburke.miroglu.net/casino-online-skrill-prelievo-veloce/" "Mozilla/5.0 (Windows NT 10.0; Win64; x64) AppleWebKit/537.36 (KHTML, like Gecko) Chrome/145.0.0.0 Safari/537.36"
192.210.189.253 - - [16/Apr/2026:13:01:07 +0300] "GET /wp-content/themes/toppic/css/rs-default.css?ver=4.2 HTTP/1.1" 200 2625 "https://serhatburke.miroglu.net/casino-online-skrill-prelievo-veloce/" "Mozilla/5.0 (Windows NT 10.0; Win64; x64) AppleWebKit/537.36 (KHTML, like Gecko) Chrome/145.0.0.0 Safari/537.36"
192.210.189.253 - - [16/Apr/2026:13:01:09 +0300] "GET /wp-content/themes/toppic/css/lightbox.css?ver=4.2 HTTP/1.1" 200 2956 "https://serhatburke.miroglu.net/casino-online-skrill-prelievo-veloce/" "Mozilla/5.0 (Windows NT 10.0; Win64; x64) AppleWebKit/537.36 (KHTML, like Gecko) Chrome/145.0.0.0 Safari/537.36"
192.210.189.253 - - [16/Apr/2026:13:01:11 +0300] "GET /wp-content/themes/toppic/css/woocommerce.css?ver=4.2 HTTP/1.1" 200 2848 "https://serhatburke.miroglu.net/casino-online-skrill-prelievo-veloce/" "Mozilla/5.0 (Windows NT 10.0; Win64; x64) AppleWebKit/537.36 (KHTML, like Gecko) Chrome/145.0.0.0 Safari/537.36"
192.210.189.253 - - [16/Apr/2026:13:01:13 +0300] "GET /wp-content/themes/toppic/css/responsive.css?ver=4.2 HTTP/1.1" 200 2796 "https://serhatburke.miroglu.net/casino-online-skrill-prelievo-veloce/" "Mozilla/5.0 (Windows NT 10.0; Win64; x64) AppleWebKit/537.36 (KHTML, like Gecko) Chrome/145.0.0.0 Safari/537.36"
185.216.113.70 - - [16/Apr/2026:13:01:27 +0300] "POST /wp-cron.php?doing_wp_cron=1776333687.1920590400695800781250 HTTP/1.1" 200 448 "-" "WordPress/6.3.8; https://serhatburke.miroglu.net"
185.216.113.70 - - [16/Apr/2026:13:01:27 +0300] "POST /wp-cron.php?doing_wp_cron=1776333687.4922211170196533203125 HTTP/1.1" 200 448 "-" "WordPress/6.3.8; https://serhatburke.miroglu.net"
128.1.218.166 - - [16/Apr/2026:12:59:31 +0300] "POST /xmlrpc.php HTTP/1.1" 200 861 "-" "Mozilla/5.0 (Windows NT 10.0; Win64; x64) AppleWebKit/537.36 (KHTML, like Gecko) Chrome/114.0.0.0 Safari/537.36"
103.219.169.133 - - [16/Apr/2026:12:59:39 +0300] "POST /xmlrpc.php HTTP/1.1" 500 1102 "-" "Mozilla/5.0 (Windows NT 10.0; Win64; x64) AppleWebKit/537.36 (KHTML, like Gecko) Chrome/114.0.0.0 Safari/537.36"
185.216.113.70 - - [16/Apr/2026:13:01:30 +0300] "POST /wp-cron.php?doing_wp_cron=1776333689.7474670410156250000000 HTTP/1.1" 200 448 "-" "WordPress/6.3.8; https://serhatburke.miroglu.net"
165.73.240.153 - - [16/Apr/2026:12:59:38 +0300] "POST /xmlrpc.php HTTP/1.1" 200 12126 "-" "Mozilla/5.0 (Windows NT 10.0; Win64; x64) AppleWebKit/537.36 (KHTML, like Gecko) Chrome/114.0.0.0 Safari/537.36"
185.216.113.70 - - [16/Apr/2026:13:01:33 +0300] "POST /wp-cron.php?doing_wp_cron=1776333693.6909000873565673828125 HTTP/1.1" 200 448 "-" "WordPress/6.3.8; https://serhatburke.miroglu.net"
128.1.218.166 - - [16/Apr/2026:12:59:46 +0300] "GET /de-beste-internet-thunderstruck-slot-no-download-casino-ervaringen-inside-the-nederland/ HTTP/1.1" 200 76126 "-" "Mozilla/5.0 (Windows NT 10.0; rv:109.0) Gecko/20100101 Firefox/115.0"
165.73.240.153 - - [16/Apr/2026:13:00:00 +0300] "GET /free-internet-games-in-the-nitro-circus-casinos-poki-gamble-today/ HTTP/1.1" 500 745 "-" "Mozilla/5.0 (Windows NT 10.0; Win64; x64) AppleWebKit/537.36 (KHTML, like Gecko) Chrome/109.0.0.0 Safari/537.36"
185.216.113.70 - - [16/Apr/2026:13:02:05 +0300] "POST /wp-cron.php?doing_wp_cron=1776333725.2938270568847656250000 HTTP/1.1" 200 448 "-" "WordPress/6.3.8; https://serhatburke.miroglu.net"
128.1.218.166 - - [16/Apr/2026:13:00:08 +0300] "POST /xmlrpc.php HTTP/1.1" 200 12578 "-" "Mozilla/5.0 (Windows NT 10.0; Win64; x64) AppleWebKit/537.36 (KHTML, like Gecko) Chrome/114.0.0.0 Safari/537.36"
185.216.113.70 - - [16/Apr/2026:13:02:13 +0300] "POST /wp-cron.php?doing_wp_cron=1776333732.8989388942718505859375 HTTP/1.1" 200 448 "-" "WordPress/6.3.8; https://serhatburke.miroglu.net"
98.98.9.27 - - [16/Apr/2026:13:00:14 +0300] "POST /xmlrpc.php HTTP/1.1" 500 745 "-" "Mozilla/5.0 (Windows NT 10.0; Win64; x64) AppleWebKit/537.36 (KHTML, like Gecko) Chrome/114.0.0.0 Safari/537.36"
128.1.218.166 - - [16/Apr/2026:13:00:17 +0300] "POST /xmlrpc.php HTTP/1.1" 500 745 "-" "Mozilla/5.0 (Windows NT 10.0; Win64; x64) AppleWebKit/537.36 (KHTML, like Gecko) Chrome/114.0.0.0 Safari/537.36"
185.216.113.70 - - [16/Apr/2026:13:02:20 +0300] "POST /wp-cron.php?doing_wp_cron=1776333740.4029738903045654296875 HTTP/1.1" 200 448 "-" "WordPress/6.3.8; https://serhatburke.miroglu.net"
165.73.240.153 - - [16/Apr/2026:13:00:20 +0300] "POST /xmlrpc.php HTTP/1.1" 500 745 "-" "Mozilla/5.0 (Windows NT 10.0; Win64; x64) AppleWebKit/537.36 (KHTML, like Gecko) Chrome/114.0.0.0 Safari/537.36"
128.1.218.166 - - [16/Apr/2026:13:00:36 +0300] "GET /ego-local-casino-review-casino-winspark-legit-rating-2026/ HTTP/1.1" 200 74648 "-" "Mozilla/5.0 (Windows NT 10.0; Win64; x64; rv:124.0) Gecko/20100101 Firefox/124.0"
23.254.225.233 - - [16/Apr/2026:13:02:33 +0300] "GET /casino-online-skrill-prelievo-veloce/ HTTP/1.1" 200 0 "-" "Mozilla/5.0 (compatible; Googlebot/2.1; +http://www.google.com/bot.html)"
185.216.113.70 - - [16/Apr/2026:13:03:13 +0300] "POST /wp-cron.php?doing_wp_cron=1776333787.7870318889617919921875 HTTP/1.1" 200 448 "-" "WordPress/6.3.8; https://serhatburke.miroglu.net"
185.216.113.70 - - [16/Apr/2026:13:03:13 +0300] "POST /wp-cron.php?doing_wp_cron=1776333783.7870399951934814453125 HTTP/1.1" 200 448 "-" "WordPress/6.3.8; https://serhatburke.miroglu.net"
192.210.189.253 - - [16/Apr/2026:13:01:15 +0300] "POST /wp-comments-post.php HTTP/1.1" 302 1084 "https://serhatburke.miroglu.net/casino-online-skrill-prelievo-veloce/" "Mozilla/5.0 (X11; Ubuntu; Linux x86_64; rv:147.0) Gecko/20100101 Firefox/147.0"
165.73.240.153 - - [16/Apr/2026:13:01:23 +0300] "POST /xmlrpc.php HTTP/1.1" 200 12126 "-" "Mozilla/5.0 (Windows NT 10.0; Win64; x64) AppleWebKit/537.36 (KHTML, like Gecko) Chrome/114.0.0.0 Safari/537.36"
181.215.16.49 - - [16/Apr/2026:13:02:17 +0300] "GET /automaty-hazard-online/ HTTP/1.1" 200 0 "-" "Mozilla/5.0 (Windows NT 10.0; Win64; x64) AppleWebKit/537.36 (KHTML, like Gecko) Chrome/114.0.0.0 Safari/537.36"
185.216.113.70 - - [16/Apr/2026:13:03:26 +0300] "POST /wp-cron.php?doing_wp_cron=1776333806.2022349834442138671875 HTTP/1.1" 200 448 "-" "WordPress/6.3.8; https://serhatburke.miroglu.net"
165.73.240.153 - - [16/Apr/2026:13:01:41 +0300] "POST /xmlrpc.php HTTP/1.1" 200 861 "-" "Mozilla/5.0 (Windows NT 10.0; Win64; x64) AppleWebKit/537.36 (KHTML, like Gecko) Chrome/114.0.0.0 Safari/537.36"
185.216.113.70 - - [16/Apr/2026:13:03:30 +0300] "POST /wp-cron.php?doing_wp_cron=1776333810.5978279113769531250000 HTTP/1.1" 200 448 "-" "WordPress/6.3.8; https://serhatburke.miroglu.net"
185.216.113.70 - - [16/Apr/2026:13:03:31 +0300] "POST /wp-cron.php?doing_wp_cron=1776333811.3870410919189453125000 HTTP/1.1" 200 448 "-" "WordPress/6.3.8; https://serhatburke.miroglu.net"
185.216.113.70 - - [16/Apr/2026:13:03:31 +0300] "POST /wp-cron.php?doing_wp_cron=1776333811.4140439033508300781250 HTTP/1.1" 200 448 "-" "WordPress/6.3.8; https://serhatburke.miroglu.net"
98.98.9.27 - - [16/Apr/2026:13:01:53 +0300] "POST /xmlrpc.php HTTP/1.1" 500 1102 "-" "Mozilla/5.0 (Windows NT 10.0; Win64; x64) AppleWebKit/537.36 (KHTML, like Gecko) Chrome/114.0.0.0 Safari/537.36"
128.1.218.166 - - [16/Apr/2026:13:01:48 +0300] "GET /?p=113656 HTTP/1.1" 301 656 "-" "Mozilla/5.0 (Windows NT 10.0; Win64; x64; rv:125.0) Gecko/20100101 Firefox/125.0"
185.216.113.70 - - [16/Apr/2026:13:04:09 +0300] "POST /wp-cron.php?doing_wp_cron=1776333849.7216548919677734375000 HTTP/1.1" 200 448 "-" "WordPress/6.3.8; https://serhatburke.miroglu.net"
165.73.240.153 - - [16/Apr/2026:13:03:03 +0300] "GET /?p=113660 HTTP/1.1" 301 739 "-" "Mozilla/5.0 (Windows NT 10.0; rv:109.0) Gecko/20100101 Firefox/115.0"
185.216.113.70 - - [16/Apr/2026:13:04:21 +0300] "POST /wp-cron.php?doing_wp_cron=1776333861.1031510829925537109375 HTTP/1.1" 200 448 "-" "WordPress/6.3.8; https://serhatburke.miroglu.net"
192.210.189.253 - - [16/Apr/2026:13:03:16 +0300] "GET /casino-online-skrill-prelievo-veloce/?unapproved=410&moderation-hash=43ab3d89e44c70564b25e2efb28745b9 HTTP/1.1" 200 18583 "https://serhatburke.miroglu.net/wp-comments-post.php" "Mozilla/5.0 (X11; Ubuntu; Linux x86_64; rv:147.0) Gecko/20100101 Firefox/147.0"
185.216.113.70 - - [16/Apr/2026:13:04:38 +0300] "POST /wp-cron.php?doing_wp_cron=1776333878.6093139648437500000000 HTTP/1.1" 200 448 "-" "WordPress/6.3.8; https://serhatburke.miroglu.net"
128.1.218.166 - - [16/Apr/2026:13:03:29 +0300] "POST /xmlrpc.php HTTP/1.1" 200 861 "-" "Mozilla/5.0 (Windows NT 10.0; Win64; x64) AppleWebKit/537.36 (KHTML, like Gecko) Chrome/114.0.0.0 Safari/537.36"
185.216.113.70 - - [16/Apr/2026:13:04:41 +0300] "POST /wp-cron.php?doing_wp_cron=1776333881.3985409736633300781250 HTTP/1.1" 200 448 "-" "WordPress/6.3.8; https://serhatburke.miroglu.net"
128.1.218.166 - - [16/Apr/2026:13:03:34 +0300] "GET /online-cobber-casino-no-deposit-bonus-slots-games-wager-real-money/ HTTP/1.1" 200 74569 "-" "Mozilla/5.0 (Windows NT 10.0; Win64; x64; rv:125.0) Gecko/20100101 Firefox/125.0"
165.73.240.153 - - [16/Apr/2026:13:04:16 +0300] "GET /betmgm-web-based-poker-michigan-local-casino-application-not-working-easy-slider-slot-real-money-injuries-or-provides-difficulties-2026-possibilities/ HTTP/1.1" 200 76039 "-" "Mozilla/5.0 (Windows NT 10.0; rv:109.0) Gecko/20100101 Firefox/115.0"
45.92.28.107 - - [16/Apr/2026:13:04:23 +0300] "GET /casino-online-skrill-prelievo-veloce/ HTTP/1.1" 200 18142 "-" "Mozilla/5.0 (compatible; Googlebot/2.1; +http://www.google.com/bot.html)"
165.73.240.153 - - [16/Apr/2026:13:04:43 +0300] "POST /xmlrpc.php HTTP/1.1" 200 861 "-" "Mozilla/5.0 (Windows NT 10.0; Win64; x64) AppleWebKit/537.36 (KHTML, like Gecko) Chrome/114.0.0.0 Safari/537.36"
45.92.28.107 - - [16/Apr/2026:13:05:20 +0300] "GET /casino-online-skrill-prelievo-veloce/ HTTP/1.1" 200 18142 "-" "Mozilla/5.0 (compatible; Googlebot/2.1; +http://www.google.com/bot.html)"
185.216.113.70 - - [16/Apr/2026:13:07:04 +0300] "POST /wp-cron.php?doing_wp_cron=1776334024.8989560604095458984375 HTTP/1.1" 200 448 "-" "WordPress/6.3.8; https://serhatburke.miroglu.net"
82.24.238.211 - - [16/Apr/2026:13:06:45 +0300] "GET /rioace-the-fasttrack-casino-for-quick-wins-and-big/ HTTP/1.1" 200 21568 "-" "Python/3.14 aiohttp/3.13.3"
64.188.100.153 - - [16/Apr/2026:13:06:51 +0300] "GET /rioace-the-fasttrack-casino-for-quick-wins-and-big/ HTTP/1.1" 200 21568 "-" "Python/3.14 aiohttp/3.13.3"
82.22.211.124 - - [16/Apr/2026:13:06:50 +0300] "GET /gransino-casino-quickfire-slots-lightning-roulette/ HTTP/1.1" 200 25368 "-" "Python/3.14 aiohttp/3.13.3"
209.242.203.110 - - [16/Apr/2026:13:06:59 +0300] "GET /gransino-casino-quickfire-slots-lightning-roulette/ HTTP/1.1" 200 25368 "-" "Python/3.14 aiohttp/3.13.3"
185.216.113.70 - - [16/Apr/2026:13:07:49 +0300] "POST /wp-cron.php?doing_wp_cron=1776334069.7932839393615722656250 HTTP/1.1" 200 448 "-" "WordPress/6.3.8; https://serhatburke.miroglu.net"
98.98.9.26 - - [16/Apr/2026:13:07:37 +0300] "POST /xmlrpc.php HTTP/1.1" 200 630 "-" "Mozilla/5.0 (Windows NT 10.0; Win64; x64) AppleWebKit/537.36 (KHTML, like Gecko) Chrome/114.0.0.0 Safari/537.36"
98.98.9.26 - - [16/Apr/2026:13:07:57 +0300] "POST /xmlrpc.php HTTP/1.1" 200 13718 "-" "Mozilla/5.0 (Windows NT 10.0; Win64; x64) AppleWebKit/537.36 (KHTML, like Gecko) Chrome/114.0.0.0 Safari/537.36"
98.98.9.26 - - [16/Apr/2026:13:08:17 +0300] "GET /120-%D8%AF%D9%88%D8%B1%D8%A9-%D9%85%D8%AC%D8%A7%D9%86%D9%8A%D8%A9-%D9%84%D9%84%D8%B9%D9%85%D9%84%D8%A9-%D8%A7%D9%84%D8%AD%D9%82%D9%8A%D9%82%D9%8A%D8%A9-%D9%81%D9%8A-%D8%A7%D9%84%D9%88%D9%84%D8%A7/ HTTP/1.1" 200 82742 "-" "Mozilla/5.0 (Windows NT 10.0; Win64; x64) AppleWebKit/537.36 (KHTML, like Gecko) Chrome/123.0.0.0 Safari/537.36 OPR/109.0.0.0"
185.216.113.70 - - [16/Apr/2026:13:13:04 +0300] "POST /wp-cron.php?doing_wp_cron=1776334384.2867441177368164062500 HTTP/1.1" 200 448 "-" "WordPress/6.3.8; https://serhatburke.miroglu.net"
54.39.203.63 - - [16/Apr/2026:13:12:50 +0300] "GET /discover-the-power-of-bscscan-for-crypto-investors-3/ HTTP/2" 200 17126 "-" "Mozilla/5.0 (compatible; AhrefsBot/7.0; +http://ahrefs.com/robot/)"
98.98.9.26 - - [16/Apr/2026:13:13:07 +0300] "POST /xmlrpc.php HTTP/1.1" 200 630 "-" "Mozilla/5.0 (Windows NT 10.0; Win64; x64) AppleWebKit/537.36 (KHTML, like Gecko) Chrome/114.0.0.0 Safari/537.36"
185.216.113.70 - - [16/Apr/2026:13:13:45 +0300] "POST /wp-cron.php?doing_wp_cron=1776334425.6283171176910400390625 HTTP/1.1" 200 448 "-" "WordPress/6.3.8; https://serhatburke.miroglu.net"
98.98.9.26 - - [16/Apr/2026:13:13:32 +0300] "POST /xmlrpc.php HTTP/1.1" 200 13305 "-" "Mozilla/5.0 (Windows NT 10.0; Win64; x64) AppleWebKit/537.36 (KHTML, like Gecko) Chrome/114.0.0.0 Safari/537.36"
66.249.68.131 - - [16/Apr/2026:13:13:44 +0300] "GET /kasinopelien-perusteet-opas-aloittelijoille/ HTTP/1.1" 200 18499 "-" "Mozilla/5.0 (Linux; Android 6.0.1; Nexus 5X Build/MMB29P) AppleWebKit/537.36 (KHTML, like Gecko) Chrome/146.0.7680.177 Mobile Safari/537.36 (compatible; Googlebot/2.1; +http://www.google.com/bot.html)"
98.98.9.26 - - [16/Apr/2026:13:13:47 +0300] "GET /%D9%84%D8%B9%D8%A8%D8%A9-fafafa-slot-%D9%85%D8%AA%D8%A7%D8%AD%D8%A9-%D9%84%D9%84%D8%B9%D8%A8-%D8%B9%D8%A8%D8%B1-%D8%A7%D9%84%D8%A5%D9%86%D8%AA%D8%B1%D9%86%D8%AA-%D8%A8%D8%A3%D9%85%D9%88%D8%A7%D9%84/ HTTP/1.1" 200 81008 "-" "Mozilla/5.0 (Windows NT 10.0; Win64; x64) AppleWebKit/537.36 (KHTML, like Gecko) Chrome/124.0.0.0 Safari/537.36 Edg/124.0.0.0"
66.249.68.132 - - [16/Apr/2026:13:14:12 +0300] "GET /wp-content/plugins/roses-like-this/likesScript.js?ver=6.3.8 HTTP/1.1" 200 1245 "https://serhatburke.miroglu.net/kasinopelien-perusteet-opas-aloittelijoille/" "Mozilla/5.0 (Linux; Android 6.0.1; Nexus 5X Build/MMB29P) AppleWebKit/537.36 (KHTML, like Gecko) Chrome/146.0.7680.177 Mobile Safari/537.36 (compatible; Googlebot/2.1; +http://www.google.com/bot.html)"
66.249.68.132 - - [16/Apr/2026:13:14:13 +0300] "GET /wp-content/plugins/contact-form-7/includes/swv/js/index.js?ver=5.8 HTTP/1.1" 200 3511 "https://serhatburke.miroglu.net/kasinopelien-perusteet-opas-aloittelijoille/" "Mozilla/5.0 (Linux; Android 6.0.1; Nexus 5X Build/MMB29P) AppleWebKit/537.36 (KHTML, like Gecko) Chrome/146.0.7680.177 Mobile Safari/537.36 (compatible; Googlebot/2.1; +http://www.google.com/bot.html)"
185.216.113.70 - - [16/Apr/2026:13:17:54 +0300] "POST /wp-cron.php?doing_wp_cron=1776334673.9497370719909667968750 HTTP/1.1" 200 448 "-" "WordPress/6.3.8; https://serhatburke.miroglu.net"
38.154.217.68 - - [16/Apr/2026:13:17:35 +0300] "GET /playmax-casino-quickhit-slots-lightning-wins-for-m/ HTTP/1.1" 200 21044 "-" "Python/3.14 aiohttp/3.13.3"
27.50.29.178 - - [16/Apr/2026:13:17:41 +0300] "GET /casino-online-skrill-prelievo-veloce/ HTTP/1.1" 200 18142 "-" "Mozilla/5.0 (Windows NT 10.0; Win64; x64) AppleWebKit/537.36 (KHTML, like Gecko) Chrome/114.0.0.0 Safari/537.36"
45.61.125.78 - - [16/Apr/2026:13:17:46 +0300] "GET /playmax-casino-quickhit-slots-lightning-wins-for-m/ HTTP/1.1" 200 21044 "-" "Python/3.14 aiohttp/3.13.3"
98.98.9.26 - - [16/Apr/2026:13:17:50 +0300] "POST /xmlrpc.php HTTP/1.1" 200 630 "-" "Mozilla/5.0 (Windows NT 10.0; Win64; x64) AppleWebKit/537.36 (KHTML, like Gecko) Chrome/114.0.0.0 Safari/537.36"
69.58.12.64 - - [16/Apr/2026:13:17:59 +0300] "GET /playmax-casino-quickhit-slots-lightning-wins-for-m/ HTTP/1.1" 200 21044 "-" "Python/3.14 aiohttp/3.13.3"
185.216.113.70 - - [16/Apr/2026:13:18:42 +0300] "POST /wp-cron.php?doing_wp_cron=1776334722.2859289646148681640625 HTTP/1.1" 200 448 "-" "WordPress/6.3.8; https://serhatburke.miroglu.net"
