98.98.197.215 - - [16/Apr/2026:19:13:53 +0300] "GET /eye-of-horus-verbunden-qua-echtgeld-zum-besten-30-euro-gratis-geben-2026/ HTTP/1.1" 200 74182 "-" "Mozilla/5.0 (Windows NT 10.0; Win64; x64) AppleWebKit/537.36 (KHTML, like Gecko) Chrome/122.0.0.0 Safari/537.36"
185.216.113.70 - - [16/Apr/2026:19:15:32 +0300] "POST /wp-cron.php?doing_wp_cron=1776356132.4814550876617431640625 HTTP/1.1" 200 448 "-" "WordPress/6.3.8; https://serhatburke.miroglu.net"
17.241.219.172 - - [16/Apr/2026:19:15:19 +0300] "GET /c5-deposit-casinos-canada-2026-finest-5-money-minimal-selling/ HTTP/1.1" 200 22621 "-" "Mozilla/5.0 (Macintosh; Intel Mac OS X 10_15_7) AppleWebKit/605.1.15 (KHTML, like Gecko) Version/17.4 Safari/605.1.15 (Applebot/0.1; +http://www.apple.com/go/applebot)"
202.93.153.230 - - [16/Apr/2026:19:16:18 +0300] "GET /beste-casino-site-belgie-hoge-inzet/ HTTP/1.1" 200 18595 "https://serhatburke.miroglu.net/" "Mozilla/5.0 (X11; Linux x86_64; rv:140.0) Gecko/20100101 Firefox/140.0"
185.216.113.70 - - [16/Apr/2026:19:16:45 +0300] "POST /wp-cron.php?doing_wp_cron=1776356204.9519569873809814453125 HTTP/1.1" 200 448 "-" "WordPress/6.3.8; https://serhatburke.miroglu.net"
202.93.153.230 - - [16/Apr/2026:19:16:32 +0300] "GET /?p=27261 HTTP/1.1" 301 662 "https://serhatburke.miroglu.net/beste-casino-site-belgie-hoge-inzet/" "Mozilla/5.0 (X11; Linux x86_64; rv:140.0) Gecko/20100101 Firefox/140.0"
202.93.153.230 - - [16/Apr/2026:19:16:46 +0300] "GET /beste-casino-site-belgie-hoge-inzet/ HTTP/1.1" 200 18612 "https://serhatburke.miroglu.net/?p=27261" "Mozilla/5.0 (X11; Linux x86_64; rv:140.0) Gecko/20100101 Firefox/140.0"
185.216.113.70 - - [16/Apr/2026:19:19:26 +0300] "POST /wp-cron.php?doing_wp_cron=1776356366.8149030208587646484375 HTTP/1.1" 200 448 "-" "WordPress/6.3.8; https://serhatburke.miroglu.net"
98.98.197.215 - - [16/Apr/2026:19:19:11 +0300] "POST /xmlrpc.php HTTP/1.1" 200 630 "-" "Mozilla/5.0 (Windows NT 10.0; Win64; x64) AppleWebKit/537.36 (KHTML, like Gecko) Chrome/114.0.0.0 Safari/537.36"
98.98.197.215 - - [16/Apr/2026:19:19:33 +0300] "POST /xmlrpc.php HTTP/1.1" 200 13506 "-" "Mozilla/5.0 (Windows NT 10.0; Win64; x64) AppleWebKit/537.36 (KHTML, like Gecko) Chrome/114.0.0.0 Safari/537.36"
98.98.197.215 - - [16/Apr/2026:19:19:47 +0300] "GET /eye-anatomy-muscles-arteries-nerves-and-lacrimal-royal-treasures-1-kaution-gland/ HTTP/1.1" 200 75029 "-" "Mozilla/5.0 (Windows NT 10.0; Win64; x64) AppleWebKit/537.36 (KHTML, like Gecko) Chrome/123.0.0.0 Safari/537.36"
185.216.113.70 - - [16/Apr/2026:19:20:40 +0300] "POST /wp-cron.php?doing_wp_cron=1776356440.4648580551147460937500 HTTP/1.1" 200 448 "-" "WordPress/6.3.8; https://serhatburke.miroglu.net"
45.250.252.181 - - [16/Apr/2026:19:20:25 +0300] "POST /xmlrpc.php HTTP/1.1" 200 630 "-" "Mozilla/5.0 (Windows NT 10.0; Win64; x64) AppleWebKit/537.36 (KHTML, like Gecko) Chrome/114.0.0.0 Safari/537.36"
45.250.252.181 - - [16/Apr/2026:19:20:47 +0300] "POST /xmlrpc.php HTTP/1.1" 200 13737 "-" "Mozilla/5.0 (Windows NT 10.0; Win64; x64) AppleWebKit/537.36 (KHTML, like Gecko) Chrome/114.0.0.0 Safari/537.36"
45.250.252.181 - - [16/Apr/2026:19:21:05 +0300] "GET /totally-free-pokies-australia-enjoy-online-pokies-for-fun-300-free-spins-no-deposit-required-no-install/ HTTP/1.1" 200 75694 "-" "Mozilla/5.0 (Windows NT 10.0; Win64; x64; rv:124.0) Gecko/20100101 Firefox/124.0"
185.216.113.70 - - [16/Apr/2026:19:22:16 +0300] "POST /wp-cron.php?doing_wp_cron=1776356535.7428278923034667968750 HTTP/1.1" 200 448 "-" "WordPress/6.3.8; https://serhatburke.miroglu.net"
193.24.211.245 - - [16/Apr/2026:19:22:04 +0300] "GET /xmlrpc.php HTTP/2" 405 46 "-" "Mozilla/5.0 (Windows NT 10.0; Win64; x64; rv:127.0) Gecko/20100101 Firefox/127.0"
185.216.113.70 - - [16/Apr/2026:19:22:53 +0300] "POST /wp-cron.php?doing_wp_cron=1776356573.7420809268951416015625 HTTP/1.1" 200 448 "-" "WordPress/6.3.8; https://serhatburke.miroglu.net"
98.98.197.215 - - [16/Apr/2026:19:22:41 +0300] "POST /xmlrpc.php HTTP/1.1" 200 630 "-" "Mozilla/5.0 (Windows NT 10.0; Win64; x64) AppleWebKit/537.36 (KHTML, like Gecko) Chrome/114.0.0.0 Safari/537.36"
98.98.197.215 - - [16/Apr/2026:19:23:00 +0300] "POST /xmlrpc.php HTTP/1.1" 200 15086 "-" "Mozilla/5.0 (Windows NT 10.0; Win64; x64) AppleWebKit/537.36 (KHTML, like Gecko) Chrome/114.0.0.0 Safari/537.36"
98.98.197.215 - - [16/Apr/2026:19:23:14 +0300] "GET /eye-anatomy-muscles-arteries-nerves-and-bet365-casino-lacrimal-gland/ HTTP/1.1" 200 76496 "-" "Mozilla/5.0 (Windows NT 10.0; Win64; x64; rv:124.0) Gecko/20100101 Firefox/124.0"
185.216.113.70 - - [16/Apr/2026:19:24:14 +0300] "POST /wp-cron.php?doing_wp_cron=1776356654.9191119670867919921875 HTTP/1.1" 200 448 "-" "WordPress/6.3.8; https://serhatburke.miroglu.net"
192.111.135.18 - - [16/Apr/2026:19:24:01 +0300] "GET /xmlrpc.php HTTP/1.1" 405 557 "-" "Mozilla/5.0 (Windows NT 10.0; Win64; x64; rv:127.0) Gecko/20100101 Firefox/127.0"
185.216.113.70 - - [16/Apr/2026:19:24:53 +0300] "POST /wp-cron.php?doing_wp_cron=1776356693.8052580356597900390625 HTTP/1.1" 200 448 "-" "WordPress/6.3.8; https://serhatburke.miroglu.net"
103.219.169.194 - - [16/Apr/2026:19:24:42 +0300] "POST /xmlrpc.php HTTP/1.1" 200 630 "-" "Mozilla/5.0 (Windows NT 10.0; Win64; x64) AppleWebKit/537.36 (KHTML, like Gecko) Chrome/114.0.0.0 Safari/537.36"
98.98.197.215 - - [16/Apr/2026:19:24:51 +0300] "POST /xmlrpc.php HTTP/1.1" 200 630 "-" "Mozilla/5.0 (Windows NT 10.0; Win64; x64) AppleWebKit/537.36 (KHTML, like Gecko) Chrome/114.0.0.0 Safari/537.36"
103.219.169.194 - - [16/Apr/2026:19:25:00 +0300] "POST /xmlrpc.php HTTP/1.1" 200 11048 "-" "Mozilla/5.0 (Windows NT 10.0; Win64; x64) AppleWebKit/537.36 (KHTML, like Gecko) Chrome/114.0.0.0 Safari/537.36"
98.98.197.215 - - [16/Apr/2026:19:25:12 +0300] "POST /xmlrpc.php HTTP/1.1" 200 12439 "-" "Mozilla/5.0 (Windows NT 10.0; Win64; x64) AppleWebKit/537.36 (KHTML, like Gecko) Chrome/114.0.0.0 Safari/537.36"
103.219.169.194 - - [16/Apr/2026:19:25:16 +0300] "GET /amsterdam-bank-goldbet-live-onafhankelijke-review/ HTTP/1.1" 200 72171 "-" "Mozilla/5.0 (Windows NT 10.0; Win64; x64) AppleWebKit/537.36 (KHTML, like Gecko) Chrome/109.0.0.0 Safari/537.36"
98.98.197.215 - - [16/Apr/2026:19:25:25 +0300] "GET /eye-anatomy-muscles-arteries-slot-7-sins-nerves-and-lacrimal-gland/ HTTP/1.1" 200 74244 "-" "Mozilla/5.0 (Windows NT 10.0; rv:125.0) Gecko/20100101 Firefox/125.0"
185.216.113.70 - - [16/Apr/2026:19:25:48 +0300] "POST /wp-cron.php?doing_wp_cron=1776356747.7468400001525878906250 HTTP/1.1" 200 448 "-" "WordPress/6.3.8; https://serhatburke.miroglu.net"
45.250.252.165 - - [16/Apr/2026:19:25:31 +0300] "POST /xmlrpc.php HTTP/1.1" 200 630 "-" "Mozilla/5.0 (Windows NT 10.0; Win64; x64) AppleWebKit/537.36 (KHTML, like Gecko) Chrome/114.0.0.0 Safari/537.36"
45.250.252.165 - - [16/Apr/2026:19:25:56 +0300] "POST /xmlrpc.php HTTP/1.1" 200 10453 "-" "Mozilla/5.0 (Windows NT 10.0; Win64; x64) AppleWebKit/537.36 (KHTML, like Gecko) Chrome/114.0.0.0 Safari/537.36"
98.98.197.215 - - [16/Apr/2026:19:26:20 +0300] "POST /xmlrpc.php HTTP/1.1" 200 630 "-" "Mozilla/5.0 (Windows NT 10.0; Win64; x64) AppleWebKit/537.36 (KHTML, like Gecko) Chrome/114.0.0.0 Safari/537.36"
45.250.252.165 - - [16/Apr/2026:19:26:16 +0300] "GET /jackpot-people-kockarnica-harbors-programi-na-internetu-uzivajte/ HTTP/1.1" 200 72021 "-" "Mozilla/5.0 (Windows NT 10.0; rv:109.0) Gecko/20100101 Firefox/115.0"
185.216.113.70 - - [16/Apr/2026:19:26:52 +0300] "POST /wp-cron.php?doing_wp_cron=1776356811.9775259494781494140625 HTTP/1.1" 200 448 "-" "WordPress/6.3.8; https://serhatburke.miroglu.net"
98.98.197.215 - - [16/Apr/2026:19:26:39 +0300] "POST /xmlrpc.php HTTP/1.1" 200 14884 "-" "Mozilla/5.0 (Windows NT 10.0; Win64; x64) AppleWebKit/537.36 (KHTML, like Gecko) Chrome/114.0.0.0 Safari/537.36"
98.98.197.215 - - [16/Apr/2026:19:26:53 +0300] "GET /eye-of-horus-tricks-wirklich-so-spielst-respons-unter-einsatz-von-plan-je-story-lanthan-mein-letzter-blogbeitrag-einstellfeld-mas-linda-de-misiones/ HTTP/1.1" 200 78546 "-" "Mozilla/5.0 (Windows NT 10.0; Win64; x64; rv:124.0) Gecko/20100101 Firefox/124.0"
185.216.113.70 - - [16/Apr/2026:19:28:05 +0300] "POST /wp-cron.php?doing_wp_cron=1776356885.4078330993652343750000 HTTP/1.1" 200 448 "-" "WordPress/6.3.8; https://serhatburke.miroglu.net"
98.98.197.215 - - [16/Apr/2026:19:27:52 +0300] "POST /xmlrpc.php HTTP/1.1" 200 630 "-" "Mozilla/5.0 (Windows NT 10.0; Win64; x64) AppleWebKit/537.36 (KHTML, like Gecko) Chrome/114.0.0.0 Safari/537.36"
185.216.113.70 - - [16/Apr/2026:19:28:08 +0300] "POST /wp-cron.php?doing_wp_cron=1776356888.8013570308685302734375 HTTP/1.1" 200 448 "-" "WordPress/6.3.8; https://serhatburke.miroglu.net"
45.250.252.181 - - [16/Apr/2026:19:27:51 +0300] "POST /xmlrpc.php HTTP/1.1" 200 630 "-" "Mozilla/5.0 (Windows NT 10.0; Win64; x64) AppleWebKit/537.36 (KHTML, like Gecko) Chrome/114.0.0.0 Safari/537.36"
98.98.197.215 - - [16/Apr/2026:19:28:12 +0300] "POST /xmlrpc.php HTTP/1.1" 200 15956 "-" "Mozilla/5.0 (Windows NT 10.0; Win64; x64) AppleWebKit/537.36 (KHTML, like Gecko) Chrome/114.0.0.0 Safari/537.36"
45.250.252.181 - - [16/Apr/2026:19:28:15 +0300] "POST /xmlrpc.php HTTP/1.1" 200 12162 "-" "Mozilla/5.0 (Windows NT 10.0; Win64; x64) AppleWebKit/537.36 (KHTML, like Gecko) Chrome/114.0.0.0 Safari/537.36"
98.98.197.215 - - [16/Apr/2026:19:28:32 +0300] "GET /eye-patches-spielen-sie-keks-slot-online-ohne-download-under-eye-skincare-kits/ HTTP/1.1" 200 77759 "-" "Mozilla/5.0 (Windows NT 10.0; rv:125.0) Gecko/20100101 Firefox/125.0"
185.216.113.70 - - [16/Apr/2026:19:28:56 +0300] "POST /wp-cron.php?doing_wp_cron=1776356936.3360970020294189453125 HTTP/1.1" 200 448 "-" "WordPress/6.3.8; https://serhatburke.miroglu.net"
45.250.252.181 - - [16/Apr/2026:19:28:38 +0300] "GET /gluey-bandits-slot-golden-tour-wild-return-pokie-play-for-free-understand-review/ HTTP/1.1" 200 73684 "-" "Mozilla/5.0 (Windows NT 10.0; Win64; x64; rv:125.0) Gecko/20100101 Firefox/125.0"
5.157.55.211 - - [16/Apr/2026:19:28:58 +0300] "GET /wp-login.php HTTP/1.1" 200 3750 "https://serhatburke.miroglu.net/" "Mozilla/5.0 (Windows NT 10.0; Win64; x64; rv:148.0) Gecko/20100101 Firefox/148.0"
5.157.55.211 - - [16/Apr/2026:19:29:13 +0300] "GET /wp-login.php HTTP/1.1" 200 3750 "https://serhatburke.miroglu.net/wp-login.php" "Mozilla/5.0 (Windows NT 6.3; Win64; x64) AppleWebKit/537.36 (KHTML, like Gecko) Chrome/103.0.0.0 Safari/537.36"
5.157.55.211 - - [16/Apr/2026:19:29:26 +0300] "GET /wp-includes/css/dashicons.min.css?ver=6.3.8 HTTP/1.1" 200 35725 "https://serhatburke.miroglu.net/wp-login.php" "Mozilla/5.0 (Windows NT 10.0; Win64; x64) AppleWebKit/537.36 (KHTML, like Gecko) Chrome/145.0.0.0 Safari/537.36"
5.157.55.211 - - [16/Apr/2026:19:29:27 +0300] "GET /wp-includes/css/buttons.min.css?ver=6.3.8 HTTP/1.1" 200 1869 "https://serhatburke.miroglu.net/wp-login.php" "Mozilla/5.0 (Windows NT 10.0; Win64; x64) AppleWebKit/537.36 (KHTML, like Gecko) Chrome/145.0.0.0 Safari/537.36"
5.157.55.211 - - [16/Apr/2026:19:29:28 +0300] "GET /wp-admin/css/forms.min.css?ver=6.3.8 HTTP/1.1" 200 6823 "https://serhatburke.miroglu.net/wp-login.php" "Mozilla/5.0 (Windows NT 10.0; Win64; x64) AppleWebKit/537.36 (KHTML, like Gecko) Chrome/145.0.0.0 Safari/537.36"
5.157.55.211 - - [16/Apr/2026:19:29:28 +0300] "GET /wp-admin/css/l10n.min.css?ver=6.3.8 HTTP/1.1" 200 1208 "https://serhatburke.miroglu.net/wp-login.php" "Mozilla/5.0 (Windows NT 10.0; Win64; x64) AppleWebKit/537.36 (KHTML, like Gecko) Chrome/145.0.0.0 Safari/537.36"
5.157.55.211 - - [16/Apr/2026:19:29:29 +0300] "GET /wp-admin/css/login.min.css?ver=6.3.8 HTTP/1.1" 200 2562 "https://serhatburke.miroglu.net/wp-login.php" "Mozilla/5.0 (Windows NT 10.0; Win64; x64) AppleWebKit/537.36 (KHTML, like Gecko) Chrome/145.0.0.0 Safari/537.36"
5.9.76.166 - - [16/Apr/2026:19:29:21 +0300] "GET /beyond-restrictions-find-freedom-big-wins-at-a-non-gamstop/ HTTP/1.0" 200 76157 "-" "Mozilla/5.0 (Windows NT 6.3; Win64; x64) AppleWebKit/537.36 (KHTML, like Gecko) Chrome/75.0.3770.100 Safari/537.36"
185.216.113.70 - - [16/Apr/2026:19:29:39 +0300] "POST /wp-cron.php?doing_wp_cron=1776356979.7249870300292968750000 HTTP/1.1" 200 448 "-" "WordPress/6.3.8; https://serhatburke.miroglu.net"
98.98.197.215 - - [16/Apr/2026:19:29:23 +0300] "POST /xmlrpc.php HTTP/1.1" 200 630 "-" "Mozilla/5.0 (Windows NT 10.0; Win64; x64) AppleWebKit/537.36 (KHTML, like Gecko) Chrome/114.0.0.0 Safari/537.36"
5.157.55.211 - - [16/Apr/2026:19:29:29 +0300] "POST /wp-login.php HTTP/1.1" 302 1537 "https://serhatburke.miroglu.net/wp-login.php" "Mozilla/5.0 (Windows NT 6.3; Win64; x64) AppleWebKit/537.36 (KHTML, like Gecko) Chrome/103.0.0.0 Safari/537.36"
98.98.197.215 - - [16/Apr/2026:19:29:46 +0300] "POST /xmlrpc.php HTTP/1.1" 200 14932 "-" "Mozilla/5.0 (Windows NT 10.0; Win64; x64) AppleWebKit/537.36 (KHTML, like Gecko) Chrome/114.0.0.0 Safari/537.36"
5.157.55.211 - - [16/Apr/2026:19:29:45 +0300] "GET /wp-admin/ HTTP/1.1" 200 214396 "https://serhatburke.miroglu.net/wp-login.php" "Mozilla/5.0 (Windows NT 6.3; Win64; x64) AppleWebKit/537.36 (KHTML, like Gecko) Chrome/103.0.0.0 Safari/537.36"
5.157.55.211 - - [16/Apr/2026:19:30:02 +0300] "GET /xmlrpc.php HTTP/1.1" 405 606 "https://serhatburke.miroglu.net/wp-admin/" "Mozilla/5.0 (Windows NT 6.3; Win64; x64) AppleWebKit/537.36 (KHTML, like Gecko) Chrome/103.0.0.0 Safari/537.36"
98.98.197.215 - - [16/Apr/2026:19:30:02 +0300] "GET /eye-patches-kein-einzahlungscasino-goldbet-2026-under-eye-skincare-kits/ HTTP/1.1" 200 76325 "-" "Mozilla/5.0 (Windows NT 10.0; Win64; x64) AppleWebKit/537.36 (KHTML, like Gecko) Chrome/123.0.0.0 Safari/537.36"
45.250.252.181 - - [16/Apr/2026:19:29:59 +0300] "POST /xmlrpc.php HTTP/1.1" 200 630 "-" "Mozilla/5.0 (Windows NT 10.0; Win64; x64) AppleWebKit/537.36 (KHTML, like Gecko) Chrome/114.0.0.0 Safari/537.36"
5.157.55.211 - - [16/Apr/2026:19:30:21 +0300] "POST /xmlrpc.php HTTP/1.1" 200 631 "https://serhatburke.miroglu.net/xmlrpc.php" "Mozilla/5.0 (Windows NT 6.3; Win64; x64) AppleWebKit/537.36 (KHTML, like Gecko) Chrome/103.0.0.0 Safari/537.36"
185.216.113.70 - - [16/Apr/2026:19:30:48 +0300] "POST /wp-cron.php?doing_wp_cron=1776357047.9972729682922363281250 HTTP/1.1" 200 448 "-" "WordPress/6.3.8; https://serhatburke.miroglu.net"
193.24.211.245 - - [16/Apr/2026:19:30:33 +0300] "GET /wp-login.php HTTP/2" 200 0 "-" "Mozilla/5.0 (Windows NT 10.0; Win64; x64; rv:127.0) Gecko/20100101 Firefox/127.0"
45.250.252.181 - - [16/Apr/2026:19:30:28 +0300] "POST /xmlrpc.php HTTP/1.1" 200 12565 "-" "Mozilla/5.0 (Windows NT 10.0; Win64; x64) AppleWebKit/537.36 (KHTML, like Gecko) Chrome/114.0.0.0 Safari/537.36"
5.157.55.211 - - [16/Apr/2026:19:30:35 +0300] "POST /xmlrpc.php HTTP/1.1" 200 640 "https://serhatburke.miroglu.net/xmlrpc.php" "Mozilla/5.0 (Windows NT 6.3; Win64; x64) AppleWebKit/537.36 (KHTML, like Gecko) Chrome/103.0.0.0 Safari/537.36"
98.98.197.215 - - [16/Apr/2026:19:30:46 +0300] "POST /xmlrpc.php HTTP/1.1" 200 630 "-" "Mozilla/5.0 (Windows NT 10.0; Win64; x64) AppleWebKit/537.36 (KHTML, like Gecko) Chrome/114.0.0.0 Safari/537.36"
103.219.169.194 - - [16/Apr/2026:19:30:56 +0300] "POST /xmlrpc.php HTTP/1.1" 200 630 "-" "Mozilla/5.0 (Windows NT 10.0; Win64; x64) AppleWebKit/537.36 (KHTML, like Gecko) Chrome/114.0.0.0 Safari/537.36"
5.157.55.211 - - [16/Apr/2026:19:30:54 +0300] "GET /?p=114313 HTTP/1.1" 301 843 "https://serhatburke.miroglu.net/xmlrpc.php" "Mozilla/5.0 (Windows NT 6.3; Win64; x64) AppleWebKit/537.36 (KHTML, like Gecko) Chrome/103.0.0.0 Safari/537.36"
45.250.252.181 - - [16/Apr/2026:19:30:49 +0300] "GET /sticky-bandits-insane-go-back-pokie-play-deposit-10-get-80-fs-for-totally-free-understand-opinion/ HTTP/1.1" 200 74505 "-" "Mozilla/5.0 (Windows NT 10.0; Win64; x64) AppleWebKit/537.36 (KHTML, like Gecko) Chrome/122.0.0.0 Safari/537.36"
98.98.197.215 - - [16/Apr/2026:19:31:20 +0300] "POST /xmlrpc.php HTTP/1.1" 200 15037 "-" "Mozilla/5.0 (Windows NT 10.0; Win64; x64) AppleWebKit/537.36 (KHTML, like Gecko) Chrome/114.0.0.0 Safari/537.36"
5.157.55.211 - - [16/Apr/2026:19:31:22 +0300] "GET /%d0%bb%d1%83%d1%87%d1%88%d0%b8%d0%b5-%d0%ba%d0%b0%d0%b7%d0%b8%d0%bd%d0%be-%d1%81-%d0%b4%d0%b5%d1%82%d0%b0%d0%bb%d1%8c%d0%bd%d1%8b%d0%bc-%d0%b0%d0%bd%d0%b0%d0%bb%d0%b8%d0%b7%d0%be%d0%bc-%d1%83%d1%81/ HTTP/1.1" 200 116834 "https://serhatburke.miroglu.net/?p=114313" "Mozilla/5.0 (Windows NT 6.3; Win64; x64) AppleWebKit/537.36 (KHTML, like Gecko) Chrome/103.0.0.0 Safari/537.36"
185.216.113.70 - - [16/Apr/2026:19:31:45 +0300] "POST /wp-cron.php?doing_wp_cron=1776357105.3355519771575927734375 HTTP/1.1" 200 448 "-" "WordPress/6.3.8; https://serhatburke.miroglu.net"
103.219.169.194 - - [16/Apr/2026:19:31:27 +0300] "POST /xmlrpc.php HTTP/1.1" 200 10996 "-" "Mozilla/5.0 (Windows NT 10.0; Win64; x64) AppleWebKit/537.36 (KHTML, like Gecko) Chrome/114.0.0.0 Safari/537.36"
98.98.197.215 - - [16/Apr/2026:19:31:39 +0300] "GET /eye-of-horus-gratis-ferner-unter-einsatz-von-vulkan-spiele-slots-promo-echtgeld-gehaben/ HTTP/1.1" 200 76988 "-" "Mozilla/5.0 (Windows NT 10.0; Win64; x64) AppleWebKit/537.36 (KHTML, like Gecko) Chrome/124.0.0.0 Safari/537.36 Edg/124.0.0.0"
103.219.169.194 - - [16/Apr/2026:19:31:46 +0300] "GET /zonder-casino-geen-aanbetaling-verde-casino-2026-eentje-betaling-afwisselend-gij-online-gokhal-optreden/ HTTP/1.1" 200 73277 "-" "Mozilla/5.0 (Windows NT 10.0; Win64; x64) AppleWebKit/537.36 (KHTML, like Gecko) Chrome/124.0.0.0 Safari/537.36 Edg/124.0.0.0"
45.250.252.181 - - [16/Apr/2026:19:32:02 +0300] "POST /xmlrpc.php HTTP/1.1" 200 630 "-" "Mozilla/5.0 (Windows NT 10.0; Win64; x64) AppleWebKit/537.36 (KHTML, like Gecko) Chrome/114.0.0.0 Safari/537.36"
98.98.197.215 - - [16/Apr/2026:19:32:08 +0300] "POST /xmlrpc.php HTTP/1.1" 200 630 "-" "Mozilla/5.0 (Windows NT 10.0; Win64; x64) AppleWebKit/537.36 (KHTML, like Gecko) Chrome/114.0.0.0 Safari/537.36"
185.216.113.70 - - [16/Apr/2026:19:32:43 +0300] "POST /wp-cron.php?doing_wp_cron=1776357162.9889709949493408203125 HTTP/1.1" 200 448 "-" "WordPress/6.3.8; https://serhatburke.miroglu.net"
103.219.169.194 - - [16/Apr/2026:19:32:25 +0300] "POST /xmlrpc.php HTTP/1.1" 200 630 "-" "Mozilla/5.0 (Windows NT 10.0; Win64; x64) AppleWebKit/537.36 (KHTML, like Gecko) Chrome/114.0.0.0 Safari/537.36"
98.98.197.215 - - [16/Apr/2026:19:32:27 +0300] "POST /xmlrpc.php HTTP/1.1" 200 13173 "-" "Mozilla/5.0 (Windows NT 10.0; Win64; x64) AppleWebKit/537.36 (KHTML, like Gecko) Chrome/114.0.0.0 Safari/537.36"
45.250.252.181 - - [16/Apr/2026:19:32:25 +0300] "POST /xmlrpc.php HTTP/1.1" 200 12789 "-" "Mozilla/5.0 (Windows NT 10.0; Win64; x64) AppleWebKit/537.36 (KHTML, like Gecko) Chrome/114.0.0.0 Safari/537.36"
98.98.197.215 - - [16/Apr/2026:19:32:46 +0300] "GET /eye-of-horus-kostenlos-zum-besten-geben-ohne-big-time-gaming-casino-spiele-registrierung/ HTTP/1.1" 200 75200 "-" "Mozilla/5.0 (Windows NT 10.0; Win64; x64) AppleWebKit/537.36 (KHTML, like Gecko) Chrome/123.0.0.0 Safari/537.36 OPR/109.0.0.0"
103.219.169.194 - - [16/Apr/2026:19:32:49 +0300] "POST /xmlrpc.php HTTP/1.1" 200 11499 "-" "Mozilla/5.0 (Windows NT 10.0; Win64; x64) AppleWebKit/537.36 (KHTML, like Gecko) Chrome/114.0.0.0 Safari/537.36"
45.250.252.181 - - [16/Apr/2026:19:32:48 +0300] "GET /100-percent-free-ports-play-32178-safari-madness-pokie-free-spins-position-demos-zero-download/ HTTP/1.1" 200 74715 "-" "Mozilla/5.0 (Windows NT 10.0; Win64; x64) AppleWebKit/537.36 (KHTML, like Gecko) Chrome/123.0.0.0 Safari/537.36"
103.219.169.194 - - [16/Apr/2026:19:33:11 +0300] "GET /eurogrand-titanic-grote-overwinning-casino/ HTTP/1.1" 200 72557 "-" "Mozilla/5.0 (Windows NT 10.0; Win64; x64; rv:125.0) Gecko/20100101 Firefox/125.0"
98.98.197.215 - - [16/Apr/2026:19:33:23 +0300] "POST /xmlrpc.php HTTP/1.1" 200 630 "-" "Mozilla/5.0 (Windows NT 10.0; Win64; x64) AppleWebKit/537.36 (KHTML, like Gecko) Chrome/114.0.0.0 Safari/537.36"
185.216.113.70 - - [16/Apr/2026:19:34:00 +0300] "POST /wp-cron.php?doing_wp_cron=1776357240.4471709728240966796875 HTTP/1.1" 200 448 "-" "WordPress/6.3.8; https://serhatburke.miroglu.net"
98.98.197.215 - - [16/Apr/2026:19:33:40 +0300] "POST /xmlrpc.php HTTP/1.1" 200 14862 "-" "Mozilla/5.0 (Windows NT 10.0; Win64; x64) AppleWebKit/537.36 (KHTML, like Gecko) Chrome/114.0.0.0 Safari/537.36"
45.250.252.181 - - [16/Apr/2026:19:33:44 +0300] "POST /xmlrpc.php HTTP/1.1" 200 630 "-" "Mozilla/5.0 (Windows NT 10.0; Win64; x64) AppleWebKit/537.36 (KHTML, like Gecko) Chrome/114.0.0.0 Safari/537.36"
185.253.160.137 - - [16/Apr/2026:19:33:49 +0300] "GET /wp-login.php HTTP/2" 200 3092 "-" "Mozilla/5.0 (Windows NT 10.0; Win64; x64; rv:127.0) Gecko/20100101 Firefox/127.0"
103.219.169.194 - - [16/Apr/2026:19:33:46 +0300] "POST /xmlrpc.php HTTP/1.1" 200 630 "-" "Mozilla/5.0 (Windows NT 10.0; Win64; x64) AppleWebKit/537.36 (KHTML, like Gecko) Chrome/114.0.0.0 Safari/537.36"
98.98.197.215 - - [16/Apr/2026:19:34:01 +0300] "GET /2026-casino-diamond-queen/ HTTP/1.1" 200 75495 "-" "Mozilla/5.0 (Windows NT 10.0; Win64; x64; rv:124.0) Gecko/20100101 Firefox/124.0"
185.253.160.137 - - [16/Apr/2026:19:34:16 +0300] "POST /xmlrpc.php HTTP/2" 200 314 "-" "Mozilla/5.0 (Windows NT 10.0; Win64; x64; rv:127.0) Gecko/20100101 Firefox/127.0"
45.12.151.226 - - [16/Apr/2026:19:34:30 +0300] "GET /wp-login.php HTTP/2" 200 0 "-" "Mozilla/5.0 (Windows NT 10.0; Win64; x64; rv:127.0) Gecko/20100101 Firefox/127.0"
45.250.252.181 - - [16/Apr/2026:19:34:19 +0300] "POST /xmlrpc.php HTTP/1.1" 200 12875 "-" "Mozilla/5.0 (Windows NT 10.0; Win64; x64) AppleWebKit/537.36 (KHTML, like Gecko) Chrome/114.0.0.0 Safari/537.36"
103.219.169.194 - - [16/Apr/2026:19:34:24 +0300] "POST /xmlrpc.php HTTP/1.1" 200 11420 "-" "Mozilla/5.0 (Windows NT 10.0; Win64; x64) AppleWebKit/537.36 (KHTML, like Gecko) Chrome/114.0.0.0 Safari/537.36"
185.216.113.70 - - [16/Apr/2026:19:35:07 +0300] "POST /wp-cron.php?doing_wp_cron=1776357307.4658920764923095703125 HTTP/1.1" 200 448 "-" "WordPress/6.3.8; https://serhatburke.miroglu.net"
185.253.160.137 - - [16/Apr/2026:19:34:38 +0300] "GET /wp-login.php HTTP/2" 200 3092 "-" "Mozilla/5.0 (Windows NT 10.0; Win64; x64) AppleWebKit/537.36 (KHTML, like Gecko) Chrome/124.0.6367.207 Safari/537.36"
98.98.197.215 - - [16/Apr/2026:19:34:43 +0300] "POST /xmlrpc.php HTTP/1.1" 200 630 "-" "Mozilla/5.0 (Windows NT 10.0; Win64; x64) AppleWebKit/537.36 (KHTML, like Gecko) Chrome/114.0.0.0 Safari/537.36"
185.253.160.137 - - [16/Apr/2026:19:35:07 +0300] "POST /wp-login.php HTTP/2" 200 0 "https://serhatburke.miroglu.net/wp-login.php" "Mozilla/5.0 (Windows NT 10.0; Win64; x64) AppleWebKit/537.36 (KHTML, like Gecko) Chrome/124.0.6367.207 Safari/537.36"
103.219.169.194 - - [16/Apr/2026:19:34:49 +0300] "GET /trusted-wild-gambler-80-gratis-spins-sites/ HTTP/1.1" 200 72124 "-" "Mozilla/5.0 (Windows NT 10.0; Win64; x64) AppleWebKit/537.36 (KHTML, like Gecko) Chrome/124.0.0.0 Safari/537.36"
45.250.252.181 - - [16/Apr/2026:19:34:47 +0300] "GET /raging-rhino-rampage-2025-wolf-moon-rising-slot-is-the-major-the-fresh-online-game-by-the-wms-now/ HTTP/1.1" 200 74753 "-" "Mozilla/5.0 (Windows NT 10.0; Win64; x64; rv:125.0) Gecko/20100101 Firefox/125.0"
103.219.169.194 - - [16/Apr/2026:19:34:58 +0300] "POST /xmlrpc.php HTTP/1.1" 200 630 "-" "Mozilla/5.0 (Windows NT 10.0; Win64; x64) AppleWebKit/537.36 (KHTML, like Gecko) Chrome/114.0.0.0 Safari/537.36"
165.231.101.129 - - [16/Apr/2026:19:35:11 +0300] "GET /%d0%bb%d1%83%d1%87%d1%88%d0%b8%d0%b5-%d0%ba%d0%b0%d0%b7%d0%b8%d0%bd%d0%be-%d1%81-%d0%b4%d0%b5%d1%82%d0%b0%d0%bb%d1%8c%d0%bd%d1%8b%d0%bc-%d0%b0%d0%bd%d0%b0%d0%bb%d0%b8%d0%b7%d0%be%d0%bc-%d1%83%d1%81/ HTTP/1.1" 200 23817 "-" "Mozilla/5.0 (compatible; Googlebot/2.1; +http://www.google.com/bot.html)"
98.98.197.215 - - [16/Apr/2026:19:35:20 +0300] "POST /xmlrpc.php HTTP/1.1" 200 15292 "-" "Mozilla/5.0 (Windows NT 10.0; Win64; x64) AppleWebKit/537.36 (KHTML, like Gecko) Chrome/114.0.0.0 Safari/537.36"
45.250.252.181 - - [16/Apr/2026:19:35:24 +0300] "POST /xmlrpc.php HTTP/1.1" 200 630 "-" "Mozilla/5.0 (Windows NT 10.0; Win64; x64) AppleWebKit/537.36 (KHTML, like Gecko) Chrome/114.0.0.0 Safari/537.36"
103.219.169.194 - - [16/Apr/2026:19:35:36 +0300] "POST /xmlrpc.php HTTP/1.1" 200 10991 "-" "Mozilla/5.0 (Windows NT 10.0; Win64; x64) AppleWebKit/537.36 (KHTML, like Gecko) Chrome/114.0.0.0 Safari/537.36"
185.216.113.70 - - [16/Apr/2026:19:36:06 +0300] "POST /wp-cron.php?doing_wp_cron=1776357365.8993821144104003906250 HTTP/1.1" 200 448 "-" "WordPress/6.3.8; https://serhatburke.miroglu.net"
98.98.197.215 - - [16/Apr/2026:19:35:46 +0300] "GET /eye-of-horus-kostenlos-vortragen-fur-casino-trustly-2026-nusse-protestation-echtgeld-maklercourtage/ HTTP/1.1" 200 77751 "-" "Mozilla/5.0 (Windows NT 10.0; Win64; x64) AppleWebKit/537.36 (KHTML, like Gecko) Chrome/123.0.0.0 Safari/537.36"
212.56.52.104 - - [16/Apr/2026:19:35:55 +0300] "GET /wp-login.php HTTP/2" 200 0 "-" "Mozilla/5.0 (Windows NT 10.0; Win64; x64) AppleWebKit/537.36 (KHTML, like Gecko) Chrome/124.0.6367.207 Safari/537.36"
103.219.169.194 - - [16/Apr/2026:19:35:54 +0300] "GET /gokken-in-in-geld-erbij-de-beste-meer-informatie-vinden-offlin-casinos-lentemaan-2026/ HTTP/1.1" 200 72884 "-" "Mozilla/5.0 (Windows NT 10.0; rv:109.0) Gecko/20100101 Firefox/115.0"
103.219.169.194 - - [16/Apr/2026:19:35:56 +0300] "POST /xmlrpc.php HTTP/1.1" 200 630 "-" "Mozilla/5.0 (Windows NT 10.0; Win64; x64) AppleWebKit/537.36 (KHTML, like Gecko) Chrome/114.0.0.0 Safari/537.36"
185.216.113.70 - - [16/Apr/2026:19:36:35 +0300] "POST /wp-cron.php?doing_wp_cron=1776357395.7482988834381103515625 HTTP/1.1" 200 448 "-" "WordPress/6.3.8; https://serhatburke.miroglu.net"
45.250.252.181 - - [16/Apr/2026:19:35:58 +0300] "POST /xmlrpc.php HTTP/1.1" 200 12587 "-" "Mozilla/5.0 (Windows NT 10.0; Win64; x64) AppleWebKit/537.36 (KHTML, like Gecko) Chrome/114.0.0.0 Safari/537.36"
98.98.197.215 - - [16/Apr/2026:19:36:18 +0300] "POST /xmlrpc.php HTTP/1.1" 200 630 "-" "Mozilla/5.0 (Windows NT 10.0; Win64; x64) AppleWebKit/537.36 (KHTML, like Gecko) Chrome/114.0.0.0 Safari/537.36"
212.56.53.19 - - [16/Apr/2026:19:36:37 +0300] "GET /wp-login.php HTTP/2" 200 0 "-" "Mozilla/5.0 (Windows NT 10.0; Win64; x64) AppleWebKit/537.36 (KHTML, like Gecko) Chrome/124.0.6367.207 Safari/537.36"
103.219.169.194 - - [16/Apr/2026:19:36:35 +0300] "POST /xmlrpc.php HTTP/1.1" 200 10881 "-" "Mozilla/5.0 (Windows NT 10.0; Win64; x64) AppleWebKit/537.36 (KHTML, like Gecko) Chrome/114.0.0.0 Safari/537.36"
51.210.111.80 - - [16/Apr/2026:19:37:15 +0300] "GET /wp-login.php HTTP/2" 200 0 "-" "Mozilla/5.0 (Windows NT 10.0; Win64; x64) AppleWebKit/537.36 (KHTML, like Gecko) Chrome/124.0.6367.207 Safari/537.36"
45.250.252.181 - - [16/Apr/2026:19:36:37 +0300] "GET /totally-free-slots-slot-machines-online-gamble-32178-slot-demos-zero-obtain/ HTTP/1.1" 200 73991 "-" "Mozilla/5.0 (Windows NT 10.0; Win64; x64) AppleWebKit/537.36 (KHTML, like Gecko) Chrome/124.0.0.0 Safari/537.36"
98.98.197.215 - - [16/Apr/2026:19:36:46 +0300] "POST /xmlrpc.php HTTP/1.1" 200 14971 "-" "Mozilla/5.0 (Windows NT 10.0; Win64; x64) AppleWebKit/537.36 (KHTML, like Gecko) Chrome/114.0.0.0 Safari/537.36"
103.219.169.194 - - [16/Apr/2026:19:36:53 +0300] "POST /xmlrpc.php HTTP/1.1" 200 630 "-" "Mozilla/5.0 (Windows NT 10.0; Win64; x64) AppleWebKit/537.36 (KHTML, like Gecko) Chrome/114.0.0.0 Safari/537.36"
103.219.169.211 - - [16/Apr/2026:19:36:53 +0300] "POST /xmlrpc.php HTTP/1.1" 200 630 "-" "Mozilla/5.0 (Windows NT 10.0; Win64; x64) AppleWebKit/537.36 (KHTML, like Gecko) Chrome/114.0.0.0 Safari/537.36"
185.216.113.70 - - [16/Apr/2026:19:37:45 +0300] "POST /wp-cron.php?doing_wp_cron=1776357465.1308779716491699218750 HTTP/1.1" 200 448 "-" "WordPress/6.3.8; https://serhatburke.miroglu.net"
45.250.252.181 - - [16/Apr/2026:19:37:01 +0300] "POST /xmlrpc.php HTTP/1.1" 200 630 "-" "Mozilla/5.0 (Windows NT 10.0; Win64; x64) AppleWebKit/537.36 (KHTML, like Gecko) Chrome/114.0.0.0 Safari/537.36"
185.216.113.70 - - [16/Apr/2026:19:37:50 +0300] "POST /wp-cron.php?doing_wp_cron=1776357470.0978469848632812500000 HTTP/1.1" 200 448 "-" "WordPress/6.3.8; https://serhatburke.miroglu.net"
103.219.169.194 - - [16/Apr/2026:19:37:12 +0300] "GET /casino-premie-vogel-iedereen-bonussen-playson-videogames-maart-2026-in-getuigenverklaring/ HTTP/1.1" 200 72816 "-" "Mozilla/5.0 (Windows NT 10.0; rv:109.0) Gecko/20100101 Firefox/115.0"
45.132.194.23 - - [16/Apr/2026:19:37:27 +0300] "GET /wp-login.php HTTP/2" 200 0 "-" "Mozilla/5.0 (Windows NT 10.0; Win64; x64) AppleWebKit/537.36 (KHTML, like Gecko) Chrome/124.0.6367.207 Safari/537.36"
98.98.197.215 - - [16/Apr/2026:19:37:26 +0300] "GET /eye-of-horus-kostenlos-auffuhren-tagesordnungspunkt-sonnennachster-planet-spiele-book-of-ra-gewinn-2026/ HTTP/1.1" 200 77204 "-" "Mozilla/5.0 (Windows NT 10.0; Win64; x64) AppleWebKit/537.36 (KHTML, like Gecko) Chrome/123.0.0.0 Safari/537.36"
146.70.11.9 - - [16/Apr/2026:19:37:58 +0300] "GET /wp-login.php HTTP/2" 200 0 "-" "Mozilla/5.0 (Windows NT 10.0; Win64; x64) AppleWebKit/537.36 (KHTML, like Gecko) Chrome/124.0.6367.207 Safari/537.36"
98.98.197.215 - - [16/Apr/2026:19:37:33 +0300] "POST /xmlrpc.php HTTP/1.1" 200 630 "-" "Mozilla/5.0 (Windows NT 10.0; Win64; x64) AppleWebKit/537.36 (KHTML, like Gecko) Chrome/114.0.0.0 Safari/537.36"
103.219.169.211 - - [16/Apr/2026:19:37:40 +0300] "POST /xmlrpc.php HTTP/1.1" 200 16052 "-" "Mozilla/5.0 (Windows NT 10.0; Win64; x64) AppleWebKit/537.36 (KHTML, like Gecko) Chrome/114.0.0.0 Safari/537.36"
103.219.169.194 - - [16/Apr/2026:19:37:40 +0300] "POST /xmlrpc.php HTTP/1.1" 200 11662 "-" "Mozilla/5.0 (Windows NT 10.0; Win64; x64) AppleWebKit/537.36 (KHTML, like Gecko) Chrome/114.0.0.0 Safari/537.36"
45.250.252.181 - - [16/Apr/2026:19:37:52 +0300] "POST /xmlrpc.php HTTP/1.1" 200 13462 "-" "Mozilla/5.0 (Windows NT 10.0; Win64; x64) AppleWebKit/537.36 (KHTML, like Gecko) Chrome/114.0.0.0 Safari/537.36"
103.219.169.194 - - [16/Apr/2026:19:37:55 +0300] "POST /xmlrpc.php HTTP/1.1" 200 630 "-" "Mozilla/5.0 (Windows NT 10.0; Win64; x64) AppleWebKit/537.36 (KHTML, like Gecko) Chrome/114.0.0.0 Safari/537.36"
185.216.113.70 - - [16/Apr/2026:19:38:51 +0300] "POST /wp-cron.php?doing_wp_cron=1776357531.4926199913024902343750 HTTP/1.1" 200 448 "-" "WordPress/6.3.8; https://serhatburke.miroglu.net"
51.210.111.7 - - [16/Apr/2026:19:39:18 +0300] "GET /wp-login.php HTTP/2" 200 0 "-" "Mozilla/5.0 (Windows NT 10.0; Win64; x64) AppleWebKit/537.36 (KHTML, like Gecko) Chrome/124.0.6367.207 Safari/537.36"
185.216.113.70 - - [16/Apr/2026:19:39:23 +0300] "POST /wp-cron.php?doing_wp_cron=1776357563.7674939632415771484375 HTTP/1.1" 200 448 "-" "WordPress/6.3.8; https://serhatburke.miroglu.net"
98.98.197.215 - - [16/Apr/2026:19:38:29 +0300] "POST /xmlrpc.php HTTP/1.1" 200 13035 "-" "Mozilla/5.0 (Windows NT 10.0; Win64; x64) AppleWebKit/537.36 (KHTML, like Gecko) Chrome/114.0.0.0 Safari/537.36"
185.216.113.70 - - [16/Apr/2026:19:39:29 +0300] "POST /wp-cron.php?doing_wp_cron=1776357569.1154110431671142578125 HTTP/1.1" 200 448 "-" "WordPress/6.3.8; https://serhatburke.miroglu.net"
185.216.113.70 - - [16/Apr/2026:19:39:29 +0300] "POST /wp-cron.php?doing_wp_cron=1776357569.7046220302581787109375 HTTP/1.1" 200 448 "-" "WordPress/6.3.8; https://serhatburke.miroglu.net"
103.219.169.194 - - [16/Apr/2026:19:38:35 +0300] "GET /u-lieve-legale-offlin-casino-afwisselend-geen-aanbetaling-verde-casino-voor-casino-nederland/ HTTP/1.1" 200 73808 "-" "Mozilla/5.0 (Windows NT 10.0; Win64; x64) AppleWebKit/537.36 (KHTML, like Gecko) Chrome/124.0.0.0 Safari/537.36"
185.216.113.70 - - [16/Apr/2026:19:39:31 +0300] "POST /wp-cron.php?doing_wp_cron=1776357571.3209528923034667968750 HTTP/1.1" 200 448 "-" "WordPress/6.3.8; https://serhatburke.miroglu.net"
45.250.252.181 - - [16/Apr/2026:19:38:33 +0300] "POST /xmlrpc.php HTTP/1.1" 200 630 "-" "Mozilla/5.0 (Windows NT 10.0; Win64; x64) AppleWebKit/537.36 (KHTML, like Gecko) Chrome/114.0.0.0 Safari/537.36"
103.219.169.211 - - [16/Apr/2026:19:38:34 +0300] "GET /spiele-el-totero-inside-rtg-as-spielsaal-pirates-smugglers-siehe-diese-seite-paradise-person-of-druckgluck-dadurch-echtgeld/ HTTP/1.1" 200 79271 "-" "Mozilla/5.0 (Windows NT 10.0; Win64; x64) AppleWebKit/537.36 (KHTML, like Gecko) Chrome/123.0.0.0 Safari/537.36 OPR/109.0.0.0"
185.216.113.70 - - [16/Apr/2026:19:39:37 +0300] "POST /wp-cron.php?doing_wp_cron=1776357577.4220459461212158203125 HTTP/1.1" 200 448 "-" "WordPress/6.3.8; https://serhatburke.miroglu.net"
98.98.197.215 - - [16/Apr/2026:19:38:42 +0300] "POST /xmlrpc.php HTTP/1.1" 200 630 "-" "Mozilla/5.0 (Windows NT 10.0; Win64; x64) AppleWebKit/537.36 (KHTML, like Gecko) Chrome/114.0.0.0 Safari/537.36"
185.216.113.70 - - [16/Apr/2026:19:39:51 +0300] "POST /wp-cron.php?doing_wp_cron=1776357590.7421259880065917968750 HTTP/1.1" 200 448 "-" "WordPress/6.3.8; https://serhatburke.miroglu.net"
45.250.252.181 - - [16/Apr/2026:19:38:49 +0300] "GET /ramses-ii-john-wayne-1-deposit-ports-online-game-totally-free-gamble-opinion-novomatic/ HTTP/1.1" 200 75059 "-" "Mozilla/5.0 (Windows NT 10.0; Win64; x64) AppleWebKit/537.36 (KHTML, like Gecko) Chrome/124.0.0.0 Safari/537.36 Edg/124.0.0.0"
103.219.169.194 - - [16/Apr/2026:19:38:50 +0300] "POST /xmlrpc.php HTTP/1.1" 200 630 "-" "Mozilla/5.0 (Windows NT 10.0; Win64; x64) AppleWebKit/537.36 (KHTML, like Gecko) Chrome/114.0.0.0 Safari/537.36"
103.219.169.194 - - [16/Apr/2026:19:38:55 +0300] "POST /xmlrpc.php HTTP/1.1" 200 11419 "-" "Mozilla/5.0 (Windows NT 10.0; Win64; x64) AppleWebKit/537.36 (KHTML, like Gecko) Chrome/114.0.0.0 Safari/537.36"
179.60.73.179 - - [16/Apr/2026:19:40:02 +0300] "GET / HTTP/1.1" 200 0 "-" "Mozilla/5.0 (Windows NT 10.0; Win64; x64) AppleWebKit/537.36 (KHTML, like Gecko) Chrome/120.0.0.0 Safari/537.36"
98.98.197.215 - - [16/Apr/2026:19:39:25 +0300] "GET /beste-kasino-freispiele-%E3%80%90-2026-%E3%80%91-50-kostenlose-spins-auf-safari-heat-keine-einzahlung-freispiele-blos-einzahlung/ HTTP/1.1" 200 76137 "-" "Mozilla/5.0 (Windows NT 10.0; Win64; x64) AppleWebKit/537.36 (KHTML, like Gecko) Chrome/124.0.0.0 Safari/537.36 Edg/124.0.0.0"
95.25.30.210 - - [16/Apr/2026:19:40:33 +0300] "GET / HTTP/1.1" 200 0 "-" "Mozilla/5.0 (Windows NT 10.0; Win64; x64) AppleWebKit/537.36 (KHTML, like Gecko) Chrome/120.0.0.0 Safari/537.36"
181.42.140.80 - - [16/Apr/2026:19:40:36 +0300] "POST /xmlrpc.php HTTP/2" 200 0 "-" "WordPress/XMLRPC Client"
185.216.113.70 - - [16/Apr/2026:19:41:08 +0300] "POST /wp-cron.php?doing_wp_cron=1776357668.4088530540466308593750 HTTP/1.1" 200 448 "-" "WordPress/6.3.8; https://serhatburke.miroglu.net"
103.219.169.194 - - [16/Apr/2026:19:39:40 +0300] "POST /xmlrpc.php HTTP/1.1" 200 630 "-" "Mozilla/5.0 (Windows NT 10.0; Win64; x64) AppleWebKit/537.36 (KHTML, like Gecko) Chrome/114.0.0.0 Safari/537.36"
45.250.252.181 - - [16/Apr/2026:19:39:38 +0300] "POST /xmlrpc.php HTTP/1.1" 200 12621 "-" "Mozilla/5.0 (Windows NT 10.0; Win64; x64) AppleWebKit/537.36 (KHTML, like Gecko) Chrome/114.0.0.0 Safari/537.36"
185.216.113.70 - - [16/Apr/2026:19:41:17 +0300] "POST /wp-cron.php?doing_wp_cron=1776357677.0877211093902587890625 HTTP/1.1" 200 448 "-" "WordPress/6.3.8; https://serhatburke.miroglu.net"
103.219.169.194 - - [16/Apr/2026:19:40:02 +0300] "POST /xmlrpc.php HTTP/1.1" 200 10715 "-" "Mozilla/5.0 (Windows NT 10.0; Win64; x64) AppleWebKit/537.36 (KHTML, like Gecko) Chrome/114.0.0.0 Safari/537.36"
98.98.197.215 - - [16/Apr/2026:19:39:44 +0300] "POST /xmlrpc.php HTTP/1.1" 200 13734 "-" "Mozilla/5.0 (Windows NT 10.0; Win64; x64) AppleWebKit/537.36 (KHTML, like Gecko) Chrome/114.0.0.0 Safari/537.36"
185.216.113.70 - - [16/Apr/2026:19:41:19 +0300] "POST /wp-cron.php?doing_wp_cron=1776357679.7941730022430419921875 HTTP/1.1" 200 448 "-" "WordPress/6.3.8; https://serhatburke.miroglu.net"
98.98.197.215 - - [16/Apr/2026:19:39:53 +0300] "POST /xmlrpc.php HTTP/1.1" 200 630 "-" "Mozilla/5.0 (Windows NT 10.0; Win64; x64) AppleWebKit/537.36 (KHTML, like Gecko) Chrome/114.0.0.0 Safari/537.36"
185.216.113.70 - - [16/Apr/2026:19:41:26 +0300] "POST /wp-cron.php?doing_wp_cron=1776357686.3919370174407958984375 HTTP/1.1" 200 448 "-" "WordPress/6.3.8; https://serhatburke.miroglu.net"
103.219.169.194 - - [16/Apr/2026:19:40:08 +0300] "GET /netent-casinos-verde-casino-opname-van-bonusaccount-gokkasten-om-nederland/ HTTP/1.1" 200 73105 "-" "Mozilla/5.0 (Windows NT 10.0; Win64; x64; rv:125.0) Gecko/20100101 Firefox/125.0"
185.216.113.70 - - [16/Apr/2026:19:41:29 +0300] "POST /wp-cron.php?doing_wp_cron=1776357689.6954400539398193359375 HTTP/1.1" 200 448 "-" "WordPress/6.3.8; https://serhatburke.miroglu.net"
45.250.252.181 - - [16/Apr/2026:19:40:14 +0300] "POST /xmlrpc.php HTTP/1.1" 200 630 "-" "Mozilla/5.0 (Windows NT 10.0; Win64; x64) AppleWebKit/537.36 (KHTML, like Gecko) Chrome/114.0.0.0 Safari/537.36"
213.87.139.69 - - [16/Apr/2026:19:41:04 +0300] "GET / HTTP/1.1" 200 0 "-" "Mozilla/5.0 (Windows NT 10.0; Win64; x64) AppleWebKit/537.36 (KHTML, like Gecko) Chrome/120.0.0.0 Safari/537.36"
200.95.221.9 - - [16/Apr/2026:19:41:08 +0300] "POST /xmlrpc.php HTTP/2" 200 0 "-" "WordPress/XMLRPC Client"
103.232.219.103 - - [16/Apr/2026:19:41:35 +0300] "GET / HTTP/1.1" 200 0 "-" "Mozilla/5.0 (Windows NT 10.0; Win64; x64) AppleWebKit/537.36 (KHTML, like Gecko) Chrome/120.0.0.0 Safari/537.36"
45.239.123.97 - - [16/Apr/2026:19:41:40 +0300] "POST /xmlrpc.php HTTP/2" 200 0 "-" "WordPress/XMLRPC Client"
185.216.113.70 - - [16/Apr/2026:19:42:24 +0300] "POST /wp-cron.php?doing_wp_cron=1776357743.8906428813934326171875 HTTP/1.1" 200 448 "-" "WordPress/6.3.8; https://serhatburke.miroglu.net"
98.98.197.215 - - [16/Apr/2026:19:41:01 +0300] "POST /xmlrpc.php HTTP/1.1" 200 630 "-" "Mozilla/5.0 (Windows NT 10.0; Win64; x64) AppleWebKit/537.36 (KHTML, like Gecko) Chrome/114.0.0.0 Safari/537.36"
185.216.113.70 - - [16/Apr/2026:19:42:32 +0300] "POST /wp-cron.php?doing_wp_cron=1776357752.0099520683288574218750 HTTP/1.1" 200 448 "-" "WordPress/6.3.8; https://serhatburke.miroglu.net"
103.219.169.194 - - [16/Apr/2026:19:40:32 +0300] "POST /xmlrpc.php HTTP/1.1" 200 630 "-" "Mozilla/5.0 (Windows NT 10.0; Win64; x64) AppleWebKit/537.36 (KHTML, like Gecko) Chrome/114.0.0.0 Safari/537.36"
185.75.224.164 - - [16/Apr/2026:19:42:10 +0300] "POST /xmlrpc.php HTTP/2" 200 0 "-" "WordPress/XMLRPC Client"
185.216.113.70 - - [16/Apr/2026:19:42:45 +0300] "POST /wp-cron.php?doing_wp_cron=1776357765.5892269611358642578125 HTTP/1.1" 200 448 "-" "WordPress/6.3.8; https://serhatburke.miroglu.net"
103.219.169.194 - - [16/Apr/2026:19:41:15 +0300] "POST /xmlrpc.php HTTP/1.1" 200 11155 "-" "Mozilla/5.0 (Windows NT 10.0; Win64; x64) AppleWebKit/537.36 (KHTML, like Gecko) Chrome/114.0.0.0 Safari/537.36"
185.216.113.70 - - [16/Apr/2026:19:42:43 +0300] "POST /wp-cron.php?doing_wp_cron=1776357763.3066260814666748046875 HTTP/1.1" 200 448 "-" "WordPress/6.3.8; https://serhatburke.miroglu.net"
103.219.169.194 - - [16/Apr/2026:19:41:18 +0300] "GET /online-gokhal-slot-online-raging-rhino-top-10-waarschijnlijk-online-speculeren-te-nederland/ HTTP/1.1" 200 73081 "-" "Mozilla/5.0 (Windows NT 10.0; Win64; x64; rv:125.0) Gecko/20100101 Firefox/125.0"
185.216.113.70 - - [16/Apr/2026:19:42:48 +0300] "POST /wp-cron.php?doing_wp_cron=1776357768.1220040321350097656250 HTTP/1.1" 200 448 "-" "WordPress/6.3.8; https://serhatburke.miroglu.net"
66.249.68.133 - - [16/Apr/2026:19:41:00 +0300] "GET /sugar-rush-1000-a-sweet-spin-experience-for-aussie-players/ HTTP/1.1" 200 18090 "-" "Mozilla/5.0 (Linux; Android 6.0.1; Nexus 5X Build/MMB29P) AppleWebKit/537.36 (KHTML, like Gecko) Chrome/146.0.7680.177 Mobile Safari/537.36 (compatible; Googlebot/2.1; +http://www.google.com/bot.html)"
185.216.113.70 - - [16/Apr/2026:19:43:02 +0300] "POST /wp-cron.php?doing_wp_cron=1776357781.6972639560699462890625 HTTP/1.1" 200 448 "-" "WordPress/6.3.8; https://serhatburke.miroglu.net"
66.249.68.131 - - [16/Apr/2026:19:41:01 +0300] "GET /betonred-casino-apostas-mais-menos-e-a-experiencia-para-jogadores-em-portugal/ HTTP/1.1" 500 782 "-" "Mozilla/5.0 (Linux; Android 6.0.1; Nexus 5X Build/MMB29P) AppleWebKit/537.36 (KHTML, like Gecko) Chrome/146.0.7680.177 Mobile Safari/537.36 (compatible; Googlebot/2.1; +http://www.google.com/bot.html)"
45.250.252.181 - - [16/Apr/2026:19:41:15 +0300] "GET /ramses-dos-mobile-odds-of-winning-ramses-book-slot-machine-online-enjoy-free-novomatic/ HTTP/1.1" 200 74421 "-" "Mozilla/5.0 (Windows NT 10.0; Win64; x64) AppleWebKit/537.36 (KHTML, like Gecko) Chrome/124.0.0.0 Safari/537.36 Edg/124.0.0.0"
191.243.183.161 - - [16/Apr/2026:19:42:42 +0300] "POST /xmlrpc.php HTTP/2" 200 0 "-" "WordPress/XMLRPC Client"
98.98.197.215 - - [16/Apr/2026:19:41:20 +0300] "GET /razer-synapse-elend-working-fafafa-online-slot-vvpf/ HTTP/1.1" 200 74972 "-" "Mozilla/5.0 (Windows NT 10.0; rv:109.0) Gecko/20100101 Firefox/115.0"
185.216.113.70 - - [16/Apr/2026:19:43:13 +0300] "POST /wp-cron.php?doing_wp_cron=1776357793.5330231189727783203125 HTTP/1.1" 200 448 "-" "WordPress/6.3.8; https://serhatburke.miroglu.net"
185.216.113.70 - - [16/Apr/2026:19:43:23 +0300] "POST /wp-cron.php?doing_wp_cron=1776357803.4078559875488281250000 HTTP/1.1" 200 448 "-" "WordPress/6.3.8; https://serhatburke.miroglu.net"
103.219.169.194 - - [16/Apr/2026:19:41:25 +0300] "POST /xmlrpc.php HTTP/1.1" 200 630 "-" "Mozilla/5.0 (Windows NT 10.0; Win64; x64) AppleWebKit/537.36 (KHTML, like Gecko) Chrome/114.0.0.0 Safari/537.36"
98.98.197.215 - - [16/Apr/2026:19:41:27 +0300] "POST /xmlrpc.php HTTP/1.1" 500 745 "-" "Mozilla/5.0 (Windows NT 10.0; Win64; x64) AppleWebKit/537.36 (KHTML, like Gecko) Chrome/114.0.0.0 Safari/537.36"
45.250.252.181 - - [16/Apr/2026:19:41:37 +0300] "POST /xmlrpc.php HTTP/1.1" 500 745 "-" "Mozilla/5.0 (Windows NT 10.0; Win64; x64) AppleWebKit/537.36 (KHTML, like Gecko) Chrome/114.0.0.0 Safari/537.36"
45.250.252.181 - - [16/Apr/2026:19:41:49 +0300] "POST /xmlrpc.php HTTP/1.1" 500 745 "-" "Mozilla/5.0 (Windows NT 10.0; Win64; x64) AppleWebKit/537.36 (KHTML, like Gecko) Chrome/114.0.0.0 Safari/537.36"
103.219.169.194 - - [16/Apr/2026:19:42:12 +0300] "POST /xmlrpc.php HTTP/1.1" 500 745 "-" "Mozilla/5.0 (Windows NT 10.0; Win64; x64) AppleWebKit/537.36 (KHTML, like Gecko) Chrome/114.0.0.0 Safari/537.36"
103.219.169.194 - - [16/Apr/2026:19:42:19 +0300] "POST /xmlrpc.php HTTP/1.1" 500 745 "-" "Mozilla/5.0 (Windows NT 10.0; Win64; x64) AppleWebKit/537.36 (KHTML, like Gecko) Chrome/114.0.0.0 Safari/537.36"
103.219.169.211 - - [16/Apr/2026:19:42:28 +0300] "POST /xmlrpc.php HTTP/1.1" 500 745 "-" "Mozilla/5.0 (Windows NT 10.0; Win64; x64) AppleWebKit/537.36 (KHTML, like Gecko) Chrome/114.0.0.0 Safari/537.36"
98.98.197.215 - - [16/Apr/2026:19:42:30 +0300] "POST /xmlrpc.php HTTP/1.1" 500 745 "-" "Mozilla/5.0 (Windows NT 10.0; Win64; x64) AppleWebKit/537.36 (KHTML, like Gecko) Chrome/114.0.0.0 Safari/537.36"
103.219.169.194 - - [16/Apr/2026:19:42:47 +0300] "GET /aristocrat-2026-koi-princess-online-slot-gokhal-spelsoftware-informatie/ HTTP/1.1" 500 745 "-" "Mozilla/5.0 (Windows NT 10.0; Win64; x64) AppleWebKit/537.36 (KHTML, like Gecko) Chrome/123.0.0.0 Safari/537.36"
45.250.252.181 - - [16/Apr/2026:19:42:54 +0300] "POST /xmlrpc.php HTTP/1.1" 500 745 "-" "Mozilla/5.0 (Windows NT 10.0; Win64; x64) AppleWebKit/537.36 (KHTML, like Gecko) Chrome/114.0.0.0 Safari/537.36"
98.98.197.215 - - [16/Apr/2026:19:43:00 +0300] "POST /xmlrpc.php HTTP/1.1" 500 745 "-" "Mozilla/5.0 (Windows NT 10.0; Win64; x64) AppleWebKit/537.36 (KHTML, like Gecko) Chrome/114.0.0.0 Safari/537.36"
103.219.169.194 - - [16/Apr/2026:19:43:05 +0300] "POST /xmlrpc.php HTTP/1.1" 500 745 "-" "Mozilla/5.0 (Windows NT 10.0; Win64; x64) AppleWebKit/537.36 (KHTML, like Gecko) Chrome/114.0.0.0 Safari/537.36"
45.250.252.181 - - [16/Apr/2026:19:43:07 +0300] "POST /xmlrpc.php HTTP/1.1" 500 745 "-" "Mozilla/5.0 (Windows NT 10.0; Win64; x64) AppleWebKit/537.36 (KHTML, like Gecko) Chrome/114.0.0.0 Safari/537.36"
103.219.169.194 - - [16/Apr/2026:19:43:10 +0300] "POST /xmlrpc.php HTTP/1.1" 500 745 "-" "Mozilla/5.0 (Windows NT 10.0; Win64; x64) AppleWebKit/537.36 (KHTML, like Gecko) Chrome/114.0.0.0 Safari/537.36"
185.216.113.70 - - [16/Apr/2026:19:45:12 +0300] "POST /wp-cron.php?doing_wp_cron=1776357912.6212620735168457031250 HTTP/1.1" 200 448 "-" "WordPress/6.3.8; https://serhatburke.miroglu.net"
45.250.252.165 - - [16/Apr/2026:19:43:15 +0300] "POST /xmlrpc.php HTTP/1.1" 200 630 "-" "Mozilla/5.0 (Windows NT 10.0; Win64; x64) AppleWebKit/537.36 (KHTML, like Gecko) Chrome/114.0.0.0 Safari/537.36"
98.98.197.215 - - [16/Apr/2026:19:43:11 +0300] "POST /xmlrpc.php HTTP/1.1" 500 745 "-" "Mozilla/5.0 (Windows NT 10.0; Win64; x64) AppleWebKit/537.36 (KHTML, like Gecko) Chrome/114.0.0.0 Safari/537.36"
66.249.68.131 - - [16/Apr/2026:19:43:13 +0300] "GET /betonred-casino-apostas-mais-menos-e-a-experiencia-para-jogadores-em-portugal/ HTTP/1.1" 500 782 "-" "Mozilla/5.0 (Linux; Android 6.0.1; Nexus 5X Build/MMB29P) AppleWebKit/537.36 (KHTML, like Gecko) Chrome/146.0.7680.177 Mobile Safari/537.36 (compatible; Googlebot/2.1; +http://www.google.com/bot.html)"
66.249.68.131 - - [16/Apr/2026:19:43:19 +0300] "GET /voici-un-titre-unique/ HTTP/1.1" 500 782 "-" "Mozilla/5.0 (Linux; Android 6.0.1; Nexus 5X Build/MMB29P) AppleWebKit/537.36 (KHTML, like Gecko) Chrome/146.0.7680.177 Mobile Safari/537.36 (compatible; Googlebot/2.1; +http://www.google.com/bot.html)"
45.250.252.181 - - [16/Apr/2026:19:43:22 +0300] "POST /xmlrpc.php HTTP/1.1" 500 745 "-" "Mozilla/5.0 (Windows NT 10.0; Win64; x64) AppleWebKit/537.36 (KHTML, like Gecko) Chrome/114.0.0.0 Safari/537.36"
45.250.252.181 - - [16/Apr/2026:19:43:29 +0300] "POST /xmlrpc.php HTTP/1.1" 500 745 "-" "Mozilla/5.0 (Windows NT 10.0; Win64; x64) AppleWebKit/537.36 (KHTML, like Gecko) Chrome/114.0.0.0 Safari/537.36"
185.216.113.70 - - [16/Apr/2026:19:45:36 +0300] "POST /wp-cron.php?doing_wp_cron=1776357936.2077929973602294921875 HTTP/1.1" 200 448 "-" "WordPress/6.3.8; https://serhatburke.miroglu.net"
103.219.169.194 - - [16/Apr/2026:19:43:57 +0300] "POST /xmlrpc.php HTTP/1.1" 500 745 "-" "Mozilla/5.0 (Windows NT 10.0; Win64; x64) AppleWebKit/537.36 (KHTML, like Gecko) Chrome/114.0.0.0 Safari/537.36"
103.219.169.194 - - [16/Apr/2026:19:43:59 +0300] "POST /xmlrpc.php HTTP/1.1" 500 745 "-" "Mozilla/5.0 (Windows NT 10.0; Win64; x64) AppleWebKit/537.36 (KHTML, like Gecko) Chrome/114.0.0.0 Safari/537.36"
185.216.113.70 - - [16/Apr/2026:19:45:34 +0300] "POST /wp-cron.php?doing_wp_cron=1776357934.3449389934539794921875 HTTP/1.1" 200 448 "-" "WordPress/6.3.8; https://serhatburke.miroglu.net"
185.216.113.70 - - [16/Apr/2026:19:45:35 +0300] "POST /wp-cron.php?doing_wp_cron=1776357935.6880500316619873046875 HTTP/1.1" 200 448 "-" "WordPress/6.3.8; https://serhatburke.miroglu.net"
103.219.169.194 - - [16/Apr/2026:19:44:08 +0300] "POST /xmlrpc.php HTTP/1.1" 500 745 "-" "Mozilla/5.0 (Windows NT 10.0; Win64; x64) AppleWebKit/537.36 (KHTML, like Gecko) Chrome/114.0.0.0 Safari/537.36"
103.219.169.211 - - [16/Apr/2026:19:44:08 +0300] "POST /xmlrpc.php HTTP/1.1" 500 745 "-" "Mozilla/5.0 (Windows NT 10.0; Win64; x64) AppleWebKit/537.36 (KHTML, like Gecko) Chrome/114.0.0.0 Safari/537.36"
98.98.197.215 - - [16/Apr/2026:19:44:15 +0300] "POST /xmlrpc.php HTTP/1.1" 500 745 "-" "Mozilla/5.0 (Windows NT 10.0; Win64; x64) AppleWebKit/537.36 (KHTML, like Gecko) Chrome/114.0.0.0 Safari/537.36"
45.250.252.181 - - [16/Apr/2026:19:44:23 +0300] "POST /xmlrpc.php HTTP/1.1" 500 745 "-" "Mozilla/5.0 (Windows NT 10.0; Win64; x64) AppleWebKit/537.36 (KHTML, like Gecko) Chrome/114.0.0.0 Safari/537.36"
103.219.169.194 - - [16/Apr/2026:19:44:27 +0300] "POST /xmlrpc.php HTTP/1.1" 500 745 "-" "Mozilla/5.0 (Windows NT 10.0; Win64; x64) AppleWebKit/537.36 (KHTML, like Gecko) Chrome/114.0.0.0 Safari/537.36"
185.216.113.70 - - [16/Apr/2026:19:46:46 +0300] "POST /wp-cron.php?doing_wp_cron=1776358005.8995409011840820312500 HTTP/1.1" 200 448 "-" "WordPress/6.3.8; https://serhatburke.miroglu.net"
103.219.169.194 - - [16/Apr/2026:19:44:50 +0300] "POST /xmlrpc.php HTTP/1.1" 500 1102 "-" "Mozilla/5.0 (Windows NT 10.0; Win64; x64) AppleWebKit/537.36 (KHTML, like Gecko) Chrome/114.0.0.0 Safari/537.36"
45.250.252.181 - - [16/Apr/2026:19:44:47 +0300] "POST /xmlrpc.php HTTP/1.1" 500 745 "-" "Mozilla/5.0 (Windows NT 10.0; Win64; x64) AppleWebKit/537.36 (KHTML, like Gecko) Chrome/114.0.0.0 Safari/537.36"
103.219.169.194 - - [16/Apr/2026:19:44:50 +0300] "POST /xmlrpc.php HTTP/1.1" 500 745 "-" "Mozilla/5.0 (Windows NT 10.0; Win64; x64) AppleWebKit/537.36 (KHTML, like Gecko) Chrome/114.0.0.0 Safari/537.36"
98.98.197.215 - - [16/Apr/2026:19:44:52 +0300] "GET /?p=114359 HTTP/1.1" 500 745 "-" "Mozilla/5.0 (Windows NT 10.0; Win64; x64; rv:124.0) Gecko/20100101 Firefox/124.0"
45.250.252.165 - - [16/Apr/2026:19:44:54 +0300] "POST /xmlrpc.php HTTP/1.1" 500 745 "-" "Mozilla/5.0 (Windows NT 10.0; Win64; x64) AppleWebKit/537.36 (KHTML, like Gecko) Chrome/114.0.0.0 Safari/537.36"
159.223.131.125 - - [16/Apr/2026:19:46:43 +0300] "POST /graphql HTTP/2" 200 0 "-" "Mozilla/5.0 (X11; Linux x86_64) AppleWebKit/537.36 (KHTML, like Gecko) Chrome/120.0.0.0 Safari/537.36"
185.216.113.70 - - [16/Apr/2026:19:47:02 +0300] "POST /wp-cron.php?doing_wp_cron=1776358022.4028789997100830078125 HTTP/1.1" 200 448 "-" "WordPress/6.3.8; https://serhatburke.miroglu.net"
45.250.252.181 - - [16/Apr/2026:19:45:02 +0300] "GET /?p=114361 HTTP/1.1" 500 745 "-" "Mozilla/5.0 (Windows NT 10.0; Win64; x64) AppleWebKit/537.36 (KHTML, like Gecko) Chrome/123.0.0.0 Safari/537.36 OPR/109.0.0.0"
103.219.169.194 - - [16/Apr/2026:19:45:05 +0300] "POST /xmlrpc.php HTTP/1.1" 500 745 "-" "Mozilla/5.0 (Windows NT 10.0; Win64; x64) AppleWebKit/537.36 (KHTML, like Gecko) Chrome/114.0.0.0 Safari/537.36"
185.216.113.70 - - [16/Apr/2026:19:47:08 +0300] "POST /wp-cron.php?doing_wp_cron=1776358028.5872778892517089843750 HTTP/1.1" 200 448 "-" "WordPress/6.3.8; https://serhatburke.miroglu.net"
66.249.68.131 - - [16/Apr/2026:19:45:21 +0300] "GET /robots.txt HTTP/1.1" 200 719 "-" "Mozilla/5.0 (compatible; Googlebot/2.1; +http://www.google.com/bot.html)"
185.216.113.70 - - [16/Apr/2026:19:47:33 +0300] "POST /wp-cron.php?doing_wp_cron=1776358053.5886380672454833984375 HTTP/1.1" 200 448 "-" "WordPress/6.3.8; https://serhatburke.miroglu.net"
