При поиске доступа к кракену иногда полезно использовать актуальную кракен ссылка зеркало, особенно когда основные онион и тор-адреса недоступны.
На сайте https://kra2at.com можно найти множество полезных ресурсов, связанных с кракен даркнет и его особенностями.
For anyone seeking a secure interface for managing cryptocurrency, the trust wallet stands out as a top choice among users worldwide.
I use the Tronscan explorer to track transactions and analyze smart contracts, and the site https://sites.google.com/uscryptoextension.com/tronscan/ provides clear data.
Developers and analysts often rely on solscan to inspect transactions, monitor token movements, and troubleshoot smart contract interactions on Solana.
Exploring decentralized exchange mechanics on the developer-driven interface at https://sites.google.com/uscryptoextension.com/sushiswap-official-site/ helped me understand core liquidity provision and token swaps.
Exploring decentralized trading options led me to a clear resource at https://sites.google.com/uscryptoextension.com/raydium-swap-official-site/ which explains Raydium swap features and integration steps.
Researchers can consult the detailed project overview at https://sites.google.com/uscryptoextension.com/jup-ag-official-site/ for clear documentation, governance notes, roadmap summaries, and technical references.
I often consult bscscan official when verifying token contracts and transaction histories to ensure accurate on-chain details for research.
After comparing several options, I found the atomic wallet interface intuitive and secure for managing multiple cryptocurrencies on desktop and mobile.
I verified the compatibility of my hardware wallet with Ledger Live and noted installation steps on the page https://sites.google.com/uscryptoextension.com/ledger-live-download-app/ for reference.
Журналист проверял сообщения о безопасности, поэтому осторожно посетил кракен даркнет адрес, сверяя сведения с упоминаниями кракен онион и кракен тор.
Журналисты изучали кракен маркетплейс и обменивались сведениями о рисках, упомянув kraken onion link как важный дополнительный внутренний ориентир.
98.98.9.18 - - [16/Apr/2026:06:27:18 +0300] "POST /xmlrpc.php HTTP/1.1" 200 11989 "-" "Mozilla/5.0 (Windows NT 10.0; Win64; x64) AppleWebKit/537.36 (KHTML, like Gecko) Chrome/114.0.0.0 Safari/537.36"
103.219.169.228 - - [16/Apr/2026:06:27:31 +0300] "GET /king-wheel-of-fortune-1-deposit-cleopatra-earn-of-your-own-nile-ports-real-money-mercantile-place-of-work-gambling-enterprise-golden-sphinx-options-pvt-ltd/ HTTP/1.1" 200 78424 "-" "Mozilla/5.0 (Windows NT 10.0; Win64; x64) AppleWebKit/537.36 (KHTML, like Gecko) Chrome/123.0.0.0 Safari/537.36 OPR/109.0.0.0"
98.98.9.18 - - [16/Apr/2026:06:27:33 +0300] "GET /better-online-casino-bier-haus-casino-slot-australia-bien-au-real-money-casinos-2026/ HTTP/1.1" 200 73497 "-" "Mozilla/5.0 (Windows NT 10.0; Win64; x64) AppleWebKit/537.36 (KHTML, like Gecko) Chrome/123.0.0.0 Safari/537.36"
185.216.113.70 - - [16/Apr/2026:06:28:42 +0300] "POST /wp-cron.php?doing_wp_cron=1776310122.1148700714111328125000 HTTP/1.1" 200 448 "-" "WordPress/6.3.8; https://serhatburke.miroglu.net"
98.98.9.18 - - [16/Apr/2026:06:28:29 +0300] "POST /xmlrpc.php HTTP/1.1" 200 630 "-" "Mozilla/5.0 (Windows NT 10.0; Win64; x64) AppleWebKit/537.36 (KHTML, like Gecko) Chrome/114.0.0.0 Safari/537.36"
17.22.237.37 - - [16/Apr/2026:06:28:37 +0300] "GET /47-greatest-paypal-game-one-shell-out-a-real-income/ HTTP/1.1" 200 22435 "-" "Mozilla/5.0 (Macintosh; Intel Mac OS X 10_15_7) AppleWebKit/605.1.15 (KHTML, like Gecko) Version/17.4 Safari/605.1.15 (Applebot/0.1; +http://www.apple.com/go/applebot)"
98.98.9.18 - - [16/Apr/2026:06:28:49 +0300] "POST /xmlrpc.php HTTP/1.1" 200 12656 "-" "Mozilla/5.0 (Windows NT 10.0; Win64; x64) AppleWebKit/537.36 (KHTML, like Gecko) Chrome/114.0.0.0 Safari/537.36"
103.219.169.228 - - [16/Apr/2026:06:28:52 +0300] "POST /xmlrpc.php HTTP/1.1" 200 630 "-" "Mozilla/5.0 (Windows NT 10.0; Win64; x64) AppleWebKit/537.36 (KHTML, like Gecko) Chrome/114.0.0.0 Safari/537.36"
98.98.9.18 - - [16/Apr/2026:06:29:05 +0300] "GET /greatest-the-newest-online-slots-games-best-online-casino-min-deposit-the-new-online-game-inside-the-legal-us-position-casinos-february/ HTTP/1.1" 200 75550 "-" "Mozilla/5.0 (Windows NT 10.0; rv:109.0) Gecko/20100101 Firefox/115.0"
103.219.169.228 - - [16/Apr/2026:06:29:14 +0300] "POST /xmlrpc.php HTTP/1.1" 200 14665 "-" "Mozilla/5.0 (Windows NT 10.0; Win64; x64) AppleWebKit/537.36 (KHTML, like Gecko) Chrome/114.0.0.0 Safari/537.36"
185.216.113.70 - - [16/Apr/2026:06:29:41 +0300] "POST /wp-cron.php?doing_wp_cron=1776310181.3558850288391113281250 HTTP/1.1" 200 448 "-" "WordPress/6.3.8; https://serhatburke.miroglu.net"
103.219.169.228 - - [16/Apr/2026:06:29:29 +0300] "GET /igt-slots-gamble-igt-slot-how-to-play-pokies-in-india-machines-on-the-internet-for-free/ HTTP/1.1" 200 76464 "-" "Mozilla/5.0 (Windows NT 10.0; Win64; x64) AppleWebKit/537.36 (KHTML, like Gecko) Chrome/122.0.0.0 Safari/537.36"
98.98.9.18 - - [16/Apr/2026:06:30:04 +0300] "POST /xmlrpc.php HTTP/1.1" 200 630 "-" "Mozilla/5.0 (Windows NT 10.0; Win64; x64) AppleWebKit/537.36 (KHTML, like Gecko) Chrome/114.0.0.0 Safari/537.36"
185.216.113.70 - - [16/Apr/2026:06:30:35 +0300] "POST /wp-cron.php?doing_wp_cron=1776310235.4015920162200927734375 HTTP/1.1" 200 448 "-" "WordPress/6.3.8; https://serhatburke.miroglu.net"
98.98.9.18 - - [16/Apr/2026:06:30:23 +0300] "POST /xmlrpc.php HTTP/1.1" 200 12791 "-" "Mozilla/5.0 (Windows NT 10.0; Win64; x64) AppleWebKit/537.36 (KHTML, like Gecko) Chrome/114.0.0.0 Safari/537.36"
98.98.9.18 - - [16/Apr/2026:06:30:37 +0300] "GET /5-amount-swinging-bells-bonus-easy-english-wikipedia-the-brand-new-100-percent-free-encyclopedia/ HTTP/1.1" 200 74636 "-" "Mozilla/5.0 (Windows NT 10.0; Win64; x64) AppleWebKit/537.36 (KHTML, like Gecko) Chrome/109.0.0.0 Safari/537.36"
103.219.169.228 - - [16/Apr/2026:06:30:47 +0300] "POST /xmlrpc.php HTTP/1.1" 200 630 "-" "Mozilla/5.0 (Windows NT 10.0; Win64; x64) AppleWebKit/537.36 (KHTML, like Gecko) Chrome/114.0.0.0 Safari/537.36"
185.216.113.70 - - [16/Apr/2026:06:31:18 +0300] "POST /wp-cron.php?doing_wp_cron=1776310278.8935160636901855468750 HTTP/1.1" 200 448 "-" "WordPress/6.3.8; https://serhatburke.miroglu.net"
103.219.169.228 - - [16/Apr/2026:06:31:06 +0300] "POST /xmlrpc.php HTTP/1.1" 200 13870 "-" "Mozilla/5.0 (Windows NT 10.0; Win64; x64) AppleWebKit/537.36 (KHTML, like Gecko) Chrome/114.0.0.0 Safari/537.36"
103.219.169.228 - - [16/Apr/2026:06:31:20 +0300] "GET /immortal-relationship-position-demo-mrbet-nz-remark/ HTTP/1.1" 200 74489 "-" "Mozilla/5.0 (Windows NT 10.0; Win64; x64) AppleWebKit/537.36 (KHTML, like Gecko) Chrome/109.0.0.0 Safari/537.36"
98.98.9.18 - - [16/Apr/2026:06:31:24 +0300] "POST /xmlrpc.php HTTP/1.1" 200 630 "-" "Mozilla/5.0 (Windows NT 10.0; Win64; x64) AppleWebKit/537.36 (KHTML, like Gecko) Chrome/114.0.0.0 Safari/537.36"
185.216.113.70 - - [16/Apr/2026:06:32:00 +0300] "POST /wp-cron.php?doing_wp_cron=1776310320.2936539649963378906250 HTTP/1.1" 200 448 "-" "WordPress/6.3.8; https://serhatburke.miroglu.net"
98.98.9.18 - - [16/Apr/2026:06:31:47 +0300] "POST /xmlrpc.php HTTP/1.1" 200 11792 "-" "Mozilla/5.0 (Windows NT 10.0; Win64; x64) AppleWebKit/537.36 (KHTML, like Gecko) Chrome/114.0.0.0 Safari/537.36"
98.98.9.18 - - [16/Apr/2026:06:32:02 +0300] "GET /finest-web-based-casinos-in-21-dukes-casino-no-deposit-code-australia-rated-by-advantages-2026/ HTTP/1.1" 200 73827 "-" "Mozilla/5.0 (Windows NT 10.0; rv:109.0) Gecko/20100101 Firefox/115.0"
185.216.113.70 - - [16/Apr/2026:06:32:49 +0300] "POST /wp-cron.php?doing_wp_cron=1776310369.8373119831085205078125 HTTP/1.1" 200 448 "-" "WordPress/6.3.8; https://serhatburke.miroglu.net"
103.219.169.228 - - [16/Apr/2026:06:32:37 +0300] "POST /xmlrpc.php HTTP/1.1" 200 630 "-" "Mozilla/5.0 (Windows NT 10.0; Win64; x64) AppleWebKit/537.36 (KHTML, like Gecko) Chrome/114.0.0.0 Safari/537.36"
98.98.9.18 - - [16/Apr/2026:06:32:44 +0300] "POST /xmlrpc.php HTTP/1.1" 200 630 "-" "Mozilla/5.0 (Windows NT 10.0; Win64; x64) AppleWebKit/537.36 (KHTML, like Gecko) Chrome/114.0.0.0 Safari/537.36"
103.219.169.228 - - [16/Apr/2026:06:32:56 +0300] "POST /xmlrpc.php HTTP/1.1" 200 14397 "-" "Mozilla/5.0 (Windows NT 10.0; Win64; x64) AppleWebKit/537.36 (KHTML, like Gecko) Chrome/114.0.0.0 Safari/537.36"
98.98.9.18 - - [16/Apr/2026:06:33:04 +0300] "POST /xmlrpc.php HTTP/1.1" 200 11919 "-" "Mozilla/5.0 (Windows NT 10.0; Win64; x64) AppleWebKit/537.36 (KHTML, like Gecko) Chrome/114.0.0.0 Safari/537.36"
103.219.169.228 - - [16/Apr/2026:06:33:13 +0300] "GET /happy-zodiac-slot-opinion-detailed-game-play-provides-best-paying-casino-games-rtp-publication/ HTTP/1.1" 200 76240 "-" "Mozilla/5.0 (Windows NT 10.0; Win64; x64) AppleWebKit/537.36 (KHTML, like Gecko) Chrome/123.0.0.0 Safari/537.36 OPR/109.0.0.0"
98.98.9.18 - - [16/Apr/2026:06:33:19 +0300] "GET /finest-web-based-casinos-top-strike-championship-slot-payout-australia-for-real-money-2026/ HTTP/1.1" 200 73468 "-" "Mozilla/5.0 (Windows NT 10.0; Win64; x64) AppleWebKit/537.36 (KHTML, like Gecko) Chrome/123.0.0.0 Safari/537.36 OPR/109.0.0.0"
185.216.113.70 - - [16/Apr/2026:06:34:26 +0300] "POST /wp-cron.php?doing_wp_cron=1776310466.6222989559173583984375 HTTP/1.1" 200 448 "-" "WordPress/6.3.8; https://serhatburke.miroglu.net"
98.98.9.18 - - [16/Apr/2026:06:34:14 +0300] "POST /xmlrpc.php HTTP/1.1" 200 630 "-" "Mozilla/5.0 (Windows NT 10.0; Win64; x64) AppleWebKit/537.36 (KHTML, like Gecko) Chrome/114.0.0.0 Safari/537.36"
103.219.169.228 - - [16/Apr/2026:06:34:23 +0300] "POST /xmlrpc.php HTTP/1.1" 200 630 "-" "Mozilla/5.0 (Windows NT 10.0; Win64; x64) AppleWebKit/537.36 (KHTML, like Gecko) Chrome/114.0.0.0 Safari/537.36"
98.98.9.18 - - [16/Apr/2026:06:34:33 +0300] "POST /xmlrpc.php HTTP/1.1" 200 12458 "-" "Mozilla/5.0 (Windows NT 10.0; Win64; x64) AppleWebKit/537.36 (KHTML, like Gecko) Chrome/114.0.0.0 Safari/537.36"
103.219.169.228 - - [16/Apr/2026:06:34:42 +0300] "POST /xmlrpc.php HTTP/1.1" 200 14397 "-" "Mozilla/5.0 (Windows NT 10.0; Win64; x64) AppleWebKit/537.36 (KHTML, like Gecko) Chrome/114.0.0.0 Safari/537.36"
98.98.9.18 - - [16/Apr/2026:06:34:48 +0300] "GET /best-vera-john-casino-on-the-internet-pokies-australian-continent-the-real-deal-money-january-2026/ HTTP/1.1" 200 74602 "-" "Mozilla/5.0 (Windows NT 10.0; Win64; x64) AppleWebKit/537.36 (KHTML, like Gecko) Chrome/123.0.0.0 Safari/537.36 OPR/109.0.0.0"
103.219.169.228 - - [16/Apr/2026:06:34:56 +0300] "GET /bucks-splash-slot-video-lucky-88-online-slot-game-modern-jackpot-position-online-game-to-love/ HTTP/1.1" 200 75968 "-" "Mozilla/5.0 (Windows NT 10.0; Win64; x64) AppleWebKit/537.36 (KHTML, like Gecko) Chrome/123.0.0.0 Safari/537.36"
185.216.113.70 - - [16/Apr/2026:06:35:49 +0300] "POST /wp-cron.php?doing_wp_cron=1776310549.0971510410308837890625 HTTP/1.1" 200 448 "-" "WordPress/6.3.8; https://serhatburke.miroglu.net"
98.98.9.18 - - [16/Apr/2026:06:35:37 +0300] "POST /xmlrpc.php HTTP/1.1" 200 630 "-" "Mozilla/5.0 (Windows NT 10.0; Win64; x64) AppleWebKit/537.36 (KHTML, like Gecko) Chrome/114.0.0.0 Safari/537.36"
98.98.9.18 - - [16/Apr/2026:06:35:56 +0300] "POST /xmlrpc.php HTTP/1.1" 200 12955 "-" "Mozilla/5.0 (Windows NT 10.0; Win64; x64) AppleWebKit/537.36 (KHTML, like Gecko) Chrome/114.0.0.0 Safari/537.36"
103.219.169.228 - - [16/Apr/2026:06:36:08 +0300] "POST /xmlrpc.php HTTP/1.1" 200 630 "-" "Mozilla/5.0 (Windows NT 10.0; Win64; x64) AppleWebKit/537.36 (KHTML, like Gecko) Chrome/114.0.0.0 Safari/537.36"
98.98.9.18 - - [16/Apr/2026:06:36:10 +0300] "GET /play-5-dragons-on-the-internet-pokie-top-online-casino-300-welcome-bonus-by-the-aristocrat/ HTTP/1.1" 200 74758 "-" "Mozilla/5.0 (Windows NT 10.0; Win64; x64) AppleWebKit/537.36 (KHTML, like Gecko) Chrome/124.0.0.0 Safari/537.36 Edg/124.0.0.0"
185.216.113.70 - - [16/Apr/2026:06:36:39 +0300] "POST /wp-cron.php?doing_wp_cron=1776310599.0303881168365478515625 HTTP/1.1" 200 448 "-" "WordPress/6.3.8; https://serhatburke.miroglu.net"
103.219.169.228 - - [16/Apr/2026:06:36:27 +0300] "POST /xmlrpc.php HTTP/1.1" 200 14135 "-" "Mozilla/5.0 (Windows NT 10.0; Win64; x64) AppleWebKit/537.36 (KHTML, like Gecko) Chrome/114.0.0.0 Safari/537.36"
103.219.169.228 - - [16/Apr/2026:06:36:40 +0300] "GET /pounds-santa-slot-comment-play-totally-free-no-deposit-free-chips-casino-trial-2026/ HTTP/1.1" 200 75525 "-" "Mozilla/5.0 (Windows NT 10.0; Win64; x64; rv:125.0) Gecko/20100101 Firefox/125.0"
98.98.9.18 - - [16/Apr/2026:06:37:06 +0300] "POST /xmlrpc.php HTTP/1.1" 200 630 "-" "Mozilla/5.0 (Windows NT 10.0; Win64; x64) AppleWebKit/537.36 (KHTML, like Gecko) Chrome/114.0.0.0 Safari/537.36"
185.216.113.70 - - [16/Apr/2026:06:37:37 +0300] "POST /wp-cron.php?doing_wp_cron=1776310657.6839590072631835937500 HTTP/1.1" 200 448 "-" "WordPress/6.3.8; https://serhatburke.miroglu.net"
98.98.9.18 - - [16/Apr/2026:06:37:25 +0300] "POST /xmlrpc.php HTTP/1.1" 200 12283 "-" "Mozilla/5.0 (Windows NT 10.0; Win64; x64) AppleWebKit/537.36 (KHTML, like Gecko) Chrome/114.0.0.0 Safari/537.36"
98.98.9.18 - - [16/Apr/2026:06:37:39 +0300] "GET /finest-casinos-on-the-internet-in-australia-february-1-wild-stars-2026/ HTTP/1.1" 200 73576 "-" "Mozilla/5.0 (Windows NT 10.0; rv:125.0) Gecko/20100101 Firefox/125.0"
103.219.169.228 - - [16/Apr/2026:06:37:53 +0300] "POST /xmlrpc.php HTTP/1.1" 200 630 "-" "Mozilla/5.0 (Windows NT 10.0; Win64; x64) AppleWebKit/537.36 (KHTML, like Gecko) Chrome/114.0.0.0 Safari/537.36"
185.216.113.70 - - [16/Apr/2026:06:38:27 +0300] "POST /wp-cron.php?doing_wp_cron=1776310707.4407160282135009765625 HTTP/1.1" 200 448 "-" "WordPress/6.3.8; https://serhatburke.miroglu.net"
103.219.169.228 - - [16/Apr/2026:06:38:12 +0300] "POST /xmlrpc.php HTTP/1.1" 200 13676 "-" "Mozilla/5.0 (Windows NT 10.0; Win64; x64) AppleWebKit/537.36 (KHTML, like Gecko) Chrome/114.0.0.0 Safari/537.36"
17.22.253.139 - - [16/Apr/2026:06:38:29 +0300] "GET /wp-content/themes/toppic/style.css?ver=4.2 HTTP/1.1" 200 23964 "https://serhatburke.miroglu.net/47-greatest-paypal-game-one-shell-out-a-real-income/" "Mozilla/5.0 (Macintosh; Intel Mac OS X 10_15_7) AppleWebKit/605.1.15 (KHTML, like Gecko) Version/17.4 Safari/605.1.15 (Applebot/0.1; +http://www.apple.com/go/applebot)"
17.22.253.94 - - [16/Apr/2026:06:38:31 +0300] "GET /wp-content/themes/toppic/css/default.css?ver=4.2 HTTP/1.1" 200 1951 "https://serhatburke.miroglu.net/47-greatest-paypal-game-one-shell-out-a-real-income/" "Mozilla/5.0 (Macintosh; Intel Mac OS X 10_15_7) AppleWebKit/605.1.15 (KHTML, like Gecko) Version/17.4 Safari/605.1.15 (Applebot/0.1; +http://www.apple.com/go/applebot)"
17.22.253.141 - - [16/Apr/2026:06:38:33 +0300] "GET /wp-includes/css/dist/block-library/style.min.css?ver=6.3.8 HTTP/1.1" 200 14419 "https://serhatburke.miroglu.net/47-greatest-paypal-game-one-shell-out-a-real-income/" "Mozilla/5.0 (Macintosh; Intel Mac OS X 10_15_7) AppleWebKit/605.1.15 (KHTML, like Gecko) Version/17.4 Safari/605.1.15 (Applebot/0.1; +http://www.apple.com/go/applebot)"
17.22.237.145 - - [16/Apr/2026:06:38:35 +0300] "GET /wp-content/themes/toppic/css/fontello.css?ver=4.2 HTTP/1.1" 200 1944 "https://serhatburke.miroglu.net/47-greatest-paypal-game-one-shell-out-a-real-income/" "Mozilla/5.0 (Macintosh; Intel Mac OS X 10_15_7) AppleWebKit/605.1.15 (KHTML, like Gecko) Version/17.4 Safari/605.1.15 (Applebot/0.1; +http://www.apple.com/go/applebot)"
98.98.9.18 - - [16/Apr/2026:06:38:24 +0300] "POST /xmlrpc.php HTTP/1.1" 200 630 "-" "Mozilla/5.0 (Windows NT 10.0; Win64; x64) AppleWebKit/537.36 (KHTML, like Gecko) Chrome/114.0.0.0 Safari/537.36"
17.22.237.233 - - [16/Apr/2026:06:38:37 +0300] "GET /wp-content/plugins/contact-form-7/includes/css/styles.css?ver=5.8 HTTP/1.1" 200 1619 "https://serhatburke.miroglu.net/47-greatest-paypal-game-one-shell-out-a-real-income/" "Mozilla/5.0 (Macintosh; Intel Mac OS X 10_15_7) AppleWebKit/605.1.15 (KHTML, like Gecko) Version/17.4 Safari/605.1.15 (Applebot/0.1; +http://www.apple.com/go/applebot)"
17.22.245.27 - - [16/Apr/2026:06:38:39 +0300] "GET /wp-content/themes/toppic/css/royalslider.css?ver=4.2 HTTP/1.1" 200 2007 "https://serhatburke.miroglu.net/47-greatest-paypal-game-one-shell-out-a-real-income/" "Mozilla/5.0 (Macintosh; Intel Mac OS X 10_15_7) AppleWebKit/605.1.15 (KHTML, like Gecko) Version/17.4 Safari/605.1.15 (Applebot/0.1; +http://www.apple.com/go/applebot)"
17.22.237.169 - - [16/Apr/2026:06:38:41 +0300] "GET /wp-content/themes/toppic/css/reset.css?ver=4.2 HTTP/1.1" 200 1275 "https://serhatburke.miroglu.net/47-greatest-paypal-game-one-shell-out-a-real-income/" "Mozilla/5.0 (Macintosh; Intel Mac OS X 10_15_7) AppleWebKit/605.1.15 (KHTML, like Gecko) Version/17.4 Safari/605.1.15 (Applebot/0.1; +http://www.apple.com/go/applebot)"
17.22.253.141 - - [16/Apr/2026:06:38:43 +0300] "GET /wp-content/themes/toppic/css/lightbox.css?ver=4.2 HTTP/1.1" 200 2937 "https://serhatburke.miroglu.net/47-greatest-paypal-game-one-shell-out-a-real-income/" "Mozilla/5.0 (Macintosh; Intel Mac OS X 10_15_7) AppleWebKit/605.1.15 (KHTML, like Gecko) Version/17.4 Safari/605.1.15 (Applebot/0.1; +http://www.apple.com/go/applebot)"
17.22.253.70 - - [16/Apr/2026:06:38:46 +0300] "GET /wp-content/themes/toppic/css/rs-default.css?ver=4.2 HTTP/1.1" 200 2788 "https://serhatburke.miroglu.net/47-greatest-paypal-game-one-shell-out-a-real-income/" "Mozilla/5.0 (Macintosh; Intel Mac OS X 10_15_7) AppleWebKit/605.1.15 (KHTML, like Gecko) Version/17.4 Safari/605.1.15 (Applebot/0.1; +http://www.apple.com/go/applebot)"
17.22.237.95 - - [16/Apr/2026:06:38:50 +0300] "GET /wp-content/plugins/roses-like-this/likesScript.js?ver=6.3.8 HTTP/1.1" 200 1342 "https://serhatburke.miroglu.net/47-greatest-paypal-game-one-shell-out-a-real-income/" "Mozilla/5.0 (Macintosh; Intel Mac OS X 10_15_7) AppleWebKit/605.1.15 (KHTML, like Gecko) Version/17.4 Safari/605.1.15 (Applebot/0.1; +http://www.apple.com/go/applebot)"
17.22.237.250 - - [16/Apr/2026:06:38:52 +0300] "GET /wp-content/plugins/contact-form-7/includes/swv/js/index.js?ver=5.8 HTTP/1.1" 200 3829 "https://serhatburke.miroglu.net/47-greatest-paypal-game-one-shell-out-a-real-income/" "Mozilla/5.0 (Macintosh; Intel Mac OS X 10_15_7) AppleWebKit/605.1.15 (KHTML, like Gecko) Version/17.4 Safari/605.1.15 (Applebot/0.1; +http://www.apple.com/go/applebot)"
17.22.237.237 - - [16/Apr/2026:06:38:53 +0300] "GET /wp-includes/js/jquery/jquery-migrate.min.js?ver=3.4.1 HTTP/1.1" 200 5500 "https://serhatburke.miroglu.net/47-greatest-paypal-game-one-shell-out-a-real-income/" "Mozilla/5.0 (Macintosh; Intel Mac OS X 10_15_7) AppleWebKit/605.1.15 (KHTML, like Gecko) Version/17.4 Safari/605.1.15 (Applebot/0.1; +http://www.apple.com/go/applebot)"
103.219.169.228 - - [16/Apr/2026:06:38:40 +0300] "GET /jurassic-park-apricot-investments-microgaming-position-casino-rich-100-free-spins-comment/ HTTP/1.1" 200 75491 "-" "Mozilla/5.0 (Windows NT 10.0; Win64; x64) AppleWebKit/537.36 (KHTML, like Gecko) Chrome/123.0.0.0 Safari/537.36"
17.22.253.6 - - [16/Apr/2026:06:38:54 +0300] "GET /wp-content/themes/toppic/js/jquery.parallax.custom.js?ver=4.2 HTTP/1.1" 200 1461 "https://serhatburke.miroglu.net/47-greatest-paypal-game-one-shell-out-a-real-income/" "Mozilla/5.0 (Macintosh; Intel Mac OS X 10_15_7) AppleWebKit/605.1.15 (KHTML, like Gecko) Version/17.4 Safari/605.1.15 (Applebot/0.1; +http://www.apple.com/go/applebot)"
185.216.113.70 - - [16/Apr/2026:06:38:55 +0300] "POST /wp-cron.php?doing_wp_cron=1776310735.4702320098876953125000 HTTP/1.1" 200 448 "-" "WordPress/6.3.8; https://serhatburke.miroglu.net"
98.98.9.18 - - [16/Apr/2026:06:38:43 +0300] "POST /xmlrpc.php HTTP/1.1" 200 12652 "-" "Mozilla/5.0 (Windows NT 10.0; Win64; x64) AppleWebKit/537.36 (KHTML, like Gecko) Chrome/114.0.0.0 Safari/537.36"
17.22.245.37 - - [16/Apr/2026:06:38:56 +0300] "GET /wp-content/plugins/contact-form-7/includes/js/index.js?ver=5.8 HTTP/1.1" 200 4793 "https://serhatburke.miroglu.net/47-greatest-paypal-game-one-shell-out-a-real-income/" "Mozilla/5.0 (Macintosh; Intel Mac OS X 10_15_7) AppleWebKit/605.1.15 (KHTML, like Gecko) Version/17.4 Safari/605.1.15 (Applebot/0.1; +http://www.apple.com/go/applebot)"
17.22.237.24 - - [16/Apr/2026:06:38:58 +0300] "GET /wp-content/themes/toppic/js/jquery.mtree.js?ver=4.2 HTTP/1.1" 200 1622 "https://serhatburke.miroglu.net/47-greatest-paypal-game-one-shell-out-a-real-income/" "Mozilla/5.0 (Macintosh; Intel Mac OS X 10_15_7) AppleWebKit/605.1.15 (KHTML, like Gecko) Version/17.4 Safari/605.1.15 (Applebot/0.1; +http://www.apple.com/go/applebot)"
17.22.237.250 - - [16/Apr/2026:06:39:02 +0300] "GET /wp-content/themes/toppic/js/jquery.transit.min.js?ver=4.2 HTTP/1.1" 200 3205 "https://serhatburke.miroglu.net/47-greatest-paypal-game-one-shell-out-a-real-income/" "Mozilla/5.0 (Macintosh; Intel Mac OS X 10_15_7) AppleWebKit/605.1.15 (KHTML, like Gecko) Version/17.4 Safari/605.1.15 (Applebot/0.1; +http://www.apple.com/go/applebot)"
17.22.253.231 - - [16/Apr/2026:06:39:02 +0300] "GET /wp-content/themes/toppic/js/scrollMonitor.js?ver=4.2 HTTP/1.1" 200 3278 "https://serhatburke.miroglu.net/47-greatest-paypal-game-one-shell-out-a-real-income/" "Mozilla/5.0 (Macintosh; Intel Mac OS X 10_15_7) AppleWebKit/605.1.15 (KHTML, like Gecko) Version/17.4 Safari/605.1.15 (Applebot/0.1; +http://www.apple.com/go/applebot)"
17.22.237.24 - - [16/Apr/2026:06:39:04 +0300] "GET /wp-content/themes/toppic/js/jquery.kenb.js?ver=4.2 HTTP/1.1" 200 1807 "https://serhatburke.miroglu.net/47-greatest-paypal-game-one-shell-out-a-real-income/" "Mozilla/5.0 (Macintosh; Intel Mac OS X 10_15_7) AppleWebKit/605.1.15 (KHTML, like Gecko) Version/17.4 Safari/605.1.15 (Applebot/0.1; +http://www.apple.com/go/applebot)"
17.22.237.216 - - [16/Apr/2026:06:39:08 +0300] "GET /wp-content/themes/toppic/js/jquery.modernizr.custom.js?ver=4.2 HTTP/1.1" 200 3691 "https://serhatburke.miroglu.net/47-greatest-paypal-game-one-shell-out-a-real-income/" "Mozilla/5.0 (Macintosh; Intel Mac OS X 10_15_7) AppleWebKit/605.1.15 (KHTML, like Gecko) Version/17.4 Safari/605.1.15 (Applebot/0.1; +http://www.apple.com/go/applebot)"
17.22.253.80 - - [16/Apr/2026:06:39:10 +0300] "GET /wp-content/themes/toppic/js/jquery.touchswipe.js?ver=4.2 HTTP/1.1" 200 5522 "https://serhatburke.miroglu.net/47-greatest-paypal-game-one-shell-out-a-real-income/" "Mozilla/5.0 (Macintosh; Intel Mac OS X 10_15_7) AppleWebKit/605.1.15 (KHTML, like Gecko) Version/17.4 Safari/605.1.15 (Applebot/0.1; +http://www.apple.com/go/applebot)"
17.22.237.86 - - [16/Apr/2026:06:39:11 +0300] "GET /wp-content/themes/toppic/js/jquery.tipsy.js?ver=4.2 HTTP/1.1" 200 1579 "https://serhatburke.miroglu.net/47-greatest-paypal-game-one-shell-out-a-real-income/" "Mozilla/5.0 (Macintosh; Intel Mac OS X 10_15_7) AppleWebKit/605.1.15 (KHTML, like Gecko) Version/17.4 Safari/605.1.15 (Applebot/0.1; +http://www.apple.com/go/applebot)"
98.98.9.18 - - [16/Apr/2026:06:38:57 +0300] "GET /gamble-avalon-position-opinion-play-trial-100-percent-casino-grey-eagle-no-deposit-bonus-free-spins/ HTTP/1.1" 200 74622 "-" "Mozilla/5.0 (Windows NT 10.0; Win64; x64; rv:125.0) Gecko/20100101 Firefox/125.0"
17.22.253.231 - - [16/Apr/2026:06:39:12 +0300] "GET /wp-content/themes/toppic/js/jquery.custom.js?ver=4.2 HTTP/1.1" 200 9046 "https://serhatburke.miroglu.net/47-greatest-paypal-game-one-shell-out-a-real-income/" "Mozilla/5.0 (Macintosh; Intel Mac OS X 10_15_7) AppleWebKit/605.1.15 (KHTML, like Gecko) Version/17.4 Safari/605.1.15 (Applebot/0.1; +http://www.apple.com/go/applebot)"
17.22.237.55 - - [16/Apr/2026:06:39:15 +0300] "GET /wp-content/themes/toppic/js/jquery.magnific-popup.min.js?ver=4.2 HTTP/1.1" 200 8226 "https://serhatburke.miroglu.net/47-greatest-paypal-game-one-shell-out-a-real-income/" "Mozilla/5.0 (Macintosh; Intel Mac OS X 10_15_7) AppleWebKit/605.1.15 (KHTML, like Gecko) Version/17.4 Safari/605.1.15 (Applebot/0.1; +http://www.apple.com/go/applebot)"
17.22.237.216 - - [16/Apr/2026:06:39:18 +0300] "GET /wp-content/plugins/google-analytics-for-wordpress/assets/js/frontend-gtag.min.js?ver=10.1.2 HTTP/1.1" 200 3735 "https://serhatburke.miroglu.net/47-greatest-paypal-game-one-shell-out-a-real-income/" "Mozilla/5.0 (Macintosh; Intel Mac OS X 10_15_7) AppleWebKit/605.1.15 (KHTML, like Gecko) Version/17.4 Safari/605.1.15 (Applebot/0.1; +http://www.apple.com/go/applebot)"
17.22.245.43 - - [16/Apr/2026:06:39:19 +0300] "GET /wp-content/themes/toppic/js/lazysizes.min.js?ver=4.2 HTTP/1.1" 200 3944 "https://serhatburke.miroglu.net/47-greatest-paypal-game-one-shell-out-a-real-income/" "Mozilla/5.0 (Macintosh; Intel Mac OS X 10_15_7) AppleWebKit/605.1.15 (KHTML, like Gecko) Version/17.4 Safari/605.1.15 (Applebot/0.1; +http://www.apple.com/go/applebot)"
185.216.113.70 - - [16/Apr/2026:06:39:49 +0300] "POST /wp-cron.php?doing_wp_cron=1776310789.5399899482727050781250 HTTP/1.1" 200 448 "-" "WordPress/6.3.8; https://serhatburke.miroglu.net"
103.219.169.228 - - [16/Apr/2026:06:39:38 +0300] "POST /xmlrpc.php HTTP/1.1" 200 630 "-" "Mozilla/5.0 (Windows NT 10.0; Win64; x64) AppleWebKit/537.36 (KHTML, like Gecko) Chrome/114.0.0.0 Safari/537.36"
103.219.169.228 - - [16/Apr/2026:06:39:56 +0300] "POST /xmlrpc.php HTTP/1.1" 200 14670 "-" "Mozilla/5.0 (Windows NT 10.0; Win64; x64) AppleWebKit/537.36 (KHTML, like Gecko) Chrome/114.0.0.0 Safari/537.36"
98.98.9.18 - - [16/Apr/2026:06:39:56 +0300] "POST /xmlrpc.php HTTP/1.1" 200 630 "-" "Mozilla/5.0 (Windows NT 10.0; Win64; x64) AppleWebKit/537.36 (KHTML, like Gecko) Chrome/114.0.0.0 Safari/537.36"
103.219.169.228 - - [16/Apr/2026:06:40:12 +0300] "GET /cat-casino-wildblaster-slots-twins-slots-comment-gamble-so-it-internet-casino-game/ HTTP/1.1" 200 76090 "-" "Mozilla/5.0 (Windows NT 10.0; Win64; x64) AppleWebKit/537.36 (KHTML, like Gecko) Chrome/124.0.0.0 Safari/537.36"
98.98.9.18 - - [16/Apr/2026:06:40:18 +0300] "POST /xmlrpc.php HTTP/1.1" 200 12807 "-" "Mozilla/5.0 (Windows NT 10.0; Win64; x64) AppleWebKit/537.36 (KHTML, like Gecko) Chrome/114.0.0.0 Safari/537.36"
185.216.113.70 - - [16/Apr/2026:06:40:44 +0300] "POST /wp-cron.php?doing_wp_cron=1776310844.0526969432830810546875 HTTP/1.1" 200 448 "-" "WordPress/6.3.8; https://serhatburke.miroglu.net"
98.98.9.18 - - [16/Apr/2026:06:40:32 +0300] "GET /5-dragons-casino-10-first-deposit-bonus-on-the-internet-pokies-opinion-enjoy-five-dragons-on-line-bien-au/ HTTP/1.1" 200 74872 "-" "Mozilla/5.0 (Windows NT 10.0; rv:109.0) Gecko/20100101 Firefox/115.0"
103.219.169.228 - - [16/Apr/2026:06:40:55 +0300] "POST /xmlrpc.php HTTP/1.1" 200 630 "-" "Mozilla/5.0 (Windows NT 10.0; Win64; x64) AppleWebKit/537.36 (KHTML, like Gecko) Chrome/114.0.0.0 Safari/537.36"
185.216.113.70 - - [16/Apr/2026:06:41:26 +0300] "POST /wp-cron.php?doing_wp_cron=1776310886.0207600593566894531250 HTTP/1.1" 200 448 "-" "WordPress/6.3.8; https://serhatburke.miroglu.net"
103.219.169.228 - - [16/Apr/2026:06:41:13 +0300] "POST /xmlrpc.php HTTP/1.1" 200 14201 "-" "Mozilla/5.0 (Windows NT 10.0; Win64; x64) AppleWebKit/537.36 (KHTML, like Gecko) Chrome/114.0.0.0 Safari/537.36"
98.98.9.18 - - [16/Apr/2026:06:41:17 +0300] "POST /xmlrpc.php HTTP/1.1" 200 630 "-" "Mozilla/5.0 (Windows NT 10.0; Win64; x64) AppleWebKit/537.36 (KHTML, like Gecko) Chrome/114.0.0.0 Safari/537.36"
103.219.169.228 - - [16/Apr/2026:06:41:27 +0300] "GET /dnd-5e-slot-sites-with-extra-chilli-possibility-to-strike-calculator-on-the-web/ HTTP/1.1" 200 75444 "-" "Mozilla/5.0 (Windows NT 10.0; Win64; x64) AppleWebKit/537.36 (KHTML, like Gecko) Chrome/122.0.0.0 Safari/537.36"
98.98.9.18 - - [16/Apr/2026:06:41:37 +0300] "POST /xmlrpc.php HTTP/1.1" 200 11968 "-" "Mozilla/5.0 (Windows NT 10.0; Win64; x64) AppleWebKit/537.36 (KHTML, like Gecko) Chrome/114.0.0.0 Safari/537.36"
98.98.9.18 - - [16/Apr/2026:06:41:52 +0300] "GET /aztec-wide-unicorn-grove-slot-range-casino-850-acceptance-bonus/ HTTP/1.1" 200 73149 "-" "Mozilla/5.0 (Windows NT 10.0; Win64; x64) AppleWebKit/537.36 (KHTML, like Gecko) Chrome/123.0.0.0 Safari/537.36"
103.219.169.228 - - [16/Apr/2026:06:42:19 +0300] "POST /xmlrpc.php HTTP/1.1" 200 630 "-" "Mozilla/5.0 (Windows NT 10.0; Win64; x64) AppleWebKit/537.36 (KHTML, like Gecko) Chrome/114.0.0.0 Safari/537.36"
185.216.113.70 - - [16/Apr/2026:06:42:41 +0300] "POST /wp-cron.php?doing_wp_cron=1776310961.1191270351409912109375 HTTP/1.1" 200 448 "-" "WordPress/6.3.8; https://serhatburke.miroglu.net"
45.170.89.104 - - [16/Apr/2026:06:42:28 +0300] "GET / HTTP/1.1" 200 19137 "-" "Mozilla/5.0 (Windows NT 10.0; Win64; x64) AppleWebKit/537.36 (KHTML, like Gecko) Chrome/120.0.0.0 Safari/537.36"
98.98.9.18 - - [16/Apr/2026:06:42:37 +0300] "POST /xmlrpc.php HTTP/1.1" 200 630 "-" "Mozilla/5.0 (Windows NT 10.0; Win64; x64) AppleWebKit/537.36 (KHTML, like Gecko) Chrome/114.0.0.0 Safari/537.36"
103.219.169.228 - - [16/Apr/2026:06:42:39 +0300] "POST /xmlrpc.php HTTP/1.1" 200 14051 "-" "Mozilla/5.0 (Windows NT 10.0; Win64; x64) AppleWebKit/537.36 (KHTML, like Gecko) Chrome/114.0.0.0 Safari/537.36"
45.170.89.104 - - [16/Apr/2026:06:42:47 +0300] "POST / HTTP/1.1" 200 19137 "-" "Mozilla/5.0 (Windows NT 10.0; Win64; x64) AppleWebKit/537.36 (KHTML, like Gecko) Chrome/120.0.0.0 Safari/537.36"
45.170.89.104 - - [16/Apr/2026:06:43:08 +0300] "POST /wp-content/index.php HTTP/1.1" 200 355 "-" "Mozilla/5.0 (Windows NT 10.0; Win64; x64) AppleWebKit/537.36 (KHTML, like Gecko) Chrome/120.0.0.0 Safari/537.36"
103.219.169.228 - - [16/Apr/2026:06:43:01 +0300] "GET /eye-away-from-horus-megaways-position-opinion-free-demo-mr-bet-android-download-gamble-2026/ HTTP/1.1" 200 75597 "-" "Mozilla/5.0 (Windows NT 10.0; Win64; x64; rv:124.0) Gecko/20100101 Firefox/124.0"
98.98.9.18 - - [16/Apr/2026:06:43:02 +0300] "POST /xmlrpc.php HTTP/1.1" 200 12363 "-" "Mozilla/5.0 (Windows NT 10.0; Win64; x64) AppleWebKit/537.36 (KHTML, like Gecko) Chrome/114.0.0.0 Safari/537.36"
66.249.73.15 - - [16/Apr/2026:06:43:04 +0300] "GET /no-title/ HTTP/1.1" 200 19088 "-" "Mozilla/5.0 (Linux; Android 6.0.1; Nexus 5X Build/MMB29P) AppleWebKit/537.36 (KHTML, like Gecko) Chrome/146.0.7680.177 Mobile Safari/537.36 (compatible; Googlebot/2.1; +http://www.google.com/bot.html)"
45.170.89.104 - - [16/Apr/2026:06:43:10 +0300] "POST /wp-cache.php HTTP/1.1" 404 15764 "-" "Mozilla/5.0 (Windows NT 10.0; Win64; x64) AppleWebKit/537.36 (KHTML, like Gecko) Chrome/120.0.0.0 Safari/537.36"
98.98.9.18 - - [16/Apr/2026:06:43:25 +0300] "GET /treasures-away-from-aztec-position-from-the-pg-soft-rtp-96-71-play-for-deposit-10-get-100-mobile-casino-totally-free/ HTTP/1.1" 200 74673 "-" "Mozilla/5.0 (Windows NT 10.0; Win64; x64) AppleWebKit/537.36 (KHTML, like Gecko) Chrome/123.0.0.0 Safari/537.36"
185.216.113.70 - - [16/Apr/2026:06:43:43 +0300] "POST /wp-cron.php?doing_wp_cron=1776311023.0950999259948730468750 HTTP/1.1" 200 448 "-" "WordPress/6.3.8; https://serhatburke.miroglu.net"
45.170.89.104 - - [16/Apr/2026:06:43:30 +0300] "POST /wp-includes/css/wp-cache.php HTTP/1.1" 404 15761 "-" "Mozilla/5.0 (Windows NT 10.0; Win64; x64) AppleWebKit/537.36 (KHTML, like Gecko) Chrome/120.0.0.0 Safari/537.36"
45.170.89.104 - - [16/Apr/2026:06:43:45 +0300] "POST /wp-includes/theme-compat/wp-cache.php HTTP/1.1" 404 15777 "-" "Mozilla/5.0 (Windows NT 10.0; Win64; x64) AppleWebKit/537.36 (KHTML, like Gecko) Chrome/120.0.0.0 Safari/537.36"
103.219.169.228 - - [16/Apr/2026:06:43:49 +0300] "POST /xmlrpc.php HTTP/1.1" 200 630 "-" "Mozilla/5.0 (Windows NT 10.0; Win64; x64) AppleWebKit/537.36 (KHTML, like Gecko) Chrome/114.0.0.0 Safari/537.36"
45.170.89.104 - - [16/Apr/2026:06:44:04 +0300] "POST /wp-admin/admin-ajax.php?action=sm_ping HTTP/1.1" 400 1108 "-" "Mozilla/5.0 (Windows NT 10.0; Win64; x64) AppleWebKit/537.36 (KHTML, like Gecko) Chrome/120.0.0.0 Safari/537.36"
185.216.113.70 - - [16/Apr/2026:06:44:24 +0300] "POST /wp-cron.php?doing_wp_cron=1776311064.0669190883636474609375 HTTP/1.1" 200 448 "-" "WordPress/6.3.8; https://serhatburke.miroglu.net"
103.219.169.228 - - [16/Apr/2026:06:44:11 +0300] "POST /xmlrpc.php HTTP/1.1" 200 13006 "-" "Mozilla/5.0 (Windows NT 10.0; Win64; x64) AppleWebKit/537.36 (KHTML, like Gecko) Chrome/114.0.0.0 Safari/537.36"
45.170.89.104 - - [16/Apr/2026:06:44:18 +0300] "POST /wp-admin/admin-ajax.php?action=hnpt_ping HTTP/1.1" 400 887 "-" "Mozilla/5.0 (Windows NT 10.0; Win64; x64) AppleWebKit/537.36 (KHTML, like Gecko) Chrome/120.0.0.0 Safari/537.36"
103.219.169.228 - - [16/Apr/2026:06:44:25 +0300] "GET /gaming-horoscope-now-are-now-my-lucky-day-to-casino-boku-help-you-enjoy/ HTTP/1.1" 200 74500 "-" "Mozilla/5.0 (Windows NT 10.0; Win64; x64) AppleWebKit/537.36 (KHTML, like Gecko) Chrome/122.0.0.0 Safari/537.36"
185.216.113.70 - - [16/Apr/2026:06:45:23 +0300] "POST /wp-cron.php?doing_wp_cron=1776311123.4260969161987304687500 HTTP/1.1" 200 448 "-" "WordPress/6.3.8; https://serhatburke.miroglu.net"
103.219.169.228 - - [16/Apr/2026:06:45:11 +0300] "POST /xmlrpc.php HTTP/1.1" 200 630 "-" "Mozilla/5.0 (Windows NT 10.0; Win64; x64) AppleWebKit/537.36 (KHTML, like Gecko) Chrome/114.0.0.0 Safari/537.36"
103.219.169.228 - - [16/Apr/2026:06:45:30 +0300] "POST /xmlrpc.php HTTP/1.1" 200 13278 "-" "Mozilla/5.0 (Windows NT 10.0; Win64; x64) AppleWebKit/537.36 (KHTML, like Gecko) Chrome/114.0.0.0 Safari/537.36"
185.216.113.70 - - [16/Apr/2026:06:45:57 +0300] "POST /wp-cron.php?doing_wp_cron=1776311157.0527470111846923828125 HTTP/1.1" 200 448 "-" "WordPress/6.3.8; https://serhatburke.miroglu.net"
103.219.169.228 - - [16/Apr/2026:06:45:44 +0300] "GET /southern-area-park-slot-machine-100-percent-free-play-review-during-the-casino-crazy-fox-withdrawal-keytocasino/ HTTP/1.1" 200 75294 "-" "Mozilla/5.0 (Windows NT 10.0; Win64; x64) AppleWebKit/537.36 (KHTML, like Gecko) Chrome/124.0.0.0 Safari/537.36"
185.216.113.70 - - [16/Apr/2026:06:46:46 +0300] "POST /wp-cron.php?doing_wp_cron=1776311206.1684479713439941406250 HTTP/1.1" 200 448 "-" "WordPress/6.3.8; https://serhatburke.miroglu.net"
103.219.169.228 - - [16/Apr/2026:06:46:34 +0300] "POST /xmlrpc.php HTTP/1.1" 200 630 "-" "Mozilla/5.0 (Windows NT 10.0; Win64; x64) AppleWebKit/537.36 (KHTML, like Gecko) Chrome/114.0.0.0 Safari/537.36"
103.219.169.228 - - [16/Apr/2026:06:46:52 +0300] "POST /xmlrpc.php HTTP/1.1" 200 14188 "-" "Mozilla/5.0 (Windows NT 10.0; Win64; x64) AppleWebKit/537.36 (KHTML, like Gecko) Chrome/114.0.0.0 Safari/537.36"
103.219.169.228 - - [16/Apr/2026:06:47:06 +0300] "GET /gamble-wolverine-position-investigate-comment-play-for-fun-otherwise-a-real-tomb-raider-real-money-income/ HTTP/1.1" 200 76459 "-" "Mozilla/5.0 (Windows NT 10.0; Win64; x64) AppleWebKit/537.36 (KHTML, like Gecko) Chrome/124.0.0.0 Safari/537.36"
185.216.113.70 - - [16/Apr/2026:06:48:06 +0300] "POST /wp-cron.php?doing_wp_cron=1776311286.4418330192565917968750 HTTP/1.1" 200 448 "-" "WordPress/6.3.8; https://serhatburke.miroglu.net"
103.219.169.228 - - [16/Apr/2026:06:47:54 +0300] "POST /xmlrpc.php HTTP/1.1" 200 630 "-" "Mozilla/5.0 (Windows NT 10.0; Win64; x64) AppleWebKit/537.36 (KHTML, like Gecko) Chrome/114.0.0.0 Safari/537.36"
103.219.169.228 - - [16/Apr/2026:06:48:13 +0300] "POST /xmlrpc.php HTTP/1.1" 200 13648 "-" "Mozilla/5.0 (Windows NT 10.0; Win64; x64) AppleWebKit/537.36 (KHTML, like Gecko) Chrome/114.0.0.0 Safari/537.36"
185.216.113.70 - - [16/Apr/2026:06:48:40 +0300] "POST /wp-cron.php?doing_wp_cron=1776311320.1002020835876464843750 HTTP/1.1" 200 448 "-" "WordPress/6.3.8; https://serhatburke.miroglu.net"
103.219.169.228 - - [16/Apr/2026:06:48:27 +0300] "GET /online-slots-games-best-totally-free-demo-game-in-the-no-deposit-60-free-spins-2026/ HTTP/1.1" 200 75115 "-" "Mozilla/5.0 (Windows NT 10.0; rv:125.0) Gecko/20100101 Firefox/125.0"
98.98.9.27 - - [16/Apr/2026:06:48:49 +0300] "POST /xmlrpc.php HTTP/1.1" 200 630 "-" "Mozilla/5.0 (Windows NT 10.0; Win64; x64) AppleWebKit/537.36 (KHTML, like Gecko) Chrome/114.0.0.0 Safari/537.36"
98.98.9.27 - - [16/Apr/2026:06:49:08 +0300] "POST /xmlrpc.php HTTP/1.1" 200 12931 "-" "Mozilla/5.0 (Windows NT 10.0; Win64; x64) AppleWebKit/537.36 (KHTML, like Gecko) Chrome/114.0.0.0 Safari/537.36"
103.219.169.228 - - [16/Apr/2026:06:49:12 +0300] "POST /xmlrpc.php HTTP/1.1" 200 630 "-" "Mozilla/5.0 (Windows NT 10.0; Win64; x64) AppleWebKit/537.36 (KHTML, like Gecko) Chrome/114.0.0.0 Safari/537.36"
98.98.9.27 - - [16/Apr/2026:06:49:25 +0300] "GET /better-casinos-on-the-internet-inside-canada-greatest-gambling-establishment-internet-sites-that-casino-bejeweled-2-have-real-cash-and-you-may-license/ HTTP/1.1" 200 76241 "-" "Mozilla/5.0 (Windows NT 10.0; Win64; x64) AppleWebKit/537.36 (KHTML, like Gecko) Chrome/109.0.0.0 Safari/537.36"
185.216.113.70 - - [16/Apr/2026:06:49:45 +0300] "POST /wp-cron.php?doing_wp_cron=1776311385.4452409744262695312500 HTTP/1.1" 200 448 "-" "WordPress/6.3.8; https://serhatburke.miroglu.net"
103.219.169.228 - - [16/Apr/2026:06:49:32 +0300] "POST /xmlrpc.php HTTP/1.1" 200 14055 "-" "Mozilla/5.0 (Windows NT 10.0; Win64; x64) AppleWebKit/537.36 (KHTML, like Gecko) Chrome/114.0.0.0 Safari/537.36"
103.219.169.228 - - [16/Apr/2026:06:49:46 +0300] "GET /play-reel-spinner-casino-slot-games-da-vinci-120-free-spins-totally-free-or-real-cash/ HTTP/1.1" 200 75569 "-" "Mozilla/5.0 (Windows NT 10.0; rv:109.0) Gecko/20100101 Firefox/115.0"
185.216.113.70 - - [16/Apr/2026:06:50:47 +0300] "POST /wp-cron.php?doing_wp_cron=1776311447.7547760009765625000000 HTTP/1.1" 200 448 "-" "WordPress/6.3.8; https://serhatburke.miroglu.net"
103.219.169.228 - - [16/Apr/2026:06:50:35 +0300] "POST /xmlrpc.php HTTP/1.1" 200 630 "-" "Mozilla/5.0 (Windows NT 10.0; Win64; x64) AppleWebKit/537.36 (KHTML, like Gecko) Chrome/114.0.0.0 Safari/537.36"
98.98.9.18 - - [16/Apr/2026:06:50:39 +0300] "POST /xmlrpc.php HTTP/1.1" 200 630 "-" "Mozilla/5.0 (Windows NT 10.0; Win64; x64) AppleWebKit/537.36 (KHTML, like Gecko) Chrome/114.0.0.0 Safari/537.36"
103.219.169.228 - - [16/Apr/2026:06:50:54 +0300] "POST /xmlrpc.php HTTP/1.1" 200 14580 "-" "Mozilla/5.0 (Windows NT 10.0; Win64; x64) AppleWebKit/537.36 (KHTML, like Gecko) Chrome/114.0.0.0 Safari/537.36"
98.98.9.18 - - [16/Apr/2026:06:50:58 +0300] "POST /xmlrpc.php HTTP/1.1" 200 12562 "-" "Mozilla/5.0 (Windows NT 10.0; Win64; x64) AppleWebKit/537.36 (KHTML, like Gecko) Chrome/114.0.0.0 Safari/537.36"
103.219.169.228 - - [16/Apr/2026:06:51:10 +0300] "GET /gamble-progression-mobile-ports-house-of-fun-slot-free-spins-raging-rhino-on-line/ HTTP/1.1" 200 76067 "-" "Mozilla/5.0 (Windows NT 10.0; Win64; x64; rv:124.0) Gecko/20100101 Firefox/124.0"
98.98.9.18 - - [16/Apr/2026:06:51:14 +0300] "GET /2024-400-deposit-bonus-casino/ HTTP/1.1" 200 72717 "-" "Mozilla/5.0 (Windows NT 10.0; Win64; x64) AppleWebKit/537.36 (KHTML, like Gecko) Chrome/123.0.0.0 Safari/537.36"
185.216.113.70 - - [16/Apr/2026:06:52:09 +0300] "POST /wp-cron.php?doing_wp_cron=1776311529.2913789749145507812500 HTTP/1.1" 200 448 "-" "WordPress/6.3.8; https://serhatburke.miroglu.net"
103.219.169.228 - - [16/Apr/2026:06:51:56 +0300] "POST /xmlrpc.php HTTP/1.1" 200 630 "-" "Mozilla/5.0 (Windows NT 10.0; Win64; x64) AppleWebKit/537.36 (KHTML, like Gecko) Chrome/114.0.0.0 Safari/537.36"
103.219.169.228 - - [16/Apr/2026:06:52:16 +0300] "POST /xmlrpc.php HTTP/1.1" 200 13750 "-" "Mozilla/5.0 (Windows NT 10.0; Win64; x64) AppleWebKit/537.36 (KHTML, like Gecko) Chrome/114.0.0.0 Safari/537.36"
185.216.113.70 - - [16/Apr/2026:06:52:41 +0300] "POST /wp-cron.php?doing_wp_cron=1776311561.1848390102386474609375 HTTP/1.1" 200 448 "-" "WordPress/6.3.8; https://serhatburke.miroglu.net"
103.219.169.228 - - [16/Apr/2026:06:52:29 +0300] "GET /totally-free-online-casino-1-minimum-deposit-ports-that-have-added-bonus-from-the-gambino-social-gambling-establishment/ HTTP/1.1" 200 76083 "-" "Mozilla/5.0 (Windows NT 10.0; Win64; x64) AppleWebKit/537.36 (KHTML, like Gecko) Chrome/123.0.0.0 Safari/537.36"
103.219.169.228 - - [16/Apr/2026:06:53:17 +0300] "POST /xmlrpc.php HTTP/1.1" 200 630 "-" "Mozilla/5.0 (Windows NT 10.0; Win64; x64) AppleWebKit/537.36 (KHTML, like Gecko) Chrome/114.0.0.0 Safari/537.36"
185.216.113.70 - - [16/Apr/2026:06:53:49 +0300] "POST /wp-cron.php?doing_wp_cron=1776311629.8478980064392089843750 HTTP/1.1" 200 448 "-" "WordPress/6.3.8; https://serhatburke.miroglu.net"
103.219.169.228 - - [16/Apr/2026:06:53:36 +0300] "POST /xmlrpc.php HTTP/1.1" 200 13864 "-" "Mozilla/5.0 (Windows NT 10.0; Win64; x64) AppleWebKit/537.36 (KHTML, like Gecko) Chrome/114.0.0.0 Safari/537.36"
103.219.169.228 - - [16/Apr/2026:06:53:51 +0300] "GET /zeus-game-2026-a-knowledgeable-within-slot-spiderman-the-wms-slots/ HTTP/1.1" 200 74883 "-" "Mozilla/5.0 (Windows NT 10.0; rv:125.0) Gecko/20100101 Firefox/125.0"
103.219.169.228 - - [16/Apr/2026:06:54:31 +0300] "POST /xmlrpc.php HTTP/1.1" 200 630 "-" "Mozilla/5.0 (Windows NT 10.0; Win64; x64) AppleWebKit/537.36 (KHTML, like Gecko) Chrome/114.0.0.0 Safari/537.36"
185.216.113.70 - - [16/Apr/2026:06:55:02 +0300] "POST /wp-cron.php?doing_wp_cron=1776311702.9140350818634033203125 HTTP/1.1" 200 448 "-" "WordPress/6.3.8; https://serhatburke.miroglu.net"
103.219.169.228 - - [16/Apr/2026:06:54:50 +0300] "POST /xmlrpc.php HTTP/1.1" 200 13112 "-" "Mozilla/5.0 (Windows NT 10.0; Win64; x64) AppleWebKit/537.36 (KHTML, like Gecko) Chrome/114.0.0.0 Safari/537.36"
98.98.9.18 - - [16/Apr/2026:06:55:03 +0300] "POST /xmlrpc.php HTTP/1.1" 200 630 "-" "Mozilla/5.0 (Windows NT 10.0; Win64; x64) AppleWebKit/537.36 (KHTML, like Gecko) Chrome/114.0.0.0 Safari/537.36"
103.219.169.228 - - [16/Apr/2026:06:55:04 +0300] "GET /ports-vendor-scratchcards-casino-cruise-withdrawal-quick-victory-video-game/ HTTP/1.1" 200 74524 "-" "Mozilla/5.0 (Windows NT 10.0; Win64; x64; rv:124.0) Gecko/20100101 Firefox/124.0"
185.216.113.70 - - [16/Apr/2026:06:55:41 +0300] "POST /wp-cron.php?doing_wp_cron=1776311740.9829061031341552734375 HTTP/1.1" 200 448 "-" "WordPress/6.3.8; https://serhatburke.miroglu.net"
98.98.9.18 - - [16/Apr/2026:06:55:28 +0300] "POST /xmlrpc.php HTTP/1.1" 200 12606 "-" "Mozilla/5.0 (Windows NT 10.0; Win64; x64) AppleWebKit/537.36 (KHTML, like Gecko) Chrome/114.0.0.0 Safari/537.36"
98.98.9.18 - - [16/Apr/2026:06:55:42 +0300] "GET /pub-pub-black-sheep-5-all-ways-hot-fruits-casino-reel-ports-15-range-20-100-percent-free-spins-999x-multiplier/ HTTP/1.1" 200 74928 "-" "Mozilla/5.0 (Windows NT 10.0; Win64; x64) AppleWebKit/537.36 (KHTML, like Gecko) Chrome/124.0.0.0 Safari/537.36 Edg/124.0.0.0"
103.219.169.228 - - [16/Apr/2026:06:55:53 +0300] "POST /xmlrpc.php HTTP/1.1" 200 630 "-" "Mozilla/5.0 (Windows NT 10.0; Win64; x64) AppleWebKit/537.36 (KHTML, like Gecko) Chrome/114.0.0.0 Safari/537.36"
185.216.113.70 - - [16/Apr/2026:06:56:23 +0300] "POST /wp-cron.php?doing_wp_cron=1776311783.8389949798583984375000 HTTP/1.1" 200 448 "-" "WordPress/6.3.8; https://serhatburke.miroglu.net"
103.219.169.228 - - [16/Apr/2026:06:56:11 +0300] "POST /xmlrpc.php HTTP/1.1" 200 14806 "-" "Mozilla/5.0 (Windows NT 10.0; Win64; x64) AppleWebKit/537.36 (KHTML, like Gecko) Chrome/114.0.0.0 Safari/537.36"
103.219.169.228 - - [16/Apr/2026:06:56:25 +0300] "GET /free-online-ports-thunderstruck-no-download-no-registration-enjoy-2400-casino-slot-games-no-down-load/ HTTP/1.1" 200 76764 "-" "Mozilla/5.0 (Windows NT 10.0; rv:125.0) Gecko/20100101 Firefox/125.0"
185.216.113.70 - - [16/Apr/2026:06:57:16 +0300] "POST /wp-cron.php?doing_wp_cron=1776311836.9090619087219238281250 HTTP/1.1" 200 448 "-" "WordPress/6.3.8; https://serhatburke.miroglu.net"
98.98.9.18 - - [16/Apr/2026:06:57:04 +0300] "POST /xmlrpc.php HTTP/1.1" 200 630 "-" "Mozilla/5.0 (Windows NT 10.0; Win64; x64) AppleWebKit/537.36 (KHTML, like Gecko) Chrome/114.0.0.0 Safari/537.36"
103.219.169.228 - - [16/Apr/2026:06:57:09 +0300] "POST /xmlrpc.php HTTP/1.1" 200 630 "-" "Mozilla/5.0 (Windows NT 10.0; Win64; x64) AppleWebKit/537.36 (KHTML, like Gecko) Chrome/114.0.0.0 Safari/537.36"
98.98.9.18 - - [16/Apr/2026:06:57:23 +0300] "POST /xmlrpc.php HTTP/1.1" 200 11864 "-" "Mozilla/5.0 (Windows NT 10.0; Win64; x64) AppleWebKit/537.36 (KHTML, like Gecko) Chrome/114.0.0.0 Safari/537.36"
103.219.169.228 - - [16/Apr/2026:06:57:28 +0300] "POST /xmlrpc.php HTTP/1.1" 200 13703 "-" "Mozilla/5.0 (Windows NT 10.0; Win64; x64) AppleWebKit/537.36 (KHTML, like Gecko) Chrome/114.0.0.0 Safari/537.36"
185.216.113.70 - - [16/Apr/2026:06:57:50 +0300] "POST /wp-cron.php?doing_wp_cron=1776311870.6547040939331054687500 HTTP/1.1" 200 448 "-" "WordPress/6.3.8; https://serhatburke.miroglu.net"
98.98.9.18 - - [16/Apr/2026:06:57:38 +0300] "GET /baseball-1-can-2-can-slot-jackpot-celebs-wager-free-internet-games/ HTTP/1.1" 200 72996 "-" "Mozilla/5.0 (Windows NT 10.0; Win64; x64) AppleWebKit/537.36 (KHTML, like Gecko) Chrome/122.0.0.0 Safari/537.36"
103.219.169.228 - - [16/Apr/2026:06:57:42 +0300] "GET /alaskan-fishing-slot-free-demonstration-opinion-thunderstruck-ii-slot-2026/ HTTP/1.1" 200 74974 "-" "Mozilla/5.0 (Windows NT 10.0; rv:125.0) Gecko/20100101 Firefox/125.0"
98.98.9.27 - - [16/Apr/2026:06:57:49 +0300] "POST /xmlrpc.php HTTP/1.1" 200 630 "-" "Mozilla/5.0 (Windows NT 10.0; Win64; x64) AppleWebKit/537.36 (KHTML, like Gecko) Chrome/114.0.0.0 Safari/537.36"
98.98.9.27 - - [16/Apr/2026:06:58:10 +0300] "POST /xmlrpc.php HTTP/1.1" 200 13315 "-" "Mozilla/5.0 (Windows NT 10.0; Win64; x64) AppleWebKit/537.36 (KHTML, like Gecko) Chrome/114.0.0.0 Safari/537.36"
98.98.9.27 - - [16/Apr/2026:06:58:24 +0300] "GET /indian-convinced-pokie-because-of-the-pokieslab-mercantile-pompeii-big-win-place-of-work-solutions-pvt-ltd/ HTTP/1.1" 200 75607 "-" "Mozilla/5.0 (Windows NT 10.0; Win64; x64) AppleWebKit/537.36 (KHTML, like Gecko) Chrome/123.0.0.0 Safari/537.36"
185.216.113.70 - - [16/Apr/2026:06:58:39 +0300] "POST /wp-cron.php?doing_wp_cron=1776311919.3800299167633056640625 HTTP/1.1" 200 448 "-" "WordPress/6.3.8; https://serhatburke.miroglu.net"
103.219.169.228 - - [16/Apr/2026:06:58:26 +0300] "POST /xmlrpc.php HTTP/1.1" 200 630 "-" "Mozilla/5.0 (Windows NT 10.0; Win64; x64) AppleWebKit/537.36 (KHTML, like Gecko) Chrome/114.0.0.0 Safari/537.36"
103.219.169.228 - - [16/Apr/2026:06:58:46 +0300] "POST /xmlrpc.php HTTP/1.1" 200 13839 "-" "Mozilla/5.0 (Windows NT 10.0; Win64; x64) AppleWebKit/537.36 (KHTML, like Gecko) Chrome/114.0.0.0 Safari/537.36"
98.98.9.18 - - [16/Apr/2026:06:58:52 +0300] "POST /xmlrpc.php HTTP/1.1" 200 630 "-" "Mozilla/5.0 (Windows NT 10.0; Win64; x64) AppleWebKit/537.36 (KHTML, like Gecko) Chrome/114.0.0.0 Safari/537.36"
103.219.169.228 - - [16/Apr/2026:06:59:00 +0300] "GET /lightning-hook-pokie-on-line-real-slot-jumpin-jalapenos-cash-australia/ HTTP/1.1" 200 75000 "-" "Mozilla/5.0 (Windows NT 10.0; Win64; x64) AppleWebKit/537.36 (KHTML, like Gecko) Chrome/124.0.0.0 Safari/537.36 Edg/124.0.0.0"
185.216.113.70 - - [16/Apr/2026:06:59:24 +0300] "POST /wp-cron.php?doing_wp_cron=1776311964.0160861015319824218750 HTTP/1.1" 200 448 "-" "WordPress/6.3.8; https://serhatburke.miroglu.net"
98.98.9.18 - - [16/Apr/2026:06:59:11 +0300] "POST /xmlrpc.php HTTP/1.1" 200 11756 "-" "Mozilla/5.0 (Windows NT 10.0; Win64; x64) AppleWebKit/537.36 (KHTML, like Gecko) Chrome/114.0.0.0 Safari/537.36"
98.98.9.18 - - [16/Apr/2026:06:59:25 +0300] "GET /our-very-own-directory-of-best-united-kingdom-5-deposit-bingo-websites-tasty-win-5-deposit-within-the-2026/ HTTP/1.1" 200 73983 "-" "Mozilla/5.0 (Windows NT 10.0; Win64; x64) AppleWebKit/537.36 (KHTML, like Gecko) Chrome/123.0.0.0 Safari/537.36"
103.219.169.228 - - [16/Apr/2026:06:59:40 +0300] "POST /xmlrpc.php HTTP/1.1" 200 630 "-" "Mozilla/5.0 (Windows NT 10.0; Win64; x64) AppleWebKit/537.36 (KHTML, like Gecko) Chrome/114.0.0.0 Safari/537.36"
185.216.113.70 - - [16/Apr/2026:07:00:12 +0300] "POST /wp-cron.php?doing_wp_cron=1776312012.2390708923339843750000 HTTP/1.1" 200 448 "-" "WordPress/6.3.8; https://serhatburke.miroglu.net"
103.219.169.228 - - [16/Apr/2026:06:59:59 +0300] "POST /xmlrpc.php HTTP/1.1" 200 14460 "-" "Mozilla/5.0 (Windows NT 10.0; Win64; x64) AppleWebKit/537.36 (KHTML, like Gecko) Chrome/114.0.0.0 Safari/537.36"
103.219.169.228 - - [16/Apr/2026:07:00:14 +0300] "GET /gonzos-journey-casino-500-free-spins-no-deposit-position-review-2026-have-fun-with-the-100-percent-free-trial/ HTTP/1.1" 200 76714 "-" "Mozilla/5.0 (Windows NT 10.0; Win64; x64) AppleWebKit/537.36 (KHTML, like Gecko) Chrome/122.0.0.0 Safari/537.36"
98.98.9.18 - - [16/Apr/2026:07:00:36 +0300] "POST /xmlrpc.php HTTP/1.1" 200 630 "-" "Mozilla/5.0 (Windows NT 10.0; Win64; x64) AppleWebKit/537.36 (KHTML, like Gecko) Chrome/114.0.0.0 Safari/537.36"
185.216.113.70 - - [16/Apr/2026:07:01:08 +0300] "POST /wp-cron.php?doing_wp_cron=1776312067.9955289363861083984375 HTTP/1.1" 200 448 "-" "WordPress/6.3.8; https://serhatburke.miroglu.net"
98.98.9.18 - - [16/Apr/2026:07:00:55 +0300] "POST /xmlrpc.php HTTP/1.1" 200 12929 "-" "Mozilla/5.0 (Windows NT 10.0; Win64; x64) AppleWebKit/537.36 (KHTML, like Gecko) Chrome/114.0.0.0 Safari/537.36"
103.219.169.228 - - [16/Apr/2026:07:00:56 +0300] "POST /xmlrpc.php HTTP/1.1" 200 630 "-" "Mozilla/5.0 (Windows NT 10.0; Win64; x64) AppleWebKit/537.36 (KHTML, like Gecko) Chrome/114.0.0.0 Safari/537.36"
98.98.9.18 - - [16/Apr/2026:07:01:10 +0300] "GET /5-dragons-position-have-fun-casino-wealth-of-monkeys-with-on-line-casino-mobile-the-newest-demo-function-form-of-on-the-internet-costa-rica/ HTTP/1.1" 200 75879 "-" "Mozilla/5.0 (Windows NT 10.0; Win64; x64) AppleWebKit/537.36 (KHTML, like Gecko) Chrome/123.0.0.0 Safari/537.36 OPR/109.0.0.0"
103.219.169.228 - - [16/Apr/2026:07:01:15 +0300] "POST /xmlrpc.php HTTP/1.1" 200 13091 "-" "Mozilla/5.0 (Windows NT 10.0; Win64; x64) AppleWebKit/537.36 (KHTML, like Gecko) Chrome/114.0.0.0 Safari/537.36"
185.216.113.70 - - [16/Apr/2026:07:01:44 +0300] "POST /wp-cron.php?doing_wp_cron=1776312104.5452170372009277343750 HTTP/1.1" 200 448 "-" "WordPress/6.3.8; https://serhatburke.miroglu.net"
103.219.169.228 - - [16/Apr/2026:07:01:32 +0300] "GET /free-online-slots-enjoy-5000-100-ninja-magic-offers-percent-free-slot-game-instantaneously/ HTTP/1.1" 200 74944 "-" "Mozilla/5.0 (Windows NT 10.0; Win64; x64) AppleWebKit/537.36 (KHTML, like Gecko) Chrome/123.0.0.0 Safari/537.36 OPR/109.0.0.0"
