185.216.113.70 - - [17/Apr/2026:04:38:37 +0300] "POST /wp-cron.php?doing_wp_cron=1776389917.0835149288177490234375 HTTP/1.1" 200 448 "-" "WordPress/6.3.8; https://serhatburke.miroglu.net"
98.98.9.58 - - [17/Apr/2026:04:37:31 +0300] "POST /xmlrpc.php HTTP/1.1" 200 11271 "-" "Mozilla/5.0 (Windows NT 10.0; Win64; x64) AppleWebKit/537.36 (KHTML, like Gecko) Chrome/114.0.0.0 Safari/537.36"
185.216.113.70 - - [17/Apr/2026:04:39:09 +0300] "POST /wp-cron.php?doing_wp_cron=1776389948.7813251018524169921875 HTTP/1.1" 200 448 "-" "WordPress/6.3.8; https://serhatburke.miroglu.net"
185.216.113.70 - - [17/Apr/2026:04:39:10 +0300] "POST /wp-cron.php?doing_wp_cron=1776389949.8762910366058349609375 HTTP/1.1" 200 448 "-" "WordPress/6.3.8; https://serhatburke.miroglu.net"
165.73.240.122 - - [17/Apr/2026:04:37:49 +0300] "POST /xmlrpc.php HTTP/1.1" 200 861 "-" "Mozilla/5.0 (Windows NT 10.0; Win64; x64) AppleWebKit/537.36 (KHTML, like Gecko) Chrome/114.0.0.0 Safari/537.36"
165.73.240.122 - - [17/Apr/2026:04:37:48 +0300] "GET /traktandum-10-kasino-aquatica-online-slot-volte-comparison/ HTTP/1.1" 200 76256 "-" "Mozilla/5.0 (Windows NT 10.0; Win64; x64) AppleWebKit/537.36 (KHTML, like Gecko) Chrome/124.0.0.0 Safari/537.36 Edg/124.0.0.0"
185.216.113.70 - - [17/Apr/2026:04:39:14 +0300] "POST /wp-cron.php?doing_wp_cron=1776389954.6871619224548339843750 HTTP/1.1" 200 448 "-" "WordPress/6.3.8; https://serhatburke.miroglu.net"
62.12.118.35 - - [17/Apr/2026:04:38:00 +0300] "GET /243-implies-slot-machine-night-wolves-online-free-spins-bonus/ HTTP/1.1" 200 74165 "-" "Mozilla/5.0 (Windows NT 10.0; Win64; x64) AppleWebKit/537.36 (KHTML, like Gecko) Chrome/122.0.0.0 Safari/537.36"
185.216.113.70 - - [17/Apr/2026:04:39:23 +0300] "POST /wp-cron.php?doing_wp_cron=1776389963.3867480754852294921875 HTTP/1.1" 200 448 "-" "WordPress/6.3.8; https://serhatburke.miroglu.net"
185.122.170.173 - - [17/Apr/2026:04:37:48 +0300] "GET /wp-admin/ HTTP/1.1" 200 13011 "https://serhatburke.miroglu.net/wp-login.php" "Mozilla/5.0 (Windows NT 6.3; Win64; x64) AppleWebKit/537.36 (KHTML, like Gecko) Chrome/103.0.0.0 Safari/537.36"
185.216.113.70 - - [17/Apr/2026:04:39:27 +0300] "POST /wp-cron.php?doing_wp_cron=1776389967.7879469394683837890625 HTTP/1.1" 200 448 "-" "WordPress/6.3.8; https://serhatburke.miroglu.net"
62.12.118.35 - - [17/Apr/2026:04:38:13 +0300] "POST /xmlrpc.php HTTP/1.1" 200 861 "-" "Mozilla/5.0 (Windows NT 10.0; Win64; x64) AppleWebKit/537.36 (KHTML, like Gecko) Chrome/114.0.0.0 Safari/537.36"
185.216.113.70 - - [17/Apr/2026:04:39:31 +0300] "POST /wp-cron.php?doing_wp_cron=1776389971.7704679965972900390625 HTTP/1.1" 200 448 "-" "WordPress/6.3.8; https://serhatburke.miroglu.net"
98.98.9.58 - - [17/Apr/2026:04:38:14 +0300] "POST /xmlrpc.php HTTP/1.1" 500 1102 "-" "Mozilla/5.0 (Windows NT 10.0; Win64; x64) AppleWebKit/537.36 (KHTML, like Gecko) Chrome/114.0.0.0 Safari/537.36"
185.216.113.70 - - [17/Apr/2026:04:39:42 +0300] "POST /wp-cron.php?doing_wp_cron=1776389982.0013380050659179687500 HTTP/1.1" 200 448 "-" "WordPress/6.3.8; https://serhatburke.miroglu.net"
103.219.169.167 - - [17/Apr/2026:04:38:23 +0300] "POST /xmlrpc.php HTTP/1.1" 200 17085 "-" "Mozilla/5.0 (Windows NT 10.0; Win64; x64) AppleWebKit/537.36 (KHTML, like Gecko) Chrome/114.0.0.0 Safari/537.36"
185.216.113.70 - - [17/Apr/2026:04:39:54 +0300] "POST /wp-cron.php?doing_wp_cron=1776389994.6818809509277343750000 HTTP/1.1" 200 448 "-" "WordPress/6.3.8; https://serhatburke.miroglu.net"
98.98.9.58 - - [17/Apr/2026:04:38:40 +0300] "GET /%E0%A6%B8%E0%A6%BF%E0%A6%B2%E0%A7%87%E0%A6%9F%E0%A7%87%E0%A6%B0-%E0%A6%AF%E0%A7%87%E0%A6%B8%E0%A6%AC-%E0%A6%8F%E0%A6%B2%E0%A6%BE%E0%A6%95%E0%A6%BE%E0%A6%AF%E0%A6%BC-%E0%A6%B6%E0%A6%A8%E0%A6%BF/ HTTP/1.1" 200 109454 "-" "Mozilla/5.0 (Windows NT 10.0; Win64; x64; rv:125.0) Gecko/20100101 Firefox/125.0"
185.216.113.70 - - [17/Apr/2026:04:40:27 +0300] "POST /wp-cron.php?doing_wp_cron=1776390027.1957280635833740234375 HTTP/1.1" 200 448 "-" "WordPress/6.3.8; https://serhatburke.miroglu.net"
185.216.113.70 - - [17/Apr/2026:04:40:27 +0300] "POST /wp-cron.php?doing_wp_cron=1776390027.6750009059906005859375 HTTP/1.1" 200 448 "-" "WordPress/6.3.8; https://serhatburke.miroglu.net"
17.246.19.14 - - [17/Apr/2026:04:39:14 +0300] "GET /wurfeln-erreichbar-500-juicy-fruits-slot-jackpot-virtueller-wurfel/ HTTP/1.1" 200 22300 "-" "Mozilla/5.0 (Macintosh; Intel Mac OS X 10_15_7) AppleWebKit/605.1.15 (KHTML, like Gecko) Version/17.4 Safari/605.1.15 (Applebot/0.1; +http://www.apple.com/go/applebot)"
191.102.167.13 - - [17/Apr/2026:04:39:20 +0300] "GET /wp-admin/ HTTP/1.1" 200 215949 "https://serhatburke.miroglu.net/wp-login.php" "Mozilla/5.0 (Windows NT 6.3; Win64; x64) AppleWebKit/537.36 (KHTML, like Gecko) Chrome/103.0.0.0 Safari/537.36"
185.216.113.70 - - [17/Apr/2026:04:40:50 +0300] "POST /wp-cron.php?doing_wp_cron=1776390050.7815699577331542968750 HTTP/1.1" 200 448 "-" "WordPress/6.3.8; https://serhatburke.miroglu.net"
103.219.169.167 - - [17/Apr/2026:04:39:44 +0300] "GET /entdecke-eye-of-horus-gratis-blos-anmeldung-so-spielst-respons-25-kostenlose-casino-jurassic-jackpot-spins-keine-einzahlung-ohne-opportunitat/ HTTP/1.1" 200 80441 "-" "Mozilla/5.0 (Windows NT 10.0; Win64; x64) AppleWebKit/537.36 (KHTML, like Gecko) Chrome/122.0.0.0 Safari/537.36"
185.216.113.70 - - [17/Apr/2026:04:41:12 +0300] "POST /wp-cron.php?doing_wp_cron=1776390071.9798851013183593750000 HTTP/1.1" 200 448 "-" "WordPress/6.3.8; https://serhatburke.miroglu.net"
159.223.61.53 - - [17/Apr/2026:04:40:24 +0300] "GET /casino-online-skrill-prelievo-veloce/ HTTP/1.1" 200 18092 "https://serhatburke.miroglu.net/" "Mozilla/5.0 (Windows NT 10.0; Win64; x64) AppleWebKit/537.36 (KHTML, like Gecko) Chrome/144.0.0.0 Safari/537.36 OPR/128.0.0.0"
191.102.167.13 - - [17/Apr/2026:04:40:32 +0300] "GET /wp-admin/edit-tags.php?taxonomy=gallery-type&post_type=gallery HTTP/1.1" 200 283000 "https://serhatburke.miroglu.net/wp-admin/" "Mozilla/5.0 (Windows NT 6.3; Win64; x64) AppleWebKit/537.36 (KHTML, like Gecko) Chrome/103.0.0.0 Safari/537.36"
191.102.167.13 - - [17/Apr/2026:04:41:19 +0300] "GET /wp-admin/load-styles.php?c=1&dir=ltr&load%5Bchunk_0%5D=dashicons,admin-bar,common,forms,admin-menu,dashboard,list-tables,edit,revisions,media,themes,about,nav-menus,wp-pointer,widgets&load%5Bchunk_1%5D=,site-icon,l10n,buttons,wp-auth-check&ver=6.3.8 HTTP/1.1" 200 102076 "https://serhatburke.miroglu.net/wp-admin/edit-tags.php?taxonomy=gallery-type&post_type=gallery" "Mozilla/5.0 (Windows NT 10.0; Win64; x64) AppleWebKit/537.36 (KHTML, like Gecko) Chrome/145.0.0.0 Safari/537.36"
185.216.113.70 - - [17/Apr/2026:04:40:30 +0300] "POST /wp-admin/admin-ajax.php?action=as_async_request_queue_runner&nonce=e6c12f7b27 HTTP/1.1" 200 924 "-" "WordPress/6.3.8; https://serhatburke.miroglu.net"
191.102.167.13 - - [17/Apr/2026:04:41:21 +0300] "GET /wp-content/plugins/all-in-one-seo-pack/dist/Lite/assets/css/index.f13cbef6.css?ver=4.4.4 HTTP/1.1" 200 4311 "https://serhatburke.miroglu.net/wp-admin/edit-tags.php?taxonomy=gallery-type&post_type=gallery" "Mozilla/5.0 (Windows NT 10.0; Win64; x64) AppleWebKit/537.36 (KHTML, like Gecko) Chrome/145.0.0.0 Safari/537.36"
191.102.167.13 - - [17/Apr/2026:04:41:23 +0300] "GET /wp-content/plugins/all-in-one-seo-pack/dist/Lite/assets/css/App.4ec331f1.css?ver=4.4.4 HTTP/1.1" 200 10203 "https://serhatburke.miroglu.net/wp-admin/edit-tags.php?taxonomy=gallery-type&post_type=gallery" "Mozilla/5.0 (Windows NT 10.0; Win64; x64) AppleWebKit/537.36 (KHTML, like Gecko) Chrome/145.0.0.0 Safari/537.36"
159.223.61.53 - - [17/Apr/2026:04:40:55 +0300] "GET /casino-online-skrill-prelievo-veloce/ HTTP/1.1" 200 18194 "https://serhatburke.miroglu.net/" "Mozilla/5.0 (Windows NT 10.0; Win64; x64) AppleWebKit/537.36 (KHTML, like Gecko) Chrome/144.0.0.0 Safari/537.36 OPR/128.0.0.0"
191.102.167.13 - - [17/Apr/2026:04:41:25 +0300] "GET /wp-content/plugins/all-in-one-seo-pack/dist/Lite/assets/css/main.354fe50d.css?ver=4.4.4 HTTP/1.1" 200 2746 "https://serhatburke.miroglu.net/wp-admin/edit-tags.php?taxonomy=gallery-type&post_type=gallery" "Mozilla/5.0 (Windows NT 10.0; Win64; x64) AppleWebKit/537.36 (KHTML, like Gecko) Chrome/145.0.0.0 Safari/537.36"
191.102.167.13 - - [17/Apr/2026:04:41:26 +0300] "GET /wp-content/plugins/all-in-one-seo-pack/dist/Lite/assets/css/Row.d88b2bb9.css?ver=4.4.4 HTTP/1.1" 200 2619 "https://serhatburke.miroglu.net/wp-admin/edit-tags.php?taxonomy=gallery-type&post_type=gallery" "Mozilla/5.0 (Windows NT 10.0; Win64; x64) AppleWebKit/537.36 (KHTML, like Gecko) Chrome/145.0.0.0 Safari/537.36"
191.102.167.13 - - [17/Apr/2026:04:41:28 +0300] "GET /wp-content/plugins/all-in-one-seo-pack/dist/Lite/assets/css/Index.05ebc121.css?ver=4.4.4 HTTP/1.1" 200 1762 "https://serhatburke.miroglu.net/wp-admin/edit-tags.php?taxonomy=gallery-type&post_type=gallery" "Mozilla/5.0 (Windows NT 10.0; Win64; x64) AppleWebKit/537.36 (KHTML, like Gecko) Chrome/145.0.0.0 Safari/537.36"
191.102.167.13 - - [17/Apr/2026:04:41:30 +0300] "GET /wp-content/plugins/all-in-one-seo-pack/dist/Lite/assets/css/Index.518f837a.css?ver=4.4.4 HTTP/1.1" 200 1468 "https://serhatburke.miroglu.net/wp-admin/edit-tags.php?taxonomy=gallery-type&post_type=gallery" "Mozilla/5.0 (Windows NT 10.0; Win64; x64) AppleWebKit/537.36 (KHTML, like Gecko) Chrome/145.0.0.0 Safari/537.36"
191.102.167.13 - - [17/Apr/2026:04:41:31 +0300] "GET /wp-content/plugins/all-in-one-seo-pack/dist/Lite/assets/css/Caret.82e4ef18.css?ver=4.4.4 HTTP/1.1" 200 1570 "https://serhatburke.miroglu.net/wp-admin/edit-tags.php?taxonomy=gallery-type&post_type=gallery" "Mozilla/5.0 (Windows NT 10.0; Win64; x64) AppleWebKit/537.36 (KHTML, like Gecko) Chrome/145.0.0.0 Safari/537.36"
191.102.167.13 - - [17/Apr/2026:04:41:33 +0300] "GET /wp-content/plugins/all-in-one-seo-pack/dist/Lite/assets/css/SettingsRow.b9fdc14f.css?ver=4.4.4 HTTP/1.1" 200 1045 "https://serhatburke.miroglu.net/wp-admin/edit-tags.php?taxonomy=gallery-type&post_type=gallery" "Mozilla/5.0 (Windows NT 10.0; Win64; x64) AppleWebKit/537.36 (KHTML, like Gecko) Chrome/145.0.0.0 Safari/537.36"
191.102.167.13 - - [17/Apr/2026:04:41:39 +0300] "GET /wp-content/plugins/all-in-one-seo-pack/dist/Lite/assets/css/Phone.85a95941.css?ver=4.4.4 HTTP/1.1" 200 4163 "https://serhatburke.miroglu.net/wp-admin/edit-tags.php?taxonomy=gallery-type&post_type=gallery" "Mozilla/5.0 (Windows NT 10.0; Win64; x64) AppleWebKit/537.36 (KHTML, like Gecko) Chrome/145.0.0.0 Safari/537.36"
191.102.167.13 - - [17/Apr/2026:04:41:41 +0300] "GET /wp-content/plugins/all-in-one-seo-pack/dist/Lite/assets/css/Tabs.ec7cb519.css?ver=4.4.4 HTTP/1.1" 200 2132 "https://serhatburke.miroglu.net/wp-admin/edit-tags.php?taxonomy=gallery-type&post_type=gallery" "Mozilla/5.0 (Windows NT 10.0; Win64; x64) AppleWebKit/537.36 (KHTML, like Gecko) Chrome/145.0.0.0 Safari/537.36"
185.216.113.70 - - [17/Apr/2026:04:41:42 +0300] "POST /wp-cron.php?doing_wp_cron=1776390102.1611239910125732421875 HTTP/1.1" 200 448 "-" "WordPress/6.3.8; https://serhatburke.miroglu.net"
159.223.61.53 - - [17/Apr/2026:04:41:30 +0300] "GET /wp-login.php?action=register HTTP/1.1" 302 702 "https://serhatburke.miroglu.net/casino-online-skrill-prelievo-veloce/" "Mozilla/5.0 (Windows NT 6.3; Win64; x64) AppleWebKit/537.36 (KHTML, like Gecko) Chrome/103.0.0.0 Safari/537.36"
191.102.167.13 - - [17/Apr/2026:04:41:44 +0300] "GET /wp-content/plugins/all-in-one-seo-pack/dist/Lite/assets/css/Checkbox.46c4f4db.css?ver=4.4.4 HTTP/1.1" 200 1137 "https://serhatburke.miroglu.net/wp-admin/edit-tags.php?taxonomy=gallery-type&post_type=gallery" "Mozilla/5.0 (Windows NT 10.0; Win64; x64) AppleWebKit/537.36 (KHTML, like Gecko) Chrome/145.0.0.0 Safari/537.36"
191.102.167.13 - - [17/Apr/2026:04:41:46 +0300] "GET /wp-content/plugins/all-in-one-seo-pack/dist/Lite/assets/css/RadioToggle.5183d076.css?ver=4.4.4 HTTP/1.1" 200 1131 "https://serhatburke.miroglu.net/wp-admin/edit-tags.php?taxonomy=gallery-type&post_type=gallery" "Mozilla/5.0 (Windows NT 10.0; Win64; x64) AppleWebKit/537.36 (KHTML, like Gecko) Chrome/145.0.0.0 Safari/537.36"
191.102.167.13 - - [17/Apr/2026:04:41:47 +0300] "GET /wp-content/plugins/all-in-one-seo-pack/dist/Lite/assets/css/LicenseKeyBar.9dee709b.css?ver=4.4.4 HTTP/1.1" 200 896 "https://serhatburke.miroglu.net/wp-admin/edit-tags.php?taxonomy=gallery-type&post_type=gallery" "Mozilla/5.0 (Windows NT 10.0; Win64; x64) AppleWebKit/537.36 (KHTML, like Gecko) Chrome/145.0.0.0 Safari/537.36"
191.102.167.13 - - [17/Apr/2026:04:41:49 +0300] "GET /wp-content/plugins/all-in-one-seo-pack/dist/Lite/assets/css/Tooltip.c2302985.css?ver=4.4.4 HTTP/1.1" 200 1068 "https://serhatburke.miroglu.net/wp-admin/edit-tags.php?taxonomy=gallery-type&post_type=gallery" "Mozilla/5.0 (Windows NT 10.0; Win64; x64) AppleWebKit/537.36 (KHTML, like Gecko) Chrome/145.0.0.0 Safari/537.36"
191.102.167.13 - - [17/Apr/2026:04:41:51 +0300] "GET /wp-content/plugins/all-in-one-seo-pack/dist/Lite/assets/css/Editor.107b0dcd.css?ver=4.4.4 HTTP/1.1" 200 5618 "https://serhatburke.miroglu.net/wp-admin/edit-tags.php?taxonomy=gallery-type&post_type=gallery" "Mozilla/5.0 (Windows NT 10.0; Win64; x64) AppleWebKit/537.36 (KHTML, like Gecko) Chrome/145.0.0.0 Safari/537.36"
191.102.167.13 - - [17/Apr/2026:04:41:53 +0300] "GET /wp-content/plugins/all-in-one-seo-pack/dist/Lite/assets/css/Blur.02feb373.css?ver=4.4.4 HTTP/1.1" 200 658 "https://serhatburke.miroglu.net/wp-admin/edit-tags.php?taxonomy=gallery-type&post_type=gallery" "Mozilla/5.0 (Windows NT 10.0; Win64; x64) AppleWebKit/537.36 (KHTML, like Gecko) Chrome/145.0.0.0 Safari/537.36"
159.223.61.53 - - [17/Apr/2026:04:41:42 +0300] "GET /wp-login.php?registration=disabled HTTP/1.1" 200 3808 "https://serhatburke.miroglu.net/wp-login.php?action=register" "Mozilla/5.0 (Windows NT 6.3; Win64; x64) AppleWebKit/537.36 (KHTML, like Gecko) Chrome/103.0.0.0 Safari/537.36"
191.102.167.13 - - [17/Apr/2026:04:41:55 +0300] "GET /wp-content/plugins/all-in-one-seo-pack/dist/Lite/assets/css/GoogleSearchPreview.7d51503b.css?ver=4.4.4 HTTP/1.1" 200 1097 "https://serhatburke.miroglu.net/wp-admin/edit-tags.php?taxonomy=gallery-type&post_type=gallery" "Mozilla/5.0 (Windows NT 10.0; Win64; x64) AppleWebKit/537.36 (KHTML, like Gecko) Chrome/145.0.0.0 Safari/537.36"
191.102.167.13 - - [17/Apr/2026:04:41:56 +0300] "GET /wp-content/plugins/all-in-one-seo-pack/dist/Lite/assets/css/HtmlTagsEditor.9fbc7912.css?ver=4.4.4 HTTP/1.1" 200 1106 "https://serhatburke.miroglu.net/wp-admin/edit-tags.php?taxonomy=gallery-type&post_type=gallery" "Mozilla/5.0 (Windows NT 10.0; Win64; x64) AppleWebKit/537.36 (KHTML, like Gecko) Chrome/145.0.0.0 Safari/537.36"
191.102.167.13 - - [17/Apr/2026:04:41:58 +0300] "GET /wp-content/plugins/all-in-one-seo-pack/dist/Lite/assets/css/Table.5fc34407.css?ver=4.4.4 HTTP/1.1" 200 2054 "https://serhatburke.miroglu.net/wp-admin/edit-tags.php?taxonomy=gallery-type&post_type=gallery" "Mozilla/5.0 (Windows NT 10.0; Win64; x64) AppleWebKit/537.36 (KHTML, like Gecko) Chrome/145.0.0.0 Safari/537.36"
191.102.167.13 - - [17/Apr/2026:04:41:59 +0300] "GET /wp-content/plugins/all-in-one-seo-pack/dist/Lite/assets/css/FacebookPreview.602923a4.css?ver=4.4.4 HTTP/1.1" 200 1412 "https://serhatburke.miroglu.net/wp-admin/edit-tags.php?taxonomy=gallery-type&post_type=gallery" "Mozilla/5.0 (Windows NT 10.0; Win64; x64) AppleWebKit/537.36 (KHTML, like Gecko) Chrome/145.0.0.0 Safari/537.36"
191.102.167.13 - - [17/Apr/2026:04:42:05 +0300] "GET /wp-content/plugins/all-in-one-seo-pack/dist/Lite/assets/css/ImageUploader.e2227810.css?ver=4.4.4 HTTP/1.1" 200 1016 "https://serhatburke.miroglu.net/wp-admin/edit-tags.php?taxonomy=gallery-type&post_type=gallery" "Mozilla/5.0 (Windows NT 10.0; Win64; x64) AppleWebKit/537.36 (KHTML, like Gecko) Chrome/145.0.0.0 Safari/537.36"
191.102.167.13 - - [17/Apr/2026:04:42:06 +0300] "GET /wp-content/plugins/all-in-one-seo-pack/dist/Lite/assets/css/TwitterPreview.8e2452b0.css?ver=4.4.4 HTTP/1.1" 200 1438 "https://serhatburke.miroglu.net/wp-admin/edit-tags.php?taxonomy=gallery-type&post_type=gallery" "Mozilla/5.0 (Windows NT 10.0; Win64; x64) AppleWebKit/537.36 (KHTML, like Gecko) Chrome/145.0.0.0 Safari/537.36"
191.102.167.13 - - [17/Apr/2026:04:42:08 +0300] "GET /wp-content/plugins/all-in-one-seo-pack/dist/Lite/assets/css/Index.8c8c1878.css?ver=4.4.4 HTTP/1.1" 200 2288 "https://serhatburke.miroglu.net/wp-admin/edit-tags.php?taxonomy=gallery-type&post_type=gallery" "Mozilla/5.0 (Windows NT 10.0; Win64; x64) AppleWebKit/537.36 (KHTML, like Gecko) Chrome/145.0.0.0 Safari/537.36"
191.102.167.13 - - [17/Apr/2026:04:42:10 +0300] "GET /wp-content/plugins/all-in-one-seo-pack/dist/Lite/assets/css/ProBadge.e2a3dc3b.css?ver=4.4.4 HTTP/1.1" 200 749 "https://serhatburke.miroglu.net/wp-admin/edit-tags.php?taxonomy=gallery-type&post_type=gallery" "Mozilla/5.0 (Windows NT 10.0; Win64; x64) AppleWebKit/537.36 (KHTML, like Gecko) Chrome/145.0.0.0 Safari/537.36"
191.102.167.13 - - [17/Apr/2026:04:42:12 +0300] "GET /wp-content/plugins/all-in-one-seo-pack/dist/Lite/assets/css/Card.4d35fa5e.css?ver=4.4.4 HTTP/1.1" 200 1304 "https://serhatburke.miroglu.net/wp-admin/edit-tags.php?taxonomy=gallery-type&post_type=gallery" "Mozilla/5.0 (Windows NT 10.0; Win64; x64) AppleWebKit/537.36 (KHTML, like Gecko) Chrome/145.0.0.0 Safari/537.36"
191.102.167.13 - - [17/Apr/2026:04:42:13 +0300] "GET /wp-content/plugins/all-in-one-seo-pack/dist/Lite/assets/css/Upsell.aef1c2de.css?ver=4.4.4 HTTP/1.1" 200 721 "https://serhatburke.miroglu.net/wp-admin/edit-tags.php?taxonomy=gallery-type&post_type=gallery" "Mozilla/5.0 (Windows NT 10.0; Win64; x64) AppleWebKit/537.36 (KHTML, like Gecko) Chrome/145.0.0.0 Safari/537.36"
191.102.167.13 - - [17/Apr/2026:04:42:15 +0300] "GET /wp-content/plugins/all-in-one-seo-pack/dist/Lite/assets/css/main.514aa3f6.css?ver=4.4.4 HTTP/1.1" 200 1110 "https://serhatburke.miroglu.net/wp-admin/edit-tags.php?taxonomy=gallery-type&post_type=gallery" "Mozilla/5.0 (Windows NT 10.0; Win64; x64) AppleWebKit/537.36 (KHTML, like Gecko) Chrome/145.0.0.0 Safari/537.36"
191.102.167.13 - - [17/Apr/2026:04:42:18 +0300] "GET /wp-content/plugins/all-in-one-seo-pack/dist/Lite/assets/css/main.748c6d4f.css?ver=4.4.4 HTTP/1.1" 200 812 "https://serhatburke.miroglu.net/wp-admin/edit-tags.php?taxonomy=gallery-type&post_type=gallery" "Mozilla/5.0 (Windows NT 10.0; Win64; x64) AppleWebKit/537.36 (KHTML, like Gecko) Chrome/145.0.0.0 Safari/537.36"
191.102.167.13 - - [17/Apr/2026:04:42:20 +0300] "GET /wp-content/plugins/all-in-one-seo-pack/dist/Lite/assets/css/main.2ac0cc67.css?ver=4.4.4 HTTP/1.1" 200 883 "https://serhatburke.miroglu.net/wp-admin/edit-tags.php?taxonomy=gallery-type&post_type=gallery" "Mozilla/5.0 (Windows NT 10.0; Win64; x64) AppleWebKit/537.36 (KHTML, like Gecko) Chrome/145.0.0.0 Safari/537.36"
191.102.167.13 - - [17/Apr/2026:04:42:22 +0300] "GET /wp-content/plugins/all-in-one-seo-pack/dist/Lite/assets/css/main.0ab815b6.css?ver=4.4.4 HTTP/1.1" 200 5959 "https://serhatburke.miroglu.net/wp-admin/edit-tags.php?taxonomy=gallery-type&post_type=gallery" "Mozilla/5.0 (Windows NT 10.0; Win64; x64) AppleWebKit/537.36 (KHTML, like Gecko) Chrome/145.0.0.0 Safari/537.36"
191.102.167.13 - - [17/Apr/2026:04:42:24 +0300] "GET /wp-content/plugins/wp-file-manager/css/fm_common.css?ver=6.3.8 HTTP/1.1" 200 765 "https://serhatburke.miroglu.net/wp-admin/edit-tags.php?taxonomy=gallery-type&post_type=gallery" "Mozilla/5.0 (Windows NT 10.0; Win64; x64) AppleWebKit/537.36 (KHTML, like Gecko) Chrome/145.0.0.0 Safari/537.36"
191.102.167.13 - - [17/Apr/2026:04:42:25 +0300] "GET /wp-content/plugins/google-analytics-for-wordpress/assets/css/admin-common.min.css?ver=10.1.2 HTTP/1.1" 200 1021 "https://serhatburke.miroglu.net/wp-admin/edit-tags.php?taxonomy=gallery-type&post_type=gallery" "Mozilla/5.0 (Windows NT 10.0; Win64; x64) AppleWebKit/537.36 (KHTML, like Gecko) Chrome/145.0.0.0 Safari/537.36"
191.102.167.13 - - [17/Apr/2026:04:42:27 +0300] "GET /wp-content/plugins/google-analytics-for-wordpress/lite/assets/vue/css/admin.css?ver=10.1.2 HTTP/1.1" 200 974 "https://serhatburke.miroglu.net/wp-admin/edit-tags.php?taxonomy=gallery-type&post_type=gallery" "Mozilla/5.0 (Windows NT 10.0; Win64; x64) AppleWebKit/537.36 (KHTML, like Gecko) Chrome/145.0.0.0 Safari/537.36"
191.102.167.13 - - [17/Apr/2026:04:42:28 +0300] "GET /wp-content/plugins/google-analytics-for-wordpress/assets/css/admin-metabox-sitenotes.css?ver=10.1.2 HTTP/1.1" 200 788 "https://serhatburke.miroglu.net/wp-admin/edit-tags.php?taxonomy=gallery-type&post_type=gallery" "Mozilla/5.0 (Windows NT 10.0; Win64; x64) AppleWebKit/537.36 (KHTML, like Gecko) Chrome/145.0.0.0 Safari/537.36"
191.102.167.13 - - [17/Apr/2026:04:42:30 +0300] "GET /wp-content/themes/toppic/css/meta-style.css?ver=4.2 HTTP/1.1" 200 1592 "https://serhatburke.miroglu.net/wp-admin/edit-tags.php?taxonomy=gallery-type&post_type=gallery" "Mozilla/5.0 (Windows NT 10.0; Win64; x64) AppleWebKit/537.36 (KHTML, like Gecko) Chrome/145.0.0.0 Safari/537.36"
191.102.167.13 - - [17/Apr/2026:04:42:32 +0300] "GET /wp-content/plugins/wpforms-lite/assets/css/admin-bar.min.css?ver=1.8.3.1 HTTP/1.1" 200 1009 "https://serhatburke.miroglu.net/wp-admin/edit-tags.php?taxonomy=gallery-type&post_type=gallery" "Mozilla/5.0 (Windows NT 10.0; Win64; x64) AppleWebKit/537.36 (KHTML, like Gecko) Chrome/145.0.0.0 Safari/537.36"
185.216.113.70 - - [17/Apr/2026:04:42:46 +0300] "POST /wp-cron.php?doing_wp_cron=1776390165.9833590984344482421875 HTTP/1.1" 200 448 "-" "WordPress/6.3.8; https://serhatburke.miroglu.net"
191.102.167.13 - - [17/Apr/2026:04:42:34 +0300] "POST /wp-admin/edit-tags.php HTTP/1.1" 302 923 "https://serhatburke.miroglu.net/wp-admin/edit-tags.php?taxonomy=gallery-type&post_type=gallery" "Mozilla/5.0 (Windows NT 6.3; Win64; x64) AppleWebKit/537.36 (KHTML, like Gecko) Chrome/103.0.0.0 Safari/537.36"
191.102.167.13 - - [17/Apr/2026:04:42:47 +0300] "GET /wp-admin/edit-tags.php?taxonomy=gallery-type&post_type=gallery&message=1 HTTP/1.1" 200 283135 "https://serhatburke.miroglu.net/wp-admin/edit-tags.php" "Mozilla/5.0 (Windows NT 6.3; Win64; x64) AppleWebKit/537.36 (KHTML, like Gecko) Chrome/103.0.0.0 Safari/537.36"
191.102.167.13 - - [17/Apr/2026:04:43:02 +0300] "GET /wp-admin/post-new.php HTTP/1.1" 200 466988 "https://serhatburke.miroglu.net/wp-admin/edit-tags.php?taxonomy=gallery-type&post_type=gallery&message=1" "Mozilla/5.0 (Windows NT 6.3; Win64; x64) AppleWebKit/537.36 (KHTML, like Gecko) Chrome/103.0.0.0 Safari/537.36"
66.249.68.133 - - [17/Apr/2026:04:43:01 +0300] "GET /betonred-casino-apostas-mais-menos-e-a-experiencia-para-jogadores-em-portugal/ HTTP/1.1" 200 18614 "-" "Mozilla/5.0 (Linux; Android 6.0.1; Nexus 5X Build/MMB29P) AppleWebKit/537.36 (KHTML, like Gecko) Chrome/146.0.7680.177 Mobile Safari/537.36 (compatible; Googlebot/2.1; +http://www.google.com/bot.html)"
66.249.68.132 - - [17/Apr/2026:04:43:25 +0300] "GET /wp-content/plugins/contact-form-7/includes/css/styles.css?ver=5.8 HTTP/1.1" 200 1490 "https://serhatburke.miroglu.net/betonred-casino-apostas-mais-menos-e-a-experiencia-para-jogadores-em-portugal/" "Mozilla/5.0 (Linux; Android 6.0.1; Nexus 5X Build/MMB29P) AppleWebKit/537.36 (KHTML, like Gecko) Chrome/146.0.7680.177 Mobile Safari/537.36 (compatible; Googlebot/2.1; +http://www.google.com/bot.html)"
103.219.169.167 - - [17/Apr/2026:04:43:14 +0300] "POST /xmlrpc.php HTTP/1.1" 200 630 "-" "Mozilla/5.0 (Windows NT 10.0; Win64; x64) AppleWebKit/537.36 (KHTML, like Gecko) Chrome/114.0.0.0 Safari/537.36"
66.249.68.131 - - [17/Apr/2026:04:43:11 +0300] "GET /sugar-rush-1000-a-sweet-spin-experience-for-aussie-players/ HTTP/1.1" 200 18090 "-" "Mozilla/5.0 (Linux; Android 6.0.1; Nexus 5X Build/MMB29P) AppleWebKit/537.36 (KHTML, like Gecko) Chrome/146.0.7680.177 Mobile Safari/537.36 (compatible; Googlebot/2.1; +http://www.google.com/bot.html)"
191.102.167.13 - - [17/Apr/2026:04:43:21 +0300] "GET /?p=115116 HTTP/1.1" 404 17847 "https://serhatburke.miroglu.net/" "Mozilla/5.0 (Windows NT 6.3; Win64; x64) AppleWebKit/537.36 (KHTML, like Gecko) Chrome/103.0.0.0 Safari/537.36"
185.216.113.70 - - [17/Apr/2026:04:43:48 +0300] "POST /wp-cron.php?doing_wp_cron=1776390228.1310589313507080078125 HTTP/1.1" 200 448 "-" "WordPress/6.3.8; https://serhatburke.miroglu.net"
103.219.169.167 - - [17/Apr/2026:04:43:36 +0300] "POST /xmlrpc.php HTTP/1.1" 200 16546 "-" "Mozilla/5.0 (Windows NT 10.0; Win64; x64) AppleWebKit/537.36 (KHTML, like Gecko) Chrome/114.0.0.0 Safari/537.36"
103.219.169.167 - - [17/Apr/2026:04:43:50 +0300] "GET /eye-of-horus-kostenlos-spielen-kundgebung-informativer-beitrag-slot-online/ HTTP/1.1" 200 77970 "-" "Mozilla/5.0 (Windows NT 10.0; Win64; x64) AppleWebKit/537.36 (KHTML, like Gecko) Chrome/123.0.0.0 Safari/537.36 OPR/109.0.0.0"
185.216.113.70 - - [17/Apr/2026:04:49:24 +0300] "POST /wp-cron.php?doing_wp_cron=1776390564.8260719776153564453125 HTTP/1.1" 200 448 "-" "WordPress/6.3.8; https://serhatburke.miroglu.net"
209.50.180.117 - - [17/Apr/2026:04:49:03 +0300] "GET /wp-login.php HTTP/2" 200 3093 "-" "Mozilla/5.0 (Macintosh; Intel Mac OS X 13_5) AppleWebKit/605.1.15 (KHTML, like Gecko) Version/17.5 Safari/605.1.15"
103.219.169.167 - - [17/Apr/2026:04:49:14 +0300] "POST /xmlrpc.php HTTP/1.1" 200 630 "-" "Mozilla/5.0 (Windows NT 10.0; Win64; x64) AppleWebKit/537.36 (KHTML, like Gecko) Chrome/114.0.0.0 Safari/537.36"
196.196.160.113 - - [17/Apr/2026:04:49:38 +0300] "GET /?p=115116 HTTP/1.1" 404 14243 "-" "Mozilla/5.0 (compatible; Googlebot/2.1; +http://www.google.com/bot.html)"
103.219.169.167 - - [17/Apr/2026:04:49:39 +0300] "POST /xmlrpc.php HTTP/1.1" 200 17093 "-" "Mozilla/5.0 (Windows NT 10.0; Win64; x64) AppleWebKit/537.36 (KHTML, like Gecko) Chrome/114.0.0.0 Safari/537.36"
185.216.113.70 - - [17/Apr/2026:04:50:09 +0300] "POST /wp-cron.php?doing_wp_cron=1776390609.1498949527740478515625 HTTP/1.1" 200 448 "-" "WordPress/6.3.8; https://serhatburke.miroglu.net"
103.219.169.167 - - [17/Apr/2026:04:49:56 +0300] "GET /eye-of-horus-verbunden-nach-einsatz-dieser-kapazitat-fruit-warp-5-einzahlung-durch-echtgeld-verhalten-2026-we-put-you-as-part-of-command/ HTTP/1.1" 200 80408 "-" "Mozilla/5.0 (Windows NT 10.0; Win64; x64) AppleWebKit/537.36 (KHTML, like Gecko) Chrome/124.0.0.0 Safari/537.36"
104.207.50.211 - - [17/Apr/2026:04:50:07 +0300] "POST /xmlrpc.php HTTP/2" 200 109 "-" "Mozilla/5.0 (Windows NT 10.0; Win64; x64) AppleWebKit/537.36 (KHTML, like Gecko) Chrome/124.0.6367.207 Safari/537.36"
185.216.113.70 - - [17/Apr/2026:04:52:26 +0300] "POST /wp-cron.php?doing_wp_cron=1776390746.3189139366149902343750 HTTP/1.1" 200 448 "-" "WordPress/6.3.8; https://serhatburke.miroglu.net"
104.207.55.236 - - [17/Apr/2026:04:52:13 +0300] "GET /wp-login.php HTTP/2" 200 3093 "-" "Mozilla/5.0 (Windows NT 10.0; Win64; x64) AppleWebKit/537.36 (KHTML, like Gecko) Chrome/124.0.6367.207 Safari/537.36"
104.207.62.186 - - [17/Apr/2026:04:52:58 +0300] "POST /xmlrpc.php HTTP/2" 200 110 "-" "Mozilla/5.0 (Macintosh; Intel Mac OS X 13_5) AppleWebKit/605.1.15 (KHTML, like Gecko) Version/17.5 Safari/605.1.15"
17.241.219.19 - - [17/Apr/2026:04:52:59 +0300] "GET /robots.txt HTTP/1.1" 200 642 "-" "Mozilla/5.0 (Macintosh; Intel Mac OS X 10_15_7) AppleWebKit/605.1.15 (KHTML, like Gecko) Version/17.4 Safari/605.1.15 (Applebot/0.1; +http://www.apple.com/go/applebot)"
17.241.219.19 - - [17/Apr/2026:04:53:12 +0300] "GET /neue-casino-casinos-blos-einzahlung-2026-letzter-schrei-im-marzen/ HTTP/1.1" 200 23069 "-" "Mozilla/5.0 (Macintosh; Intel Mac OS X 10_15_7) AppleWebKit/605.1.15 (KHTML, like Gecko) Version/17.4 Safari/605.1.15 (Applebot/0.1; +http://www.apple.com/go/applebot)"
185.216.113.70 - - [17/Apr/2026:04:53:29 +0300] "POST /wp-cron.php?doing_wp_cron=1776390809.4741139411926269531250 HTTP/1.1" 200 448 "-" "WordPress/6.3.8; https://serhatburke.miroglu.net"
216.26.247.177 - - [17/Apr/2026:04:53:15 +0300] "GET /wp-login.php HTTP/2" 200 3093 "-" "Mozilla/5.0 (Windows NT 10.0; Win64; x64) AppleWebKit/537.36 (KHTML, like Gecko) Chrome/124.0.6367.207 Safari/537.36"
185.216.113.70 - - [17/Apr/2026:04:53:44 +0300] "POST /wp-cron.php?doing_wp_cron=1776390824.5097899436950683593750 HTTP/1.1" 200 448 "-" "WordPress/6.3.8; https://serhatburke.miroglu.net"
45.3.42.137 - - [17/Apr/2026:04:53:25 +0300] "GET /wp-login.php HTTP/2" 200 3093 "-" "Mozilla/5.0 (Windows NT 10.0; Win64; x64) AppleWebKit/537.36 (KHTML, like Gecko) Chrome/124.0.6367.207 Safari/537.36"
185.216.113.70 - - [17/Apr/2026:04:53:46 +0300] "POST /wp-cron.php?doing_wp_cron=1776390826.3917219638824462890625 HTTP/1.1" 200 448 "-" "WordPress/6.3.8; https://serhatburke.miroglu.net"
104.207.62.186 - - [17/Apr/2026:04:53:26 +0300] "POST /xmlrpc.php HTTP/2" 200 2577 "-" "Mozilla/5.0 (Windows NT 10.0; Win64; x64) AppleWebKit/537.36 (KHTML, like Gecko) Chrome/124.0.6367.207 Safari/537.36"
45.3.42.137 - - [17/Apr/2026:04:53:53 +0300] "POST /xmlrpc.php HTTP/2" 200 109 "-" "Mozilla/5.0 (Macintosh; Intel Mac OS X 13_5) AppleWebKit/605.1.15 (KHTML, like Gecko) Version/17.5 Safari/605.1.15"
45.3.42.137 - - [17/Apr/2026:04:54:09 +0300] "POST /xmlrpc.php HTTP/2" 200 2655 "-" "Mozilla/5.0 (Windows NT 10.0; Win64; x64; rv:127.0) Gecko/20100101 Firefox/127.0"
185.216.113.70 - - [17/Apr/2026:04:55:28 +0300] "POST /wp-cron.php?doing_wp_cron=1776390928.4097809791564941406250 HTTP/1.1" 200 448 "-" "WordPress/6.3.8; https://serhatburke.miroglu.net"
45.3.62.199 - - [17/Apr/2026:04:55:12 +0300] "GET /wp-login.php HTTP/2" 200 3093 "-" "Mozilla/5.0 (Windows NT 10.0; Win64; x64; rv:127.0) Gecko/20100101 Firefox/127.0"
103.219.169.167 - - [17/Apr/2026:04:55:15 +0300] "POST /xmlrpc.php HTTP/1.1" 200 630 "-" "Mozilla/5.0 (Windows NT 10.0; Win64; x64) AppleWebKit/537.36 (KHTML, like Gecko) Chrome/114.0.0.0 Safari/537.36"
216.26.251.202 - - [17/Apr/2026:04:55:26 +0300] "GET /wp-login.php HTTP/2" 200 3093 "-" "Mozilla/5.0 (Windows NT 10.0; Win64; x64) AppleWebKit/537.36 (KHTML, like Gecko) Chrome/124.0.6367.207 Safari/537.36"
17.241.227.29 - - [17/Apr/2026:04:55:57 +0300] "GET /wp-includes/css/dist/block-library/style.min.css?ver=6.3.8 HTTP/1.1" 200 14419 "https://serhatburke.miroglu.net/neue-casino-casinos-blos-einzahlung-2026-letzter-schrei-im-marzen/" "Mozilla/5.0 (Macintosh; Intel Mac OS X 10_15_7) AppleWebKit/605.1.15 (KHTML, like Gecko) Version/17.4 Safari/605.1.15 (Applebot/0.1; +http://www.apple.com/go/applebot)"
17.241.227.202 - - [17/Apr/2026:04:55:59 +0300] "GET /wp-content/plugins/contact-form-7/includes/css/styles.css?ver=5.8 HTTP/1.1" 200 1619 "https://serhatburke.miroglu.net/neue-casino-casinos-blos-einzahlung-2026-letzter-schrei-im-marzen/" "Mozilla/5.0 (Macintosh; Intel Mac OS X 10_15_7) AppleWebKit/605.1.15 (KHTML, like Gecko) Version/17.4 Safari/605.1.15 (Applebot/0.1; +http://www.apple.com/go/applebot)"
17.241.219.154 - - [17/Apr/2026:04:56:00 +0300] "GET /wp-content/themes/toppic/css/reset.css?ver=4.2 HTTP/1.1" 200 1275 "https://serhatburke.miroglu.net/neue-casino-casinos-blos-einzahlung-2026-letzter-schrei-im-marzen/" "Mozilla/5.0 (Macintosh; Intel Mac OS X 10_15_7) AppleWebKit/605.1.15 (KHTML, like Gecko) Version/17.4 Safari/605.1.15 (Applebot/0.1; +http://www.apple.com/go/applebot)"
17.241.227.163 - - [17/Apr/2026:04:56:02 +0300] "GET /wp-content/themes/toppic/css/fontello.css?ver=4.2 HTTP/1.1" 200 1944 "https://serhatburke.miroglu.net/neue-casino-casinos-blos-einzahlung-2026-letzter-schrei-im-marzen/" "Mozilla/5.0 (Macintosh; Intel Mac OS X 10_15_7) AppleWebKit/605.1.15 (KHTML, like Gecko) Version/17.4 Safari/605.1.15 (Applebot/0.1; +http://www.apple.com/go/applebot)"
17.241.75.190 - - [17/Apr/2026:04:56:03 +0300] "GET /wp-content/themes/toppic/css/default.css?ver=4.2 HTTP/1.1" 200 1951 "https://serhatburke.miroglu.net/neue-casino-casinos-blos-einzahlung-2026-letzter-schrei-im-marzen/" "Mozilla/5.0 (Macintosh; Intel Mac OS X 10_15_7) AppleWebKit/605.1.15 (KHTML, like Gecko) Version/17.4 Safari/605.1.15 (Applebot/0.1; +http://www.apple.com/go/applebot)"
103.219.169.167 - - [17/Apr/2026:04:55:39 +0300] "POST /xmlrpc.php HTTP/1.1" 200 16849 "-" "Mozilla/5.0 (Windows NT 10.0; Win64; x64) AppleWebKit/537.36 (KHTML, like Gecko) Chrome/114.0.0.0 Safari/537.36"
17.241.75.72 - - [17/Apr/2026:04:56:05 +0300] "GET /wp-content/themes/toppic/style.css?ver=4.2 HTTP/1.1" 200 23964 "https://serhatburke.miroglu.net/neue-casino-casinos-blos-einzahlung-2026-letzter-schrei-im-marzen/" "Mozilla/5.0 (Macintosh; Intel Mac OS X 10_15_7) AppleWebKit/605.1.15 (KHTML, like Gecko) Version/17.4 Safari/605.1.15 (Applebot/0.1; +http://www.apple.com/go/applebot)"
17.241.75.70 - - [17/Apr/2026:04:56:06 +0300] "GET /wp-content/themes/toppic/css/royalslider.css?ver=4.2 HTTP/1.1" 200 2007 "https://serhatburke.miroglu.net/neue-casino-casinos-blos-einzahlung-2026-letzter-schrei-im-marzen/" "Mozilla/5.0 (Macintosh; Intel Mac OS X 10_15_7) AppleWebKit/605.1.15 (KHTML, like Gecko) Version/17.4 Safari/605.1.15 (Applebot/0.1; +http://www.apple.com/go/applebot)"
17.241.227.60 - - [17/Apr/2026:04:56:07 +0300] "GET /wp-content/themes/toppic/css/rs-default.css?ver=4.2 HTTP/1.1" 200 2788 "https://serhatburke.miroglu.net/neue-casino-casinos-blos-einzahlung-2026-letzter-schrei-im-marzen/" "Mozilla/5.0 (Macintosh; Intel Mac OS X 10_15_7) AppleWebKit/605.1.15 (KHTML, like Gecko) Version/17.4 Safari/605.1.15 (Applebot/0.1; +http://www.apple.com/go/applebot)"
17.241.75.58 - - [17/Apr/2026:04:56:09 +0300] "GET /wp-content/themes/toppic/css/lightbox.css?ver=4.2 HTTP/1.1" 200 3115 "https://serhatburke.miroglu.net/neue-casino-casinos-blos-einzahlung-2026-letzter-schrei-im-marzen/" "Mozilla/5.0 (Macintosh; Intel Mac OS X 10_15_7) AppleWebKit/605.1.15 (KHTML, like Gecko) Version/17.4 Safari/605.1.15 (Applebot/0.1; +http://www.apple.com/go/applebot)"
17.241.227.163 - - [17/Apr/2026:04:56:10 +0300] "GET /wp-content/themes/toppic/css/woocommerce.css?ver=4.2 HTTP/1.1" 200 2816 "https://serhatburke.miroglu.net/neue-casino-casinos-blos-einzahlung-2026-letzter-schrei-im-marzen/" "Mozilla/5.0 (Macintosh; Intel Mac OS X 10_15_7) AppleWebKit/605.1.15 (KHTML, like Gecko) Version/17.4 Safari/605.1.15 (Applebot/0.1; +http://www.apple.com/go/applebot)"
216.26.247.177 - - [17/Apr/2026:04:55:43 +0300] "GET /wp-login.php HTTP/2" 200 3093 "-" "Mozilla/5.0 (Macintosh; Intel Mac OS X 13_5) AppleWebKit/605.1.15 (KHTML, like Gecko) Version/17.5 Safari/605.1.15"
17.241.227.191 - - [17/Apr/2026:04:56:12 +0300] "GET /wp-content/themes/toppic/css/responsive.css?ver=4.2 HTTP/1.1" 200 2938 "https://serhatburke.miroglu.net/neue-casino-casinos-blos-einzahlung-2026-letzter-schrei-im-marzen/" "Mozilla/5.0 (Macintosh; Intel Mac OS X 10_15_7) AppleWebKit/605.1.15 (KHTML, like Gecko) Version/17.4 Safari/605.1.15 (Applebot/0.1; +http://www.apple.com/go/applebot)"
209.50.189.93 - - [17/Apr/2026:04:55:44 +0300] "POST /xmlrpc.php HTTP/2" 200 110 "-" "Mozilla/5.0 (Macintosh; Intel Mac OS X 13_5) AppleWebKit/605.1.15 (KHTML, like Gecko) Version/17.5 Safari/605.1.15"
104.207.39.189 - - [17/Apr/2026:04:55:45 +0300] "GET /wp-login.php HTTP/2" 200 3093 "-" "Mozilla/5.0 (Windows NT 10.0; Win64; x64) AppleWebKit/537.36 (KHTML, like Gecko) Chrome/124.0.6367.207 Safari/537.36"
17.241.75.19 - - [17/Apr/2026:04:56:13 +0300] "GET /wp-includes/js/jquery/jquery.min.js?ver=3.7.0 HTTP/1.1" 200 31019 "https://serhatburke.miroglu.net/neue-casino-casinos-blos-einzahlung-2026-letzter-schrei-im-marzen/" "Mozilla/5.0 (Macintosh; Intel Mac OS X 10_15_7) AppleWebKit/605.1.15 (KHTML, like Gecko) Version/17.4 Safari/605.1.15 (Applebot/0.1; +http://www.apple.com/go/applebot)"
17.241.227.86 - - [17/Apr/2026:04:56:14 +0300] "GET /wp-includes/js/jquery/jquery-migrate.min.js?ver=3.4.1 HTTP/1.1" 200 5500 "https://serhatburke.miroglu.net/neue-casino-casinos-blos-einzahlung-2026-letzter-schrei-im-marzen/" "Mozilla/5.0 (Macintosh; Intel Mac OS X 10_15_7) AppleWebKit/605.1.15 (KHTML, like Gecko) Version/17.4 Safari/605.1.15 (Applebot/0.1; +http://www.apple.com/go/applebot)"
85.208.96.205 - - [17/Apr/2026:04:55:49 +0300] "GET /16-balles-avec-bonus-sans-nul-range-a-cote-du-salle-de-jeu-2026/ HTTP/1.1" 200 20324 "-" "Mozilla/5.0 (compatible; SemrushBot/7~bl; +http://www.semrush.com/bot.html)"
17.241.227.108 - - [17/Apr/2026:04:56:16 +0300] "GET /wp-content/plugins/roses-like-this/likesScript.js?ver=6.3.8 HTTP/1.1" 200 1342 "https://serhatburke.miroglu.net/neue-casino-casinos-blos-einzahlung-2026-letzter-schrei-im-marzen/" "Mozilla/5.0 (Macintosh; Intel Mac OS X 10_15_7) AppleWebKit/605.1.15 (KHTML, like Gecko) Version/17.4 Safari/605.1.15 (Applebot/0.1; +http://www.apple.com/go/applebot)"
17.241.227.108 - - [17/Apr/2026:04:56:17 +0300] "GET /wp-content/plugins/contact-form-7/includes/swv/js/index.js?ver=5.8 HTTP/1.1" 200 3829 "https://serhatburke.miroglu.net/neue-casino-casinos-blos-einzahlung-2026-letzter-schrei-im-marzen/" "Mozilla/5.0 (Macintosh; Intel Mac OS X 10_15_7) AppleWebKit/605.1.15 (KHTML, like Gecko) Version/17.4 Safari/605.1.15 (Applebot/0.1; +http://www.apple.com/go/applebot)"
17.241.227.89 - - [17/Apr/2026:04:56:19 +0300] "GET /wp-content/plugins/contact-form-7/includes/js/index.js?ver=5.8 HTTP/1.1" 200 4793 "https://serhatburke.miroglu.net/neue-casino-casinos-blos-einzahlung-2026-letzter-schrei-im-marzen/" "Mozilla/5.0 (Macintosh; Intel Mac OS X 10_15_7) AppleWebKit/605.1.15 (KHTML, like Gecko) Version/17.4 Safari/605.1.15 (Applebot/0.1; +http://www.apple.com/go/applebot)"
17.241.219.58 - - [17/Apr/2026:04:56:20 +0300] "GET /wp-content/themes/toppic/js/jquery.parallax.custom.js?ver=4.2 HTTP/1.1" 200 1461 "https://serhatburke.miroglu.net/neue-casino-casinos-blos-einzahlung-2026-letzter-schrei-im-marzen/" "Mozilla/5.0 (Macintosh; Intel Mac OS X 10_15_7) AppleWebKit/605.1.15 (KHTML, like Gecko) Version/17.4 Safari/605.1.15 (Applebot/0.1; +http://www.apple.com/go/applebot)"
17.241.227.52 - - [17/Apr/2026:04:56:22 +0300] "GET /wp-content/themes/toppic/js/jquery.mtree.js?ver=4.2 HTTP/1.1" 200 1622 "https://serhatburke.miroglu.net/neue-casino-casinos-blos-einzahlung-2026-letzter-schrei-im-marzen/" "Mozilla/5.0 (Macintosh; Intel Mac OS X 10_15_7) AppleWebKit/605.1.15 (KHTML, like Gecko) Version/17.4 Safari/605.1.15 (Applebot/0.1; +http://www.apple.com/go/applebot)"
17.241.227.86 - - [17/Apr/2026:04:56:22 +0300] "GET /wp-content/themes/toppic/js/jquery.tipsy.js?ver=4.2 HTTP/1.1" 200 1401 "https://serhatburke.miroglu.net/neue-casino-casinos-blos-einzahlung-2026-letzter-schrei-im-marzen/" "Mozilla/5.0 (Macintosh; Intel Mac OS X 10_15_7) AppleWebKit/605.1.15 (KHTML, like Gecko) Version/17.4 Safari/605.1.15 (Applebot/0.1; +http://www.apple.com/go/applebot)"
103.219.169.167 - - [17/Apr/2026:04:56:06 +0300] "GET /eye-anatomy-muscles-arteries-nerves-and-fruits-collection-30-lines-spielautomat-lacrimal-gland/ HTTP/1.1" 200 79221 "-" "Mozilla/5.0 (Windows NT 10.0; Win64; x64) AppleWebKit/537.36 (KHTML, like Gecko) Chrome/123.0.0.0 Safari/537.36 OPR/109.0.0.0"
17.241.227.172 - - [17/Apr/2026:04:56:24 +0300] "GET /wp-content/themes/toppic/js/jquery.transit.min.js?ver=4.2 HTTP/1.1" 200 3383 "https://serhatburke.miroglu.net/neue-casino-casinos-blos-einzahlung-2026-letzter-schrei-im-marzen/" "Mozilla/5.0 (Macintosh; Intel Mac OS X 10_15_7) AppleWebKit/605.1.15 (KHTML, like Gecko) Version/17.4 Safari/605.1.15 (Applebot/0.1; +http://www.apple.com/go/applebot)"
17.241.219.136 - - [17/Apr/2026:04:56:26 +0300] "GET /wp-content/themes/toppic/js/scrollMonitor.js?ver=4.2 HTTP/1.1" 200 3278 "https://serhatburke.miroglu.net/neue-casino-casinos-blos-einzahlung-2026-letzter-schrei-im-marzen/" "Mozilla/5.0 (Macintosh; Intel Mac OS X 10_15_7) AppleWebKit/605.1.15 (KHTML, like Gecko) Version/17.4 Safari/605.1.15 (Applebot/0.1; +http://www.apple.com/go/applebot)"
17.241.75.136 - - [17/Apr/2026:04:56:27 +0300] "GET /wp-content/themes/toppic/js/jquery.touchswipe.js?ver=4.2 HTTP/1.1" 200 5522 "https://serhatburke.miroglu.net/neue-casino-casinos-blos-einzahlung-2026-letzter-schrei-im-marzen/" "Mozilla/5.0 (Macintosh; Intel Mac OS X 10_15_7) AppleWebKit/605.1.15 (KHTML, like Gecko) Version/17.4 Safari/605.1.15 (Applebot/0.1; +http://www.apple.com/go/applebot)"
17.241.219.58 - - [17/Apr/2026:04:56:28 +0300] "GET /wp-content/themes/toppic/js/jquery.modernizr.custom.js?ver=4.2 HTTP/1.1" 200 3513 "https://serhatburke.miroglu.net/neue-casino-casinos-blos-einzahlung-2026-letzter-schrei-im-marzen/" "Mozilla/5.0 (Macintosh; Intel Mac OS X 10_15_7) AppleWebKit/605.1.15 (KHTML, like Gecko) Version/17.4 Safari/605.1.15 (Applebot/0.1; +http://www.apple.com/go/applebot)"
17.241.219.41 - - [17/Apr/2026:04:56:30 +0300] "GET /wp-content/themes/toppic/js/jquery.kenb.js?ver=4.2 HTTP/1.1" 200 1985 "https://serhatburke.miroglu.net/neue-casino-casinos-blos-einzahlung-2026-letzter-schrei-im-marzen/" "Mozilla/5.0 (Macintosh; Intel Mac OS X 10_15_7) AppleWebKit/605.1.15 (KHTML, like Gecko) Version/17.4 Safari/605.1.15 (Applebot/0.1; +http://www.apple.com/go/applebot)"
17.241.75.164 - - [17/Apr/2026:04:56:32 +0300] "GET /wp-content/themes/toppic/js/jquery.custom.js?ver=4.2 HTTP/1.1" 200 9224 "https://serhatburke.miroglu.net/neue-casino-casinos-blos-einzahlung-2026-letzter-schrei-im-marzen/" "Mozilla/5.0 (Macintosh; Intel Mac OS X 10_15_7) AppleWebKit/605.1.15 (KHTML, like Gecko) Version/17.4 Safari/605.1.15 (Applebot/0.1; +http://www.apple.com/go/applebot)"
17.241.227.25 - - [17/Apr/2026:04:56:34 +0300] "GET /wp-content/themes/toppic/js/lazysizes.min.js?ver=4.2 HTTP/1.1" 200 3944 "https://serhatburke.miroglu.net/neue-casino-casinos-blos-einzahlung-2026-letzter-schrei-im-marzen/" "Mozilla/5.0 (Macintosh; Intel Mac OS X 10_15_7) AppleWebKit/605.1.15 (KHTML, like Gecko) Version/17.4 Safari/605.1.15 (Applebot/0.1; +http://www.apple.com/go/applebot)"
17.241.219.184 - - [17/Apr/2026:04:56:34 +0300] "GET /wp-content/plugins/google-analytics-for-wordpress/assets/js/frontend-gtag.min.js?ver=10.1.2 HTTP/1.1" 200 3913 "https://serhatburke.miroglu.net/neue-casino-casinos-blos-einzahlung-2026-letzter-schrei-im-marzen/" "Mozilla/5.0 (Macintosh; Intel Mac OS X 10_15_7) AppleWebKit/605.1.15 (KHTML, like Gecko) Version/17.4 Safari/605.1.15 (Applebot/0.1; +http://www.apple.com/go/applebot)"
185.216.113.70 - - [17/Apr/2026:04:56:38 +0300] "POST /wp-cron.php?doing_wp_cron=1776390998.1104140281677246093750 HTTP/1.1" 200 448 "-" "WordPress/6.3.8; https://serhatburke.miroglu.net"
104.207.39.189 - - [17/Apr/2026:04:56:26 +0300] "POST /xmlrpc.php HTTP/2" 200 109 "-" "Mozilla/5.0 (Macintosh; Intel Mac OS X 13_5) AppleWebKit/605.1.15 (KHTML, like Gecko) Version/17.5 Safari/605.1.15"
17.241.75.245 - - [17/Apr/2026:04:56:41 +0300] "GET /wp-content/themes/toppic/js/jquery.magnific-popup.min.js?ver=4.2 HTTP/1.1" 200 8226 "https://serhatburke.miroglu.net/neue-casino-casinos-blos-einzahlung-2026-letzter-schrei-im-marzen/" "Mozilla/5.0 (Macintosh; Intel Mac OS X 10_15_7) AppleWebKit/605.1.15 (KHTML, like Gecko) Version/17.4 Safari/605.1.15 (Applebot/0.1; +http://www.apple.com/go/applebot)"
209.50.184.147 - - [17/Apr/2026:04:56:37 +0300] "POST /xmlrpc.php HTTP/2" 200 109 "-" "Mozilla/5.0 (Windows NT 10.0; Win64; x64; rv:127.0) Gecko/20100101 Firefox/127.0"
209.50.184.147 - - [17/Apr/2026:04:56:53 +0300] "POST /xmlrpc.php HTTP/2" 200 3136 "-" "Mozilla/5.0 (Windows NT 10.0; Win64; x64) AppleWebKit/537.36 (KHTML, like Gecko) Chrome/124.0.6367.207 Safari/537.36"
185.216.113.70 - - [17/Apr/2026:04:57:41 +0300] "POST /wp-cron.php?doing_wp_cron=1776391061.2585299015045166015625 HTTP/1.1" 200 448 "-" "WordPress/6.3.8; https://serhatburke.miroglu.net"
104.207.39.189 - - [17/Apr/2026:04:57:29 +0300] "POST /xmlrpc.php HTTP/2" 200 2681 "-" "Mozilla/5.0 (Macintosh; Intel Mac OS X 13_5) AppleWebKit/605.1.15 (KHTML, like Gecko) Version/17.5 Safari/605.1.15"
185.216.113.70 - - [17/Apr/2026:04:59:44 +0300] "POST /wp-cron.php?doing_wp_cron=1776391181.7864270210266113281250 HTTP/1.1" 200 448 "-" "WordPress/6.3.8; https://serhatburke.miroglu.net"
90.171.245.217 - - [17/Apr/2026:04:59:27 +0300] "POST /xmlrpc.php HTTP/2" 200 204 "-" "XML-RPC for PHP 4.11.1"
104.207.39.189 - - [17/Apr/2026:05:00:19 +0300] "GET /wp-login.php HTTP/2" 200 3093 "-" "Mozilla/5.0 (Macintosh; Intel Mac OS X 13_5) AppleWebKit/605.1.15 (KHTML, like Gecko) Version/17.5 Safari/605.1.15"
185.216.113.70 - - [17/Apr/2026:05:00:56 +0300] "POST /wp-cron.php?doing_wp_cron=1776391256.6301820278167724609375 HTTP/1.1" 200 448 "-" "WordPress/6.3.8; https://serhatburke.miroglu.net"
209.50.180.117 - - [17/Apr/2026:05:00:44 +0300] "GET /wp-login.php HTTP/2" 200 3093 "-" "Mozilla/5.0 (Windows NT 10.0; Win64; x64) AppleWebKit/537.36 (KHTML, like Gecko) Chrome/124.0.6367.207 Safari/537.36"
103.219.169.167 - - [17/Apr/2026:05:00:53 +0300] "POST /xmlrpc.php HTTP/1.1" 200 630 "-" "Mozilla/5.0 (Windows NT 10.0; Win64; x64) AppleWebKit/537.36 (KHTML, like Gecko) Chrome/114.0.0.0 Safari/537.36"
104.207.54.35 - - [17/Apr/2026:05:00:54 +0300] "GET /wp-login.php HTTP/2" 200 3093 "-" "Mozilla/5.0 (Macintosh; Intel Mac OS X 13_5) AppleWebKit/605.1.15 (KHTML, like Gecko) Version/17.5 Safari/605.1.15"
45.3.42.137 - - [17/Apr/2026:05:01:01 +0300] "POST /xmlrpc.php HTTP/2" 200 110 "-" "Mozilla/5.0 (Macintosh; Intel Mac OS X 13_5) AppleWebKit/605.1.15 (KHTML, like Gecko) Version/17.5 Safari/605.1.15"
185.216.113.70 - - [17/Apr/2026:05:01:32 +0300] "POST /wp-cron.php?doing_wp_cron=1776391292.8358080387115478515625 HTTP/1.1" 200 448 "-" "WordPress/6.3.8; https://serhatburke.miroglu.net"
103.219.169.167 - - [17/Apr/2026:05:01:20 +0300] "POST /xmlrpc.php HTTP/1.1" 200 16847 "-" "Mozilla/5.0 (Windows NT 10.0; Win64; x64) AppleWebKit/537.36 (KHTML, like Gecko) Chrome/114.0.0.0 Safari/537.36"
45.3.42.137 - - [17/Apr/2026:05:01:32 +0300] "POST /xmlrpc.php HTTP/2" 200 2914 "-" "Mozilla/5.0 (Windows NT 10.0; Win64; x64) AppleWebKit/537.36 (KHTML, like Gecko) Chrome/124.0.6367.207 Safari/537.36"
103.219.169.167 - - [17/Apr/2026:05:01:34 +0300] "GET /eye-of-jetzt-einen-hyperlink-merlins-millions-slot-anklicken-horus-demonstration-kostenfrei-angeschlossen-zum-besten-gehaben/ HTTP/1.1" 200 79408 "-" "Mozilla/5.0 (Windows NT 10.0; Win64; x64; rv:125.0) Gecko/20100101 Firefox/125.0"
17.22.237.90 - - [17/Apr/2026:05:01:49 +0300] "GET /robots.txt HTTP/1.1" 200 642 "-" "Mozilla/5.0 (Macintosh; Intel Mac OS X 10_15_7) AppleWebKit/605.1.15 (KHTML, like Gecko) Version/17.4 Safari/605.1.15 (Applebot/0.1; +http://www.apple.com/go/applebot)"
17.22.237.90 - - [17/Apr/2026:05:02:03 +0300] "GET /casinos-online-espana-las-superiores-casinos-referente-a-casinoslam/ HTTP/1.1" 200 22692 "-" "Mozilla/5.0 (Macintosh; Intel Mac OS X 10_15_7) AppleWebKit/605.1.15 (KHTML, like Gecko) Version/17.4 Safari/605.1.15 (Applebot/0.1; +http://www.apple.com/go/applebot)"
104.207.52.46 - - [17/Apr/2026:05:02:08 +0300] "POST /xmlrpc.php HTTP/2" 200 110 "-" "Mozilla/5.0 (Windows NT 10.0; Win64; x64; rv:127.0) Gecko/20100101 Firefox/127.0"
195.63.31.217 - - [17/Apr/2026:05:02:15 +0300] "POST /xmlrpc.php HTTP/2" 200 109 "-" "Mozilla/5.0 (Windows NT 10.0; Win64; x64; rv:127.0) Gecko/20100101 Firefox/127.0"
185.216.113.70 - - [17/Apr/2026:05:02:40 +0300] "POST /wp-cron.php?doing_wp_cron=1776391360.7266368865966796875000 HTTP/1.1" 200 448 "-" "WordPress/6.3.8; https://serhatburke.miroglu.net"
209.50.180.117 - - [17/Apr/2026:05:02:28 +0300] "GET /wp-login.php HTTP/2" 200 3093 "-" "Mozilla/5.0 (Macintosh; Intel Mac OS X 13_5) AppleWebKit/605.1.15 (KHTML, like Gecko) Version/17.5 Safari/605.1.15"
216.26.251.202 - - [17/Apr/2026:05:02:34 +0300] "GET /wp-login.php HTTP/2" 200 3093 "-" "Mozilla/5.0 (Windows NT 10.0; Win64; x64; rv:127.0) Gecko/20100101 Firefox/127.0"
209.50.184.206 - - [17/Apr/2026:05:02:44 +0300] "GET /wp-login.php HTTP/2" 200 3093 "-" "Mozilla/5.0 (Windows NT 10.0; Win64; x64) AppleWebKit/537.36 (KHTML, like Gecko) Chrome/124.0.6367.207 Safari/537.36"
104.207.52.46 - - [17/Apr/2026:05:03:06 +0300] "POST /xmlrpc.php HTTP/2" 200 2547 "-" "Mozilla/5.0 (Windows NT 10.0; Win64; x64) AppleWebKit/537.36 (KHTML, like Gecko) Chrome/124.0.6367.207 Safari/537.36"
185.216.113.70 - - [17/Apr/2026:05:03:51 +0300] "POST /wp-cron.php?doing_wp_cron=1776391431.6056060791015625000000 HTTP/1.1" 200 448 "-" "WordPress/6.3.8; https://serhatburke.miroglu.net"
216.26.232.190 - - [17/Apr/2026:05:03:40 +0300] "GET /wp-login.php HTTP/2" 200 3093 "-" "Mozilla/5.0 (Windows NT 10.0; Win64; x64) AppleWebKit/537.36 (KHTML, like Gecko) Chrome/124.0.6367.207 Safari/537.36"
216.26.232.190 - - [17/Apr/2026:05:03:53 +0300] "POST /xmlrpc.php HTTP/2" 200 110 "-" "Mozilla/5.0 (Macintosh; Intel Mac OS X 13_5) AppleWebKit/605.1.15 (KHTML, like Gecko) Version/17.5 Safari/605.1.15"
185.216.113.70 - - [17/Apr/2026:05:04:35 +0300] "POST /wp-cron.php?doing_wp_cron=1776391475.5109529495239257812500 HTTP/1.1" 200 448 "-" "WordPress/6.3.8; https://serhatburke.miroglu.net"
216.26.232.190 - - [17/Apr/2026:05:04:23 +0300] "POST /xmlrpc.php HTTP/2" 200 2898 "-" "Mozilla/5.0 (Windows NT 10.0; Win64; x64; rv:127.0) Gecko/20100101 Firefox/127.0"
216.26.251.202 - - [17/Apr/2026:05:04:51 +0300] "GET /wp-login.php HTTP/2" 200 3093 "-" "Mozilla/5.0 (Macintosh; Intel Mac OS X 13_5) AppleWebKit/605.1.15 (KHTML, like Gecko) Version/17.5 Safari/605.1.15"
62.12.118.35 - - [17/Apr/2026:05:05:14 +0300] "POST /xmlrpc.php HTTP/1.1" 200 630 "-" "Mozilla/5.0 (Windows NT 10.0; Win64; x64) AppleWebKit/537.36 (KHTML, like Gecko) Chrome/114.0.0.0 Safari/537.36"
185.216.113.70 - - [17/Apr/2026:05:05:45 +0300] "POST /wp-cron.php?doing_wp_cron=1776391545.1269938945770263671875 HTTP/1.1" 200 448 "-" "WordPress/6.3.8; https://serhatburke.miroglu.net"
62.12.118.35 - - [17/Apr/2026:05:05:32 +0300] "POST /xmlrpc.php HTTP/1.1" 200 12986 "-" "Mozilla/5.0 (Windows NT 10.0; Win64; x64) AppleWebKit/537.36 (KHTML, like Gecko) Chrome/114.0.0.0 Safari/537.36"
62.12.118.35 - - [17/Apr/2026:05:05:46 +0300] "GET /free-pokie-50-free-spins-fruity-frost-downloads/ HTTP/1.1" 200 73353 "-" "Mozilla/5.0 (Windows NT 10.0; Win64; x64; rv:124.0) Gecko/20100101 Firefox/124.0"
103.219.169.167 - - [17/Apr/2026:05:06:26 +0300] "POST /xmlrpc.php HTTP/1.1" 200 630 "-" "Mozilla/5.0 (Windows NT 10.0; Win64; x64) AppleWebKit/537.36 (KHTML, like Gecko) Chrome/114.0.0.0 Safari/537.36"
