45.250.252.183 - - [16/Apr/2026:22:29:37 +0300] "POST /xmlrpc.php HTTP/1.1" 200 630 "-" "Mozilla/5.0 (Windows NT 10.0; Win64; x64) AppleWebKit/537.36 (KHTML, like Gecko) Chrome/114.0.0.0 Safari/537.36"
45.250.252.183 - - [16/Apr/2026:22:30:00 +0300] "POST /xmlrpc.php HTTP/1.1" 200 10293 "-" "Mozilla/5.0 (Windows NT 10.0; Win64; x64) AppleWebKit/537.36 (KHTML, like Gecko) Chrome/114.0.0.0 Safari/537.36"
45.250.252.183 - - [16/Apr/2026:22:30:20 +0300] "GET /blackjacki-lahenemine-parimad-verde-kasiino-promotsioon-ressursid-ja-voimalused-blackjacki-mangijatele/ HTTP/1.1" 200 73073 "-" "Mozilla/5.0 (Windows NT 10.0; Win64; x64) AppleWebKit/537.36 (KHTML, like Gecko) Chrome/109.0.0.0 Safari/537.36"
185.216.113.70 - - [16/Apr/2026:22:31:18 +0300] "POST /wp-cron.php?doing_wp_cron=1776367878.2079410552978515625000 HTTP/1.1" 200 448 "-" "WordPress/6.3.8; https://serhatburke.miroglu.net"
45.250.252.183 - - [16/Apr/2026:22:31:01 +0300] "POST /xmlrpc.php HTTP/1.1" 200 630 "-" "Mozilla/5.0 (Windows NT 10.0; Win64; x64) AppleWebKit/537.36 (KHTML, like Gecko) Chrome/114.0.0.0 Safari/537.36"
45.250.252.183 - - [16/Apr/2026:22:31:25 +0300] "POST /xmlrpc.php HTTP/1.1" 200 10103 "-" "Mozilla/5.0 (Windows NT 10.0; Win64; x64) AppleWebKit/537.36 (KHTML, like Gecko) Chrome/114.0.0.0 Safari/537.36"
185.216.113.70 - - [16/Apr/2026:22:31:58 +0300] "POST /wp-cron.php?doing_wp_cron=1776367918.9346210956573486328125 HTTP/1.1" 200 448 "-" "WordPress/6.3.8; https://serhatburke.miroglu.net"
45.250.252.183 - - [16/Apr/2026:22:31:43 +0300] "GET /wolf-work-at-gold-veebislotimangu-ulevaade-2026-sissemakseta-boonus-kasiino-goldbet-3-tasuta-keerutustsuklit/ HTTP/1.1" 200 72949 "-" "Mozilla/5.0 (Windows NT 10.0; Win64; x64) AppleWebKit/537.36 (KHTML, like Gecko) Chrome/122.0.0.0 Safari/537.36"
185.216.113.70 - - [16/Apr/2026:22:32:47 +0300] "POST /wp-cron.php?doing_wp_cron=1776367967.8314199447631835937500 HTTP/1.1" 200 448 "-" "WordPress/6.3.8; https://serhatburke.miroglu.net"
45.250.252.183 - - [16/Apr/2026:22:32:31 +0300] "POST /xmlrpc.php HTTP/1.1" 200 630 "-" "Mozilla/5.0 (Windows NT 10.0; Win64; x64) AppleWebKit/537.36 (KHTML, like Gecko) Chrome/114.0.0.0 Safari/537.36"
45.250.252.183 - - [16/Apr/2026:22:32:55 +0300] "POST /xmlrpc.php HTTP/1.1" 200 10261 "-" "Mozilla/5.0 (Windows NT 10.0; Win64; x64) AppleWebKit/537.36 (KHTML, like Gecko) Chrome/114.0.0.0 Safari/537.36"
45.250.252.183 - - [16/Apr/2026:22:33:13 +0300] "GET /10-korgeima-vulkan-spiele-sisselogimise-registreerimine-reitinguga-hasartmanguettevotet/ HTTP/1.1" 200 73051 "-" "Mozilla/5.0 (Windows NT 10.0; rv:109.0) Gecko/20100101 Firefox/115.0"
185.216.113.70 - - [16/Apr/2026:22:34:15 +0300] "POST /wp-cron.php?doing_wp_cron=1776368055.1862819194793701171875 HTTP/1.1" 200 448 "-" "WordPress/6.3.8; https://serhatburke.miroglu.net"
45.250.252.183 - - [16/Apr/2026:22:33:59 +0300] "POST /xmlrpc.php HTTP/1.1" 200 630 "-" "Mozilla/5.0 (Windows NT 10.0; Win64; x64) AppleWebKit/537.36 (KHTML, like Gecko) Chrome/114.0.0.0 Safari/537.36"
45.250.252.183 - - [16/Apr/2026:22:34:23 +0300] "POST /xmlrpc.php HTTP/1.1" 200 9696 "-" "Mozilla/5.0 (Windows NT 10.0; Win64; x64) AppleWebKit/537.36 (KHTML, like Gecko) Chrome/114.0.0.0 Safari/537.36"
185.216.113.70 - - [16/Apr/2026:22:34:56 +0300] "POST /wp-cron.php?doing_wp_cron=1776368096.1963539123535156250000 HTTP/1.1" 200 448 "-" "WordPress/6.3.8; https://serhatburke.miroglu.net"
45.250.252.183 - - [16/Apr/2026:22:34:41 +0300] "GET /vabasadamad-vulkan-spiele-kasiino-tasuta-promokoodid-naudivad-tasuta-ja-tellimusvaba-positsiooniala/ HTTP/1.1" 200 72244 "-" "Mozilla/5.0 (Windows NT 10.0; Win64; x64) AppleWebKit/537.36 (KHTML, like Gecko) Chrome/123.0.0.0 Safari/537.36 OPR/109.0.0.0"
103.219.169.167 - - [16/Apr/2026:22:35:01 +0300] "POST /xmlrpc.php HTTP/1.1" 200 630 "-" "Mozilla/5.0 (Windows NT 10.0; Win64; x64) AppleWebKit/537.36 (KHTML, like Gecko) Chrome/114.0.0.0 Safari/537.36"
185.216.113.70 - - [16/Apr/2026:22:35:32 +0300] "POST /wp-cron.php?doing_wp_cron=1776368132.7256140708923339843750 HTTP/1.1" 200 448 "-" "WordPress/6.3.8; https://serhatburke.miroglu.net"
103.219.169.167 - - [16/Apr/2026:22:35:20 +0300] "POST /xmlrpc.php HTTP/1.1" 200 15463 "-" "Mozilla/5.0 (Windows NT 10.0; Win64; x64) AppleWebKit/537.36 (KHTML, like Gecko) Chrome/114.0.0.0 Safari/537.36"
45.250.252.183 - - [16/Apr/2026:22:35:28 +0300] "POST /xmlrpc.php HTTP/1.1" 200 630 "-" "Mozilla/5.0 (Windows NT 10.0; Win64; x64) AppleWebKit/537.36 (KHTML, like Gecko) Chrome/114.0.0.0 Safari/537.36"
103.219.169.167 - - [16/Apr/2026:22:35:34 +0300] "GET /kasino-spiele-liste-2026-erreichbar-golden-sevens-slotauszahlung-spielbank-spiele-vorgestellt/ HTTP/1.1" 200 77832 "-" "Mozilla/5.0 (Windows NT 10.0; Win64; x64) AppleWebKit/537.36 (KHTML, like Gecko) Chrome/122.0.0.0 Safari/537.36"
45.250.252.183 - - [16/Apr/2026:22:35:54 +0300] "POST /xmlrpc.php HTTP/1.1" 200 10064 "-" "Mozilla/5.0 (Windows NT 10.0; Win64; x64) AppleWebKit/537.36 (KHTML, like Gecko) Chrome/114.0.0.0 Safari/537.36"
45.250.252.183 - - [16/Apr/2026:22:36:12 +0300] "GET /vana-egiptuse-koige-mojukamad-vulkan-spiele-tervitusboonus-vaaraod/ HTTP/1.1" 200 71903 "-" "Mozilla/5.0 (Windows NT 10.0; Win64; x64; rv:124.0) Gecko/20100101 Firefox/124.0"
185.216.113.70 - - [16/Apr/2026:22:37:10 +0300] "POST /wp-cron.php?doing_wp_cron=1776368230.6397030353546142578125 HTTP/1.1" 200 448 "-" "WordPress/6.3.8; https://serhatburke.miroglu.net"
45.250.252.183 - - [16/Apr/2026:22:36:54 +0300] "POST /xmlrpc.php HTTP/1.1" 200 630 "-" "Mozilla/5.0 (Windows NT 10.0; Win64; x64) AppleWebKit/537.36 (KHTML, like Gecko) Chrome/114.0.0.0 Safari/537.36"
45.250.252.183 - - [16/Apr/2026:22:37:17 +0300] "POST /xmlrpc.php HTTP/1.1" 200 10024 "-" "Mozilla/5.0 (Windows NT 10.0; Win64; x64) AppleWebKit/537.36 (KHTML, like Gecko) Chrome/114.0.0.0 Safari/537.36"
185.216.113.70 - - [16/Apr/2026:22:37:53 +0300] "POST /wp-cron.php?doing_wp_cron=1776368273.4651501178741455078125 HTTP/1.1" 200 448 "-" "WordPress/6.3.8; https://serhatburke.miroglu.net"
45.250.252.183 - - [16/Apr/2026:22:37:37 +0300] "GET /thunderstruck-2-ressursid-ja-sissemakseta-kasiino-vulkan-spiele-2026-raamat/ HTTP/1.1" 200 71973 "-" "Mozilla/5.0 (Windows NT 10.0; Win64; x64; rv:124.0) Gecko/20100101 Firefox/124.0"
45.250.252.183 - - [16/Apr/2026:22:38:09 +0300] "POST /xmlrpc.php HTTP/1.1" 200 630 "-" "Mozilla/5.0 (Windows NT 10.0; Win64; x64) AppleWebKit/537.36 (KHTML, like Gecko) Chrome/114.0.0.0 Safari/537.36"
103.122.2.107 - - [16/Apr/2026:22:38:17 +0300] "GET /28563-2/ HTTP/1.1" 200 18760 "https://serhatburke.miroglu.net/" "Mozilla/5.0 (X11; Linux x86_64) AppleWebKit/537.36 (KHTML, like Gecko) Chrome/114.0.0.0 Safari/537.36 OPR/89.0.4447.51"
185.216.113.70 - - [16/Apr/2026:22:38:51 +0300] "POST /wp-cron.php?doing_wp_cron=1776368331.0109179019927978515625 HTTP/1.1" 200 448 "-" "WordPress/6.3.8; https://serhatburke.miroglu.net"
45.250.252.183 - - [16/Apr/2026:22:38:34 +0300] "POST /xmlrpc.php HTTP/1.1" 200 10723 "-" "Mozilla/5.0 (Windows NT 10.0; Win64; x64) AppleWebKit/537.36 (KHTML, like Gecko) Chrome/114.0.0.0 Safari/537.36"
45.250.252.183 - - [16/Apr/2026:22:38:55 +0300] "GET /ahmide-nagemine-promokoodid-vulkan-spiele-bwca-duluth-gunflint-jalutuskaik-northern-shore-lakei-tapsemad-kalastusaruanded-koha-jaa-ja-forellijahi-kogukonnafoorumid/ HTTP/1.1" 200 75438 "-" "Mozilla/5.0 (Windows NT 10.0; Win64; x64) AppleWebKit/537.36 (KHTML, like Gecko) Chrome/124.0.0.0 Safari/537.36"
185.216.113.70 - - [16/Apr/2026:22:39:52 +0300] "POST /wp-cron.php?doing_wp_cron=1776368392.7023119926452636718750 HTTP/1.1" 200 448 "-" "WordPress/6.3.8; https://serhatburke.miroglu.net"
45.250.252.183 - - [16/Apr/2026:22:39:37 +0300] "POST /xmlrpc.php HTTP/1.1" 200 630 "-" "Mozilla/5.0 (Windows NT 10.0; Win64; x64) AppleWebKit/537.36 (KHTML, like Gecko) Chrome/114.0.0.0 Safari/537.36"
45.250.252.183 - - [16/Apr/2026:22:40:00 +0300] "POST /xmlrpc.php HTTP/1.1" 200 10233 "-" "Mozilla/5.0 (Windows NT 10.0; Win64; x64) AppleWebKit/537.36 (KHTML, like Gecko) Chrome/114.0.0.0 Safari/537.36"
185.191.171.1 - - [16/Apr/2026:22:40:13 +0300] "GET /robots.txt HTTP/1.1" 200 605 "-" "Mozilla/5.0 (compatible; SemrushBot/7~bl; +http://www.semrush.com/bot.html)"
45.250.252.183 - - [16/Apr/2026:22:40:20 +0300] "GET /millised-on-vulkan-vegas-boonuskood-kaebused-thunderstruck-stormchaseri-kasiino-kohta/ HTTP/1.1" 200 72740 "-" "Mozilla/5.0 (Windows NT 10.0; Win64; x64; rv:124.0) Gecko/20100101 Firefox/124.0"
185.216.113.70 - - [16/Apr/2026:22:40:40 +0300] "POST /wp-cron.php?doing_wp_cron=1776368440.8088469505310058593750 HTTP/1.1" 200 448 "-" "WordPress/6.3.8; https://serhatburke.miroglu.net"
85.208.96.210 - - [16/Apr/2026:22:40:27 +0300] "GET /beste-casino-site-belgie-hoge-inzet/ HTTP/1.1" 200 20756 "-" "Mozilla/5.0 (compatible; SemrushBot/7~bl; +http://www.semrush.com/bot.html)"
85.208.96.201 - - [16/Apr/2026:22:40:34 +0300] "GET /sitemap.xml HTTP/1.1" 200 1623 "-" "Mozilla/5.0 (compatible; SemrushBot/7~bl; +http://www.semrush.com/bot.html)"
85.208.96.201 - - [16/Apr/2026:22:40:49 +0300] "GET /sitemap.xml HTTP/1.1" 200 1623 "-" "Mozilla/5.0 (compatible; SemrushBot/7~bl; +http://www.semrush.com/bot.html)"
103.219.169.167 - - [16/Apr/2026:22:40:57 +0300] "POST /xmlrpc.php HTTP/1.1" 200 630 "-" "Mozilla/5.0 (Windows NT 10.0; Win64; x64) AppleWebKit/537.36 (KHTML, like Gecko) Chrome/114.0.0.0 Safari/537.36"
185.191.171.18 - - [16/Apr/2026:22:41:04 +0300] "GET /sitemap.rss HTTP/1.1" 200 6331 "-" "Mozilla/5.0 (compatible; SemrushBot/7~bl; +http://www.semrush.com/bot.html)"
185.216.113.70 - - [16/Apr/2026:22:41:28 +0300] "POST /wp-cron.php?doing_wp_cron=1776368488.1393439769744873046875 HTTP/1.1" 200 448 "-" "WordPress/6.3.8; https://serhatburke.miroglu.net"
103.219.169.167 - - [16/Apr/2026:22:41:16 +0300] "POST /xmlrpc.php HTTP/1.1" 200 16553 "-" "Mozilla/5.0 (Windows NT 10.0; Win64; x64) AppleWebKit/537.36 (KHTML, like Gecko) Chrome/114.0.0.0 Safari/537.36"
45.250.252.183 - - [16/Apr/2026:22:41:14 +0300] "POST /xmlrpc.php HTTP/1.1" 200 630 "-" "Mozilla/5.0 (Windows NT 10.0; Win64; x64) AppleWebKit/537.36 (KHTML, like Gecko) Chrome/114.0.0.0 Safari/537.36"
103.219.169.167 - - [16/Apr/2026:22:41:30 +0300] "GET /beste-seriose-erreichbar-casinos-uber-rapider-secret-forest-1-kaution-ausschuttung/ HTTP/1.1" 200 78649 "-" "Mozilla/5.0 (Windows NT 10.0; Win64; x64; rv:125.0) Gecko/20100101 Firefox/125.0"
45.250.252.183 - - [16/Apr/2026:22:41:37 +0300] "POST /xmlrpc.php HTTP/1.1" 200 10612 "-" "Mozilla/5.0 (Windows NT 10.0; Win64; x64) AppleWebKit/537.36 (KHTML, like Gecko) Chrome/114.0.0.0 Safari/537.36"
45.250.252.183 - - [16/Apr/2026:22:42:11 +0300] "GET /100-protsenti-tasuta-slotimange-mangi-tasuta-uusim-sissemakseta-vulkan-vegas-veebis-harborsis-kasiinos-com/ HTTP/1.1" 200 73400 "-" "Mozilla/5.0 (Windows NT 10.0; Win64; x64) AppleWebKit/537.36 (KHTML, like Gecko) Chrome/124.0.0.0 Safari/537.36 Edg/124.0.0.0"
185.216.113.70 - - [16/Apr/2026:22:43:06 +0300] "POST /wp-cron.php?doing_wp_cron=1776368586.1647069454193115234375 HTTP/1.1" 200 448 "-" "WordPress/6.3.8; https://serhatburke.miroglu.net"
45.250.252.183 - - [16/Apr/2026:22:42:50 +0300] "POST /xmlrpc.php HTTP/1.1" 200 630 "-" "Mozilla/5.0 (Windows NT 10.0; Win64; x64) AppleWebKit/537.36 (KHTML, like Gecko) Chrome/114.0.0.0 Safari/537.36"
45.250.252.183 - - [16/Apr/2026:22:43:13 +0300] "POST /xmlrpc.php HTTP/1.1" 200 10327 "-" "Mozilla/5.0 (Windows NT 10.0; Win64; x64) AppleWebKit/537.36 (KHTML, like Gecko) Chrome/114.0.0.0 Safari/537.36"
185.216.113.70 - - [16/Apr/2026:22:43:47 +0300] "POST /wp-cron.php?doing_wp_cron=1776368627.8193130493164062500000 HTTP/1.1" 200 448 "-" "WordPress/6.3.8; https://serhatburke.miroglu.net"
45.250.252.183 - - [16/Apr/2026:22:43:32 +0300] "GET /mangi-kogu-vulkan-vegas-rakendus-gambino-slotimangu-100-tasuta-positsioonimangu/ HTTP/1.1" 200 72366 "-" "Mozilla/5.0 (Windows NT 10.0; Win64; x64) AppleWebKit/537.36 (KHTML, like Gecko) Chrome/124.0.0.0 Safari/537.36 Edg/124.0.0.0"
45.250.252.183 - - [16/Apr/2026:22:44:08 +0300] "POST /xmlrpc.php HTTP/1.1" 200 630 "-" "Mozilla/5.0 (Windows NT 10.0; Win64; x64) AppleWebKit/537.36 (KHTML, like Gecko) Chrome/114.0.0.0 Safari/537.36"
185.216.113.70 - - [16/Apr/2026:22:44:50 +0300] "POST /wp-cron.php?doing_wp_cron=1776368690.8553869724273681640625 HTTP/1.1" 200 448 "-" "WordPress/6.3.8; https://serhatburke.miroglu.net"
45.250.252.183 - - [16/Apr/2026:22:44:34 +0300] "POST /xmlrpc.php HTTP/1.1" 200 10376 "-" "Mozilla/5.0 (Windows NT 10.0; Win64; x64) AppleWebKit/537.36 (KHTML, like Gecko) Chrome/114.0.0.0 Safari/537.36"
172.245.126.174 - - [16/Apr/2026:22:44:51 +0300] "GET /wp-content/themes/toppic/css/rs-default.css?ver=4.2 HTTP/1.1" 200 2625 "https://serhatburke.miroglu.net/28563-2/" "Mozilla/5.0 (Windows NT 10.0; Win64; x64) AppleWebKit/537.36 (KHTML, like Gecko) Chrome/143.0.0.0 Safari/537.36"
172.245.126.174 - - [16/Apr/2026:22:44:53 +0300] "GET /wp-content/themes/toppic/css/lightbox.css?ver=4.2 HTTP/1.1" 200 2956 "https://serhatburke.miroglu.net/28563-2/" "Mozilla/5.0 (Windows NT 10.0; Win64; x64) AppleWebKit/537.36 (KHTML, like Gecko) Chrome/143.0.0.0 Safari/537.36"
172.245.126.174 - - [16/Apr/2026:22:44:56 +0300] "GET /wp-content/themes/toppic/css/woocommerce.css?ver=4.2 HTTP/1.1" 200 2848 "https://serhatburke.miroglu.net/28563-2/" "Mozilla/5.0 (Windows NT 10.0; Win64; x64) AppleWebKit/537.36 (KHTML, like Gecko) Chrome/143.0.0.0 Safari/537.36"
172.245.126.174 - - [16/Apr/2026:22:44:58 +0300] "GET /wp-content/themes/toppic/css/responsive.css?ver=4.2 HTTP/1.1" 200 2796 "https://serhatburke.miroglu.net/28563-2/" "Mozilla/5.0 (Windows NT 10.0; Win64; x64) AppleWebKit/537.36 (KHTML, like Gecko) Chrome/143.0.0.0 Safari/537.36"
45.250.252.183 - - [16/Apr/2026:22:44:52 +0300] "GET /11-miljoni-dollari-goldbet-kasiino-ee-suurune-hotellikogukonna-jackpot-las-vegases/ HTTP/1.1" 200 72425 "-" "Mozilla/5.0 (Windows NT 10.0; Win64; x64) AppleWebKit/537.36 (KHTML, like Gecko) Chrome/123.0.0.0 Safari/537.36"
172.245.126.174 - - [16/Apr/2026:22:45:01 +0300] "POST /wp-comments-post.php HTTP/1.1" 302 1055 "https://serhatburke.miroglu.net/28563-2/" "Mozilla/5.0 (X11; Linux x86_64) AppleWebKit/537.36 (KHTML, like Gecko) Chrome/114.0.0.0 Safari/537.36 OPR/89.0.4447.51"
172.245.126.174 - - [16/Apr/2026:22:45:16 +0300] "GET /28563-2/?unapproved=421&moderation-hash=44af1fe434b44de845fd449f5e141afa HTTP/1.1" 200 19200 "https://serhatburke.miroglu.net/wp-comments-post.php" "Mozilla/5.0 (X11; Linux x86_64) AppleWebKit/537.36 (KHTML, like Gecko) Chrome/114.0.0.0 Safari/537.36 OPR/89.0.4447.51"
5.9.76.166 - - [16/Apr/2026:22:45:22 +0300] "GET /elevate-your-gameplay-master-the-thrill-of-increasing/ HTTP/1.0" 200 76685 "-" "Mozilla/5.0 (Windows NT 6.3; Win64; x64) AppleWebKit/537.36 (KHTML, like Gecko) Chrome/75.0.3770.100 Safari/537.36"
185.216.113.70 - - [16/Apr/2026:22:45:46 +0300] "POST /wp-cron.php?doing_wp_cron=1776368746.1755700111389160156250 HTTP/1.1" 200 448 "-" "WordPress/6.3.8; https://serhatburke.miroglu.net"
45.250.252.183 - - [16/Apr/2026:22:45:28 +0300] "POST /xmlrpc.php HTTP/1.1" 200 630 "-" "Mozilla/5.0 (Windows NT 10.0; Win64; x64) AppleWebKit/537.36 (KHTML, like Gecko) Chrome/114.0.0.0 Safari/537.36"
172.245.126.174 - - [16/Apr/2026:22:45:32 +0300] "GET /28563-2/ HTTP/1.1" 200 18690 "-" "Mozilla/5.0 (compatible; Googlebot/2.1; +http://www.google.com/bot.html)"
172.245.126.174 - - [16/Apr/2026:22:45:51 +0300] "GET /28563-2/ HTTP/1.1" 200 18690 "-" "Mozilla/5.0 (compatible; Googlebot/2.1; +http://www.google.com/bot.html)"
45.250.252.183 - - [16/Apr/2026:22:45:54 +0300] "POST /xmlrpc.php HTTP/1.1" 200 10381 "-" "Mozilla/5.0 (Windows NT 10.0; Win64; x64) AppleWebKit/537.36 (KHTML, like Gecko) Chrome/114.0.0.0 Safari/537.36"
45.250.252.183 - - [16/Apr/2026:22:46:17 +0300] "GET /uusim-volur-ozist-kena-ja-aktiivne-oz-suureparane-uhendkuningriigi-signatuur-turner-exhilaration-co-lt-taotluste-arv-uk00004181225-trademark-elite-online-kasiino-sissemakseta-vulkan-vegas-trade/ HTTP/1.1" 200 75988 "-" "Mozilla/5.0 (Windows NT 10.0; Win64; x64) AppleWebKit/537.36 (KHTML, like Gecko) Chrome/109.0.0.0 Safari/537.36"
185.216.113.70 - - [16/Apr/2026:22:46:50 +0300] "POST /wp-cron.php?doing_wp_cron=1776368810.6578741073608398437500 HTTP/1.1" 200 448 "-" "WordPress/6.3.8; https://serhatburke.miroglu.net"
45.250.252.183 - - [16/Apr/2026:22:46:34 +0300] "POST /xmlrpc.php HTTP/1.1" 200 630 "-" "Mozilla/5.0 (Windows NT 10.0; Win64; x64) AppleWebKit/537.36 (KHTML, like Gecko) Chrome/114.0.0.0 Safari/537.36"
103.219.169.167 - - [16/Apr/2026:22:46:39 +0300] "POST /xmlrpc.php HTTP/1.1" 200 630 "-" "Mozilla/5.0 (Windows NT 10.0; Win64; x64) AppleWebKit/537.36 (KHTML, like Gecko) Chrome/114.0.0.0 Safari/537.36"
103.219.169.167 - - [16/Apr/2026:22:46:58 +0300] "POST /xmlrpc.php HTTP/1.1" 200 16459 "-" "Mozilla/5.0 (Windows NT 10.0; Win64; x64) AppleWebKit/537.36 (KHTML, like Gecko) Chrome/114.0.0.0 Safari/537.36"
45.250.252.183 - - [16/Apr/2026:22:46:57 +0300] "POST /xmlrpc.php HTTP/1.1" 200 9828 "-" "Mozilla/5.0 (Windows NT 10.0; Win64; x64) AppleWebKit/537.36 (KHTML, like Gecko) Chrome/114.0.0.0 Safari/537.36"
103.219.169.167 - - [16/Apr/2026:22:47:14 +0300] "GET /auf-diese-weise-durchsuchen-eltern-die-noviline-slots-echtes-geld-bestimmte-blog-in-bing-eine-schritt-fur-schritt-bedienungsanleitung-globaler-hacker/ HTTP/1.1" 200 80089 "-" "Mozilla/5.0 (Windows NT 10.0; Win64; x64) AppleWebKit/537.36 (KHTML, like Gecko) Chrome/122.0.0.0 Safari/537.36"
45.250.252.183 - - [16/Apr/2026:22:47:19 +0300] "GET /wolverinei-imed-rakenduse-goldbet-sisselogimine-pakuvad-lopuks-tootmispaeva-ja-mul-on-vaja-vanapoissi-loganit/ HTTP/1.1" 200 73162 "-" "Mozilla/5.0 (Windows NT 10.0; Win64; x64; rv:124.0) Gecko/20100101 Firefox/124.0"
185.216.113.70 - - [16/Apr/2026:22:48:16 +0300] "POST /wp-cron.php?doing_wp_cron=1776368896.0052518844604492187500 HTTP/1.1" 200 448 "-" "WordPress/6.3.8; https://serhatburke.miroglu.net"
45.250.252.183 - - [16/Apr/2026:22:48:01 +0300] "POST /xmlrpc.php HTTP/1.1" 200 630 "-" "Mozilla/5.0 (Windows NT 10.0; Win64; x64) AppleWebKit/537.36 (KHTML, like Gecko) Chrome/114.0.0.0 Safari/537.36"
45.250.252.183 - - [16/Apr/2026:22:48:23 +0300] "POST /xmlrpc.php HTTP/1.1" 200 9959 "-" "Mozilla/5.0 (Windows NT 10.0; Win64; x64) AppleWebKit/537.36 (KHTML, like Gecko) Chrome/114.0.0.0 Safari/537.36"
185.216.113.70 - - [16/Apr/2026:22:49:00 +0300] "POST /wp-cron.php?doing_wp_cron=1776368940.0075380802154541015625 HTTP/1.1" 200 448 "-" "WordPress/6.3.8; https://serhatburke.miroglu.net"
45.250.252.183 - - [16/Apr/2026:22:48:43 +0300] "GET /paremad-kasiinod-goldbet-valjamakse-mis-teevad-paysafecardi-sissemakseid/ HTTP/1.1" 200 72079 "-" "Mozilla/5.0 (Windows NT 10.0; rv:109.0) Gecko/20100101 Firefox/115.0"
185.216.113.70 - - [16/Apr/2026:22:51:45 +0300] "POST /wp-cron.php?doing_wp_cron=1776369105.7662169933319091796875 HTTP/1.1" 200 448 "-" "WordPress/6.3.8; https://serhatburke.miroglu.net"
103.219.169.167 - - [16/Apr/2026:22:51:32 +0300] "POST /xmlrpc.php HTTP/1.1" 200 630 "-" "Mozilla/5.0 (Windows NT 10.0; Win64; x64) AppleWebKit/537.36 (KHTML, like Gecko) Chrome/114.0.0.0 Safari/537.36"
103.219.169.167 - - [16/Apr/2026:22:51:52 +0300] "POST /xmlrpc.php HTTP/1.1" 200 17436 "-" "Mozilla/5.0 (Windows NT 10.0; Win64; x64) AppleWebKit/537.36 (KHTML, like Gecko) Chrome/114.0.0.0 Safari/537.36"
103.219.169.167 - - [16/Apr/2026:22:52:07 +0300] "GET /love-aztec-pyramids-kostenlose-spins-150-scam-genau-so-wie-eltern-ein-piepen-zuruckerhalten-hin-michel-de-araujo-kurth-m-a/ HTTP/1.1" 200 81061 "-" "Mozilla/5.0 (Windows NT 10.0; Win64; x64) AppleWebKit/537.36 (KHTML, like Gecko) Chrome/124.0.0.0 Safari/537.36 Edg/124.0.0.0"
107.152.46.252 - - [16/Apr/2026:22:52:26 +0300] "GET /zotabet-casino-bonus-premier-depot-2026/ HTTP/1.1" 200 18530 "-" "Mozilla/5.0 (Windows NT 10.0; Win64; x64) AppleWebKit/537.36 (KHTML, like Gecko) Chrome/114.0.0.0 Safari/537.36"
185.216.113.70 - - [16/Apr/2026:22:56:59 +0300] "POST /wp-cron.php?doing_wp_cron=1776369419.1186730861663818359375 HTTP/1.1" 200 448 "-" "WordPress/6.3.8; https://serhatburke.miroglu.net"
103.219.169.167 - - [16/Apr/2026:22:56:46 +0300] "POST /xmlrpc.php HTTP/1.1" 200 630 "-" "Mozilla/5.0 (Windows NT 10.0; Win64; x64) AppleWebKit/537.36 (KHTML, like Gecko) Chrome/114.0.0.0 Safari/537.36"
103.219.169.167 - - [16/Apr/2026:22:57:05 +0300] "POST /xmlrpc.php HTTP/1.1" 200 15778 "-" "Mozilla/5.0 (Windows NT 10.0; Win64; x64) AppleWebKit/537.36 (KHTML, like Gecko) Chrome/114.0.0.0 Safari/537.36"
103.219.169.167 - - [16/Apr/2026:22:57:18 +0300] "GET /druckgluck-inoffizieller-mitarbeiter-erprobung-ernst-auf-jeden-fall-ausfindig-machen-eltern-sera-casino-trip-to-the-future-raus/ HTTP/1.1" 200 79046 "-" "Mozilla/5.0 (Windows NT 10.0; Win64; x64; rv:124.0) Gecko/20100101 Firefox/124.0"
185.216.113.70 - - [16/Apr/2026:22:58:09 +0300] "POST /wp-cron.php?doing_wp_cron=1776369489.1944038867950439453125 HTTP/1.1" 200 448 "-" "WordPress/6.3.8; https://serhatburke.miroglu.net"
45.250.252.183 - - [16/Apr/2026:22:57:43 +0300] "POST /xmlrpc.php HTTP/1.1" 200 630 "-" "Mozilla/5.0 (Windows NT 10.0; Win64; x64) AppleWebKit/537.36 (KHTML, like Gecko) Chrome/114.0.0.0 Safari/537.36"
45.250.252.183 - - [16/Apr/2026:22:58:16 +0300] "POST /xmlrpc.php HTTP/1.1" 200 9993 "-" "Mozilla/5.0 (Windows NT 10.0; Win64; x64) AppleWebKit/537.36 (KHTML, like Gecko) Chrome/114.0.0.0 Safari/537.36"
185.216.113.70 - - [16/Apr/2026:22:59:00 +0300] "POST /wp-cron.php?doing_wp_cron=1776369540.8231809139251708984375 HTTP/1.1" 200 448 "-" "WordPress/6.3.8; https://serhatburke.miroglu.net"
45.250.252.183 - - [16/Apr/2026:22:58:35 +0300] "GET /parem-reaalse-sissetulekuga-online-slotimangud-mida-proovida-2026-aastal/ HTTP/1.1" 200 71753 "-" "Mozilla/5.0 (Windows NT 10.0; Win64; x64) AppleWebKit/537.36 (KHTML, like Gecko) Chrome/124.0.0.0 Safari/537.36"
103.219.169.167 - - [16/Apr/2026:23:01:44 +0300] "POST /xmlrpc.php HTTP/1.1" 200 630 "-" "Mozilla/5.0 (Windows NT 10.0; Win64; x64) AppleWebKit/537.36 (KHTML, like Gecko) Chrome/114.0.0.0 Safari/537.36"
103.219.169.167 - - [16/Apr/2026:23:02:04 +0300] "POST /xmlrpc.php HTTP/1.1" 200 15626 "-" "Mozilla/5.0 (Windows NT 10.0; Win64; x64) AppleWebKit/537.36 (KHTML, like Gecko) Chrome/114.0.0.0 Safari/537.36"
103.219.169.167 - - [16/Apr/2026:23:02:17 +0300] "GET /druckgluck-ihr-lizenziertes-online-kasino-inside-land-der-dichter-und-denker-100-bonus-book-of-ra-kostenlos-installieren-50-freispiele/ HTTP/1.1" 200 78808 "-" "Mozilla/5.0 (Windows NT 10.0; rv:109.0) Gecko/20100101 Firefox/115.0"
185.216.113.70 - - [16/Apr/2026:23:03:59 +0300] "POST /wp-cron.php?doing_wp_cron=1776369839.3238329887390136718750 HTTP/1.1" 200 448 "-" "WordPress/6.3.8; https://serhatburke.miroglu.net"
23.254.225.233 - - [16/Apr/2026:23:03:46 +0300] "GET /casino-online-skrill-prelievo-veloce/ HTTP/1.1" 200 18142 "-" "Mozilla/5.0 (compatible; Googlebot/2.1; +http://www.google.com/bot.html)"
45.250.252.183 - - [16/Apr/2026:23:04:24 +0300] "POST /xmlrpc.php HTTP/1.1" 200 630 "-" "Mozilla/5.0 (Windows NT 10.0; Win64; x64) AppleWebKit/537.36 (KHTML, like Gecko) Chrome/114.0.0.0 Safari/537.36"
185.216.113.70 - - [16/Apr/2026:23:05:03 +0300] "POST /wp-cron.php?doing_wp_cron=1776369903.4456250667572021484375 HTTP/1.1" 200 448 "-" "WordPress/6.3.8; https://serhatburke.miroglu.net"
45.250.252.183 - - [16/Apr/2026:23:04:47 +0300] "POST /xmlrpc.php HTTP/1.1" 200 10832 "-" "Mozilla/5.0 (Windows NT 10.0; Win64; x64) AppleWebKit/537.36 (KHTML, like Gecko) Chrome/114.0.0.0 Safari/537.36"
185.216.113.70 - - [16/Apr/2026:23:05:25 +0300] "POST /wp-cron.php?doing_wp_cron=1776369925.2517740726470947265625 HTTP/1.1" 200 448 "-" "WordPress/6.3.8; https://serhatburke.miroglu.net"
45.250.252.183 - - [16/Apr/2026:23:05:09 +0300] "GET /thunderstruck-ii-sadamate-arvamus-2026-teeni-2-x-5-miljonit-kuldmunti/ HTTP/1.1" 200 72881 "-" "Mozilla/5.0 (Windows NT 10.0; Win64; x64; rv:124.0) Gecko/20100101 Firefox/124.0"
185.216.113.70 - - [16/Apr/2026:23:06:55 +0300] "POST /wp-cron.php?doing_wp_cron=1776370015.5023639202117919921875 HTTP/1.1" 200 448 "-" "WordPress/6.3.8; https://serhatburke.miroglu.net"
45.250.252.183 - - [16/Apr/2026:23:06:38 +0300] "POST /xmlrpc.php HTTP/1.1" 200 630 "-" "Mozilla/5.0 (Windows NT 10.0; Win64; x64) AppleWebKit/537.36 (KHTML, like Gecko) Chrome/114.0.0.0 Safari/537.36"
103.219.169.167 - - [16/Apr/2026:23:06:51 +0300] "POST /xmlrpc.php HTTP/1.1" 200 630 "-" "Mozilla/5.0 (Windows NT 10.0; Win64; x64) AppleWebKit/537.36 (KHTML, like Gecko) Chrome/114.0.0.0 Safari/537.36"
45.250.252.183 - - [16/Apr/2026:23:07:03 +0300] "POST /xmlrpc.php HTTP/1.1" 200 9633 "-" "Mozilla/5.0 (Windows NT 10.0; Win64; x64) AppleWebKit/537.36 (KHTML, like Gecko) Chrome/114.0.0.0 Safari/537.36"
103.219.169.167 - - [16/Apr/2026:23:07:15 +0300] "POST /xmlrpc.php HTTP/1.1" 200 16464 "-" "Mozilla/5.0 (Windows NT 10.0; Win64; x64) AppleWebKit/537.36 (KHTML, like Gecko) Chrome/114.0.0.0 Safari/537.36"
185.216.113.70 - - [16/Apr/2026:23:07:43 +0300] "POST /wp-cron.php?doing_wp_cron=1776370063.2010660171508789062500 HTTP/1.1" 200 448 "-" "WordPress/6.3.8; https://serhatburke.miroglu.net"
45.250.252.183 - - [16/Apr/2026:23:07:26 +0300] "GET /thunderstrucki-slotimangu-kommentaar-2026-aasta-hasartmangud-internetis/ HTTP/1.1" 200 71576 "-" "Mozilla/5.0 (Windows NT 10.0; Win64; x64) AppleWebKit/537.36 (KHTML, like Gecko) Chrome/122.0.0.0 Safari/537.36"
103.219.169.167 - - [16/Apr/2026:23:07:30 +0300] "GET /druckgluck-erfahrungen-probe-berechnung-nuke-world-paypal-2026/ HTTP/1.1" 200 77823 "-" "Mozilla/5.0 (Windows NT 10.0; Win64; x64) AppleWebKit/537.36 (KHTML, like Gecko) Chrome/123.0.0.0 Safari/537.36 OPR/109.0.0.0"
181.215.16.49 - - [16/Apr/2026:23:08:24 +0300] "GET /automaty-hazard-online/ HTTP/1.1" 200 17664 "-" "Mozilla/5.0 (Windows NT 10.0; Win64; x64) AppleWebKit/537.36 (KHTML, like Gecko) Chrome/114.0.0.0 Safari/537.36"
185.216.113.70 - - [16/Apr/2026:23:11:54 +0300] "POST /wp-cron.php?doing_wp_cron=1776370313.8753800392150878906250 HTTP/1.1" 200 448 "-" "WordPress/6.3.8; https://serhatburke.miroglu.net"
103.219.169.167 - - [16/Apr/2026:23:11:39 +0300] "POST /xmlrpc.php HTTP/1.1" 200 630 "-" "Mozilla/5.0 (Windows NT 10.0; Win64; x64) AppleWebKit/537.36 (KHTML, like Gecko) Chrome/114.0.0.0 Safari/537.36"
130.49.79.191 - - [16/Apr/2026:23:11:43 +0300] "POST /xmlrpc.php HTTP/2" 200 141 "-" "WordPress/XMLRPC Client"
130.49.79.191 - - [16/Apr/2026:23:11:57 +0300] "GET /?p=114644 HTTP/2" 301 0 "-" "Mozilla/5.0 (Windows NT 10.0; Win64; x64) AppleWebKit/537.36 (KHTML, like Gecko) Chrome/120.0.0.0 Safari/537.36"
103.219.169.167 - - [16/Apr/2026:23:12:00 +0300] "POST /xmlrpc.php HTTP/1.1" 200 16425 "-" "Mozilla/5.0 (Windows NT 10.0; Win64; x64) AppleWebKit/537.36 (KHTML, like Gecko) Chrome/114.0.0.0 Safari/537.36"
103.219.169.167 - - [16/Apr/2026:23:12:19 +0300] "GET /dusel-druck-spielsaal-test-185-freispiele-magic-stone-online-spielautomaten-100-bonus/ HTTP/1.1" 200 78621 "-" "Mozilla/5.0 (Windows NT 10.0; Win64; x64) AppleWebKit/537.36 (KHTML, like Gecko) Chrome/122.0.0.0 Safari/537.36"
185.216.113.70 - - [16/Apr/2026:23:14:15 +0300] "POST /wp-cron.php?doing_wp_cron=1776370455.6499249935150146484375 HTTP/1.1" 200 448 "-" "WordPress/6.3.8; https://serhatburke.miroglu.net"
45.250.252.183 - - [16/Apr/2026:23:13:59 +0300] "POST /xmlrpc.php HTTP/1.1" 200 630 "-" "Mozilla/5.0 (Windows NT 10.0; Win64; x64) AppleWebKit/537.36 (KHTML, like Gecko) Chrome/114.0.0.0 Safari/537.36"
45.250.252.183 - - [16/Apr/2026:23:14:23 +0300] "POST /xmlrpc.php HTTP/1.1" 200 11805 "-" "Mozilla/5.0 (Windows NT 10.0; Win64; x64) AppleWebKit/537.36 (KHTML, like Gecko) Chrome/114.0.0.0 Safari/537.36"
185.216.113.70 - - [16/Apr/2026:23:14:57 +0300] "POST /wp-cron.php?doing_wp_cron=1776370497.8409569263458251953125 HTTP/1.1" 200 448 "-" "WordPress/6.3.8; https://serhatburke.miroglu.net"
45.250.252.183 - - [16/Apr/2026:23:14:41 +0300] "GET /%D8%A8%D8%A7%D8%B2%DB%8C-%D8%A2%D9%86%D9%84%D8%A7%DB%8C%D9%86-iron-man-simulator-dos-roblox/ HTTP/1.1" 200 75861 "-" "Mozilla/5.0 (Windows NT 10.0; Win64; x64) AppleWebKit/537.36 (KHTML, like Gecko) Chrome/123.0.0.0 Safari/537.36 OPR/109.0.0.0"
185.216.113.70 - - [16/Apr/2026:23:16:41 +0300] "POST /wp-cron.php?doing_wp_cron=1776370601.7360520362854003906250 HTTP/1.1" 200 448 "-" "WordPress/6.3.8; https://serhatburke.miroglu.net"
103.219.169.167 - - [16/Apr/2026:23:16:28 +0300] "POST /xmlrpc.php HTTP/1.1" 200 630 "-" "Mozilla/5.0 (Windows NT 10.0; Win64; x64) AppleWebKit/537.36 (KHTML, like Gecko) Chrome/114.0.0.0 Safari/537.36"
103.219.169.167 - - [16/Apr/2026:23:16:48 +0300] "POST /xmlrpc.php HTTP/1.1" 200 15811 "-" "Mozilla/5.0 (Windows NT 10.0; Win64; x64) AppleWebKit/537.36 (KHTML, like Gecko) Chrome/114.0.0.0 Safari/537.36"
103.219.169.167 - - [16/Apr/2026:23:17:02 +0300] "GET /no-casino-fruit-spin-vorleistung-maklercourtage-kode-fair-go-spielsaal/ HTTP/1.1" 200 77498 "-" "Mozilla/5.0 (Windows NT 10.0; Win64; x64) AppleWebKit/537.36 (KHTML, like Gecko) Chrome/123.0.0.0 Safari/537.36 OPR/109.0.0.0"
185.216.113.70 - - [16/Apr/2026:23:20:57 +0300] "POST /wp-cron.php?doing_wp_cron=1776370857.3398470878601074218750 HTTP/1.1" 200 448 "-" "WordPress/6.3.8; https://serhatburke.miroglu.net"
103.219.169.167 - - [16/Apr/2026:23:20:44 +0300] "POST /xmlrpc.php HTTP/1.1" 200 630 "-" "Mozilla/5.0 (Windows NT 10.0; Win64; x64) AppleWebKit/537.36 (KHTML, like Gecko) Chrome/114.0.0.0 Safari/537.36"
103.219.169.167 - - [16/Apr/2026:23:21:04 +0300] "POST /xmlrpc.php HTTP/1.1" 200 17002 "-" "Mozilla/5.0 (Windows NT 10.0; Win64; x64) AppleWebKit/537.36 (KHTML, like Gecko) Chrome/114.0.0.0 Safari/537.36"
103.219.169.167 - - [16/Apr/2026:23:21:19 +0300] "GET /dunder-spielsaal-test-2026-ist-und-bleibt-5-reel-fire-slot-ein-versorger-das-serum-betreffend-beschmu/ HTTP/1.1" 200 79378 "-" "Mozilla/5.0 (Windows NT 10.0; Win64; x64) AppleWebKit/537.36 (KHTML, like Gecko) Chrome/124.0.0.0 Safari/537.36"
185.216.113.70 - - [16/Apr/2026:23:24:52 +0300] "POST /wp-cron.php?doing_wp_cron=1776371091.9469559192657470703125 HTTP/1.1" 200 448 "-" "WordPress/6.3.8; https://serhatburke.miroglu.net"
45.250.252.183 - - [16/Apr/2026:23:24:35 +0300] "POST /xmlrpc.php HTTP/1.1" 200 630 "-" "Mozilla/5.0 (Windows NT 10.0; Win64; x64) AppleWebKit/537.36 (KHTML, like Gecko) Chrome/114.0.0.0 Safari/537.36"
45.250.252.183 - - [16/Apr/2026:23:25:00 +0300] "POST /xmlrpc.php HTTP/1.1" 200 12758 "-" "Mozilla/5.0 (Windows NT 10.0; Win64; x64) AppleWebKit/537.36 (KHTML, like Gecko) Chrome/114.0.0.0 Safari/537.36"
103.219.169.167 - - [16/Apr/2026:23:25:06 +0300] "POST /xmlrpc.php HTTP/1.1" 200 630 "-" "Mozilla/5.0 (Windows NT 10.0; Win64; x64) AppleWebKit/537.36 (KHTML, like Gecko) Chrome/114.0.0.0 Safari/537.36"
185.216.113.70 - - [16/Apr/2026:23:25:36 +0300] "POST /wp-cron.php?doing_wp_cron=1776371136.4963960647583007812500 HTTP/1.1" 200 448 "-" "WordPress/6.3.8; https://serhatburke.miroglu.net"
103.219.169.167 - - [16/Apr/2026:23:25:26 +0300] "POST /xmlrpc.php HTTP/1.1" 200 16709 "-" "Mozilla/5.0 (Windows NT 10.0; Win64; x64) AppleWebKit/537.36 (KHTML, like Gecko) Chrome/114.0.0.0 Safari/537.36"
45.250.252.183 - - [16/Apr/2026:23:25:20 +0300] "GET /%D8%B9%D8%B4%D9%82-%D8%AC%D8%A7%D9%88%D8%AF%D8%A7%D9%86%D9%87-%D9%84%D8%B0%D8%AA-%D8%A8%D8%B1%D8%AF%D9%86-%D8%A7%D8%B2-%D8%A8%D8%A7%D8%B2%DB%8C-%D8%A2%D9%86%D9%84%D8%A7%DB%8C%D9%86-microgaming/ HTTP/1.1" 200 79389 "-" "Mozilla/5.0 (Windows NT 10.0; rv:125.0) Gecko/20100101 Firefox/125.0"
103.219.169.167 - - [16/Apr/2026:23:25:40 +0300] "GET /dunder-kasino-red-cliff-120-freie-spins-2025-600-euro-provision-220-free-spins-ferner-40-freispiele-ohne-einzahlung/ HTTP/1.1" 200 79561 "-" "Mozilla/5.0 (Windows NT 10.0; Win64; x64) AppleWebKit/537.36 (KHTML, like Gecko) Chrome/122.0.0.0 Safari/537.36"
185.216.113.70 - - [16/Apr/2026:23:29:25 +0300] "POST /wp-cron.php?doing_wp_cron=1776371365.5509901046752929687500 HTTP/1.1" 200 448 "-" "WordPress/6.3.8; https://serhatburke.miroglu.net"
45.250.252.183 - - [16/Apr/2026:23:29:08 +0300] "POST /xmlrpc.php HTTP/1.1" 200 630 "-" "Mozilla/5.0 (Windows NT 10.0; Win64; x64) AppleWebKit/537.36 (KHTML, like Gecko) Chrome/114.0.0.0 Safari/537.36"
77.42.3.68 - - [16/Apr/2026:23:29:20 +0300] "GET /novoline-casino-codice-bonus-registrazione/ HTTP/2" 200 0 "-" "Mozilla/5.0 (Windows NT 10.0; Win64; x64) AppleWebKit/537.36 (KHTML, like Gecko) Chrome/131.0.0.0 Safari/537.36"
45.250.252.183 - - [16/Apr/2026:23:29:33 +0300] "POST /xmlrpc.php HTTP/1.1" 200 13225 "-" "Mozilla/5.0 (Windows NT 10.0; Win64; x64) AppleWebKit/537.36 (KHTML, like Gecko) Chrome/114.0.0.0 Safari/537.36"
185.216.113.70 - - [16/Apr/2026:23:30:09 +0300] "POST /wp-cron.php?doing_wp_cron=1776371409.3628430366516113281250 HTTP/1.1" 200 448 "-" "WordPress/6.3.8; https://serhatburke.miroglu.net"
45.250.252.183 - - [16/Apr/2026:23:29:52 +0300] "GET /%D8%A7%D9%85%D8%AA%DB%8C%D8%A7%D8%B2-100-%DA%86%D8%B1%D8%AE%D8%B4-%D8%B1%D8%A7%DB%8C%DA%AF%D8%A7%D9%86-%D8%A8%D8%AF%D9%88%D9%86-%D8%B3%D9%BE%D8%B1%D8%AF%D9%87-%D8%AC%D8%A7%DB%8C%D8%B2%D9%87-%D8%A7/ HTTP/1.1" 200 80827 "-" "Mozilla/5.0 (Windows NT 10.0; Win64; x64) AppleWebKit/537.36 (KHTML, like Gecko) Chrome/124.0.0.0 Safari/537.36"
185.216.113.70 - - [16/Apr/2026:23:32:50 +0300] "POST /wp-cron.php?doing_wp_cron=1776371570.7174770832061767578125 HTTP/1.1" 200 448 "-" "WordPress/6.3.8; https://serhatburke.miroglu.net"
192.198.105.150 - - [16/Apr/2026:23:32:38 +0300] "GET /casino-online-skrill-prelievo-veloce/ HTTP/1.1" 200 18092 "https://serhatburke.miroglu.net/" "Mozilla/5.0 (X11; Linux x86_64; rv:146.0) Gecko/20100101 Firefox/146.0"
158.69.22.136 - - [16/Apr/2026:23:32:37 +0300] "GET /beste-casino-site-belgie-hoge-inzet/ HTTP/1.1" 200 18613 "-" "Mozilla/5.0 (compatible; Googlebot/2.1; +http://www.google.com/bot.html)"
192.198.105.150 - - [16/Apr/2026:23:32:59 +0300] "GET /wp-login.php?action=register HTTP/1.1" 302 702 "https://serhatburke.miroglu.net/casino-online-skrill-prelievo-veloce/" "Mozilla/5.0 (Windows NT 6.3; Win64; x64) AppleWebKit/537.36 (KHTML, like Gecko) Chrome/103.0.0.0 Safari/537.36"
192.198.105.150 - - [16/Apr/2026:23:33:13 +0300] "GET /wp-login.php?registration=disabled HTTP/1.1" 200 3806 "https://serhatburke.miroglu.net/wp-login.php?action=register" "Mozilla/5.0 (Windows NT 6.3; Win64; x64) AppleWebKit/537.36 (KHTML, like Gecko) Chrome/103.0.0.0 Safari/537.36"
185.216.113.70 - - [16/Apr/2026:23:33:57 +0300] "POST /wp-cron.php?doing_wp_cron=1776371637.1417179107666015625000 HTTP/1.1" 200 448 "-" "WordPress/6.3.8; https://serhatburke.miroglu.net"
45.250.252.183 - - [16/Apr/2026:23:33:41 +0300] "POST /xmlrpc.php HTTP/1.1" 200 630 "-" "Mozilla/5.0 (Windows NT 10.0; Win64; x64) AppleWebKit/537.36 (KHTML, like Gecko) Chrome/114.0.0.0 Safari/537.36"
45.250.252.183 - - [16/Apr/2026:23:34:05 +0300] "POST /xmlrpc.php HTTP/1.1" 200 12493 "-" "Mozilla/5.0 (Windows NT 10.0; Win64; x64) AppleWebKit/537.36 (KHTML, like Gecko) Chrome/114.0.0.0 Safari/537.36"
45.250.252.183 - - [16/Apr/2026:23:34:23 +0300] "GET /%D9%81%D8%B1%D9%88%D8%B4-%D9%88%DB%8C%DA%98%D9%87-%DB%B1%DB%B5-%D9%BE%D9%88%D9%86%D8%AF%DB%8C-%D8%A8%D8%AF%D9%88%D9%86-%D8%B3%D9%BE%D8%B1%D8%AF%D9%87-%D8%A8%D8%B1%D8%A7%DB%8C-%D9%85%D8%B1%D8%AF%D9%85/ HTTP/1.1" 200 80318 "-" "Mozilla/5.0 (Windows NT 10.0; Win64; x64) AppleWebKit/537.36 (KHTML, like Gecko) Chrome/124.0.0.0 Safari/537.36"
185.216.113.70 - - [16/Apr/2026:23:36:42 +0300] "POST /wp-cron.php?doing_wp_cron=1776371802.5716431140899658203125 HTTP/1.1" 200 448 "-" "WordPress/6.3.8; https://serhatburke.miroglu.net"
103.219.169.167 - - [16/Apr/2026:23:36:29 +0300] "POST /xmlrpc.php HTTP/1.1" 200 630 "-" "Mozilla/5.0 (Windows NT 10.0; Win64; x64) AppleWebKit/537.36 (KHTML, like Gecko) Chrome/114.0.0.0 Safari/537.36"
103.219.169.167 - - [16/Apr/2026:23:36:49 +0300] "POST /xmlrpc.php HTTP/1.1" 200 15884 "-" "Mozilla/5.0 (Windows NT 10.0; Win64; x64) AppleWebKit/537.36 (KHTML, like Gecko) Chrome/114.0.0.0 Safari/537.36"
103.219.169.167 - - [16/Apr/2026:23:37:03 +0300] "GET /15-eur-maklercourtage-ohne-einzahlung-spielbank-unser-besten-angebote-im-dritter-spielen-sie-fruit-slot-online-monat-des-jahres-2026/ HTTP/1.1" 200 78992 "-" "Mozilla/5.0 (Windows NT 10.0; Win64; x64) AppleWebKit/537.36 (KHTML, like Gecko) Chrome/122.0.0.0 Safari/537.36"
185.216.113.70 - - [16/Apr/2026:23:41:10 +0300] "POST /wp-cron.php?doing_wp_cron=1776372070.0215051174163818359375 HTTP/1.1" 200 448 "-" "WordPress/6.3.8; https://serhatburke.miroglu.net"
66.249.68.133 - - [16/Apr/2026:23:40:57 +0300] "GET /robots.txt HTTP/1.1" 200 719 "-" "Mozilla/5.0 (compatible; Googlebot/2.1; +http://www.google.com/bot.html)"
185.216.113.70 - - [16/Apr/2026:23:42:39 +0300] "POST /wp-cron.php?doing_wp_cron=1776372159.5492639541625976562500 HTTP/1.1" 200 448 "-" "WordPress/6.3.8; https://serhatburke.miroglu.net"
103.219.169.167 - - [16/Apr/2026:23:42:26 +0300] "POST /xmlrpc.php HTTP/1.1" 200 630 "-" "Mozilla/5.0 (Windows NT 10.0; Win64; x64) AppleWebKit/537.36 (KHTML, like Gecko) Chrome/114.0.0.0 Safari/537.36"
103.219.169.167 - - [16/Apr/2026:23:42:46 +0300] "POST /xmlrpc.php HTTP/1.1" 200 15874 "-" "Mozilla/5.0 (Windows NT 10.0; Win64; x64) AppleWebKit/537.36 (KHTML, like Gecko) Chrome/114.0.0.0 Safari/537.36"
103.219.169.167 - - [16/Apr/2026:23:43:00 +0300] "GET /dunder-spielbank-250-provision-120-freispiele-heran-400-casino-bonus-2026-pagoefectivo-schaffen/ HTTP/1.1" 200 78162 "-" "Mozilla/5.0 (Windows NT 10.0; Win64; x64) AppleWebKit/537.36 (KHTML, like Gecko) Chrome/124.0.0.0 Safari/537.36"
66.249.68.132 - - [16/Apr/2026:23:47:01 +0300] "GET /no-title/ HTTP/1.1" 200 0 "https://sbztnkg.driftlogic-games.biz/" "Mozilla/5.0 (Linux; Android 6.0.1; Nexus 5X Build/MMB29P) AppleWebKit/537.36 (KHTML, like Gecko) Chrome/146.0.7680.177 Mobile Safari/537.36 (compatible; Googlebot/2.1; +http://www.google.com/bot.html)"
185.216.113.70 - - [16/Apr/2026:23:47:40 +0300] "POST /wp-cron.php?doing_wp_cron=1776372460.3290650844573974609375 HTTP/1.1" 200 448 "-" "WordPress/6.3.8; https://serhatburke.miroglu.net"
103.219.169.167 - - [16/Apr/2026:23:47:28 +0300] "POST /xmlrpc.php HTTP/1.1" 200 630 "-" "Mozilla/5.0 (Windows NT 10.0; Win64; x64) AppleWebKit/537.36 (KHTML, like Gecko) Chrome/114.0.0.0 Safari/537.36"
103.219.169.167 - - [16/Apr/2026:23:47:47 +0300] "POST /xmlrpc.php HTTP/1.1" 200 15845 "-" "Mozilla/5.0 (Windows NT 10.0; Win64; x64) AppleWebKit/537.36 (KHTML, like Gecko) Chrome/114.0.0.0 Safari/537.36"
103.219.169.167 - - [16/Apr/2026:23:48:01 +0300] "GET /dunder-kasino-hier-existireren-sera-600-bonus-200-freispiele-mr-bet-25-casino-freie-spins-garantiert/ HTTP/1.1" 200 78054 "-" "Mozilla/5.0 (Windows NT 10.0; Win64; x64) AppleWebKit/537.36 (KHTML, like Gecko) Chrome/123.0.0.0 Safari/537.36 OPR/109.0.0.0"
185.216.113.70 - - [16/Apr/2026:23:50:56 +0300] "POST /wp-cron.php?doing_wp_cron=1776372656.2412381172180175781250 HTTP/1.1" 200 448 "-" "WordPress/6.3.8; https://serhatburke.miroglu.net"
45.250.252.183 - - [16/Apr/2026:23:50:36 +0300] "POST /xmlrpc.php HTTP/1.1" 200 630 "-" "Mozilla/5.0 (Windows NT 10.0; Win64; x64) AppleWebKit/537.36 (KHTML, like Gecko) Chrome/114.0.0.0 Safari/537.36"
45.250.252.183 - - [16/Apr/2026:23:51:05 +0300] "POST /xmlrpc.php HTTP/1.1" 200 10391 "-" "Mozilla/5.0 (Windows NT 10.0; Win64; x64) AppleWebKit/537.36 (KHTML, like Gecko) Chrome/114.0.0.0 Safari/537.36"
66.249.68.133 - - [16/Apr/2026:23:51:33 +0300] "GET /betonred-casino-apostas-mais-menos-e-a-experiencia-para-jogadores-em-portugal/ HTTP/1.1" 200 0 "https://korput.driftlogic-games.biz/" "Mozilla/5.0 (Linux; Android 6.0.1; Nexus 5X Build/MMB29P) AppleWebKit/537.36 (KHTML, like Gecko) Chrome/146.0.7680.177 Mobile Safari/537.36 (compatible; Googlebot/2.1; +http://www.google.com/bot.html)"
45.250.252.183 - - [16/Apr/2026:23:51:27 +0300] "GET /nettikasino-100-prosenttia-slots-n-play-bonussaannot-ilmaiset-kolikkopelit-kolmiulotteisesti-nauti-ilman-latausta/ HTTP/1.1" 200 73724 "-" "Mozilla/5.0 (Windows NT 10.0; Win64; x64) AppleWebKit/537.36 (KHTML, like Gecko) Chrome/122.0.0.0 Safari/537.36"
185.216.113.70 - - [16/Apr/2026:23:53:28 +0300] "POST /wp-cron.php?doing_wp_cron=1776372808.5619549751281738281250 HTTP/1.1" 200 448 "-" "WordPress/6.3.8; https://serhatburke.miroglu.net"
103.219.169.167 - - [16/Apr/2026:23:53:12 +0300] "POST /xmlrpc.php HTTP/1.1" 200 630 "-" "Mozilla/5.0 (Windows NT 10.0; Win64; x64) AppleWebKit/537.36 (KHTML, like Gecko) Chrome/114.0.0.0 Safari/537.36"
103.219.169.167 - - [16/Apr/2026:23:53:35 +0300] "POST /xmlrpc.php HTTP/1.1" 200 16241 "-" "Mozilla/5.0 (Windows NT 10.0; Win64; x64) AppleWebKit/537.36 (KHTML, like Gecko) Chrome/114.0.0.0 Safari/537.36"
103.219.169.167 - - [16/Apr/2026:23:53:49 +0300] "GET /blackjack-im-verbunden-spielbank-tricks-strategien-queens-day-tilt-slot-free-spins-regeln/ HTTP/1.1" 200 78188 "-" "Mozilla/5.0 (Windows NT 10.0; Win64; x64) AppleWebKit/537.36 (KHTML, like Gecko) Chrome/123.0.0.0 Safari/537.36"
185.216.113.70 - - [16/Apr/2026:23:57:48 +0300] "POST /wp-cron.php?doing_wp_cron=1776373068.8833620548248291015625 HTTP/1.1" 200 448 "-" "WordPress/6.3.8; https://serhatburke.miroglu.net"
45.250.252.183 - - [16/Apr/2026:23:57:32 +0300] "POST /xmlrpc.php HTTP/1.1" 200 630 "-" "Mozilla/5.0 (Windows NT 10.0; Win64; x64) AppleWebKit/537.36 (KHTML, like Gecko) Chrome/114.0.0.0 Safari/537.36"
45.250.252.183 - - [16/Apr/2026:23:57:56 +0300] "POST /xmlrpc.php HTTP/1.1" 200 9422 "-" "Mozilla/5.0 (Windows NT 10.0; Win64; x64) AppleWebKit/537.36 (KHTML, like Gecko) Chrome/114.0.0.0 Safari/537.36"
45.250.252.183 - - [16/Apr/2026:23:58:15 +0300] "GET /kierratysvapaa-goldbet-sovellus-lataa-apk-jasenyys/ HTTP/1.1" 200 71284 "-" "Mozilla/5.0 (Windows NT 10.0; Win64; x64) AppleWebKit/537.36 (KHTML, like Gecko) Chrome/123.0.0.0 Safari/537.36 OPR/109.0.0.0"
185.216.113.70 - - [16/Apr/2026:23:58:59 +0300] "POST /wp-cron.php?doing_wp_cron=1776373139.3175868988037109375000 HTTP/1.1" 200 448 "-" "WordPress/6.3.8; https://serhatburke.miroglu.net"
103.219.169.167 - - [16/Apr/2026:23:58:47 +0300] "POST /xmlrpc.php HTTP/1.1" 200 630 "-" "Mozilla/5.0 (Windows NT 10.0; Win64; x64) AppleWebKit/537.36 (KHTML, like Gecko) Chrome/114.0.0.0 Safari/537.36"
103.219.169.167 - - [16/Apr/2026:23:59:06 +0300] "POST /xmlrpc.php HTTP/1.1" 200 15720 "-" "Mozilla/5.0 (Windows NT 10.0; Win64; x64) AppleWebKit/537.36 (KHTML, like Gecko) Chrome/114.0.0.0 Safari/537.36"
103.219.169.167 - - [16/Apr/2026:23:59:20 +0300] "GET /kasino-bonus-ohne-einzahlung-marzen-2026-casino-return-to-the-feature-zusammen-mit-popanz-harten-fakten-by-10eurobonus/ HTTP/1.1" 200 79311 "-" "Mozilla/5.0 (Windows NT 10.0; Win64; x64) AppleWebKit/537.36 (KHTML, like Gecko) Chrome/124.0.0.0 Safari/537.36"
185.216.113.70 - - [16/Apr/2026:23:59:53 +0300] "POST /wp-cron.php?doing_wp_cron=1776373193.6423189640045166015625 HTTP/1.1" 200 448 "-" "WordPress/6.3.8; https://serhatburke.miroglu.net"
45.250.252.183 - - [16/Apr/2026:23:59:38 +0300] "POST /xmlrpc.php HTTP/1.1" 200 630 "-" "Mozilla/5.0 (Windows NT 10.0; Win64; x64) AppleWebKit/537.36 (KHTML, like Gecko) Chrome/114.0.0.0 Safari/537.36"
45.250.252.183 - - [17/Apr/2026:00:00:01 +0300] "POST /xmlrpc.php HTTP/1.1" 200 10408 "-" "Mozilla/5.0 (Windows NT 10.0; Win64; x64) AppleWebKit/537.36 (KHTML, like Gecko) Chrome/114.0.0.0 Safari/537.36"
185.216.113.70 - - [17/Apr/2026:00:00:41 +0300] "POST /wp-cron.php?doing_wp_cron=1776373241.6353819370269775390625 HTTP/1.1" 200 448 "-" "WordPress/6.3.8; https://serhatburke.miroglu.net"
45.250.252.183 - - [17/Apr/2026:00:00:22 +0300] "GET /ilmaiskierrokset-kolikkopeleihin-uusi-talletusvapaa-goldbet-2026-ilmaiskierrosbonukset-nettikasinoilla/ HTTP/1.1" 200 73483 "-" "Mozilla/5.0 (Windows NT 10.0; Win64; x64; rv:125.0) Gecko/20100101 Firefox/125.0"
185.216.113.70 - - [17/Apr/2026:00:01:50 +0300] "POST /wp-cron.php?doing_wp_cron=1776373310.6007649898529052734375 HTTP/1.1" 200 448 "-" "WordPress/6.3.8; https://serhatburke.miroglu.net"
45.250.252.183 - - [17/Apr/2026:00:01:34 +0300] "POST /xmlrpc.php HTTP/1.1" 200 630 "-" "Mozilla/5.0 (Windows NT 10.0; Win64; x64) AppleWebKit/537.36 (KHTML, like Gecko) Chrome/114.0.0.0 Safari/537.36"
45.250.252.183 - - [17/Apr/2026:00:01:58 +0300] "POST /xmlrpc.php HTTP/1.1" 200 10695 "-" "Mozilla/5.0 (Windows NT 10.0; Win64; x64) AppleWebKit/537.36 (KHTML, like Gecko) Chrome/114.0.0.0 Safari/537.36"
45.250.252.183 - - [17/Apr/2026:00:02:17 +0300] "GET /thunderstruck-2-kolikkopelin-goldbet-app-apk-download-kommentti-ja-lisabonus-saat-50-ilmaiskierrosta/ HTTP/1.1" 200 73320 "-" "Mozilla/5.0 (Windows NT 10.0; Win64; x64) AppleWebKit/537.36 (KHTML, like Gecko) Chrome/123.0.0.0 Safari/537.36"
185.216.113.70 - - [17/Apr/2026:00:02:52 +0300] "POST /wp-cron.php?doing_wp_cron=1776373372.0190870761871337890625 HTTP/1.1" 200 448 "-" "WordPress/6.3.8; https://serhatburke.miroglu.net"
37.27.132.190 - - [17/Apr/2026:00:02:39 +0300] "GET / HTTP/1.1" 200 17156 "-" "Mozilla/5.0 (Macintosh; Intel Mac OS X 12_5) AppleWebKit/537.36 (KHTML, like Gecko) Chrome/114.0.0.0 YaBrowser/22.7.0 Yowser/2.5 Safari/537.36"
45.250.252.183 - - [17/Apr/2026:00:03:16 +0300] "POST /xmlrpc.php HTTP/1.1" 200 630 "-" "Mozilla/5.0 (Windows NT 10.0; Win64; x64) AppleWebKit/537.36 (KHTML, like Gecko) Chrome/114.0.0.0 Safari/537.36"
45.250.252.183 - - [17/Apr/2026:00:03:40 +0300] "POST /xmlrpc.php HTTP/1.1" 200 9115 "-" "Mozilla/5.0 (Windows NT 10.0; Win64; x64) AppleWebKit/537.36 (KHTML, like Gecko) Chrome/114.0.0.0 Safari/537.36"
45.250.252.183 - - [17/Apr/2026:00:04:00 +0300] "GET /50-taysin-ilmaista-bombastic-casino-talletusbonus-revolves-pelia-ilman-talletusta-kanadassa-paivitetty-maaliskuussa-2026/ HTTP/1.1" 200 72991 "-" "Mozilla/5.0 (Windows NT 10.0; Win64; x64) AppleWebKit/537.36 (KHTML, like Gecko) Chrome/123.0.0.0 Safari/537.36"
103.219.169.167 - - [17/Apr/2026:00:04:13 +0300] "POST /xmlrpc.php HTTP/1.1" 200 630 "-" "Mozilla/5.0 (Windows NT 10.0; Win64; x64) AppleWebKit/537.36 (KHTML, like Gecko) Chrome/114.0.0.0 Safari/537.36"
103.219.169.167 - - [17/Apr/2026:00:04:32 +0300] "POST /xmlrpc.php HTTP/1.1" 200 14967 "-" "Mozilla/5.0 (Windows NT 10.0; Win64; x64) AppleWebKit/537.36 (KHTML, like Gecko) Chrome/114.0.0.0 Safari/537.36"
185.216.113.70 - - [17/Apr/2026:00:05:00 +0300] "POST /wp-cron.php?doing_wp_cron=1776373500.0318570137023925781250 HTTP/1.1" 200 448 "-" "WordPress/6.3.8; https://serhatburke.miroglu.net"
103.219.169.167 - - [17/Apr/2026:00:04:46 +0300] "GET /pass-away-angeschlossen-casinos-angebot-50-cleopatra-online-slot-freispiele-exklusive-einzahlung-an/ HTTP/1.1" 200 77362 "-" "Mozilla/5.0 (Windows NT 10.0; Win64; x64; rv:124.0) Gecko/20100101 Firefox/124.0"
185.216.113.70 - - [17/Apr/2026:00:05:10 +0300] "POST /wp-cron.php?doing_wp_cron=1776373510.9266400337219238281250 HTTP/1.1" 200 448 "-" "WordPress/6.3.8; https://serhatburke.miroglu.net"
45.250.252.183 - - [17/Apr/2026:00:04:53 +0300] "POST /xmlrpc.php HTTP/1.1" 200 630 "-" "Mozilla/5.0 (Windows NT 10.0; Win64; x64) AppleWebKit/537.36 (KHTML, like Gecko) Chrome/114.0.0.0 Safari/537.36"
45.250.252.183 - - [17/Apr/2026:00:05:19 +0300] "POST /xmlrpc.php HTTP/1.1" 200 10351 "-" "Mozilla/5.0 (Windows NT 10.0; Win64; x64) AppleWebKit/537.36 (KHTML, like Gecko) Chrome/114.0.0.0 Safari/537.36"
45.250.252.183 - - [17/Apr/2026:00:05:48 +0300] "GET /nauti-5-dragonsista-100-ilmaiseksi-gate777-app-apk-download-demo-ja-kolikkopelin-kommentit/ HTTP/1.1" 200 72959 "-" "Mozilla/5.0 (Windows NT 10.0; Win64; x64) AppleWebKit/537.36 (KHTML, like Gecko) Chrome/123.0.0.0 Safari/537.36"
185.216.113.70 - - [17/Apr/2026:00:06:45 +0300] "POST /wp-cron.php?doing_wp_cron=1776373605.2813310623168945312500 HTTP/1.1" 200 448 "-" "WordPress/6.3.8; https://serhatburke.miroglu.net"
45.250.252.183 - - [17/Apr/2026:00:06:29 +0300] "POST /xmlrpc.php HTTP/1.1" 200 630 "-" "Mozilla/5.0 (Windows NT 10.0; Win64; x64) AppleWebKit/537.36 (KHTML, like Gecko) Chrome/114.0.0.0 Safari/537.36"
45.250.252.183 - - [17/Apr/2026:00:06:54 +0300] "POST /xmlrpc.php HTTP/1.1" 200 10440 "-" "Mozilla/5.0 (Windows NT 10.0; Win64; x64) AppleWebKit/537.36 (KHTML, like Gecko) Chrome/114.0.0.0 Safari/537.36"
45.250.252.183 - - [17/Apr/2026:00:07:13 +0300] "GET /thunderstruck-ii-pelipaikka-taysin-slots-n-play-suomi-kirjautuminen-ilmaiseksi-pelaa-netissa-microgaming-housessa/ HTTP/1.1" 200 74066 "-" "Mozilla/5.0 (Windows NT 10.0; rv:109.0) Gecko/20100101 Firefox/115.0"
185.216.113.70 - - [17/Apr/2026:00:09:37 +0300] "POST /wp-cron.php?doing_wp_cron=1776373777.6075279712677001953125 HTTP/1.1" 200 448 "-" "WordPress/6.3.8; https://serhatburke.miroglu.net"
103.219.169.167 - - [17/Apr/2026:00:09:22 +0300] "POST /xmlrpc.php HTTP/1.1" 200 630 "-" "Mozilla/5.0 (Windows NT 10.0; Win64; x64) AppleWebKit/537.36 (KHTML, like Gecko) Chrome/114.0.0.0 Safari/537.36"
103.219.169.167 - - [17/Apr/2026:00:09:44 +0300] "POST /xmlrpc.php HTTP/1.1" 200 15456 "-" "Mozilla/5.0 (Windows NT 10.0; Win64; x64) AppleWebKit/537.36 (KHTML, like Gecko) Chrome/114.0.0.0 Safari/537.36"
103.219.169.167 - - [17/Apr/2026:00:10:00 +0300] "GET /kostenloses-no-limit-texas-holdem-trick-bei-book-of-ra-abzuglich-downloads-replay-poker/ HTTP/1.1" 200 77948 "-" "Mozilla/5.0 (Windows NT 10.0; Win64; x64) AppleWebKit/537.36 (KHTML, like Gecko) Chrome/122.0.0.0 Safari/537.36"
185.216.113.70 - - [17/Apr/2026:00:13:52 +0300] "POST /wp-cron.php?doing_wp_cron=1776374032.4880750179290771484375 HTTP/1.1" 200 448 "-" "WordPress/6.3.8; https://serhatburke.miroglu.net"
66.249.68.132 - - [17/Apr/2026:00:13:39 +0300] "GET /no-title/ HTTP/1.1" 200 19088 "-" "Mozilla/5.0 (Linux; Android 6.0.1; Nexus 5X Build/MMB29P) AppleWebKit/537.36 (KHTML, like Gecko) Chrome/146.0.7680.177 Mobile Safari/537.36 (compatible; Googlebot/2.1; +http://www.google.com/bot.html)"
103.219.169.167 - - [17/Apr/2026:00:14:13 +0300] "POST /xmlrpc.php HTTP/1.1" 200 630 "-" "Mozilla/5.0 (Windows NT 10.0; Win64; x64) AppleWebKit/537.36 (KHTML, like Gecko) Chrome/114.0.0.0 Safari/537.36"
185.216.113.70 - - [17/Apr/2026:00:14:45 +0300] "POST /wp-cron.php?doing_wp_cron=1776374085.7227981090545654296875 HTTP/1.1" 200 448 "-" "WordPress/6.3.8; https://serhatburke.miroglu.net"
