62.12.118.35 - - [17/Apr/2026:10:04:08 +0300] "GET /?p=115843 HTTP/1.1" 301 653 "-" "Mozilla/5.0 (Windows NT 10.0; rv:109.0) Gecko/20100101 Firefox/115.0"
85.208.96.203 - - [17/Apr/2026:10:04:55 +0300] "GET /tagesordnungspunkt-verbunden-live-casinos-2026-beste-wheel-of-wealth-spielautomat-live-pusher-spiele/ HTTP/1.1" 200 0 "-" "Mozilla/5.0 (compatible; SemrushBot/7~bl; +http://www.semrush.com/bot.html)"
185.216.113.70 - - [17/Apr/2026:10:05:54 +0300] "POST /wp-cron.php?doing_wp_cron=1776409554.7812058925628662109375 HTTP/1.1" 200 448 "-" "WordPress/6.3.8; https://serhatburke.miroglu.net"
104.166.164.25 - - [17/Apr/2026:10:04:30 +0300] "GET /pub-pub-black-sheep-position-comment-spin-to-best-ios-casino-app-possess-ranch-wins-and-multipliers/ HTTP/1.1" 200 74656 "-" "Mozilla/5.0 (Windows NT 10.0; rv:125.0) Gecko/20100101 Firefox/125.0"
185.216.113.70 - - [17/Apr/2026:10:06:05 +0300] "POST /wp-cron.php?doing_wp_cron=1776409565.6029980182647705078125 HTTP/1.1" 200 448 "-" "WordPress/6.3.8; https://serhatburke.miroglu.net"
104.166.164.25 - - [17/Apr/2026:10:04:31 +0300] "POST /xmlrpc.php HTTP/1.1" 200 861 "-" "Mozilla/5.0 (Windows NT 10.0; Win64; x64) AppleWebKit/537.36 (KHTML, like Gecko) Chrome/114.0.0.0 Safari/537.36"
185.216.113.70 - - [17/Apr/2026:10:06:39 +0300] "POST /wp-cron.php?doing_wp_cron=1776409599.7878820896148681640625 HTTP/1.1" 200 448 "-" "WordPress/6.3.8; https://serhatburke.miroglu.net"
104.166.164.25 - - [17/Apr/2026:10:05:33 +0300] "GET /%E5%8E%8B%E5%8A%9B%E5%8D%95%E4%BD%8Dmpa-psi-gala-best-casino-game-bar%E4%B9%8B%E9%97%B4%E7%9A%84%E6%8D%A2%E7%AE%97%EF%BC%9F_%E7%99%BE%E5%BA%A6%E7%9F%A5%E9%81%93/ HTTP/1.1" 200 76719 "-" "Mozilla/5.0 (Windows NT 10.0; Win64; x64) AppleWebKit/537.36 (KHTML, like Gecko) Chrome/123.0.0.0 Safari/537.36"
185.216.113.70 - - [17/Apr/2026:10:06:43 +0300] "POST /wp-cron.php?doing_wp_cron=1776409603.5792849063873291015625 HTTP/1.1" 200 448 "-" "WordPress/6.3.8; https://serhatburke.miroglu.net"
62.12.118.35 - - [17/Apr/2026:10:05:43 +0300] "GET /master-holiday-season-offers-jack-casino-no-deposit-bonus-codes/ HTTP/1.1" 200 73998 "-" "Mozilla/5.0 (Windows NT 10.0; rv:109.0) Gecko/20100101 Firefox/115.0"
185.216.113.70 - - [17/Apr/2026:10:06:51 +0300] "POST /wp-cron.php?doing_wp_cron=1776409610.9862349033355712890625 HTTP/1.1" 200 448 "-" "WordPress/6.3.8; https://serhatburke.miroglu.net"
62.12.118.35 - - [17/Apr/2026:10:05:48 +0300] "POST /xmlrpc.php HTTP/1.1" 200 861 "-" "Mozilla/5.0 (Windows NT 10.0; Win64; x64) AppleWebKit/537.36 (KHTML, like Gecko) Chrome/114.0.0.0 Safari/537.36"
185.216.113.70 - - [17/Apr/2026:10:06:52 +0300] "POST /wp-cron.php?doing_wp_cron=1776409612.8779869079589843750000 HTTP/1.1" 200 448 "-" "WordPress/6.3.8; https://serhatburke.miroglu.net"
104.166.164.25 - - [17/Apr/2026:10:05:42 +0300] "POST /xmlrpc.php HTTP/1.1" 200 861 "-" "Mozilla/5.0 (Windows NT 10.0; Win64; x64) AppleWebKit/537.36 (KHTML, like Gecko) Chrome/114.0.0.0 Safari/537.36"
185.216.113.70 - - [17/Apr/2026:10:06:53 +0300] "POST /wp-cron.php?doing_wp_cron=1776409613.3862369060516357421875 HTTP/1.1" 200 448 "-" "WordPress/6.3.8; https://serhatburke.miroglu.net"
62.12.118.35 - - [17/Apr/2026:10:05:41 +0300] "POST /xmlrpc.php HTTP/1.1" 200 12362 "-" "Mozilla/5.0 (Windows NT 10.0; Win64; x64) AppleWebKit/537.36 (KHTML, like Gecko) Chrome/114.0.0.0 Safari/537.36"
62.12.118.35 - - [17/Apr/2026:10:06:54 +0300] "GET /step-one-deposit-casinos-british-diner-of-fortune-1-deposit-put-step-1-rating-free-revolves-added-bonus/ HTTP/1.1" 200 74912 "-" "Mozilla/5.0 (Windows NT 10.0; rv:109.0) Gecko/20100101 Firefox/115.0"
66.249.73.1 - - [17/Apr/2026:10:07:17 +0300] "GET /robots.txt HTTP/1.1" 200 719 "-" "Mozilla/5.0 (compatible; Googlebot/2.1; +http://www.google.com/bot.html)"
185.216.113.70 - - [17/Apr/2026:10:11:47 +0300] "POST /wp-cron.php?doing_wp_cron=1776409907.3599159717559814453125 HTTP/1.1" 200 448 "-" "WordPress/6.3.8; https://serhatburke.miroglu.net"
185.75.226.38 - - [17/Apr/2026:10:11:33 +0300] "POST /xmlrpc.php HTTP/2" 200 141 "-" "WordPress/XMLRPC Client"
66.249.73.15 - - [17/Apr/2026:10:11:38 +0300] "GET /no-title/ HTTP/1.1" 200 0 "https://korput.driftlogic-games.biz/" "Mozilla/5.0 (Linux; Android 6.0.1; Nexus 5X Build/MMB29P) AppleWebKit/537.36 (KHTML, like Gecko) Chrome/146.0.7680.177 Mobile Safari/537.36 (compatible; Googlebot/2.1; +http://www.google.com/bot.html)"
185.75.226.38 - - [17/Apr/2026:10:11:48 +0300] "GET /?p=115856 HTTP/2" 301 0 "-" "Mozilla/5.0 (Windows NT 10.0; Win64; x64) AppleWebKit/537.36 (KHTML, like Gecko) Chrome/120.0.0.0 Safari/537.36"
66.249.73.15 - - [17/Apr/2026:10:12:21 +0300] "GET /no-title/ HTTP/1.1" 200 19088 "-" "Mozilla/5.0 (Linux; Android 6.0.1; Nexus 5X Build/MMB29P) AppleWebKit/537.36 (KHTML, like Gecko) Chrome/146.0.7680.177 Mobile Safari/537.36 (compatible; Googlebot/2.1; +http://www.google.com/bot.html)"
66.249.73.15 - - [17/Apr/2026:10:12:58 +0300] "GET /wp-content/themes/toppic/js/jquery.modernizr.custom.js?ver=4.2 HTTP/1.1" 200 3520 "https://serhatburke.miroglu.net/no-title/" "Mozilla/5.0 (Linux; Android 6.0.1; Nexus 5X Build/MMB29P) AppleWebKit/537.36 (KHTML, like Gecko) Chrome/146.0.7680.177 Mobile Safari/537.36 (compatible; Googlebot/2.1; +http://www.google.com/bot.html)"
185.216.113.70 - - [17/Apr/2026:10:14:36 +0300] "POST /wp-cron.php?doing_wp_cron=1776410076.8771479129791259765625 HTTP/1.1" 200 448 "-" "WordPress/6.3.8; https://serhatburke.miroglu.net"
174.138.16.211 - - [17/Apr/2026:10:14:23 +0300] "GET /casino-online-skrill-prelievo-veloce/ HTTP/1.1" 200 18092 "https://serhatburke.miroglu.net/" "Mozilla/5.0 (Windows NT 10.0; Win64; x64; Xbox; Xbox One) AppleWebKit/537.36 (KHTML, like Gecko) Chrome/114.0.0.0 Safari/537.36 Edge/44.18363.8131"
174.138.16.211 - - [17/Apr/2026:10:14:48 +0300] "GET /wp-login.php?action=register HTTP/1.1" 302 702 "https://serhatburke.miroglu.net/casino-online-skrill-prelievo-veloce/" "Mozilla/5.0 (Windows NT 6.3; Win64; x64) AppleWebKit/537.36 (KHTML, like Gecko) Chrome/103.0.0.0 Safari/537.36"
174.138.16.211 - - [17/Apr/2026:10:15:01 +0300] "GET /wp-login.php?registration=disabled HTTP/1.1" 200 3808 "https://serhatburke.miroglu.net/wp-login.php?action=register" "Mozilla/5.0 (Windows NT 6.3; Win64; x64) AppleWebKit/537.36 (KHTML, like Gecko) Chrome/103.0.0.0 Safari/537.36"
185.216.113.70 - - [17/Apr/2026:10:16:00 +0300] "POST /wp-cron.php?doing_wp_cron=1776410160.7384290695190429687500 HTTP/1.1" 200 448 "-" "WordPress/6.3.8; https://serhatburke.miroglu.net"
98.98.9.58 - - [17/Apr/2026:10:15:46 +0300] "POST /xmlrpc.php HTTP/1.1" 200 630 "-" "Mozilla/5.0 (Windows NT 10.0; Win64; x64) AppleWebKit/537.36 (KHTML, like Gecko) Chrome/114.0.0.0 Safari/537.36"
98.98.9.58 - - [17/Apr/2026:10:16:07 +0300] "POST /xmlrpc.php HTTP/1.1" 200 8496 "-" "Mozilla/5.0 (Windows NT 10.0; Win64; x64) AppleWebKit/537.36 (KHTML, like Gecko) Chrome/114.0.0.0 Safari/537.36"
98.98.9.58 - - [17/Apr/2026:10:16:22 +0300] "GET /komentar-casilando-2025-ziskajte-jeden-do-kasina-syndicate-skutocne-peniaze-stovky-najnovsie-online-kasino-bez-vkladu-goldbet-pridanych-bonusovych-roztoceni/ HTTP/1.1" 200 73044 "-" "Mozilla/5.0 (Windows NT 10.0; Win64; x64) AppleWebKit/537.36 (KHTML, like Gecko) Chrome/124.0.0.0 Safari/537.36"
85.208.96.203 - - [17/Apr/2026:10:16:24 +0300] "GET /existen-un-programa-sobre-puntos-sobre-observancia-con-el-pasar-del-tiempo-recompensas-vip-para-cuando-un-de-mas-grande-suntuosidad/ HTTP/1.1" 200 20643 "-" "Mozilla/5.0 (compatible; SemrushBot/7~bl; +http://www.semrush.com/bot.html)"
185.216.113.70 - - [17/Apr/2026:10:16:59 +0300] "POST /wp-cron.php?doing_wp_cron=1776410219.7815189361572265625000 HTTP/1.1" 200 448 "-" "WordPress/6.3.8; https://serhatburke.miroglu.net"
151.244.111.202 - - [17/Apr/2026:10:16:47 +0300] "POST /xmlrpc.php HTTP/1.1" 200 87901 "-" "Mozilla/5.0 (Windows NT 10.0; Win64; x64) AppleWebKit/537.36 (KHTML, like Gecko) Chrome/80.0.3987.132 Safari/537.36"
151.244.111.202 - - [17/Apr/2026:10:17:00 +0300] "POST /xmlrpc.php HTTP/1.1" 200 489 "-" "Mozilla/5.0 (Windows NT 10.0; Win64; x64) AppleWebKit/537.36 (KHTML, like Gecko) Chrome/80.0.3987.132 Safari/537.36"
151.244.111.202 - - [17/Apr/2026:10:17:13 +0300] "POST /xmlrpc.php HTTP/1.1" 200 11098 "-" "Mozilla/5.0 (Windows NT 10.0; Win64; x64) AppleWebKit/537.36 (KHTML, like Gecko) Chrome/80.0.3987.132 Safari/537.36"
185.216.113.70 - - [17/Apr/2026:10:20:37 +0300] "POST /wp-cron.php?doing_wp_cron=1776410437.2122280597686767578125 HTTP/1.1" 200 448 "-" "WordPress/6.3.8; https://serhatburke.miroglu.net"
85.208.96.203 - - [17/Apr/2026:10:20:23 +0300] "GET /syndicate-casino-no-deposit-added-bonus-happiest-christmas-tree-1-deposit-requirements-february-2026/ HTTP/1.1" 200 21446 "-" "Mozilla/5.0 (compatible; SemrushBot/7~bl; +http://www.semrush.com/bot.html)"
185.216.113.70 - - [17/Apr/2026:10:21:55 +0300] "POST /wp-cron.php?doing_wp_cron=1776410514.8815100193023681640625 HTTP/1.1" 200 448 "-" "WordPress/6.3.8; https://serhatburke.miroglu.net"
104.166.164.25 - - [17/Apr/2026:10:21:42 +0300] "POST /xmlrpc.php HTTP/1.1" 200 630 "-" "Mozilla/5.0 (Windows NT 10.0; Win64; x64) AppleWebKit/537.36 (KHTML, like Gecko) Chrome/114.0.0.0 Safari/537.36"
104.166.164.25 - - [17/Apr/2026:10:22:01 +0300] "POST /xmlrpc.php HTTP/1.1" 200 13344 "-" "Mozilla/5.0 (Windows NT 10.0; Win64; x64) AppleWebKit/537.36 (KHTML, like Gecko) Chrome/114.0.0.0 Safari/537.36"
104.166.164.25 - - [17/Apr/2026:10:22:16 +0300] "GET /get-the-best-on-line-casino-double-bubble-pokies-around-australia-2026/ HTTP/1.1" 200 74309 "-" "Mozilla/5.0 (Windows NT 10.0; Win64; x64) AppleWebKit/537.36 (KHTML, like Gecko) Chrome/122.0.0.0 Safari/537.36"
185.216.113.70 - - [17/Apr/2026:10:24:24 +0300] "POST /wp-cron.php?doing_wp_cron=1776410664.7844879627227783203125 HTTP/1.1" 200 448 "-" "WordPress/6.3.8; https://serhatburke.miroglu.net"
98.98.9.58 - - [17/Apr/2026:10:24:11 +0300] "POST /xmlrpc.php HTTP/1.1" 200 630 "-" "Mozilla/5.0 (Windows NT 10.0; Win64; x64) AppleWebKit/537.36 (KHTML, like Gecko) Chrome/114.0.0.0 Safari/537.36"
107.152.47.63 - - [17/Apr/2026:10:24:08 +0300] "GET /beste-casino-site-belgie-hoge-inzet/ HTTP/1.1" 200 18595 "https://serhatburke.miroglu.net/" "Mozilla/5.0 (Windows NT 10.0; Win64; x64) AppleWebKit/537.36 (KHTML, like Gecko) Chrome/114.0.0.0 Safari/537.36 Vivaldi/5.3.2679.68"
98.98.9.58 - - [17/Apr/2026:10:24:34 +0300] "POST /xmlrpc.php HTTP/1.1" 200 10471 "-" "Mozilla/5.0 (Windows NT 10.0; Win64; x64) AppleWebKit/537.36 (KHTML, like Gecko) Chrome/114.0.0.0 Safari/537.36"
107.152.47.63 - - [17/Apr/2026:10:24:35 +0300] "POST /wp-comments-post.php HTTP/1.1" 302 1083 "https://serhatburke.miroglu.net/beste-casino-site-belgie-hoge-inzet/" "Mozilla/5.0 (Windows NT 10.0; Win64; x64) AppleWebKit/537.36 (KHTML, like Gecko) Chrome/114.0.0.0 Safari/537.36 Vivaldi/5.3.2679.68"
98.98.9.58 - - [17/Apr/2026:10:24:52 +0300] "GET /7-najlepsich-internetovych-stranok-bonusovy-kod-pre-ice-casino-apple-pay-casino-v-spojenych-statoch-americkych-2023-najlepsie-kasina-ktore-vyuzivaju-apple-pay/ HTTP/1.1" 200 75132 "-" "Mozilla/5.0 (Windows NT 10.0; Win64; x64) AppleWebKit/537.36 (KHTML, like Gecko) Chrome/122.0.0.0 Safari/537.36"
107.152.47.63 - - [17/Apr/2026:10:24:51 +0300] "GET /beste-casino-site-belgie-hoge-inzet/?unapproved=434&moderation-hash=301c6d62925b49d42f95617a65286c20 HTTP/1.1" 200 19047 "https://serhatburke.miroglu.net/wp-comments-post.php" "Mozilla/5.0 (Windows NT 10.0; Win64; x64) AppleWebKit/537.36 (KHTML, like Gecko) Chrome/114.0.0.0 Safari/537.36 Vivaldi/5.3.2679.68"
107.152.47.63 - - [17/Apr/2026:10:25:13 +0300] "GET /beste-casino-site-belgie-hoge-inzet/ HTTP/1.1" 200 18588 "-" "Mozilla/5.0 (Windows NT 10.0; Win64; x64) AppleWebKit/537.36 (KHTML, like Gecko) Chrome/114.0.0.0 Safari/537.36 Vivaldi/5.3.2679.68"
185.216.113.70 - - [17/Apr/2026:10:27:09 +0300] "POST /wp-cron.php?doing_wp_cron=1776410829.7420899868011474609375 HTTP/1.1" 200 448 "-" "WordPress/6.3.8; https://serhatburke.miroglu.net"
98.98.9.58 - - [17/Apr/2026:10:26:54 +0300] "POST /xmlrpc.php HTTP/1.1" 200 630 "-" "Mozilla/5.0 (Windows NT 10.0; Win64; x64) AppleWebKit/537.36 (KHTML, like Gecko) Chrome/114.0.0.0 Safari/537.36"
98.98.9.58 - - [17/Apr/2026:10:27:18 +0300] "POST /xmlrpc.php HTTP/1.1" 200 9518 "-" "Mozilla/5.0 (Windows NT 10.0; Win64; x64) AppleWebKit/537.36 (KHTML, like Gecko) Chrome/114.0.0.0 Safari/537.36"
185.216.113.70 - - [17/Apr/2026:10:27:51 +0300] "POST /wp-cron.php?doing_wp_cron=1776410871.2599430084228515625000 HTTP/1.1" 200 448 "-" "WordPress/6.3.8; https://serhatburke.miroglu.net"
98.98.9.58 - - [17/Apr/2026:10:27:36 +0300] "GET /hrajte-promo-kody-bez-vkladu-pre-ice-casino-kasino-crack-aside-od-microgamingu-100-zadarmo-pre-casino-pearls/ HTTP/1.1" 200 72566 "-" "Mozilla/5.0 (Windows NT 10.0; Win64; x64) AppleWebKit/537.36 (KHTML, like Gecko) Chrome/109.0.0.0 Safari/537.36"
185.216.113.70 - - [17/Apr/2026:10:29:54 +0300] "POST /wp-cron.php?doing_wp_cron=1776410994.4753000736236572265625 HTTP/1.1" 200 448 "-" "WordPress/6.3.8; https://serhatburke.miroglu.net"
98.98.9.58 - - [17/Apr/2026:10:29:41 +0300] "POST /xmlrpc.php HTTP/1.1" 200 630 "-" "Mozilla/5.0 (Windows NT 10.0; Win64; x64) AppleWebKit/537.36 (KHTML, like Gecko) Chrome/114.0.0.0 Safari/537.36"
98.98.9.58 - - [17/Apr/2026:10:30:02 +0300] "POST /xmlrpc.php HTTP/1.1" 200 9778 "-" "Mozilla/5.0 (Windows NT 10.0; Win64; x64) AppleWebKit/537.36 (KHTML, like Gecko) Chrome/114.0.0.0 Safari/537.36"
104.166.164.25 - - [17/Apr/2026:10:30:08 +0300] "POST /xmlrpc.php HTTP/1.1" 200 630 "-" "Mozilla/5.0 (Windows NT 10.0; Win64; x64) AppleWebKit/537.36 (KHTML, like Gecko) Chrome/114.0.0.0 Safari/537.36"
98.98.9.58 - - [17/Apr/2026:10:30:18 +0300] "GET /najlepsie-hazardne-podniky-zlavovy-kod-pre-kasino-zodiac-online-vy-z-ameriky-2025-skutocne-peniaze-bonusy-a-nove-webove-stranky-bonus-ice-casino-kostarika/ HTTP/1.1" 200 73847 "-" "Mozilla/5.0 (Windows NT 10.0; Win64; x64) AppleWebKit/537.36 (KHTML, like Gecko) Chrome/122.0.0.0 Safari/537.36"
185.216.113.70 - - [17/Apr/2026:10:30:42 +0300] "POST /wp-cron.php?doing_wp_cron=1776411042.2542819976806640625000 HTTP/1.1" 200 448 "-" "WordPress/6.3.8; https://serhatburke.miroglu.net"
104.166.164.25 - - [17/Apr/2026:10:30:28 +0300] "POST /xmlrpc.php HTTP/1.1" 200 12733 "-" "Mozilla/5.0 (Windows NT 10.0; Win64; x64) AppleWebKit/537.36 (KHTML, like Gecko) Chrome/114.0.0.0 Safari/537.36"
104.166.164.25 - - [17/Apr/2026:10:30:43 +0300] "GET /greatest-local-jurassic-world-casino-casino-incentives-in-britain-finest-casino-greeting-now-offers-very-first-deposit-bonuses/ HTTP/1.1" 200 75374 "-" "Mozilla/5.0 (Windows NT 10.0; Win64; x64) AppleWebKit/537.36 (KHTML, like Gecko) Chrome/109.0.0.0 Safari/537.36"
185.216.113.70 - - [17/Apr/2026:10:32:49 +0300] "POST /wp-cron.php?doing_wp_cron=1776411169.0958199501037597656250 HTTP/1.1" 200 448 "-" "WordPress/6.3.8; https://serhatburke.miroglu.net"
98.98.9.58 - - [17/Apr/2026:10:32:34 +0300] "POST /xmlrpc.php HTTP/1.1" 200 630 "-" "Mozilla/5.0 (Windows NT 10.0; Win64; x64) AppleWebKit/537.36 (KHTML, like Gecko) Chrome/114.0.0.0 Safari/537.36"
98.98.9.58 - - [17/Apr/2026:10:32:57 +0300] "POST /xmlrpc.php HTTP/1.1" 200 9405 "-" "Mozilla/5.0 (Windows NT 10.0; Win64; x64) AppleWebKit/537.36 (KHTML, like Gecko) Chrome/114.0.0.0 Safari/537.36"
107.152.47.63 - - [17/Apr/2026:10:33:11 +0300] "GET /beste-casino-site-belgie-hoge-inzet/ HTTP/1.1" 200 18613 "-" "Mozilla/5.0 (Windows NT 10.0; Win64; x64) AppleWebKit/537.36 (KHTML, like Gecko) Chrome/114.0.0.0 Safari/537.36 Edg/114.0.1264.71"
98.98.9.58 - - [17/Apr/2026:10:33:12 +0300] "GET /lepsie-hracie-automaty-a-2-patsto-ice-casino-promo-kody-australskych-dolarov-50-roztoceni-zadarmo-so-100-percentami/ HTTP/1.1" 200 72726 "-" "Mozilla/5.0 (Windows NT 10.0; Win64; x64) AppleWebKit/537.36 (KHTML, like Gecko) Chrome/123.0.0.0 Safari/537.36 OPR/109.0.0.0"
185.216.113.70 - - [17/Apr/2026:10:33:50 +0300] "POST /wp-cron.php?doing_wp_cron=1776411230.9160549640655517578125 HTTP/1.1" 200 448 "-" "WordPress/6.3.8; https://serhatburke.miroglu.net"
174.138.16.211 - - [17/Apr/2026:10:33:37 +0300] "GET /casino-online-skrill-prelievo-veloce/ HTTP/1.1" 200 18092 "https://serhatburke.miroglu.net/" "Mozilla/5.0 (Macintosh; Intel Mac OS X 12_5) AppleWebKit/537.36 (KHTML, like Gecko) Chrome/114.0.0.0 Safari/537.36 Edg/114.0.1264.71"
174.138.16.211 - - [17/Apr/2026:10:33:56 +0300] "GET /wp-login.php?action=register HTTP/1.1" 302 702 "https://serhatburke.miroglu.net/casino-online-skrill-prelievo-veloce/" "Mozilla/5.0 (Windows NT 6.3; Win64; x64) AppleWebKit/537.36 (KHTML, like Gecko) Chrome/103.0.0.0 Safari/537.36"
174.138.16.211 - - [17/Apr/2026:10:34:10 +0300] "GET /wp-login.php?registration=disabled HTTP/1.1" 200 3808 "https://serhatburke.miroglu.net/wp-login.php?action=register" "Mozilla/5.0 (Windows NT 6.3; Win64; x64) AppleWebKit/537.36 (KHTML, like Gecko) Chrome/103.0.0.0 Safari/537.36"
185.216.113.70 - - [17/Apr/2026:10:35:28 +0300] "POST /wp-cron.php?doing_wp_cron=1776411327.9885311126708984375000 HTTP/1.1" 200 448 "-" "WordPress/6.3.8; https://serhatburke.miroglu.net"
98.98.9.58 - - [17/Apr/2026:10:35:15 +0300] "POST /xmlrpc.php HTTP/1.1" 200 630 "-" "Mozilla/5.0 (Windows NT 10.0; Win64; x64) AppleWebKit/537.36 (KHTML, like Gecko) Chrome/114.0.0.0 Safari/537.36"
104.166.164.25 - - [17/Apr/2026:10:35:18 +0300] "POST /xmlrpc.php HTTP/1.1" 200 630 "-" "Mozilla/5.0 (Windows NT 10.0; Win64; x64) AppleWebKit/537.36 (KHTML, like Gecko) Chrome/114.0.0.0 Safari/537.36"
98.98.9.58 - - [17/Apr/2026:10:35:35 +0300] "POST /xmlrpc.php HTTP/1.1" 200 9620 "-" "Mozilla/5.0 (Windows NT 10.0; Win64; x64) AppleWebKit/537.36 (KHTML, like Gecko) Chrome/114.0.0.0 Safari/537.36"
104.166.164.25 - - [17/Apr/2026:10:35:37 +0300] "POST /xmlrpc.php HTTP/1.1" 200 13299 "-" "Mozilla/5.0 (Windows NT 10.0; Win64; x64) AppleWebKit/537.36 (KHTML, like Gecko) Chrome/114.0.0.0 Safari/537.36"
98.98.9.58 - - [17/Apr/2026:10:35:51 +0300] "GET /moja-osobna-vekova-registracny-bonus-verde-casino-skupina/ HTTP/1.1" 200 71322 "-" "Mozilla/5.0 (Windows NT 10.0; Win64; x64) AppleWebKit/537.36 (KHTML, like Gecko) Chrome/123.0.0.0 Safari/537.36"
104.166.164.25 - - [17/Apr/2026:10:35:53 +0300] "GET /casino-a-lot-more-totally-free-spins-utan-omsattningskrav-trendy-fruits-spel-treasures-of-troy-bonus-forteckning-fore-2026/ HTTP/1.1" 200 75889 "-" "Mozilla/5.0 (Windows NT 10.0; Win64; x64) AppleWebKit/537.36 (KHTML, like Gecko) Chrome/123.0.0.0 Safari/537.36"
185.216.113.70 - - [17/Apr/2026:10:38:14 +0300] "POST /wp-cron.php?doing_wp_cron=1776411494.6176888942718505859375 HTTP/1.1" 200 448 "-" "WordPress/6.3.8; https://serhatburke.miroglu.net"
98.98.9.58 - - [17/Apr/2026:10:38:00 +0300] "POST /xmlrpc.php HTTP/1.1" 200 630 "-" "Mozilla/5.0 (Windows NT 10.0; Win64; x64) AppleWebKit/537.36 (KHTML, like Gecko) Chrome/114.0.0.0 Safari/537.36"
103.219.169.214 - - [17/Apr/2026:10:38:20 +0300] "POST /xmlrpc.php HTTP/1.1" 200 630 "-" "Mozilla/5.0 (Windows NT 10.0; Win64; x64) AppleWebKit/537.36 (KHTML, like Gecko) Chrome/114.0.0.0 Safari/537.36"
98.98.9.58 - - [17/Apr/2026:10:38:22 +0300] "POST /xmlrpc.php HTTP/1.1" 200 9196 "-" "Mozilla/5.0 (Windows NT 10.0; Win64; x64) AppleWebKit/537.36 (KHTML, like Gecko) Chrome/114.0.0.0 Safari/537.36"
185.216.113.70 - - [17/Apr/2026:10:38:52 +0300] "POST /wp-cron.php?doing_wp_cron=1776411532.2942919731140136718750 HTTP/1.1" 200 448 "-" "WordPress/6.3.8; https://serhatburke.miroglu.net"
98.98.9.58 - - [17/Apr/2026:10:38:40 +0300] "GET /webovy-poker-v-realnom-case-je-bonus-kasina-goldbet-volbou/ HTTP/1.1" 200 70823 "-" "Mozilla/5.0 (Windows NT 10.0; rv:125.0) Gecko/20100101 Firefox/125.0"
103.219.169.214 - - [17/Apr/2026:10:38:41 +0300] "POST /xmlrpc.php HTTP/1.1" 200 15327 "-" "Mozilla/5.0 (Windows NT 10.0; Win64; x64) AppleWebKit/537.36 (KHTML, like Gecko) Chrome/114.0.0.0 Safari/537.36"
103.219.169.214 - - [17/Apr/2026:10:38:56 +0300] "GET /halle-el-prototipo-incomparable-de-fruit-cocktail-casino-el-casino-eurogrand-giros-de-balde-infinitos-recompensas-impresionantes-desplazandolo-hacia-el-pelo-una-amplia-disparidad-de-juegos-de/ HTTP/1.1" 200 79870 "-" "Mozilla/5.0 (Windows NT 10.0; Win64; x64) AppleWebKit/537.36 (KHTML, like Gecko) Chrome/124.0.0.0 Safari/537.36"
185.216.113.70 - - [17/Apr/2026:10:40:34 +0300] "POST /wp-cron.php?doing_wp_cron=1776411634.1108479499816894531250 HTTP/1.1" 200 448 "-" "WordPress/6.3.8; https://serhatburke.miroglu.net"
104.166.164.25 - - [17/Apr/2026:10:40:20 +0300] "POST /xmlrpc.php HTTP/1.1" 200 630 "-" "Mozilla/5.0 (Windows NT 10.0; Win64; x64) AppleWebKit/537.36 (KHTML, like Gecko) Chrome/114.0.0.0 Safari/537.36"
104.166.164.25 - - [17/Apr/2026:10:40:41 +0300] "POST /xmlrpc.php HTTP/1.1" 200 13482 "-" "Mozilla/5.0 (Windows NT 10.0; Win64; x64) AppleWebKit/537.36 (KHTML, like Gecko) Chrome/114.0.0.0 Safari/537.36"
98.98.9.58 - - [17/Apr/2026:10:40:52 +0300] "POST /xmlrpc.php HTTP/1.1" 200 630 "-" "Mozilla/5.0 (Windows NT 10.0; Win64; x64) AppleWebKit/537.36 (KHTML, like Gecko) Chrome/114.0.0.0 Safari/537.36"
104.166.164.25 - - [17/Apr/2026:10:40:55 +0300] "GET /travelzoo-product-sales-to-top-casino-payment-methods-your-rooms-routes-vacations-cruises-much-more/ HTTP/1.1" 200 75471 "-" "Mozilla/5.0 (Windows NT 10.0; rv:109.0) Gecko/20100101 Firefox/115.0"
185.216.113.70 - - [17/Apr/2026:10:41:25 +0300] "POST /wp-cron.php?doing_wp_cron=1776411685.2859930992126464843750 HTTP/1.1" 200 448 "-" "WordPress/6.3.8; https://serhatburke.miroglu.net"
98.98.9.58 - - [17/Apr/2026:10:41:12 +0300] "POST /xmlrpc.php HTTP/1.1" 200 9589 "-" "Mozilla/5.0 (Windows NT 10.0; Win64; x64) AppleWebKit/537.36 (KHTML, like Gecko) Chrome/114.0.0.0 Safari/537.36"
98.98.9.58 - - [17/Apr/2026:10:41:27 +0300] "GET /najlepsie-online-hracie-automaty-bovegas-najlepsie-hodnotene-hracie-stiahnite-si-aplikaciu-verde-casino-automaty/ HTTP/1.1" 200 72621 "-" "Mozilla/5.0 (Windows NT 10.0; Win64; x64; rv:125.0) Gecko/20100101 Firefox/125.0"
185.216.113.70 - - [17/Apr/2026:10:42:11 +0300] "POST /wp-cron.php?doing_wp_cron=1776411731.0855290889739990234375 HTTP/1.1" 200 448 "-" "WordPress/6.3.8; https://serhatburke.miroglu.net"
66.249.73.15 - - [17/Apr/2026:10:41:59 +0300] "GET /sugar-rush-1000-a-sweet-spin-experience-for-aussie-players/ HTTP/1.1" 200 18213 "-" "Mozilla/5.0 (Linux; Android 6.0.1; Nexus 5X Build/MMB29P) AppleWebKit/537.36 (KHTML, like Gecko) Chrome/146.0.7680.177 Mobile Safari/537.36 (compatible; Googlebot/2.1; +http://www.google.com/bot.html)"
66.249.73.14 - - [17/Apr/2026:10:42:16 +0300] "GET /sugar-rush-1000-a-sweet-spin-experience-for-aussie-players/ HTTP/1.1" 200 0 "https://korput.driftlogic-games.biz/" "Mozilla/5.0 (Linux; Android 6.0.1; Nexus 5X Build/MMB29P) AppleWebKit/537.36 (KHTML, like Gecko) Chrome/146.0.7680.177 Mobile Safari/537.36 (compatible; Googlebot/2.1; +http://www.google.com/bot.html)"
185.216.113.70 - - [17/Apr/2026:10:44:05 +0300] "POST /wp-cron.php?doing_wp_cron=1776411845.2056009769439697265625 HTTP/1.1" 200 448 "-" "WordPress/6.3.8; https://serhatburke.miroglu.net"
98.98.9.58 - - [17/Apr/2026:10:43:48 +0300] "POST /xmlrpc.php HTTP/1.1" 200 630 "-" "Mozilla/5.0 (Windows NT 10.0; Win64; x64) AppleWebKit/537.36 (KHTML, like Gecko) Chrome/114.0.0.0 Safari/537.36"
104.166.164.25 - - [17/Apr/2026:10:44:09 +0300] "POST /xmlrpc.php HTTP/1.1" 200 630 "-" "Mozilla/5.0 (Windows NT 10.0; Win64; x64) AppleWebKit/537.36 (KHTML, like Gecko) Chrome/114.0.0.0 Safari/537.36"
98.98.9.58 - - [17/Apr/2026:10:44:13 +0300] "POST /xmlrpc.php HTTP/1.1" 200 10235 "-" "Mozilla/5.0 (Windows NT 10.0; Win64; x64) AppleWebKit/537.36 (KHTML, like Gecko) Chrome/114.0.0.0 Safari/537.36"
185.216.113.70 - - [17/Apr/2026:10:44:44 +0300] "POST /wp-cron.php?doing_wp_cron=1776411884.3459219932556152343750 HTTP/1.1" 200 448 "-" "WordPress/6.3.8; https://serhatburke.miroglu.net"
98.98.9.58 - - [17/Apr/2026:10:44:31 +0300] "GET /najlepsie-bonusy-pre-internetove-kasina-v-online-kasino-bez-vkladu-verde-casino-roku-2026-1x-choice-registration-ponuky/ HTTP/1.1" 200 73384 "-" "Mozilla/5.0 (Windows NT 10.0; Win64; x64) AppleWebKit/537.36 (KHTML, like Gecko) Chrome/109.0.0.0 Safari/537.36"
104.166.164.25 - - [17/Apr/2026:10:44:32 +0300] "POST /xmlrpc.php HTTP/1.1" 200 12973 "-" "Mozilla/5.0 (Windows NT 10.0; Win64; x64) AppleWebKit/537.36 (KHTML, like Gecko) Chrome/114.0.0.0 Safari/537.36"
104.166.164.25 - - [17/Apr/2026:10:44:47 +0300] "GET /a-real-income-web-lucky-rabbits-online-slot-based-casinos-safe-subscribed/ HTTP/1.1" 200 74252 "-" "Mozilla/5.0 (Windows NT 10.0; Win64; x64) AppleWebKit/537.36 (KHTML, like Gecko) Chrome/123.0.0.0 Safari/537.36 OPR/109.0.0.0"
185.216.113.70 - - [17/Apr/2026:10:46:54 +0300] "POST /wp-cron.php?doing_wp_cron=1776412013.9015550613403320312500 HTTP/1.1" 200 448 "-" "WordPress/6.3.8; https://serhatburke.miroglu.net"
98.98.9.58 - - [17/Apr/2026:10:46:36 +0300] "POST /xmlrpc.php HTTP/1.1" 200 630 "-" "Mozilla/5.0 (Windows NT 10.0; Win64; x64) AppleWebKit/537.36 (KHTML, like Gecko) Chrome/114.0.0.0 Safari/537.36"
98.98.9.58 - - [17/Apr/2026:10:47:01 +0300] "POST /xmlrpc.php HTTP/1.1" 200 9515 "-" "Mozilla/5.0 (Windows NT 10.0; Win64; x64) AppleWebKit/537.36 (KHTML, like Gecko) Chrome/114.0.0.0 Safari/537.36"
98.98.9.58 - - [17/Apr/2026:10:47:16 +0300] "GET /hazardne-spolocnosti-s-najrychlejsimi-vyplatami-v-ramci-vulkanbet-mobilne-casino-najlepsich-platforiem-okamziteho-odlucenia-v-kanade/ HTTP/1.1" 200 73359 "-" "Mozilla/5.0 (Windows NT 10.0; Win64; x64) AppleWebKit/537.36 (KHTML, like Gecko) Chrome/123.0.0.0 Safari/537.36"
103.219.169.214 - - [17/Apr/2026:10:47:23 +0300] "POST /xmlrpc.php HTTP/1.1" 200 630 "-" "Mozilla/5.0 (Windows NT 10.0; Win64; x64) AppleWebKit/537.36 (KHTML, like Gecko) Chrome/114.0.0.0 Safari/537.36"
185.216.113.70 - - [17/Apr/2026:10:47:39 +0300] "POST /wp-cron.php?doing_wp_cron=1776412059.0383250713348388671875 HTTP/1.1" 200 448 "-" "WordPress/6.3.8; https://serhatburke.miroglu.net"
104.166.164.25 - - [17/Apr/2026:10:47:25 +0300] "POST /xmlrpc.php HTTP/1.1" 200 630 "-" "Mozilla/5.0 (Windows NT 10.0; Win64; x64) AppleWebKit/537.36 (KHTML, like Gecko) Chrome/114.0.0.0 Safari/537.36"
103.219.169.214 - - [17/Apr/2026:10:47:45 +0300] "POST /xmlrpc.php HTTP/1.1" 200 13933 "-" "Mozilla/5.0 (Windows NT 10.0; Win64; x64) AppleWebKit/537.36 (KHTML, like Gecko) Chrome/114.0.0.0 Safari/537.36"
104.166.164.25 - - [17/Apr/2026:10:47:45 +0300] "POST /xmlrpc.php HTTP/1.1" 200 12796 "-" "Mozilla/5.0 (Windows NT 10.0; Win64; x64) AppleWebKit/537.36 (KHTML, like Gecko) Chrome/114.0.0.0 Safari/537.36"
103.219.169.214 - - [17/Apr/2026:10:48:02 +0300] "GET /government-relations-and-advocacy-university-enlace-esencial-of-pittsburgh/ HTTP/1.1" 200 75354 "-" "Mozilla/5.0 (Windows NT 10.0; Win64; x64) AppleWebKit/537.36 (KHTML, like Gecko) Chrome/124.0.0.0 Safari/537.36"
104.166.164.25 - - [17/Apr/2026:10:48:02 +0300] "GET /safer-casinos-online-2026-casino-stargames-safest-online-casinos-in-america/ HTTP/1.1" 200 73956 "-" "Mozilla/5.0 (Windows NT 10.0; rv:125.0) Gecko/20100101 Firefox/125.0"
185.216.113.70 - - [17/Apr/2026:10:49:37 +0300] "POST /wp-cron.php?doing_wp_cron=1776412177.2939510345458984375000 HTTP/1.1" 200 448 "-" "WordPress/6.3.8; https://serhatburke.miroglu.net"
98.98.9.58 - - [17/Apr/2026:10:49:25 +0300] "POST /xmlrpc.php HTTP/1.1" 200 630 "-" "Mozilla/5.0 (Windows NT 10.0; Win64; x64) AppleWebKit/537.36 (KHTML, like Gecko) Chrome/114.0.0.0 Safari/537.36"
98.98.9.58 - - [17/Apr/2026:10:49:45 +0300] "POST /xmlrpc.php HTTP/1.1" 200 9971 "-" "Mozilla/5.0 (Windows NT 10.0; Win64; x64) AppleWebKit/537.36 (KHTML, like Gecko) Chrome/114.0.0.0 Safari/537.36"
98.98.9.58 - - [17/Apr/2026:10:50:00 +0300] "GET /najlepsie-online-kasinove-stranky-o-skutocne-peniaze-v-amerike-ktore-by-ste-mali-vlastnit-v-roku-prihlasenie-pridruzeneho-subjektu-goldbet-2026/ HTTP/1.1" 200 74080 "-" "Mozilla/5.0 (Windows NT 10.0; Win64; x64; rv:124.0) Gecko/20100101 Firefox/124.0"
185.216.113.70 - - [17/Apr/2026:10:50:43 +0300] "POST /wp-cron.php?doing_wp_cron=1776412243.3100829124450683593750 HTTP/1.1" 200 448 "-" "WordPress/6.3.8; https://serhatburke.miroglu.net"
43.246.201.116 - - [17/Apr/2026:10:50:30 +0300] "POST /xmlrpc.php HTTP/2" 200 141 "-" "WordPress/XMLRPC Client"
104.166.164.25 - - [17/Apr/2026:10:50:37 +0300] "POST /xmlrpc.php HTTP/1.1" 200 630 "-" "Mozilla/5.0 (Windows NT 10.0; Win64; x64) AppleWebKit/537.36 (KHTML, like Gecko) Chrome/114.0.0.0 Safari/537.36"
43.246.201.116 - - [17/Apr/2026:10:50:44 +0300] "GET /?p=115898 HTTP/2" 301 0 "-" "Mozilla/5.0 (Windows NT 10.0; Win64; x64) AppleWebKit/537.36 (KHTML, like Gecko) Chrome/120.0.0.0 Safari/537.36"
104.166.164.25 - - [17/Apr/2026:10:50:59 +0300] "POST /xmlrpc.php HTTP/1.1" 200 12723 "-" "Mozilla/5.0 (Windows NT 10.0; Win64; x64) AppleWebKit/537.36 (KHTML, like Gecko) Chrome/114.0.0.0 Safari/537.36"
151.244.111.202 - - [17/Apr/2026:10:51:02 +0300] "POST /xmlrpc.php HTTP/1.1" 200 87894 "-" "Mozilla/5.0 (Windows NT 6.1) AppleWebKit/537.36 (KHTML, like Gecko) Chrome/80.0.3987.132 Safari/537.36"
104.166.164.25 - - [17/Apr/2026:10:51:13 +0300] "GET /what-casino-betbright-100-free-spins-is-the-greatest-online-casino-the-real-deal-money-in-ireland-in-the-2026-deendayal-look-institute/ HTTP/1.1" 200 75522 "-" "Mozilla/5.0 (Windows NT 10.0; Win64; x64; rv:125.0) Gecko/20100101 Firefox/125.0"
151.244.111.202 - - [17/Apr/2026:10:51:15 +0300] "POST /xmlrpc.php HTTP/1.1" 200 489 "-" "Mozilla/5.0 (Windows NT 6.1) AppleWebKit/537.36 (KHTML, like Gecko) Chrome/80.0.3987.132 Safari/537.36"
151.244.111.202 - - [17/Apr/2026:10:51:28 +0300] "POST /xmlrpc.php HTTP/1.1" 200 12434 "-" "Mozilla/5.0 (Windows NT 6.1) AppleWebKit/537.36 (KHTML, like Gecko) Chrome/80.0.3987.132 Safari/537.36"
185.216.113.70 - - [17/Apr/2026:10:52:08 +0300] "POST /wp-cron.php?doing_wp_cron=1776412328.3205530643463134765625 HTTP/1.1" 200 448 "-" "WordPress/6.3.8; https://serhatburke.miroglu.net"
103.219.169.214 - - [17/Apr/2026:10:51:55 +0300] "POST /xmlrpc.php HTTP/1.1" 200 630 "-" "Mozilla/5.0 (Windows NT 10.0; Win64; x64) AppleWebKit/537.36 (KHTML, like Gecko) Chrome/114.0.0.0 Safari/537.36"
185.216.113.70 - - [17/Apr/2026:10:52:08 +0300] "POST /wp-cron.php?doing_wp_cron=1776412328.5015769004821777343750 HTTP/1.1" 200 448 "-" "WordPress/6.3.8; https://serhatburke.miroglu.net"
98.98.9.58 - - [17/Apr/2026:10:51:54 +0300] "POST /xmlrpc.php HTTP/1.1" 200 630 "-" "Mozilla/5.0 (Windows NT 10.0; Win64; x64) AppleWebKit/537.36 (KHTML, like Gecko) Chrome/114.0.0.0 Safari/537.36"
98.98.9.58 - - [17/Apr/2026:10:52:15 +0300] "POST /xmlrpc.php HTTP/1.1" 200 9278 "-" "Mozilla/5.0 (Windows NT 10.0; Win64; x64) AppleWebKit/537.36 (KHTML, like Gecko) Chrome/114.0.0.0 Safari/537.36"
103.219.169.214 - - [17/Apr/2026:10:52:15 +0300] "POST /xmlrpc.php HTTP/1.1" 200 15414 "-" "Mozilla/5.0 (Windows NT 10.0; Win64; x64) AppleWebKit/537.36 (KHTML, like Gecko) Chrome/114.0.0.0 Safari/537.36"
98.98.9.58 - - [17/Apr/2026:10:52:38 +0300] "GET /herny-podnik-slots-empire-pozvankovy-balicek-az-vulkanbet-kasino-promo-do-vysky-7-500-dolarov/ HTTP/1.1" 200 72245 "-" "Mozilla/5.0 (Windows NT 10.0; Win64; x64) AppleWebKit/537.36 (KHTML, like Gecko) Chrome/124.0.0.0 Safari/537.36"
103.219.169.214 - - [17/Apr/2026:10:52:38 +0300] "GET /slots-gratuito-ranura-88-fortunes-online-soluciona-acerca-de-1-500-maquinas-tragamonedas/ HTTP/1.1" 200 77325 "-" "Mozilla/5.0 (Windows NT 10.0; Win64; x64) AppleWebKit/537.36 (KHTML, like Gecko) Chrome/124.0.0.0 Safari/537.36 Edg/124.0.0.0"
185.216.113.70 - - [17/Apr/2026:10:53:47 +0300] "POST /wp-cron.php?doing_wp_cron=1776412427.1958370208740234375000 HTTP/1.1" 200 448 "-" "WordPress/6.3.8; https://serhatburke.miroglu.net"
104.166.164.25 - - [17/Apr/2026:10:53:34 +0300] "POST /xmlrpc.php HTTP/1.1" 200 630 "-" "Mozilla/5.0 (Windows NT 10.0; Win64; x64) AppleWebKit/537.36 (KHTML, like Gecko) Chrome/114.0.0.0 Safari/537.36"
104.166.164.25 - - [17/Apr/2026:10:53:53 +0300] "POST /xmlrpc.php HTTP/1.1" 200 12526 "-" "Mozilla/5.0 (Windows NT 10.0; Win64; x64) AppleWebKit/537.36 (KHTML, like Gecko) Chrome/114.0.0.0 Safari/537.36"
104.166.164.25 - - [17/Apr/2026:10:54:08 +0300] "GET /next-shows-rainbow-jackpots-5-deposit-alive/ HTTP/1.1" 200 72996 "-" "Mozilla/5.0 (Windows NT 10.0; rv:109.0) Gecko/20100101 Firefox/115.0"
98.98.9.58 - - [17/Apr/2026:10:54:25 +0300] "POST /xmlrpc.php HTTP/1.1" 200 630 "-" "Mozilla/5.0 (Windows NT 10.0; Win64; x64) AppleWebKit/537.36 (KHTML, like Gecko) Chrome/114.0.0.0 Safari/537.36"
185.216.113.70 - - [17/Apr/2026:10:54:59 +0300] "POST /wp-cron.php?doing_wp_cron=1776412499.2750799655914306640625 HTTP/1.1" 200 448 "-" "WordPress/6.3.8; https://serhatburke.miroglu.net"
98.98.9.58 - - [17/Apr/2026:10:54:46 +0300] "POST /xmlrpc.php HTTP/1.1" 200 8792 "-" "Mozilla/5.0 (Windows NT 10.0; Win64; x64) AppleWebKit/537.36 (KHTML, like Gecko) Chrome/114.0.0.0 Safari/537.36"
185.191.171.15 - - [17/Apr/2026:10:55:01 +0300] "GET /robots.txt HTTP/1.1" 200 0 "-" "Mozilla/5.0 (compatible; SemrushBot/7~bl; +http://www.semrush.com/bot.html)"
98.98.9.58 - - [17/Apr/2026:10:55:01 +0300] "GET /lepsie-registracny-bonus-vulkanbet-pravidla-pre-bonusy-bez-vkladu-v-online-kasine-v-roku-2026/ HTTP/1.1" 200 71199 "-" "Mozilla/5.0 (Windows NT 10.0; Win64; x64) AppleWebKit/537.36 (KHTML, like Gecko) Chrome/123.0.0.0 Safari/537.36"
185.191.171.15 - - [17/Apr/2026:10:55:16 +0300] "GET /robots.txt HTTP/1.1" 200 605 "-" "Mozilla/5.0 (compatible; SemrushBot/7~bl; +http://www.semrush.com/bot.html)"
185.216.113.70 - - [17/Apr/2026:10:55:44 +0300] "POST /wp-cron.php?doing_wp_cron=1776412544.3228609561920166015625 HTTP/1.1" 200 448 "-" "WordPress/6.3.8; https://serhatburke.miroglu.net"
185.191.171.13 - - [17/Apr/2026:10:55:31 +0300] "GET /seafood-team-slot-game-remark-free-gamble-trial-best-online-casino-500-first-deposit-bonus-and-bonus-password/ HTTP/1.1" 200 21317 "-" "Mozilla/5.0 (compatible; SemrushBot/7~bl; +http://www.semrush.com/bot.html)"
104.166.164.25 - - [17/Apr/2026:10:55:41 +0300] "POST /xmlrpc.php HTTP/1.1" 200 630 "-" "Mozilla/5.0 (Windows NT 10.0; Win64; x64) AppleWebKit/537.36 (KHTML, like Gecko) Chrome/114.0.0.0 Safari/537.36"
104.166.164.25 - - [17/Apr/2026:10:56:01 +0300] "POST /xmlrpc.php HTTP/1.1" 200 12816 "-" "Mozilla/5.0 (Windows NT 10.0; Win64; x64) AppleWebKit/537.36 (KHTML, like Gecko) Chrome/114.0.0.0 Safari/537.36"
104.166.164.25 - - [17/Apr/2026:10:56:17 +0300] "GET /chocolate-1-free-with-10x-multiplier-no-deposit-casino-online-arrangements/ HTTP/1.1" 200 74135 "-" "Mozilla/5.0 (Windows NT 10.0; Win64; x64; rv:125.0) Gecko/20100101 Firefox/125.0"
185.216.113.70 - - [17/Apr/2026:10:57:17 +0300] "POST /wp-cron.php?doing_wp_cron=1776412637.2692530155181884765625 HTTP/1.1" 200 448 "-" "WordPress/6.3.8; https://serhatburke.miroglu.net"
98.98.9.58 - - [17/Apr/2026:10:57:05 +0300] "POST /xmlrpc.php HTTP/1.1" 200 630 "-" "Mozilla/5.0 (Windows NT 10.0; Win64; x64) AppleWebKit/537.36 (KHTML, like Gecko) Chrome/114.0.0.0 Safari/537.36"
98.98.9.58 - - [17/Apr/2026:10:57:25 +0300] "POST /xmlrpc.php HTTP/1.1" 200 10648 "-" "Mozilla/5.0 (Windows NT 10.0; Win64; x64) AppleWebKit/537.36 (KHTML, like Gecko) Chrome/114.0.0.0 Safari/537.36"
185.216.113.70 - - [17/Apr/2026:10:57:52 +0300] "POST /wp-cron.php?doing_wp_cron=1776412672.6301600933074951171875 HTTP/1.1" 200 448 "-" "WordPress/6.3.8; https://serhatburke.miroglu.net"
98.98.9.58 - - [17/Apr/2026:10:57:40 +0300] "GET /gate777-lokalne-kasino-sukromne-2026-bez-vkladu-kasino-vulkanbet-150-miestne-kasino-extra-a-dvadsatpat-100-percentnych-roztoceni-zadarmo/ HTTP/1.1" 200 74370 "-" "Mozilla/5.0 (Windows NT 10.0; Win64; x64; rv:125.0) Gecko/20100101 Firefox/125.0"
104.166.164.25 - - [17/Apr/2026:10:58:06 +0300] "POST /xmlrpc.php HTTP/1.1" 200 630 "-" "Mozilla/5.0 (Windows NT 10.0; Win64; x64) AppleWebKit/537.36 (KHTML, like Gecko) Chrome/114.0.0.0 Safari/537.36"
185.216.113.70 - - [17/Apr/2026:10:58:38 +0300] "POST /wp-cron.php?doing_wp_cron=1776412718.5993340015411376953125 HTTP/1.1" 200 448 "-" "WordPress/6.3.8; https://serhatburke.miroglu.net"
104.166.164.25 - - [17/Apr/2026:10:58:25 +0300] "POST /xmlrpc.php HTTP/1.1" 200 13354 "-" "Mozilla/5.0 (Windows NT 10.0; Win64; x64) AppleWebKit/537.36 (KHTML, like Gecko) Chrome/114.0.0.0 Safari/537.36"
104.166.164.25 - - [17/Apr/2026:10:58:40 +0300] "GET /best-golden-tour-1-deposit-paypal-casinos-2026-gambling-enterprises-acknowledging-paypal/ HTTP/1.1" 200 74858 "-" "Mozilla/5.0 (Windows NT 10.0; Win64; x64) AppleWebKit/537.36 (KHTML, like Gecko) Chrome/124.0.0.0 Safari/537.36"
103.219.169.214 - - [17/Apr/2026:10:59:05 +0300] "POST /xmlrpc.php HTTP/1.1" 200 630 "-" "Mozilla/5.0 (Windows NT 10.0; Win64; x64) AppleWebKit/537.36 (KHTML, like Gecko) Chrome/114.0.0.0 Safari/537.36"
185.216.113.70 - - [17/Apr/2026:10:59:39 +0300] "POST /wp-cron.php?doing_wp_cron=1776412779.3793931007385253906250 HTTP/1.1" 200 448 "-" "WordPress/6.3.8; https://serhatburke.miroglu.net"
103.219.169.214 - - [17/Apr/2026:10:59:25 +0300] "POST /xmlrpc.php HTTP/1.1" 200 16259 "-" "Mozilla/5.0 (Windows NT 10.0; Win64; x64) AppleWebKit/537.36 (KHTML, like Gecko) Chrome/114.0.0.0 Safari/537.36"
98.98.9.58 - - [17/Apr/2026:10:59:35 +0300] "POST /xmlrpc.php HTTP/1.1" 200 630 "-" "Mozilla/5.0 (Windows NT 10.0; Win64; x64) AppleWebKit/537.36 (KHTML, like Gecko) Chrome/114.0.0.0 Safari/537.36"
103.219.169.214 - - [17/Apr/2026:10:59:41 +0300] "GET /casinos-con-tiradas-gratuito-acerca-de-coyote-moon-maquina-tragamonedas-argentina-ranking-al-dia-2026/ HTTP/1.1" 200 78394 "-" "Mozilla/5.0 (Windows NT 10.0; Win64; x64; rv:125.0) Gecko/20100101 Firefox/125.0"
98.98.9.58 - - [17/Apr/2026:10:59:59 +0300] "POST /xmlrpc.php HTTP/1.1" 200 9140 "-" "Mozilla/5.0 (Windows NT 10.0; Win64; x64) AppleWebKit/537.36 (KHTML, like Gecko) Chrome/114.0.0.0 Safari/537.36"
98.98.9.58 - - [17/Apr/2026:11:00:16 +0300] "GET /recenzia-herneho-podniku-betsson-2-kasino-bez-vkladu-goldbet-2026-200-online-kasinovych-hier-priblizne-sto-101-otoceni/ HTTP/1.1" 200 72643 "-" "Mozilla/5.0 (Windows NT 10.0; Win64; x64) AppleWebKit/537.36 (KHTML, like Gecko) Chrome/122.0.0.0 Safari/537.36"
185.216.113.70 - - [17/Apr/2026:11:00:39 +0300] "POST /wp-cron.php?doing_wp_cron=1776412839.1232709884643554687500 HTTP/1.1" 200 448 "-" "WordPress/6.3.8; https://serhatburke.miroglu.net"
104.166.164.25 - - [17/Apr/2026:11:00:26 +0300] "POST /xmlrpc.php HTTP/1.1" 200 630 "-" "Mozilla/5.0 (Windows NT 10.0; Win64; x64) AppleWebKit/537.36 (KHTML, like Gecko) Chrome/114.0.0.0 Safari/537.36"
104.166.164.25 - - [17/Apr/2026:11:00:46 +0300] "POST /xmlrpc.php HTTP/1.1" 200 12934 "-" "Mozilla/5.0 (Windows NT 10.0; Win64; x64) AppleWebKit/537.36 (KHTML, like Gecko) Chrome/114.0.0.0 Safari/537.36"
104.166.164.25 - - [17/Apr/2026:11:01:03 +0300] "GET /greatest-slots-websites-2024-danger-high-voltage-online-slot-ranked-by-rtp-bonuses-updated-number/ HTTP/1.1" 200 75022 "-" "Mozilla/5.0 (Windows NT 10.0; Win64; x64) AppleWebKit/537.36 (KHTML, like Gecko) Chrome/123.0.0.0 Safari/537.36 OPR/109.0.0.0"
185.216.113.70 - - [17/Apr/2026:11:02:13 +0300] "POST /wp-cron.php?doing_wp_cron=1776412932.9835898876190185546875 HTTP/1.1" 200 448 "-" "WordPress/6.3.8; https://serhatburke.miroglu.net"
98.98.9.58 - - [17/Apr/2026:11:02:01 +0300] "POST /xmlrpc.php HTTP/1.1" 200 630 "-" "Mozilla/5.0 (Windows NT 10.0; Win64; x64) AppleWebKit/537.36 (KHTML, like Gecko) Chrome/114.0.0.0 Safari/537.36"
98.98.9.58 - - [17/Apr/2026:11:02:20 +0300] "POST /xmlrpc.php HTTP/1.1" 200 10572 "-" "Mozilla/5.0 (Windows NT 10.0; Win64; x64) AppleWebKit/537.36 (KHTML, like Gecko) Chrome/114.0.0.0 Safari/537.36"
185.216.113.70 - - [17/Apr/2026:11:02:47 +0300] "POST /wp-cron.php?doing_wp_cron=1776412967.7127199172973632812500 HTTP/1.1" 200 448 "-" "WordPress/6.3.8; https://serhatburke.miroglu.net"
98.98.9.58 - - [17/Apr/2026:11:02:35 +0300] "GET /recenzia-heaven-gambling-enterprise-expert-affiliate-casino-spin-palace-bonus-sestdesiat-dolarov-stavkove-poziadavky-vulkan-vegas-prihlasenie-slovensko-navrhy-2026/ HTTP/1.1" 200 75171 "-" "Mozilla/5.0 (Windows NT 10.0; Win64; x64) AppleWebKit/537.36 (KHTML, like Gecko) Chrome/123.0.0.0 Safari/537.36"
104.166.164.25 - - [17/Apr/2026:11:02:48 +0300] "POST /xmlrpc.php HTTP/1.1" 200 630 "-" "Mozilla/5.0 (Windows NT 10.0; Win64; x64) AppleWebKit/537.36 (KHTML, like Gecko) Chrome/114.0.0.0 Safari/537.36"
185.216.113.70 - - [17/Apr/2026:11:03:21 +0300] "POST /wp-cron.php?doing_wp_cron=1776413001.4110651016235351562500 HTTP/1.1" 200 448 "-" "WordPress/6.3.8; https://serhatburke.miroglu.net"
104.166.164.25 - - [17/Apr/2026:11:03:08 +0300] "POST /xmlrpc.php HTTP/1.1" 200 12789 "-" "Mozilla/5.0 (Windows NT 10.0; Win64; x64) AppleWebKit/537.36 (KHTML, like Gecko) Chrome/114.0.0.0 Safari/537.36"
104.166.164.25 - - [17/Apr/2026:11:03:23 +0300] "GET /online-pokies-2026-casino-karamba-mobile-670-totally-free-pokies-video-game/ HTTP/1.1" 200 74099 "-" "Mozilla/5.0 (Windows NT 10.0; rv:125.0) Gecko/20100101 Firefox/125.0"
185.216.113.70 - - [17/Apr/2026:11:04:45 +0300] "POST /wp-cron.php?doing_wp_cron=1776413085.2470419406890869140625 HTTP/1.1" 200 448 "-" "WordPress/6.3.8; https://serhatburke.miroglu.net"
98.98.9.58 - - [17/Apr/2026:11:04:32 +0300] "POST /xmlrpc.php HTTP/1.1" 200 630 "-" "Mozilla/5.0 (Windows NT 10.0; Win64; x64) AppleWebKit/537.36 (KHTML, like Gecko) Chrome/114.0.0.0 Safari/537.36"
98.98.9.58 - - [17/Apr/2026:11:04:52 +0300] "POST /xmlrpc.php HTTP/1.1" 200 10008 "-" "Mozilla/5.0 (Windows NT 10.0; Win64; x64) AppleWebKit/537.36 (KHTML, like Gecko) Chrome/114.0.0.0 Safari/537.36"
98.98.9.58 - - [17/Apr/2026:11:05:07 +0300] "GET /rezervujte-si-online-hazardne-hry-od-ra-luxury-problem-s-prihlasenim-vulkanbet-position-software/ HTTP/1.1" 200 72965 "-" "Mozilla/5.0 (Windows NT 10.0; Win64; x64) AppleWebKit/537.36 (KHTML, like Gecko) Chrome/109.0.0.0 Safari/537.36"
102.221.34.103 - - [17/Apr/2026:11:05:11 +0300] "POST /xmlrpc.php HTTP/1.1" 200 630 "-" "Mozilla/5.0 (Windows NT 10.0; Win64; x64) AppleWebKit/537.36 (KHTML, like Gecko) Chrome/114.0.0.0 Safari/537.36"
185.216.113.70 - - [17/Apr/2026:11:05:39 +0300] "POST /wp-cron.php?doing_wp_cron=1776413139.1363999843597412109375 HTTP/1.1" 200 448 "-" "WordPress/6.3.8; https://serhatburke.miroglu.net"
104.166.164.25 - - [17/Apr/2026:11:05:21 +0300] "POST /xmlrpc.php HTTP/1.1" 200 630 "-" "Mozilla/5.0 (Windows NT 10.0; Win64; x64) AppleWebKit/537.36 (KHTML, like Gecko) Chrome/114.0.0.0 Safari/537.36"
102.221.34.103 - - [17/Apr/2026:11:05:33 +0300] "POST /xmlrpc.php HTTP/1.1" 200 12594 "-" "Mozilla/5.0 (Windows NT 10.0; Win64; x64) AppleWebKit/537.36 (KHTML, like Gecko) Chrome/114.0.0.0 Safari/537.36"
104.166.164.25 - - [17/Apr/2026:11:05:46 +0300] "POST /xmlrpc.php HTTP/1.1" 200 12655 "-" "Mozilla/5.0 (Windows NT 10.0; Win64; x64) AppleWebKit/537.36 (KHTML, like Gecko) Chrome/114.0.0.0 Safari/537.36"
103.219.169.214 - - [17/Apr/2026:11:05:49 +0300] "POST /xmlrpc.php HTTP/1.1" 200 630 "-" "Mozilla/5.0 (Windows NT 10.0; Win64; x64) AppleWebKit/537.36 (KHTML, like Gecko) Chrome/114.0.0.0 Safari/537.36"
102.221.34.103 - - [17/Apr/2026:11:05:53 +0300] "GET /desert-nights-gambling-establishment-southern-area-africa-r100-ambiance-real-money-no-deposit-added-bonus/ HTTP/1.1" 200 74887 "-" "Mozilla/5.0 (Windows NT 10.0; Win64; x64; rv:125.0) Gecko/20100101 Firefox/125.0"
104.166.164.25 - - [17/Apr/2026:11:06:09 +0300] "GET /gamble-ahead-playing-web-mermaids-millions-slot-machine-site-in-the-us/ HTTP/1.1" 200 73918 "-" "Mozilla/5.0 (Windows NT 10.0; Win64; x64) AppleWebKit/537.36 (KHTML, like Gecko) Chrome/124.0.0.0 Safari/537.36 Edg/124.0.0.0"
94.73.54.168 - - [17/Apr/2026:11:06:09 +0300] "POST /xmlrpc.php HTTP/2" 200 204 "-" "XML-RPC for PHP 4.11.1"
103.219.169.214 - - [17/Apr/2026:11:06:15 +0300] "POST /xmlrpc.php HTTP/1.1" 200 13712 "-" "Mozilla/5.0 (Windows NT 10.0; Win64; x64) AppleWebKit/537.36 (KHTML, like Gecko) Chrome/114.0.0.0 Safari/537.36"
103.219.169.214 - - [17/Apr/2026:11:06:33 +0300] "GET /tratar-pirates-gold-1-deposito-a-unas-22-000-juegos-de-casino-gratuito-desprovisto-asignacion/ HTTP/1.1" 200 75926 "-" "Mozilla/5.0 (Windows NT 10.0; Win64; x64) AppleWebKit/537.36 (KHTML, like Gecko) Chrome/124.0.0.0 Safari/537.36"
98.98.9.58 - - [17/Apr/2026:11:06:57 +0300] "POST /xmlrpc.php HTTP/1.1" 200 630 "-" "Mozilla/5.0 (Windows NT 10.0; Win64; x64) AppleWebKit/537.36 (KHTML, like Gecko) Chrome/114.0.0.0 Safari/537.36"
98.98.9.58 - - [17/Apr/2026:11:07:18 +0300] "POST /xmlrpc.php HTTP/1.1" 200 9426 "-" "Mozilla/5.0 (Windows NT 10.0; Win64; x64) AppleWebKit/537.36 (KHTML, like Gecko) Chrome/114.0.0.0 Safari/537.36"
185.216.113.70 - - [17/Apr/2026:11:07:52 +0300] "POST /wp-cron.php?doing_wp_cron=1776413272.1034359931945800781250 HTTP/1.1" 200 448 "-" "WordPress/6.3.8; https://serhatburke.miroglu.net"
98.98.9.58 - - [17/Apr/2026:11:07:33 +0300] "GET /prihlaste-sa-vlozte-bonus-200-vulkan-vegas-nzd-50-fs/ HTTP/1.1" 200 70888 "-" "Mozilla/5.0 (Windows NT 10.0; Win64; x64) AppleWebKit/537.36 (KHTML, like Gecko) Chrome/124.0.0.0 Safari/537.36 Edg/124.0.0.0"
185.216.113.70 - - [17/Apr/2026:11:07:57 +0300] "POST /wp-cron.php?doing_wp_cron=1776413277.8309919834136962890625 HTTP/1.1" 200 448 "-" "WordPress/6.3.8; https://serhatburke.miroglu.net"
104.166.164.25 - - [17/Apr/2026:11:07:42 +0300] "POST /xmlrpc.php HTTP/1.1" 200 630 "-" "Mozilla/5.0 (Windows NT 10.0; Win64; x64) AppleWebKit/537.36 (KHTML, like Gecko) Chrome/114.0.0.0 Safari/537.36"
185.216.113.70 - - [17/Apr/2026:11:07:59 +0300] "POST /wp-cron.php?doing_wp_cron=1776413279.0059731006622314453125 HTTP/1.1" 200 448 "-" "WordPress/6.3.8; https://serhatburke.miroglu.net"
66.249.73.15 - - [17/Apr/2026:11:07:43 +0300] "GET /robots.txt HTTP/1.1" 200 719 "-" "Mozilla/5.0 (compatible; Googlebot/2.1; +http://www.google.com/bot.html)"
104.166.164.25 - - [17/Apr/2026:11:08:04 +0300] "POST /xmlrpc.php HTTP/1.1" 200 12463 "-" "Mozilla/5.0 (Windows NT 10.0; Win64; x64) AppleWebKit/537.36 (KHTML, like Gecko) Chrome/114.0.0.0 Safari/537.36"
104.166.164.25 - - [17/Apr/2026:11:08:26 +0300] "GET /better-online-slots-gambling-enterprises-2026-better-sites-100-percent-free-revolves-practical-link-jackpots/ HTTP/1.1" 200 74886 "-" "Mozilla/5.0 (Windows NT 10.0; Win64; x64; rv:125.0) Gecko/20100101 Firefox/125.0"
185.216.113.70 - - [17/Apr/2026:11:09:41 +0300] "POST /wp-cron.php?doing_wp_cron=1776413381.2161951065063476562500 HTTP/1.1" 200 448 "-" "WordPress/6.3.8; https://serhatburke.miroglu.net"
98.98.9.58 - - [17/Apr/2026:11:09:28 +0300] "POST /xmlrpc.php HTTP/1.1" 200 630 "-" "Mozilla/5.0 (Windows NT 10.0; Win64; x64) AppleWebKit/537.36 (KHTML, like Gecko) Chrome/114.0.0.0 Safari/537.36"
98.98.9.58 - - [17/Apr/2026:11:09:48 +0300] "POST /xmlrpc.php HTTP/1.1" 200 9956 "-" "Mozilla/5.0 (Windows NT 10.0; Win64; x64) AppleWebKit/537.36 (KHTML, like Gecko) Chrome/114.0.0.0 Safari/537.36"
104.166.164.25 - - [17/Apr/2026:11:09:55 +0300] "POST /xmlrpc.php HTTP/1.1" 200 630 "-" "Mozilla/5.0 (Windows NT 10.0; Win64; x64) AppleWebKit/537.36 (KHTML, like Gecko) Chrome/114.0.0.0 Safari/537.36"
148.135.195.139 - - [17/Apr/2026:11:09:57 +0300] "POST /xmlrpc.php HTTP/1.1" 200 87901 "-" "Mozilla/5.0 (Windows NT 10.0; Win64; x64) AppleWebKit/537.36 (KHTML, like Gecko) Chrome/64.0.3282.140 Safari/537.36 Edge/18.17763"
98.98.9.58 - - [17/Apr/2026:11:10:09 +0300] "GET /najlepsie-online-kasinove-bonusy-v-amerike-vo-najlepsie-kasino-bez-vkladu-vulkan-vegas-februari-2026/ HTTP/1.1" 200 72459 "-" "Mozilla/5.0 (Windows NT 10.0; Win64; x64) AppleWebKit/537.36 (KHTML, like Gecko) Chrome/123.0.0.0 Safari/537.36"
185.216.113.70 - - [17/Apr/2026:11:10:33 +0300] "POST /wp-cron.php?doing_wp_cron=1776413433.0902249813079833984375 HTTP/1.1" 200 448 "-" "WordPress/6.3.8; https://serhatburke.miroglu.net"
148.135.195.139 - - [17/Apr/2026:11:10:17 +0300] "POST /xmlrpc.php HTTP/1.1" 200 489 "-" "Mozilla/5.0 (Windows NT 10.0; Win64; x64) AppleWebKit/537.36 (KHTML, like Gecko) Chrome/64.0.3282.140 Safari/537.36 Edge/18.17763"
104.166.164.25 - - [17/Apr/2026:11:10:21 +0300] "POST /xmlrpc.php HTTP/1.1" 200 12861 "-" "Mozilla/5.0 (Windows NT 10.0; Win64; x64) AppleWebKit/537.36 (KHTML, like Gecko) Chrome/114.0.0.0 Safari/537.36"
148.135.195.139 - - [17/Apr/2026:11:10:33 +0300] "POST /xmlrpc.php HTTP/1.1" 200 269660 "-" "Mozilla/5.0 (Windows NT 10.0; Win64; x64) AppleWebKit/537.36 (KHTML, like Gecko) Chrome/64.0.3282.140 Safari/537.36 Edge/18.17763"
104.166.164.25 - - [17/Apr/2026:11:10:37 +0300] "GET /better-online-slots-games-2026-casino-7-reels-enjoy-during-the-a-real-income-harbors-sites/ HTTP/1.1" 200 67786 "-" "Mozilla/5.0 (Windows NT 10.0; Win64; x64) AppleWebKit/537.36 (KHTML, like Gecko) Chrome/109.0.0.0 Safari/537.36"
185.216.113.70 - - [17/Apr/2026:11:12:22 +0300] "POST /wp-cron.php?doing_wp_cron=1776413542.7934539318084716796875 HTTP/1.1" 200 448 "-" "WordPress/6.3.8; https://serhatburke.miroglu.net"
104.166.164.25 - - [17/Apr/2026:11:12:10 +0300] "POST /xmlrpc.php HTTP/1.1" 200 630 "-" "Mozilla/5.0 (Windows NT 10.0; Win64; x64) AppleWebKit/537.36 (KHTML, like Gecko) Chrome/114.0.0.0 Safari/537.36"
66.249.73.14 - - [17/Apr/2026:11:12:36 +0300] "GET /wp-content/themes/toppic/css/royalslider.css?ver=4.2 HTTP/1.1" 200 1887 "https://serhatburke.miroglu.net/no-title/" "Mozilla/5.0 (Linux; Android 6.0.1; Nexus 5X Build/MMB29P) AppleWebKit/537.36 (KHTML, like Gecko) Chrome/146.0.7680.177 Mobile Safari/537.36 (compatible; Googlebot/2.1; +http://www.google.com/bot.html)"
165.73.240.122 - - [17/Apr/2026:11:12:20 +0300] "POST /xmlrpc.php HTTP/1.1" 200 630 "-" "Mozilla/5.0 (Windows NT 10.0; Win64; x64) AppleWebKit/537.36 (KHTML, like Gecko) Chrome/114.0.0.0 Safari/537.36"
66.249.73.14 - - [17/Apr/2026:11:12:28 +0300] "GET /robots.txt HTTP/1.1" 200 719 "-" "Mozilla/5.0 (compatible; Googlebot/2.1; +http://www.google.com/bot.html)"
104.166.164.25 - - [17/Apr/2026:11:12:30 +0300] "POST /xmlrpc.php HTTP/1.1" 200 13103 "-" "Mozilla/5.0 (Windows NT 10.0; Win64; x64) AppleWebKit/537.36 (KHTML, like Gecko) Chrome/114.0.0.0 Safari/537.36"
