128.1.218.166 - - [16/Apr/2026:08:48:23 +0300] "GET /finest-on-line-casino-analysis-and-you-will-top-10-casino-frank-fred-no-deposit-bonus-2023-websites/ HTTP/1.1" 200 75166 "-" "Mozilla/5.0 (Windows NT 10.0; Win64; x64) AppleWebKit/537.36 (KHTML, like Gecko) Chrome/123.0.0.0 Safari/537.36"
185.216.113.70 - - [16/Apr/2026:08:48:56 +0300] "POST /wp-cron.php?doing_wp_cron=1776318536.5998029708862304687500 HTTP/1.1" 200 448 "-" "WordPress/6.3.8; https://serhatburke.miroglu.net"
165.73.240.153 - - [16/Apr/2026:08:48:39 +0300] "GET /immortal-romance-mega-moolah-progressive-jackpot-promo-mr-bet-position/ HTTP/1.1" 200 74083 "-" "Mozilla/5.0 (Windows NT 10.0; Win64; x64) AppleWebKit/537.36 (KHTML, like Gecko) Chrome/123.0.0.0 Safari/537.36"
128.1.218.166 - - [16/Apr/2026:08:49:06 +0300] "POST /xmlrpc.php HTTP/1.1" 200 630 "-" "Mozilla/5.0 (Windows NT 10.0; Win64; x64) AppleWebKit/537.36 (KHTML, like Gecko) Chrome/114.0.0.0 Safari/537.36"
98.98.9.27 - - [16/Apr/2026:08:49:18 +0300] "POST /xmlrpc.php HTTP/1.1" 200 630 "-" "Mozilla/5.0 (Windows NT 10.0; Win64; x64) AppleWebKit/537.36 (KHTML, like Gecko) Chrome/114.0.0.0 Safari/537.36"
128.1.218.166 - - [16/Apr/2026:08:49:25 +0300] "POST /xmlrpc.php HTTP/1.1" 200 14088 "-" "Mozilla/5.0 (Windows NT 10.0; Win64; x64) AppleWebKit/537.36 (KHTML, like Gecko) Chrome/114.0.0.0 Safari/537.36"
165.73.240.153 - - [16/Apr/2026:08:49:27 +0300] "POST /xmlrpc.php HTTP/1.1" 200 630 "-" "Mozilla/5.0 (Windows NT 10.0; Win64; x64) AppleWebKit/537.36 (KHTML, like Gecko) Chrome/114.0.0.0 Safari/537.36"
98.98.9.27 - - [16/Apr/2026:08:49:39 +0300] "POST /xmlrpc.php HTTP/1.1" 200 13390 "-" "Mozilla/5.0 (Windows NT 10.0; Win64; x64) AppleWebKit/537.36 (KHTML, like Gecko) Chrome/114.0.0.0 Safari/537.36"
185.216.113.70 - - [16/Apr/2026:08:49:57 +0300] "POST /wp-cron.php?doing_wp_cron=1776318597.1127119064331054687500 HTTP/1.1" 200 448 "-" "WordPress/6.3.8; https://serhatburke.miroglu.net"
128.1.218.166 - - [16/Apr/2026:08:49:42 +0300] "GET /playojo-baccarat-draw-rules-british-gambling-games-score-fifty-free-revolves/ HTTP/1.1" 200 75430 "-" "Mozilla/5.0 (Windows NT 10.0; Win64; x64) AppleWebKit/537.36 (KHTML, like Gecko) Chrome/124.0.0.0 Safari/537.36 Edg/124.0.0.0"
185.216.113.70 - - [16/Apr/2026:08:50:07 +0300] "POST /wp-cron.php?doing_wp_cron=1776318607.7962501049041748046875 HTTP/1.1" 200 448 "-" "WordPress/6.3.8; https://serhatburke.miroglu.net"
165.73.240.153 - - [16/Apr/2026:08:49:49 +0300] "POST /xmlrpc.php HTTP/1.1" 200 13375 "-" "Mozilla/5.0 (Windows NT 10.0; Win64; x64) AppleWebKit/537.36 (KHTML, like Gecko) Chrome/114.0.0.0 Safari/537.36"
185.216.113.70 - - [16/Apr/2026:08:50:15 +0300] "POST /wp-cron.php?doing_wp_cron=1776318615.7074840068817138671875 HTTP/1.1" 200 448 "-" "WordPress/6.3.8; https://serhatburke.miroglu.net"
98.98.9.27 - - [16/Apr/2026:08:49:56 +0300] "GET /finest-step-one-penny-online-slots-games-in-ladylucks-casino-the-all-of-us-gambling-enterprises/ HTTP/1.1" 200 75100 "-" "Mozilla/5.0 (Windows NT 10.0; Win64; x64) AppleWebKit/537.36 (KHTML, like Gecko) Chrome/109.0.0.0 Safari/537.36"
185.231.205.241 - - [16/Apr/2026:08:50:16 +0300] "GET /beste-casino-site-belgie-hoge-inzet/ HTTP/1.1" 200 18669 "-" "Mozilla/5.0 (Windows NT 10.0) AppleWebKit/537.36 (KHTML, like Gecko) Chrome/114.0.0.0 Safari/537.36"
165.73.240.153 - - [16/Apr/2026:08:50:09 +0300] "GET /immortal-love-position-online-game-with-243-a-method-hot-shots-video-slot-to-win/ HTTP/1.1" 200 74878 "-" "Mozilla/5.0 (Windows NT 10.0; Win64; x64) AppleWebKit/537.36 (KHTML, like Gecko) Chrome/123.0.0.0 Safari/537.36 OPR/109.0.0.0"
128.1.218.166 - - [16/Apr/2026:08:50:35 +0300] "POST /xmlrpc.php HTTP/1.1" 200 630 "-" "Mozilla/5.0 (Windows NT 10.0; Win64; x64) AppleWebKit/537.36 (KHTML, like Gecko) Chrome/114.0.0.0 Safari/537.36"
128.1.218.166 - - [16/Apr/2026:08:50:55 +0300] "POST /xmlrpc.php HTTP/1.1" 200 14245 "-" "Mozilla/5.0 (Windows NT 10.0; Win64; x64) AppleWebKit/537.36 (KHTML, like Gecko) Chrome/114.0.0.0 Safari/537.36"
165.73.240.153 - - [16/Apr/2026:08:51:00 +0300] "POST /xmlrpc.php HTTP/1.1" 200 630 "-" "Mozilla/5.0 (Windows NT 10.0; Win64; x64) AppleWebKit/537.36 (KHTML, like Gecko) Chrome/114.0.0.0 Safari/537.36"
185.216.113.70 - - [16/Apr/2026:08:51:23 +0300] "POST /wp-cron.php?doing_wp_cron=1776318683.4206960201263427734375 HTTP/1.1" 200 448 "-" "WordPress/6.3.8; https://serhatburke.miroglu.net"
128.1.218.166 - - [16/Apr/2026:08:51:09 +0300] "GET /australian-local-30-free-spins-no-deposit-2026-casino-ports/ HTTP/1.1" 200 75358 "-" "Mozilla/5.0 (Windows NT 10.0; Win64; x64) AppleWebKit/537.36 (KHTML, like Gecko) Chrome/124.0.0.0 Safari/537.36"
185.216.113.70 - - [16/Apr/2026:08:51:26 +0300] "POST /wp-cron.php?doing_wp_cron=1776318686.2289600372314453125000 HTTP/1.1" 200 448 "-" "WordPress/6.3.8; https://serhatburke.miroglu.net"
98.98.9.18 - - [16/Apr/2026:08:51:11 +0300] "POST /xmlrpc.php HTTP/1.1" 200 630 "-" "Mozilla/5.0 (Windows NT 10.0; Win64; x64) AppleWebKit/537.36 (KHTML, like Gecko) Chrome/114.0.0.0 Safari/537.36"
185.216.113.70 - - [16/Apr/2026:08:51:39 +0300] "POST /wp-cron.php?doing_wp_cron=1776318699.6208930015563964843750 HTTP/1.1" 200 448 "-" "WordPress/6.3.8; https://serhatburke.miroglu.net"
165.73.240.153 - - [16/Apr/2026:08:51:20 +0300] "POST /xmlrpc.php HTTP/1.1" 200 13057 "-" "Mozilla/5.0 (Windows NT 10.0; Win64; x64) AppleWebKit/537.36 (KHTML, like Gecko) Chrome/114.0.0.0 Safari/537.36"
98.98.9.18 - - [16/Apr/2026:08:51:33 +0300] "POST /xmlrpc.php HTTP/1.1" 200 12448 "-" "Mozilla/5.0 (Windows NT 10.0; Win64; x64) AppleWebKit/537.36 (KHTML, like Gecko) Chrome/114.0.0.0 Safari/537.36"
165.73.240.153 - - [16/Apr/2026:08:51:41 +0300] "GET /restricted-captain-candy-slot-free-spins-country/ HTTP/1.1" 200 73558 "-" "Mozilla/5.0 (Windows NT 10.0; Win64; x64; rv:124.0) Gecko/20100101 Firefox/124.0"
98.98.9.18 - - [16/Apr/2026:08:51:56 +0300] "GET /enjoy-thunderstruck-ii-harbors-press-this-site-2026s-best-microgaming-slots/ HTTP/1.1" 200 73660 "-" "Mozilla/5.0 (Windows NT 10.0; rv:109.0) Gecko/20100101 Firefox/115.0"
128.1.218.166 - - [16/Apr/2026:08:52:00 +0300] "POST /xmlrpc.php HTTP/1.1" 200 630 "-" "Mozilla/5.0 (Windows NT 10.0; Win64; x64) AppleWebKit/537.36 (KHTML, like Gecko) Chrome/114.0.0.0 Safari/537.36"
128.1.218.166 - - [16/Apr/2026:08:52:19 +0300] "POST /xmlrpc.php HTTP/1.1" 200 13660 "-" "Mozilla/5.0 (Windows NT 10.0; Win64; x64) AppleWebKit/537.36 (KHTML, like Gecko) Chrome/114.0.0.0 Safari/537.36"
165.73.240.153 - - [16/Apr/2026:08:52:19 +0300] "POST /xmlrpc.php HTTP/1.1" 200 630 "-" "Mozilla/5.0 (Windows NT 10.0; Win64; x64) AppleWebKit/537.36 (KHTML, like Gecko) Chrome/114.0.0.0 Safari/537.36"
185.216.113.70 - - [16/Apr/2026:08:52:45 +0300] "POST /wp-cron.php?doing_wp_cron=1776318765.2453010082244873046875 HTTP/1.1" 200 448 "-" "WordPress/6.3.8; https://serhatburke.miroglu.net"
128.1.218.166 - - [16/Apr/2026:08:52:33 +0300] "GET /better-on-the-web-australian-local-casino-recommendations-understand-customer-care-deposit-10-get-50-online-casino-2026-ratings-of-bestaustraliangames-on-the-internet/ HTTP/1.1" 200 77386 "-" "Mozilla/5.0 (Windows NT 10.0; rv:109.0) Gecko/20100101 Firefox/115.0"
185.216.113.70 - - [16/Apr/2026:08:52:50 +0300] "POST /wp-cron.php?doing_wp_cron=1776318770.1503820419311523437500 HTTP/1.1" 200 448 "-" "WordPress/6.3.8; https://serhatburke.miroglu.net"
165.73.240.153 - - [16/Apr/2026:08:52:37 +0300] "POST /xmlrpc.php HTTP/1.1" 200 13209 "-" "Mozilla/5.0 (Windows NT 10.0; Win64; x64) AppleWebKit/537.36 (KHTML, like Gecko) Chrome/114.0.0.0 Safari/537.36"
165.73.240.153 - - [16/Apr/2026:08:52:51 +0300] "GET /immortal-love-slot-remark-2026-rtp-free-spins-and-king-tusk-1-deposit-demo/ HTTP/1.1" 200 74655 "-" "Mozilla/5.0 (Windows NT 10.0; Win64; x64) AppleWebKit/537.36 (KHTML, like Gecko) Chrome/109.0.0.0 Safari/537.36"
128.1.218.166 - - [16/Apr/2026:08:52:57 +0300] "POST /xmlrpc.php HTTP/1.1" 200 630 "-" "Mozilla/5.0 (Windows NT 10.0; Win64; x64) AppleWebKit/537.36 (KHTML, like Gecko) Chrome/114.0.0.0 Safari/537.36"
128.1.218.148 - - [16/Apr/2026:08:53:07 +0300] "POST /xmlrpc.php HTTP/1.1" 200 630 "-" "Mozilla/5.0 (Windows NT 10.0; Win64; x64) AppleWebKit/537.36 (KHTML, like Gecko) Chrome/114.0.0.0 Safari/537.36"
185.216.113.70 - - [16/Apr/2026:08:53:33 +0300] "POST /wp-cron.php?doing_wp_cron=1776318813.0610759258270263671875 HTTP/1.1" 200 448 "-" "WordPress/6.3.8; https://serhatburke.miroglu.net"
128.1.218.166 - - [16/Apr/2026:08:53:20 +0300] "POST /xmlrpc.php HTTP/1.1" 200 14201 "-" "Mozilla/5.0 (Windows NT 10.0; Win64; x64) AppleWebKit/537.36 (KHTML, like Gecko) Chrome/114.0.0.0 Safari/537.36"
128.1.218.148 - - [16/Apr/2026:08:53:28 +0300] "POST /xmlrpc.php HTTP/1.1" 200 15962 "-" "Mozilla/5.0 (Windows NT 10.0; Win64; x64) AppleWebKit/537.36 (KHTML, like Gecko) Chrome/114.0.0.0 Safari/537.36"
128.1.218.166 - - [16/Apr/2026:08:53:34 +0300] "GET /greatest-online-slot-web-goldbet-app-download-link-sites-finest-ports-for-real-money-which-can-be-safe-inside-the-canada-2026/ HTTP/1.1" 200 76861 "-" "Mozilla/5.0 (Windows NT 10.0; rv:125.0) Gecko/20100101 Firefox/125.0"
165.73.240.153 - - [16/Apr/2026:08:53:40 +0300] "POST /xmlrpc.php HTTP/1.1" 200 630 "-" "Mozilla/5.0 (Windows NT 10.0; Win64; x64) AppleWebKit/537.36 (KHTML, like Gecko) Chrome/114.0.0.0 Safari/537.36"
128.1.218.148 - - [16/Apr/2026:08:53:46 +0300] "GET /nachfolgende-verschiedenen-arten-von-casino-boni-drauf-faust-slotspiel-fur-echtes-geld-haben/ HTTP/1.1" 200 78056 "-" "Mozilla/5.0 (Windows NT 10.0; Win64; x64) AppleWebKit/537.36 (KHTML, like Gecko) Chrome/123.0.0.0 Safari/537.36"
128.1.218.166 - - [16/Apr/2026:08:54:01 +0300] "POST /xmlrpc.php HTTP/1.1" 200 630 "-" "Mozilla/5.0 (Windows NT 10.0; Win64; x64) AppleWebKit/537.36 (KHTML, like Gecko) Chrome/114.0.0.0 Safari/537.36"
165.73.240.153 - - [16/Apr/2026:08:54:05 +0300] "POST /xmlrpc.php HTTP/1.1" 200 13072 "-" "Mozilla/5.0 (Windows NT 10.0; Win64; x64) AppleWebKit/537.36 (KHTML, like Gecko) Chrome/114.0.0.0 Safari/537.36"
185.216.113.70 - - [16/Apr/2026:08:54:36 +0300] "POST /wp-cron.php?doing_wp_cron=1776318876.5881888866424560546875 HTTP/1.1" 200 448 "-" "WordPress/6.3.8; https://serhatburke.miroglu.net"
165.73.240.153 - - [16/Apr/2026:08:54:21 +0300] "GET /immortal-love-position-review-2026-rtp-and-you-relax-gaming-games-list-can-demo-razoredge-work-look-development/ HTTP/1.1" 200 75240 "-" "Mozilla/5.0 (Windows NT 10.0; Win64; x64; rv:125.0) Gecko/20100101 Firefox/125.0"
128.1.218.166 - - [16/Apr/2026:08:54:22 +0300] "POST /xmlrpc.php HTTP/1.1" 200 13217 "-" "Mozilla/5.0 (Windows NT 10.0; Win64; x64) AppleWebKit/537.36 (KHTML, like Gecko) Chrome/114.0.0.0 Safari/537.36"
128.1.218.166 - - [16/Apr/2026:08:54:39 +0300] "GET /finest-skrill-casinos-greatest-gambling-enterprises-acknowledging-casino-game-for-free-skrill-deposits/ HTTP/1.1" 200 75263 "-" "Mozilla/5.0 (Windows NT 10.0; Win64; x64) AppleWebKit/537.36 (KHTML, like Gecko) Chrome/122.0.0.0 Safari/537.36"
165.73.240.153 - - [16/Apr/2026:08:54:48 +0300] "POST /xmlrpc.php HTTP/1.1" 200 630 "-" "Mozilla/5.0 (Windows NT 10.0; Win64; x64) AppleWebKit/537.36 (KHTML, like Gecko) Chrome/114.0.0.0 Safari/537.36"
128.1.218.166 - - [16/Apr/2026:08:55:04 +0300] "POST /xmlrpc.php HTTP/1.1" 200 630 "-" "Mozilla/5.0 (Windows NT 10.0; Win64; x64) AppleWebKit/537.36 (KHTML, like Gecko) Chrome/114.0.0.0 Safari/537.36"
165.73.240.153 - - [16/Apr/2026:08:55:09 +0300] "POST /xmlrpc.php HTTP/1.1" 200 13115 "-" "Mozilla/5.0 (Windows NT 10.0; Win64; x64) AppleWebKit/537.36 (KHTML, like Gecko) Chrome/114.0.0.0 Safari/537.36"
185.216.113.70 - - [16/Apr/2026:08:55:38 +0300] "POST /wp-cron.php?doing_wp_cron=1776318938.6004309654235839843750 HTTP/1.1" 200 448 "-" "WordPress/6.3.8; https://serhatburke.miroglu.net"
128.1.218.166 - - [16/Apr/2026:08:55:23 +0300] "POST /xmlrpc.php HTTP/1.1" 200 13328 "-" "Mozilla/5.0 (Windows NT 10.0; Win64; x64) AppleWebKit/537.36 (KHTML, like Gecko) Chrome/114.0.0.0 Safari/537.36"
165.73.240.153 - - [16/Apr/2026:08:55:23 +0300] "GET /indian-fantasizing-casino-slot-games-remark-enchanted-mermaid-slot-machine-and-how-to-enjoy-and-you-may-winnings/ HTTP/1.1" 200 75424 "-" "Mozilla/5.0 (Windows NT 10.0; Win64; x64; rv:124.0) Gecko/20100101 Firefox/124.0"
98.98.9.18 - - [16/Apr/2026:08:55:28 +0300] "POST /xmlrpc.php HTTP/1.1" 200 630 "-" "Mozilla/5.0 (Windows NT 10.0; Win64; x64) AppleWebKit/537.36 (KHTML, like Gecko) Chrome/114.0.0.0 Safari/537.36"
128.1.218.166 - - [16/Apr/2026:08:55:40 +0300] "GET /online-casinos4u-old-version-login-ports-gamble-casino-slot-machines-enjoyment/ HTTP/1.1" 200 74849 "-" "Mozilla/5.0 (Windows NT 10.0; rv:125.0) Gecko/20100101 Firefox/125.0"
98.98.9.18 - - [16/Apr/2026:08:55:53 +0300] "POST /xmlrpc.php HTTP/1.1" 200 12823 "-" "Mozilla/5.0 (Windows NT 10.0; Win64; x64) AppleWebKit/537.36 (KHTML, like Gecko) Chrome/114.0.0.0 Safari/537.36"
165.73.240.153 - - [16/Apr/2026:08:56:01 +0300] "POST /xmlrpc.php HTTP/1.1" 200 630 "-" "Mozilla/5.0 (Windows NT 10.0; Win64; x64) AppleWebKit/537.36 (KHTML, like Gecko) Chrome/114.0.0.0 Safari/537.36"
98.98.9.18 - - [16/Apr/2026:08:56:07 +0300] "GET /cashapillar-position-mirror-magic-free-spins-no-deposit-trial-microgaming/ HTTP/1.1" 200 74079 "-" "Mozilla/5.0 (Windows NT 10.0; Win64; x64) AppleWebKit/537.36 (KHTML, like Gecko) Chrome/123.0.0.0 Safari/537.36"
185.216.113.70 - - [16/Apr/2026:08:56:26 +0300] "POST /wp-cron.php?doing_wp_cron=1776318986.8756411075592041015625 HTTP/1.1" 200 448 "-" "WordPress/6.3.8; https://serhatburke.miroglu.net"
128.1.218.166 - - [16/Apr/2026:08:56:15 +0300] "POST /xmlrpc.php HTTP/1.1" 200 630 "-" "Mozilla/5.0 (Windows NT 10.0; Win64; x64) AppleWebKit/537.36 (KHTML, like Gecko) Chrome/114.0.0.0 Safari/537.36"
165.73.240.153 - - [16/Apr/2026:08:56:20 +0300] "POST /xmlrpc.php HTTP/1.1" 200 13045 "-" "Mozilla/5.0 (Windows NT 10.0; Win64; x64) AppleWebKit/537.36 (KHTML, like Gecko) Chrome/114.0.0.0 Safari/537.36"
128.1.218.166 - - [16/Apr/2026:08:56:33 +0300] "POST /xmlrpc.php HTTP/1.1" 200 14773 "-" "Mozilla/5.0 (Windows NT 10.0; Win64; x64) AppleWebKit/537.36 (KHTML, like Gecko) Chrome/114.0.0.0 Safari/537.36"
165.73.240.153 - - [16/Apr/2026:08:56:34 +0300] "GET /fantastic-goddess-demo-soccer-babes-online-slot-by-igt-totally-free-slot-and-comment/ HTTP/1.1" 200 74642 "-" "Mozilla/5.0 (Windows NT 10.0; Win64; x64) AppleWebKit/537.36 (KHTML, like Gecko) Chrome/123.0.0.0 Safari/537.36 OPR/109.0.0.0"
128.1.218.166 - - [16/Apr/2026:08:56:49 +0300] "GET /better-on-mr-bet-uk-casino-apk-the-internet-pokies-australia-for-real-money-2026/ HTTP/1.1" 200 76036 "-" "Mozilla/5.0 (Windows NT 10.0; rv:125.0) Gecko/20100101 Firefox/125.0"
165.73.240.153 - - [16/Apr/2026:08:57:12 +0300] "POST /xmlrpc.php HTTP/1.1" 200 630 "-" "Mozilla/5.0 (Windows NT 10.0; Win64; x64) AppleWebKit/537.36 (KHTML, like Gecko) Chrome/114.0.0.0 Safari/537.36"
128.1.218.166 - - [16/Apr/2026:08:57:13 +0300] "POST /xmlrpc.php HTTP/1.1" 200 630 "-" "Mozilla/5.0 (Windows NT 10.0; Win64; x64) AppleWebKit/537.36 (KHTML, like Gecko) Chrome/114.0.0.0 Safari/537.36"
98.98.9.18 - - [16/Apr/2026:08:57:14 +0300] "POST /xmlrpc.php HTTP/1.1" 200 630 "-" "Mozilla/5.0 (Windows NT 10.0; Win64; x64) AppleWebKit/537.36 (KHTML, like Gecko) Chrome/114.0.0.0 Safari/537.36"
185.216.113.70 - - [16/Apr/2026:08:57:52 +0300] "POST /wp-cron.php?doing_wp_cron=1776319072.5142190456390380859375 HTTP/1.1" 200 448 "-" "WordPress/6.3.8; https://serhatburke.miroglu.net"
165.73.240.153 - - [16/Apr/2026:08:57:35 +0300] "POST /xmlrpc.php HTTP/1.1" 200 12930 "-" "Mozilla/5.0 (Windows NT 10.0; Win64; x64) AppleWebKit/537.36 (KHTML, like Gecko) Chrome/114.0.0.0 Safari/537.36"
128.1.218.166 - - [16/Apr/2026:08:57:36 +0300] "POST /xmlrpc.php HTTP/1.1" 200 13774 "-" "Mozilla/5.0 (Windows NT 10.0; Win64; x64) AppleWebKit/537.36 (KHTML, like Gecko) Chrome/114.0.0.0 Safari/537.36"
98.98.9.18 - - [16/Apr/2026:08:57:38 +0300] "POST /xmlrpc.php HTTP/1.1" 200 12603 "-" "Mozilla/5.0 (Windows NT 10.0; Win64; x64) AppleWebKit/537.36 (KHTML, like Gecko) Chrome/114.0.0.0 Safari/537.36"
165.73.240.153 - - [16/Apr/2026:08:57:53 +0300] "GET /indian-dreaming-slot-online-highway-to-hell-deluxe-casino-slot-games-totally-free/ HTTP/1.1" 200 74271 "-" "Mozilla/5.0 (Windows NT 10.0; Win64; x64) AppleWebKit/537.36 (KHTML, like Gecko) Chrome/124.0.0.0 Safari/537.36 Edg/124.0.0.0"
128.1.218.166 - - [16/Apr/2026:08:57:55 +0300] "GET /college-raging-rhino-slot-rtp-student-join/ HTTP/1.1" 200 74229 "-" "Mozilla/5.0 (Windows NT 10.0; rv:125.0) Gecko/20100101 Firefox/125.0"
98.98.9.27 - - [16/Apr/2026:08:58:02 +0300] "POST /xmlrpc.php HTTP/1.1" 200 630 "-" "Mozilla/5.0 (Windows NT 10.0; Win64; x64) AppleWebKit/537.36 (KHTML, like Gecko) Chrome/114.0.0.0 Safari/537.36"
98.98.9.18 - - [16/Apr/2026:08:58:00 +0300] "GET /5-secure-online-casino-greatest-casinos-on-the-internet-inside-the-canada-2026-real-money-sites/ HTTP/1.1" 200 74481 "-" "Mozilla/5.0 (Windows NT 10.0; Win64; x64) AppleWebKit/537.36 (KHTML, like Gecko) Chrome/124.0.0.0 Safari/537.36 Edg/124.0.0.0"
128.1.218.166 - - [16/Apr/2026:08:58:15 +0300] "POST /xmlrpc.php HTTP/1.1" 200 630 "-" "Mozilla/5.0 (Windows NT 10.0; Win64; x64) AppleWebKit/537.36 (KHTML, like Gecko) Chrome/114.0.0.0 Safari/537.36"
165.73.240.153 - - [16/Apr/2026:08:58:22 +0300] "POST /xmlrpc.php HTTP/1.1" 200 630 "-" "Mozilla/5.0 (Windows NT 10.0; Win64; x64) AppleWebKit/537.36 (KHTML, like Gecko) Chrome/114.0.0.0 Safari/537.36"
185.216.113.70 - - [16/Apr/2026:08:58:52 +0300] "POST /wp-cron.php?doing_wp_cron=1776319132.3065590858459472656250 HTTP/1.1" 200 448 "-" "WordPress/6.3.8; https://serhatburke.miroglu.net"
98.98.9.27 - - [16/Apr/2026:08:58:37 +0300] "POST /xmlrpc.php HTTP/1.1" 200 12995 "-" "Mozilla/5.0 (Windows NT 10.0; Win64; x64) AppleWebKit/537.36 (KHTML, like Gecko) Chrome/114.0.0.0 Safari/537.36"
128.1.218.166 - - [16/Apr/2026:08:58:42 +0300] "POST /xmlrpc.php HTTP/1.1" 200 14176 "-" "Mozilla/5.0 (Windows NT 10.0; Win64; x64) AppleWebKit/537.36 (KHTML, like Gecko) Chrome/114.0.0.0 Safari/537.36"
165.73.240.153 - - [16/Apr/2026:08:58:44 +0300] "POST /xmlrpc.php HTTP/1.1" 200 13165 "-" "Mozilla/5.0 (Windows NT 10.0; Win64; x64) AppleWebKit/537.36 (KHTML, like Gecko) Chrome/114.0.0.0 Safari/537.36"
98.98.9.18 - - [16/Apr/2026:08:58:48 +0300] "POST /xmlrpc.php HTTP/1.1" 200 630 "-" "Mozilla/5.0 (Windows NT 10.0; Win64; x64) AppleWebKit/537.36 (KHTML, like Gecko) Chrome/114.0.0.0 Safari/537.36"
98.98.9.27 - - [16/Apr/2026:08:58:53 +0300] "GET /real-casino-games-for-money-cash-online-pokies-better-pokies-gambling-enterprises-2026/ HTTP/1.1" 200 74595 "-" "Mozilla/5.0 (Windows NT 10.0; Win64; x64; rv:125.0) Gecko/20100101 Firefox/125.0"
128.1.218.166 - - [16/Apr/2026:08:59:07 +0300] "GET /fans-mi-gambling-establishment-added-bonus-claim-as-much-as-step-one100-play-pokies-online-real-money-extra-spins-to-your-triple-bucks-eruption-february-2026/ HTTP/1.1" 200 77497 "-" "Mozilla/5.0 (Windows NT 10.0; Win64; x64; rv:124.0) Gecko/20100101 Firefox/124.0"
128.1.218.148 - - [16/Apr/2026:08:59:13 +0300] "POST /xmlrpc.php HTTP/1.1" 200 630 "-" "Mozilla/5.0 (Windows NT 10.0; Win64; x64) AppleWebKit/537.36 (KHTML, like Gecko) Chrome/114.0.0.0 Safari/537.36"
165.73.240.153 - - [16/Apr/2026:08:59:13 +0300] "GET /indian-thinking-slot-100-percent-free-gamble-rabcat-slots-real-money-within-the-trial-setting/ HTTP/1.1" 200 74933 "-" "Mozilla/5.0 (Windows NT 10.0; Win64; x64; rv:124.0) Gecko/20100101 Firefox/124.0"
128.1.218.166 - - [16/Apr/2026:08:59:22 +0300] "POST /xmlrpc.php HTTP/1.1" 200 630 "-" "Mozilla/5.0 (Windows NT 10.0; Win64; x64) AppleWebKit/537.36 (KHTML, like Gecko) Chrome/114.0.0.0 Safari/537.36"
98.98.9.18 - - [16/Apr/2026:08:59:24 +0300] "POST /xmlrpc.php HTTP/1.1" 200 12060 "-" "Mozilla/5.0 (Windows NT 10.0; Win64; x64) AppleWebKit/537.36 (KHTML, like Gecko) Chrome/114.0.0.0 Safari/537.36"
185.216.113.70 - - [16/Apr/2026:08:59:54 +0300] "POST /wp-cron.php?doing_wp_cron=1776319194.6944370269775390625000 HTTP/1.1" 200 448 "-" "WordPress/6.3.8; https://serhatburke.miroglu.net"
165.73.240.153 - - [16/Apr/2026:08:59:33 +0300] "POST /xmlrpc.php HTTP/1.1" 200 630 "-" "Mozilla/5.0 (Windows NT 10.0; Win64; x64) AppleWebKit/537.36 (KHTML, like Gecko) Chrome/114.0.0.0 Safari/537.36"
185.216.113.70 - - [16/Apr/2026:09:00:18 +0300] "POST /wp-cron.php?doing_wp_cron=1776319218.3994729518890380859375 HTTP/1.1" 200 448 "-" "WordPress/6.3.8; https://serhatburke.miroglu.net"
128.1.218.148 - - [16/Apr/2026:08:59:52 +0300] "POST /xmlrpc.php HTTP/1.1" 200 15412 "-" "Mozilla/5.0 (Windows NT 10.0; Win64; x64) AppleWebKit/537.36 (KHTML, like Gecko) Chrome/114.0.0.0 Safari/537.36"
98.98.9.18 - - [16/Apr/2026:08:59:54 +0300] "GET /24casino-no-deposit-added-bonus-2026-allege-24-100-percent-free-revolves-casino-europa-100-free-spins-now/ HTTP/1.1" 200 74264 "-" "Mozilla/5.0 (Windows NT 10.0; Win64; x64) AppleWebKit/537.36 (KHTML, like Gecko) Chrome/124.0.0.0 Safari/537.36 Edg/124.0.0.0"
128.1.218.166 - - [16/Apr/2026:08:59:57 +0300] "POST /xmlrpc.php HTTP/1.1" 200 14402 "-" "Mozilla/5.0 (Windows NT 10.0; Win64; x64) AppleWebKit/537.36 (KHTML, like Gecko) Chrome/114.0.0.0 Safari/537.36"
165.73.240.153 - - [16/Apr/2026:09:00:01 +0300] "POST /xmlrpc.php HTTP/1.1" 200 12423 "-" "Mozilla/5.0 (Windows NT 10.0; Win64; x64) AppleWebKit/537.36 (KHTML, like Gecko) Chrome/114.0.0.0 Safari/537.36"
98.98.9.18 - - [16/Apr/2026:09:00:13 +0300] "POST /xmlrpc.php HTTP/1.1" 200 630 "-" "Mozilla/5.0 (Windows NT 10.0; Win64; x64) AppleWebKit/537.36 (KHTML, like Gecko) Chrome/114.0.0.0 Safari/537.36"
128.1.218.166 - - [16/Apr/2026:09:00:19 +0300] "POST /xmlrpc.php HTTP/1.1" 200 630 "-" "Mozilla/5.0 (Windows NT 10.0; Win64; x64) AppleWebKit/537.36 (KHTML, like Gecko) Chrome/114.0.0.0 Safari/537.36"
128.1.218.148 - - [16/Apr/2026:09:00:20 +0300] "GET /erhaltene-loot-a-fruit-mobile-slot-anzahlungen-kostenrechnung/ HTTP/1.1" 200 77054 "-" "Mozilla/5.0 (Windows NT 10.0; Win64; x64) AppleWebKit/537.36 (KHTML, like Gecko) Chrome/124.0.0.0 Safari/537.36"
128.1.218.166 - - [16/Apr/2026:09:00:32 +0300] "GET /triple-25-free-spins-no-deposit-casino-diamond-video-slot-inside-the-canada-play-online-position-game-by-the-igt/ HTTP/1.1" 200 76315 "-" "Mozilla/5.0 (Windows NT 10.0; Win64; x64) AppleWebKit/537.36 (KHTML, like Gecko) Chrome/122.0.0.0 Safari/537.36"
165.73.240.153 - - [16/Apr/2026:09:00:37 +0300] "GET /iron-man-position-review-gamble-marvels-iron-man-happiest-christmas-tree-online-slot-motivated-slot/ HTTP/1.1" 200 74527 "-" "Mozilla/5.0 (Windows NT 10.0; Win64; x64) AppleWebKit/537.36 (KHTML, like Gecko) Chrome/122.0.0.0 Safari/537.36"
165.73.240.153 - - [16/Apr/2026:09:00:43 +0300] "POST /xmlrpc.php HTTP/1.1" 200 630 "-" "Mozilla/5.0 (Windows NT 10.0; Win64; x64) AppleWebKit/537.36 (KHTML, like Gecko) Chrome/114.0.0.0 Safari/537.36"
98.98.9.18 - - [16/Apr/2026:09:01:00 +0300] "POST /xmlrpc.php HTTP/1.1" 200 12458 "-" "Mozilla/5.0 (Windows NT 10.0; Win64; x64) AppleWebKit/537.36 (KHTML, like Gecko) Chrome/114.0.0.0 Safari/537.36"
128.1.218.166 - - [16/Apr/2026:09:01:05 +0300] "POST /xmlrpc.php HTTP/1.1" 200 14801 "-" "Mozilla/5.0 (Windows NT 10.0; Win64; x64) AppleWebKit/537.36 (KHTML, like Gecko) Chrome/114.0.0.0 Safari/537.36"
185.216.113.70 - - [16/Apr/2026:09:01:41 +0300] "POST /wp-cron.php?doing_wp_cron=1776319300.9911270141601562500000 HTTP/1.1" 200 448 "-" "WordPress/6.3.8; https://serhatburke.miroglu.net"
128.1.218.166 - - [16/Apr/2026:09:01:17 +0300] "POST /xmlrpc.php HTTP/1.1" 200 630 "-" "Mozilla/5.0 (Windows NT 10.0; Win64; x64) AppleWebKit/537.36 (KHTML, like Gecko) Chrome/114.0.0.0 Safari/537.36"
185.216.113.70 - - [16/Apr/2026:09:01:47 +0300] "POST /wp-cron.php?doing_wp_cron=1776319307.6955130100250244140625 HTTP/1.1" 200 448 "-" "WordPress/6.3.8; https://serhatburke.miroglu.net"
165.73.240.153 - - [16/Apr/2026:09:01:20 +0300] "POST /xmlrpc.php HTTP/1.1" 200 12692 "-" "Mozilla/5.0 (Windows NT 10.0; Win64; x64) AppleWebKit/537.36 (KHTML, like Gecko) Chrome/114.0.0.0 Safari/537.36"
128.1.218.166 - - [16/Apr/2026:09:01:25 +0300] "GET /8-agent-jane-blonde-casino-geeky-prank-websites-so-you-can-fool-your-pals/ HTTP/1.1" 200 76099 "-" "Mozilla/5.0 (Windows NT 10.0; rv:125.0) Gecko/20100101 Firefox/125.0"
98.98.9.18 - - [16/Apr/2026:09:01:24 +0300] "GET /greeting-incentive-wms-board-games-greeting-provide/ HTTP/1.1" 200 73132 "-" "Mozilla/5.0 (Windows NT 10.0; rv:109.0) Gecko/20100101 Firefox/115.0"
98.98.9.18 - - [16/Apr/2026:09:01:28 +0300] "POST /xmlrpc.php HTTP/1.1" 200 630 "-" "Mozilla/5.0 (Windows NT 10.0; Win64; x64) AppleWebKit/537.36 (KHTML, like Gecko) Chrome/114.0.0.0 Safari/537.36"
128.1.218.166 - - [16/Apr/2026:09:01:48 +0300] "POST /xmlrpc.php HTTP/1.1" 200 14359 "-" "Mozilla/5.0 (Windows NT 10.0; Win64; x64) AppleWebKit/537.36 (KHTML, like Gecko) Chrome/114.0.0.0 Safari/537.36"
165.73.240.153 - - [16/Apr/2026:09:01:50 +0300] "POST /xmlrpc.php HTTP/1.1" 200 630 "-" "Mozilla/5.0 (Windows NT 10.0; Win64; x64) AppleWebKit/537.36 (KHTML, like Gecko) Chrome/114.0.0.0 Safari/537.36"
165.73.240.153 - - [16/Apr/2026:09:01:49 +0300] "GET /iron-man-dos-where-to-watch-and-load-on-glorious-empire-1-deposit-2026-the-internet/ HTTP/1.1" 200 74220 "-" "Mozilla/5.0 (Windows NT 10.0; Win64; x64) AppleWebKit/537.36 (KHTML, like Gecko) Chrome/122.0.0.0 Safari/537.36"
98.98.9.18 - - [16/Apr/2026:09:02:11 +0300] "POST /xmlrpc.php HTTP/1.1" 200 11630 "-" "Mozilla/5.0 (Windows NT 10.0; Win64; x64) AppleWebKit/537.36 (KHTML, like Gecko) Chrome/114.0.0.0 Safari/537.36"
128.1.218.166 - - [16/Apr/2026:09:02:11 +0300] "POST /xmlrpc.php HTTP/1.1" 200 630 "-" "Mozilla/5.0 (Windows NT 10.0; Win64; x64) AppleWebKit/537.36 (KHTML, like Gecko) Chrome/114.0.0.0 Safari/537.36"
128.1.218.166 - - [16/Apr/2026:09:02:27 +0300] "GET /finest-funky-fruits-for-real-money-real-cash-internet-sites/ HTTP/1.1" 200 75303 "-" "Mozilla/5.0 (Windows NT 10.0; Win64; x64) AppleWebKit/537.36 (KHTML, like Gecko) Chrome/123.0.0.0 Safari/537.36 OPR/109.0.0.0"
185.216.113.70 - - [16/Apr/2026:09:02:54 +0300] "POST /wp-cron.php?doing_wp_cron=1776319374.2308371067047119140625 HTTP/1.1" 200 448 "-" "WordPress/6.3.8; https://serhatburke.miroglu.net"
165.73.240.153 - - [16/Apr/2026:09:02:33 +0300] "POST /xmlrpc.php HTTP/1.1" 200 13388 "-" "Mozilla/5.0 (Windows NT 10.0; Win64; x64) AppleWebKit/537.36 (KHTML, like Gecko) Chrome/114.0.0.0 Safari/537.36"
185.216.113.70 - - [16/Apr/2026:09:03:10 +0300] "POST /wp-cron.php?doing_wp_cron=1776319390.2134130001068115234375 HTTP/1.1" 200 448 "-" "WordPress/6.3.8; https://serhatburke.miroglu.net"
98.98.9.18 - - [16/Apr/2026:09:02:39 +0300] "GET /best-step-three-minimal-put-casino-amunra-casino-gambling-enterprise-british-2026-step-3-pound-deposit-ports/ HTTP/1.1" 200 73832 "-" "Mozilla/5.0 (Windows NT 10.0; Win64; x64; rv:125.0) Gecko/20100101 Firefox/125.0"
98.98.9.18 - - [16/Apr/2026:09:02:43 +0300] "POST /xmlrpc.php HTTP/1.1" 200 630 "-" "Mozilla/5.0 (Windows NT 10.0; Win64; x64) AppleWebKit/537.36 (KHTML, like Gecko) Chrome/114.0.0.0 Safari/537.36"
128.1.218.166 - - [16/Apr/2026:09:02:44 +0300] "POST /xmlrpc.php HTTP/1.1" 200 14310 "-" "Mozilla/5.0 (Windows NT 10.0; Win64; x64) AppleWebKit/537.36 (KHTML, like Gecko) Chrome/114.0.0.0 Safari/537.36"
165.73.240.153 - - [16/Apr/2026:09:02:57 +0300] "POST /xmlrpc.php HTTP/1.1" 200 630 "-" "Mozilla/5.0 (Windows NT 10.0; Win64; x64) AppleWebKit/537.36 (KHTML, like Gecko) Chrome/114.0.0.0 Safari/537.36"
165.73.240.153 - - [16/Apr/2026:09:02:55 +0300] "GET /iron-man-slot-kings-crown-for-real-money-machine-game-playing-100-percent-free-inside-playtechs-on-line-gambling-enterprises/ HTTP/1.1" 200 75840 "-" "Mozilla/5.0 (Windows NT 10.0; Win64; x64) AppleWebKit/537.36 (KHTML, like Gecko) Chrome/122.0.0.0 Safari/537.36"
128.1.218.166 - - [16/Apr/2026:09:03:06 +0300] "POST /xmlrpc.php HTTP/1.1" 200 630 "-" "Mozilla/5.0 (Windows NT 10.0; Win64; x64) AppleWebKit/537.36 (KHTML, like Gecko) Chrome/114.0.0.0 Safari/537.36"
98.98.9.18 - - [16/Apr/2026:09:03:22 +0300] "POST /xmlrpc.php HTTP/1.1" 200 11842 "-" "Mozilla/5.0 (Windows NT 10.0; Win64; x64) AppleWebKit/537.36 (KHTML, like Gecko) Chrome/114.0.0.0 Safari/537.36"
128.1.218.166 - - [16/Apr/2026:09:03:21 +0300] "GET /the-real-money-online-casinos-new-five-hundred-free-revolves-no-deposit-2026-done-listing/ HTTP/1.1" 200 75885 "-" "Mozilla/5.0 (Windows NT 10.0; rv:109.0) Gecko/20100101 Firefox/115.0"
165.73.240.153 - - [16/Apr/2026:09:03:45 +0300] "POST /xmlrpc.php HTTP/1.1" 200 13395 "-" "Mozilla/5.0 (Windows NT 10.0; Win64; x64) AppleWebKit/537.36 (KHTML, like Gecko) Chrome/114.0.0.0 Safari/537.36"
128.1.218.166 - - [16/Apr/2026:09:03:51 +0300] "POST /xmlrpc.php HTTP/1.1" 200 13895 "-" "Mozilla/5.0 (Windows NT 10.0; Win64; x64) AppleWebKit/537.36 (KHTML, like Gecko) Chrome/114.0.0.0 Safari/537.36"
98.98.9.18 - - [16/Apr/2026:09:03:52 +0300] "GET /serving-ny-casino-playluck-condition/ HTTP/1.1" 200 72450 "-" "Mozilla/5.0 (Windows NT 10.0; rv:109.0) Gecko/20100101 Firefox/115.0"
128.1.218.166 - - [16/Apr/2026:09:03:56 +0300] "POST /xmlrpc.php HTTP/1.1" 200 630 "-" "Mozilla/5.0 (Windows NT 10.0; Win64; x64) AppleWebKit/537.36 (KHTML, like Gecko) Chrome/114.0.0.0 Safari/537.36"
165.73.240.153 - - [16/Apr/2026:09:04:02 +0300] "POST /xmlrpc.php HTTP/1.1" 200 630 "-" "Mozilla/5.0 (Windows NT 10.0; Win64; x64) AppleWebKit/537.36 (KHTML, like Gecko) Chrome/114.0.0.0 Safari/537.36"
98.98.9.18 - - [16/Apr/2026:09:04:04 +0300] "POST /xmlrpc.php HTTP/1.1" 200 630 "-" "Mozilla/5.0 (Windows NT 10.0; Win64; x64) AppleWebKit/537.36 (KHTML, like Gecko) Chrome/114.0.0.0 Safari/537.36"
185.216.113.70 - - [16/Apr/2026:09:04:39 +0300] "POST /wp-cron.php?doing_wp_cron=1776319479.9252240657806396484375 HTTP/1.1" 200 448 "-" "WordPress/6.3.8; https://serhatburke.miroglu.net"
165.73.240.153 - - [16/Apr/2026:09:04:09 +0300] "GET /jack-and-cazino-cosmos-slot-free-spins-the-beanstalk-online-slots-opinion-2026-impartial-unbiased-suggestions-mercantile-work-environment-options-pvt-ltd/ HTTP/1.1" 200 76841 "-" "Mozilla/5.0 (Windows NT 10.0; Win64; x64) AppleWebKit/537.36 (KHTML, like Gecko) Chrome/122.0.0.0 Safari/537.36"
128.1.218.166 - - [16/Apr/2026:09:04:21 +0300] "GET /ideas-on-how-to-enjoy-twin-twist-casino-bethard-no-deposit-bonus-dual-twist-megaways/ HTTP/1.1" 200 75330 "-" "Mozilla/5.0 (Windows NT 10.0; Win64; x64) AppleWebKit/537.36 (KHTML, like Gecko) Chrome/123.0.0.0 Safari/537.36 OPR/109.0.0.0"
52.167.144.227 - - [16/Apr/2026:09:04:26 +0300] "GET /post-sitemap6.xml HTTP/2" 200 86643 "-" "Mozilla/5.0 AppleWebKit/537.36 (KHTML, like Gecko; compatible; bingbot/2.0; +http://www.bing.com/bingbot.htm) Chrome/116.0.1938.76 Safari/537.36"
128.1.218.166 - - [16/Apr/2026:09:04:35 +0300] "POST /xmlrpc.php HTTP/1.1" 200 13658 "-" "Mozilla/5.0 (Windows NT 10.0; Win64; x64) AppleWebKit/537.36 (KHTML, like Gecko) Chrome/114.0.0.0 Safari/537.36"
165.73.240.153 - - [16/Apr/2026:09:04:41 +0300] "POST /xmlrpc.php HTTP/1.1" 200 13218 "-" "Mozilla/5.0 (Windows NT 10.0; Win64; x64) AppleWebKit/537.36 (KHTML, like Gecko) Chrome/114.0.0.0 Safari/537.36"
98.98.9.18 - - [16/Apr/2026:09:04:42 +0300] "POST /xmlrpc.php HTTP/1.1" 200 12766 "-" "Mozilla/5.0 (Windows NT 10.0; Win64; x64) AppleWebKit/537.36 (KHTML, like Gecko) Chrome/114.0.0.0 Safari/537.36"
98.98.9.27 - - [16/Apr/2026:09:04:46 +0300] "POST /xmlrpc.php HTTP/1.1" 200 630 "-" "Mozilla/5.0 (Windows NT 10.0; Win64; x64) AppleWebKit/537.36 (KHTML, like Gecko) Chrome/114.0.0.0 Safari/537.36"
128.1.218.166 - - [16/Apr/2026:09:04:50 +0300] "POST /xmlrpc.php HTTP/1.1" 200 630 "-" "Mozilla/5.0 (Windows NT 10.0; Win64; x64) AppleWebKit/537.36 (KHTML, like Gecko) Chrome/114.0.0.0 Safari/537.36"
128.1.218.148 - - [16/Apr/2026:09:04:52 +0300] "POST /xmlrpc.php HTTP/1.1" 200 630 "-" "Mozilla/5.0 (Windows NT 10.0; Win64; x64) AppleWebKit/537.36 (KHTML, like Gecko) Chrome/114.0.0.0 Safari/537.36"
185.216.113.70 - - [16/Apr/2026:09:05:59 +0300] "POST /wp-cron.php?doing_wp_cron=1776319559.9203839302062988281250 HTTP/1.1" 200 448 "-" "WordPress/6.3.8; https://serhatburke.miroglu.net"
165.73.240.153 - - [16/Apr/2026:09:05:15 +0300] "POST /xmlrpc.php HTTP/1.1" 200 630 "-" "Mozilla/5.0 (Windows NT 10.0; Win64; x64) AppleWebKit/537.36 (KHTML, like Gecko) Chrome/114.0.0.0 Safari/537.36"
185.216.113.70 - - [16/Apr/2026:09:06:04 +0300] "POST /wp-cron.php?doing_wp_cron=1776319564.1349580287933349609375 HTTP/1.1" 200 448 "-" "WordPress/6.3.8; https://serhatburke.miroglu.net"
128.1.218.166 - - [16/Apr/2026:09:05:20 +0300] "GET /jackpot-10-dollar-deposit-online-casinos-world-100-percent-free-slots-las-vegas-gambling-games-on-line/ HTTP/1.1" 200 75613 "-" "Mozilla/5.0 (Windows NT 10.0; rv:125.0) Gecko/20100101 Firefox/125.0"
185.216.113.70 - - [16/Apr/2026:09:06:15 +0300] "POST /wp-cron.php?doing_wp_cron=1776319575.3482460975646972656250 HTTP/1.1" 200 448 "-" "WordPress/6.3.8; https://serhatburke.miroglu.net"
98.98.9.18 - - [16/Apr/2026:09:05:29 +0300] "POST /xmlrpc.php HTTP/1.1" 200 630 "-" "Mozilla/5.0 (Windows NT 10.0; Win64; x64) AppleWebKit/537.36 (KHTML, like Gecko) Chrome/114.0.0.0 Safari/537.36"
185.216.113.70 - - [16/Apr/2026:09:06:17 +0300] "POST /wp-cron.php?doing_wp_cron=1776319576.8932759761810302734375 HTTP/1.1" 200 448 "-" "WordPress/6.3.8; https://serhatburke.miroglu.net"
165.73.240.153 - - [16/Apr/2026:09:05:30 +0300] "GET /tomb-styled-slots-jack-and-also-the-beanstalk-no-deposit-guide-greatest-pamper-me-casino-bonus-tomb-build-slot-machine-machines-the-real-thing-money-or-even-100-percent-free-demo-setting-enjoy/ HTTP/1.1" 200 77603 "-" "Mozilla/5.0 (Windows NT 10.0; Win64; x64; rv:125.0) Gecko/20100101 Firefox/125.0"
185.216.113.70 - - [16/Apr/2026:09:06:27 +0300] "POST /wp-cron.php?doing_wp_cron=1776319587.7048768997192382812500 HTTP/1.1" 200 448 "-" "WordPress/6.3.8; https://serhatburke.miroglu.net"
98.98.9.18 - - [16/Apr/2026:09:05:34 +0300] "GET /twenty-five-free-revolves-no-deposit-bonuses-2026-offers-during-the-better-paypal-deposito-casino-casinos/ HTTP/1.1" 200 74844 "-" "Mozilla/5.0 (Windows NT 10.0; Win64; x64) AppleWebKit/537.36 (KHTML, like Gecko) Chrome/124.0.0.0 Safari/537.36"
185.216.113.70 - - [16/Apr/2026:09:06:45 +0300] "POST /wp-cron.php?doing_wp_cron=1776319605.1120629310607910156250 HTTP/1.1" 200 448 "-" "WordPress/6.3.8; https://serhatburke.miroglu.net"
98.98.9.27 - - [16/Apr/2026:09:05:43 +0300] "POST /xmlrpc.php HTTP/1.1" 200 13330 "-" "Mozilla/5.0 (Windows NT 10.0; Win64; x64) AppleWebKit/537.36 (KHTML, like Gecko) Chrome/114.0.0.0 Safari/537.36"
185.216.113.70 - - [16/Apr/2026:09:06:46 +0300] "POST /wp-cron.php?doing_wp_cron=1776319606.1230010986328125000000 HTTP/1.1" 200 448 "-" "WordPress/6.3.8; https://serhatburke.miroglu.net"
128.1.218.166 - - [16/Apr/2026:09:05:43 +0300] "POST /xmlrpc.php HTTP/1.1" 200 13983 "-" "Mozilla/5.0 (Windows NT 10.0; Win64; x64) AppleWebKit/537.36 (KHTML, like Gecko) Chrome/114.0.0.0 Safari/537.36"
185.216.113.70 - - [16/Apr/2026:09:06:51 +0300] "POST /wp-cron.php?doing_wp_cron=1776319611.2002179622650146484375 HTTP/1.1" 200 448 "-" "WordPress/6.3.8; https://serhatburke.miroglu.net"
128.1.218.148 - - [16/Apr/2026:09:05:48 +0300] "POST /xmlrpc.php HTTP/1.1" 200 16674 "-" "Mozilla/5.0 (Windows NT 10.0; Win64; x64) AppleWebKit/537.36 (KHTML, like Gecko) Chrome/114.0.0.0 Safari/537.36"
185.216.113.70 - - [16/Apr/2026:09:06:53 +0300] "POST /wp-cron.php?doing_wp_cron=1776319612.8914330005645751953125 HTTP/1.1" 200 448 "-" "WordPress/6.3.8; https://serhatburke.miroglu.net"
128.1.218.166 - - [16/Apr/2026:09:05:45 +0300] "POST /xmlrpc.php HTTP/1.1" 200 630 "-" "Mozilla/5.0 (Windows NT 10.0; Win64; x64) AppleWebKit/537.36 (KHTML, like Gecko) Chrome/114.0.0.0 Safari/537.36"
185.216.113.70 - - [16/Apr/2026:09:07:40 +0300] "POST /wp-cron.php?doing_wp_cron=1776319659.9009358882904052734375 HTTP/1.1" 200 448 "-" "WordPress/6.3.8; https://serhatburke.miroglu.net"
165.73.240.153 - - [16/Apr/2026:09:06:06 +0300] "POST /xmlrpc.php HTTP/1.1" 200 12860 "-" "Mozilla/5.0 (Windows NT 10.0; Win64; x64) AppleWebKit/537.36 (KHTML, like Gecko) Chrome/114.0.0.0 Safari/537.36"
185.216.113.70 - - [16/Apr/2026:09:07:48 +0300] "POST /wp-cron.php?doing_wp_cron=1776319668.4000270366668701171875 HTTP/1.1" 200 448 "-" "WordPress/6.3.8; https://serhatburke.miroglu.net"
165.73.240.153 - - [16/Apr/2026:09:06:14 +0300] "POST /xmlrpc.php HTTP/1.1" 200 630 "-" "Mozilla/5.0 (Windows NT 10.0; Win64; x64) AppleWebKit/537.36 (KHTML, like Gecko) Chrome/114.0.0.0 Safari/537.36"
185.216.113.70 - - [16/Apr/2026:09:07:55 +0300] "POST /wp-cron.php?doing_wp_cron=1776319675.5920240879058837890625 HTTP/1.1" 200 448 "-" "WordPress/6.3.8; https://serhatburke.miroglu.net"
98.98.9.18 - - [16/Apr/2026:09:06:23 +0300] "POST /xmlrpc.php HTTP/1.1" 200 12762 "-" "Mozilla/5.0 (Windows NT 10.0; Win64; x64) AppleWebKit/537.36 (KHTML, like Gecko) Chrome/114.0.0.0 Safari/537.36"
185.216.113.70 - - [16/Apr/2026:09:08:24 +0300] "POST /wp-cron.php?doing_wp_cron=1776319704.3969049453735351562500 HTTP/1.1" 200 448 "-" "WordPress/6.3.8; https://serhatburke.miroglu.net"
128.1.218.166 - - [16/Apr/2026:09:06:40 +0300] "POST /xmlrpc.php HTTP/1.1" 200 630 "-" "Mozilla/5.0 (Windows NT 10.0; Win64; x64) AppleWebKit/537.36 (KHTML, like Gecko) Chrome/114.0.0.0 Safari/537.36"
185.216.113.70 - - [16/Apr/2026:09:08:45 +0300] "POST /wp-cron.php?doing_wp_cron=1776319724.9956939220428466796875 HTTP/1.1" 200 448 "-" "WordPress/6.3.8; https://serhatburke.miroglu.net"
98.98.9.27 - - [16/Apr/2026:09:06:47 +0300] "GET /gamble-at-the-spinbit-mega-moolah-slot-for-money-internet-casino-bien-au-join-today/ HTTP/1.1" 200 74795 "-" "Mozilla/5.0 (Windows NT 10.0; rv:109.0) Gecko/20100101 Firefox/115.0"
128.1.218.166 - - [16/Apr/2026:09:06:48 +0300] "GET /the-respected-global-source-how-to-get-free-money-on-spin-palace-for-online-gambling/ HTTP/1.1" 500 745 "-" "Mozilla/5.0 (Windows NT 10.0; Win64; x64) AppleWebKit/537.36 (KHTML, like Gecko) Chrome/123.0.0.0 Safari/537.36"
98.98.9.18 - - [16/Apr/2026:09:06:54 +0300] "POST /xmlrpc.php HTTP/1.1" 500 745 "-" "Mozilla/5.0 (Windows NT 10.0; Win64; x64) AppleWebKit/537.36 (KHTML, like Gecko) Chrome/114.0.0.0 Safari/537.36"
128.1.218.148 - - [16/Apr/2026:09:06:54 +0300] "GET /casino-maklercourtage-ohne-einzahlung-2026-neue-spielen-sie-secret-of-nefertiti-online-kostenfrei-codes/ HTTP/1.1" 500 745 "-" "Mozilla/5.0 (Windows NT 10.0; Win64; x64) AppleWebKit/537.36 (KHTML, like Gecko) Chrome/123.0.0.0 Safari/537.36 OPR/109.0.0.0"
128.1.218.166 - - [16/Apr/2026:09:07:00 +0300] "POST /xmlrpc.php HTTP/1.1" 500 745 "-" "Mozilla/5.0 (Windows NT 10.0; Win64; x64) AppleWebKit/537.36 (KHTML, like Gecko) Chrome/114.0.0.0 Safari/537.36"
165.73.240.153 - - [16/Apr/2026:09:07:06 +0300] "POST /xmlrpc.php HTTP/1.1" 500 745 "-" "Mozilla/5.0 (Windows NT 10.0; Win64; x64) AppleWebKit/537.36 (KHTML, like Gecko) Chrome/114.0.0.0 Safari/537.36"
185.216.113.70 - - [16/Apr/2026:09:09:10 +0300] "POST /wp-cron.php?doing_wp_cron=1776319750.1953449249267578125000 HTTP/1.1" 200 448 "-" "WordPress/6.3.8; https://serhatburke.miroglu.net"
128.1.218.166 - - [16/Apr/2026:09:07:32 +0300] "POST /xmlrpc.php HTTP/1.1" 500 745 "-" "Mozilla/5.0 (Windows NT 10.0; Win64; x64) AppleWebKit/537.36 (KHTML, like Gecko) Chrome/114.0.0.0 Safari/537.36"
165.73.240.153 - - [16/Apr/2026:09:07:41 +0300] "GET /jack-casino-alice-adventure-plus-the-beanstalk-wikipedia/ HTTP/1.1" 500 745 "-" "Mozilla/5.0 (Windows NT 10.0; Win64; x64) AppleWebKit/537.36 (KHTML, like Gecko) Chrome/123.0.0.0 Safari/537.36"
52.167.144.216 - - [16/Apr/2026:09:08:53 +0300] "GET /post-sitemap17.xml HTTP/2" 200 0 "-" "Mozilla/5.0 AppleWebKit/537.36 (KHTML, like Gecko; compatible; bingbot/2.0; +http://www.bing.com/bingbot.htm) Chrome/116.0.1938.76 Safari/537.36"
185.216.113.70 - - [16/Apr/2026:09:09:51 +0300] "POST /wp-cron.php?doing_wp_cron=1776319791.2048690319061279296875 HTTP/1.1" 200 448 "-" "WordPress/6.3.8; https://serhatburke.miroglu.net"
98.98.9.18 - - [16/Apr/2026:09:07:58 +0300] "GET /betmgm-gambling-enterprise-mi-added-bonus-password-notches-an-excellent-step-one025-witchcraft-academy-slot-payout-welcome-bonus-instantly/ HTTP/1.1" 200 76004 "-" "Mozilla/5.0 (Windows NT 10.0; Win64; x64; rv:125.0) Gecko/20100101 Firefox/125.0"
165.73.240.153 - - [16/Apr/2026:09:07:56 +0300] "POST /xmlrpc.php HTTP/1.1" 500 745 "-" "Mozilla/5.0 (Windows NT 10.0; Win64; x64) AppleWebKit/537.36 (KHTML, like Gecko) Chrome/114.0.0.0 Safari/537.36"
165.73.240.153 - - [16/Apr/2026:09:08:01 +0300] "POST /xmlrpc.php HTTP/1.1" 500 745 "-" "Mozilla/5.0 (Windows NT 10.0; Win64; x64) AppleWebKit/537.36 (KHTML, like Gecko) Chrome/114.0.0.0 Safari/537.36"
98.98.9.18 - - [16/Apr/2026:09:08:14 +0300] "POST /xmlrpc.php HTTP/1.1" 500 745 "-" "Mozilla/5.0 (Windows NT 10.0; Win64; x64) AppleWebKit/537.36 (KHTML, like Gecko) Chrome/114.0.0.0 Safari/537.36"
128.1.218.166 - - [16/Apr/2026:09:08:20 +0300] "POST /xmlrpc.php HTTP/1.1" 500 745 "-" "Mozilla/5.0 (Windows NT 10.0; Win64; x64) AppleWebKit/537.36 (KHTML, like Gecko) Chrome/114.0.0.0 Safari/537.36"
185.216.113.70 - - [16/Apr/2026:09:10:17 +0300] "POST /wp-cron.php?doing_wp_cron=1776319817.3071379661560058593750 HTTP/1.1" 200 448 "-" "WordPress/6.3.8; https://serhatburke.miroglu.net"
128.1.218.166 - - [16/Apr/2026:09:08:20 +0300] "POST /xmlrpc.php HTTP/1.1" 500 745 "-" "Mozilla/5.0 (Windows NT 10.0; Win64; x64) AppleWebKit/537.36 (KHTML, like Gecko) Chrome/114.0.0.0 Safari/537.36"
98.98.9.27 - - [16/Apr/2026:09:08:27 +0300] "POST /xmlrpc.php HTTP/1.1" 500 745 "-" "Mozilla/5.0 (Windows NT 10.0; Win64; x64) AppleWebKit/537.36 (KHTML, like Gecko) Chrome/114.0.0.0 Safari/537.36"
128.1.218.166 - - [16/Apr/2026:09:08:27 +0300] "POST /xmlrpc.php HTTP/1.1" 500 745 "-" "Mozilla/5.0 (Windows NT 10.0; Win64; x64) AppleWebKit/537.36 (KHTML, like Gecko) Chrome/114.0.0.0 Safari/537.36"
128.1.218.148 - - [16/Apr/2026:09:08:34 +0300] "POST /xmlrpc.php HTTP/1.1" 500 745 "-" "Mozilla/5.0 (Windows NT 10.0; Win64; x64) AppleWebKit/537.36 (KHTML, like Gecko) Chrome/114.0.0.0 Safari/537.36"
98.98.9.18 - - [16/Apr/2026:09:08:34 +0300] "POST /xmlrpc.php HTTP/1.1" 500 745 "-" "Mozilla/5.0 (Windows NT 10.0; Win64; x64) AppleWebKit/537.36 (KHTML, like Gecko) Chrome/114.0.0.0 Safari/537.36"
165.73.240.153 - - [16/Apr/2026:09:08:46 +0300] "POST /xmlrpc.php HTTP/1.1" 500 745 "-" "Mozilla/5.0 (Windows NT 10.0; Win64; x64) AppleWebKit/537.36 (KHTML, like Gecko) Chrome/114.0.0.0 Safari/537.36"
128.1.218.166 - - [16/Apr/2026:09:08:46 +0300] "POST /xmlrpc.php HTTP/1.1" 500 745 "-" "Mozilla/5.0 (Windows NT 10.0; Win64; x64) AppleWebKit/537.36 (KHTML, like Gecko) Chrome/114.0.0.0 Safari/537.36"
185.216.113.70 - - [16/Apr/2026:09:10:26 +0300] "POST /wp-cron.php?doing_wp_cron=1776319826.0266499519348144531250 HTTP/1.1" 200 448 "-" "WordPress/6.3.8; https://serhatburke.miroglu.net"
185.216.113.70 - - [16/Apr/2026:09:10:42 +0300] "POST /wp-cron.php?doing_wp_cron=1776319841.7120490074157714843750 HTTP/1.1" 200 448 "-" "WordPress/6.3.8; https://serhatburke.miroglu.net"
165.73.240.153 - - [16/Apr/2026:09:08:56 +0300] "POST /xmlrpc.php HTTP/1.1" 500 745 "-" "Mozilla/5.0 (Windows NT 10.0; Win64; x64) AppleWebKit/537.36 (KHTML, like Gecko) Chrome/114.0.0.0 Safari/537.36"
185.216.113.70 - - [16/Apr/2026:09:11:02 +0300] "POST /wp-cron.php?doing_wp_cron=1776319862.7871949672698974609375 HTTP/1.1" 200 448 "-" "WordPress/6.3.8; https://serhatburke.miroglu.net"
128.1.218.166 - - [16/Apr/2026:09:09:11 +0300] "POST /xmlrpc.php HTTP/1.1" 500 745 "-" "Mozilla/5.0 (Windows NT 10.0; Win64; x64) AppleWebKit/537.36 (KHTML, like Gecko) Chrome/114.0.0.0 Safari/537.36"
128.1.218.166 - - [16/Apr/2026:09:09:12 +0300] "POST /xmlrpc.php HTTP/1.1" 500 745 "-" "Mozilla/5.0 (Windows NT 10.0; Win64; x64) AppleWebKit/537.36 (KHTML, like Gecko) Chrome/114.0.0.0 Safari/537.36"
165.73.240.153 - - [16/Apr/2026:09:09:21 +0300] "POST /xmlrpc.php HTTP/1.1" 500 745 "-" "Mozilla/5.0 (Windows NT 10.0; Win64; x64) AppleWebKit/537.36 (KHTML, like Gecko) Chrome/114.0.0.0 Safari/537.36"
98.98.9.18 - - [16/Apr/2026:09:09:33 +0300] "POST /xmlrpc.php HTTP/1.1" 500 745 "-" "Mozilla/5.0 (Windows NT 10.0; Win64; x64) AppleWebKit/537.36 (KHTML, like Gecko) Chrome/114.0.0.0 Safari/537.36"
98.98.9.18 - - [16/Apr/2026:09:09:38 +0300] "POST /xmlrpc.php HTTP/1.1" 500 745 "-" "Mozilla/5.0 (Windows NT 10.0; Win64; x64) AppleWebKit/537.36 (KHTML, like Gecko) Chrome/114.0.0.0 Safari/537.36"
165.73.240.153 - - [16/Apr/2026:09:09:41 +0300] "POST /xmlrpc.php HTTP/1.1" 500 745 "-" "Mozilla/5.0 (Windows NT 10.0; Win64; x64) AppleWebKit/537.36 (KHTML, like Gecko) Chrome/114.0.0.0 Safari/537.36"
165.73.240.153 - - [16/Apr/2026:09:09:41 +0300] "POST /xmlrpc.php HTTP/1.1" 500 745 "-" "Mozilla/5.0 (Windows NT 10.0; Win64; x64) AppleWebKit/537.36 (KHTML, like Gecko) Chrome/114.0.0.0 Safari/537.36"
98.98.9.18 - - [16/Apr/2026:09:09:55 +0300] "POST /xmlrpc.php HTTP/1.1" 500 745 "-" "Mozilla/5.0 (Windows NT 10.0; Win64; x64) AppleWebKit/537.36 (KHTML, like Gecko) Chrome/114.0.0.0 Safari/537.36"
128.1.218.166 - - [16/Apr/2026:09:09:58 +0300] "POST /xmlrpc.php HTTP/1.1" 500 745 "-" "Mozilla/5.0 (Windows NT 10.0; Win64; x64) AppleWebKit/537.36 (KHTML, like Gecko) Chrome/114.0.0.0 Safari/537.36"
128.1.218.166 - - [16/Apr/2026:09:09:59 +0300] "POST /xmlrpc.php HTTP/1.1" 500 745 "-" "Mozilla/5.0 (Windows NT 10.0; Win64; x64) AppleWebKit/537.36 (KHTML, like Gecko) Chrome/114.0.0.0 Safari/537.36"
165.73.240.153 - - [16/Apr/2026:09:10:01 +0300] "POST /xmlrpc.php HTTP/1.1" 500 745 "-" "Mozilla/5.0 (Windows NT 10.0; Win64; x64) AppleWebKit/537.36 (KHTML, like Gecko) Chrome/114.0.0.0 Safari/537.36"
128.1.218.166 - - [16/Apr/2026:09:10:05 +0300] "POST /xmlrpc.php HTTP/1.1" 500 745 "-" "Mozilla/5.0 (Windows NT 10.0; Win64; x64) AppleWebKit/537.36 (KHTML, like Gecko) Chrome/114.0.0.0 Safari/537.36"
128.1.218.148 - - [16/Apr/2026:09:10:11 +0300] "POST /xmlrpc.php HTTP/1.1" 500 745 "-" "Mozilla/5.0 (Windows NT 10.0; Win64; x64) AppleWebKit/537.36 (KHTML, like Gecko) Chrome/114.0.0.0 Safari/537.36"
128.1.218.166 - - [16/Apr/2026:09:10:25 +0300] "GET /?p=113172 HTTP/1.1" 500 745 "-" "Mozilla/5.0 (Windows NT 10.0; Win64; x64) AppleWebKit/537.36 (KHTML, like Gecko) Chrome/109.0.0.0 Safari/537.36"
185.216.113.70 - - [16/Apr/2026:09:12:27 +0300] "POST /wp-cron.php?doing_wp_cron=1776319946.7089080810546875000000 HTTP/1.1" 200 448 "-" "WordPress/6.3.8; https://serhatburke.miroglu.net"
185.216.113.70 - - [16/Apr/2026:09:12:37 +0300] "POST /wp-cron.php?doing_wp_cron=1776319956.9347660541534423828125 HTTP/1.1" 200 448 "-" "WordPress/6.3.8; https://serhatburke.miroglu.net"
165.73.240.153 - - [16/Apr/2026:09:10:36 +0300] "POST /xmlrpc.php HTTP/1.1" 500 1102 "-" "Mozilla/5.0 (Windows NT 10.0; Win64; x64) AppleWebKit/537.36 (KHTML, like Gecko) Chrome/114.0.0.0 Safari/537.36"
185.216.113.70 - - [16/Apr/2026:09:12:43 +0300] "POST /wp-cron.php?doing_wp_cron=1776319963.1217269897460937500000 HTTP/1.1" 200 448 "-" "WordPress/6.3.8; https://serhatburke.miroglu.net"
128.1.218.166 - - [16/Apr/2026:09:10:53 +0300] "POST /xmlrpc.php HTTP/1.1" 500 1102 "-" "Mozilla/5.0 (Windows NT 10.0; Win64; x64) AppleWebKit/537.36 (KHTML, like Gecko) Chrome/114.0.0.0 Safari/537.36"
185.216.113.70 - - [16/Apr/2026:09:12:52 +0300] "POST /wp-cron.php?doing_wp_cron=1776319971.9050359725952148437500 HTTP/1.1" 200 448 "-" "WordPress/6.3.8; https://serhatburke.miroglu.net"
165.73.240.153 - - [16/Apr/2026:09:11:21 +0300] "GET /?p=113174 HTTP/1.1" 301 686 "-" "Mozilla/5.0 (Windows NT 10.0; rv:125.0) Gecko/20100101 Firefox/125.0"
185.216.113.70 - - [16/Apr/2026:09:12:57 +0300] "POST /wp-cron.php?doing_wp_cron=1776319977.3949420452117919921875 HTTP/1.1" 200 448 "-" "WordPress/6.3.8; https://serhatburke.miroglu.net"
98.98.9.18 - - [16/Apr/2026:09:11:13 +0300] "POST /xmlrpc.php HTTP/1.1" 500 1102 "-" "Mozilla/5.0 (Windows NT 10.0; Win64; x64) AppleWebKit/537.36 (KHTML, like Gecko) Chrome/114.0.0.0 Safari/537.36"
185.216.113.70 - - [16/Apr/2026:09:13:10 +0300] "POST /wp-cron.php?doing_wp_cron=1776319990.0927278995513916015625 HTTP/1.1" 200 448 "-" "WordPress/6.3.8; https://serhatburke.miroglu.net"
128.1.218.166 - - [16/Apr/2026:09:11:51 +0300] "POST /xmlrpc.php HTTP/1.1" 200 13200 "-" "Mozilla/5.0 (Windows NT 10.0; Win64; x64) AppleWebKit/537.36 (KHTML, like Gecko) Chrome/114.0.0.0 Safari/537.36"
185.216.113.70 - - [16/Apr/2026:09:13:13 +0300] "POST /wp-cron.php?doing_wp_cron=1776319993.4097568988800048828125 HTTP/1.1" 200 448 "-" "WordPress/6.3.8; https://serhatburke.miroglu.net"
66.249.73.14 - - [16/Apr/2026:09:11:46 +0300] "GET /l-x27-histoire-fascinante-des-casinos-a-travers-20/ HTTP/1.1" 200 18844 "-" "Mozilla/5.0 (Linux; Android 6.0.1; Nexus 5X Build/MMB29P) AppleWebKit/537.36 (KHTML, like Gecko) Chrome/146.0.7680.177 Mobile Safari/537.36 (compatible; Googlebot/2.1; +http://www.google.com/bot.html)"
185.216.113.70 - - [16/Apr/2026:09:13:23 +0300] "POST /wp-cron.php?doing_wp_cron=1776320003.5871660709381103515625 HTTP/1.1" 200 448 "-" "WordPress/6.3.8; https://serhatburke.miroglu.net"
128.1.218.166 - - [16/Apr/2026:09:11:38 +0300] "POST /xmlrpc.php HTTP/1.1" 500 1102 "-" "Mozilla/5.0 (Windows NT 10.0; Win64; x64) AppleWebKit/537.36 (KHTML, like Gecko) Chrome/114.0.0.0 Safari/537.36"
185.216.113.70 - - [16/Apr/2026:09:13:25 +0300] "POST /wp-cron.php?doing_wp_cron=1776320005.5171918869018554687500 HTTP/1.1" 200 448 "-" "WordPress/6.3.8; https://serhatburke.miroglu.net"
128.1.218.148 - - [16/Apr/2026:09:11:51 +0300] "POST /xmlrpc.php HTTP/1.1" 500 1102 "-" "Mozilla/5.0 (Windows NT 10.0; Win64; x64) AppleWebKit/537.36 (KHTML, like Gecko) Chrome/114.0.0.0 Safari/537.36"
185.216.113.70 - - [16/Apr/2026:09:13:27 +0300] "POST /wp-cron.php?doing_wp_cron=1776320007.8016641139984130859375 HTTP/1.1" 200 448 "-" "WordPress/6.3.8; https://serhatburke.miroglu.net"
128.1.218.166 - - [16/Apr/2026:09:12:05 +0300] "POST /xmlrpc.php HTTP/1.1" 200 861 "-" "Mozilla/5.0 (Windows NT 10.0; Win64; x64) AppleWebKit/537.36 (KHTML, like Gecko) Chrome/114.0.0.0 Safari/537.36"
