185.216.113.70 - - [16/Apr/2026:11:20:32 +0300] "POST /wp-cron.php?doing_wp_cron=1776327632.5138149261474609375000 HTTP/1.1" 200 448 "-" "WordPress/6.3.8; https://serhatburke.miroglu.net"
128.1.218.166 - - [16/Apr/2026:11:20:18 +0300] "POST /xmlrpc.php HTTP/1.1" 200 14391 "-" "Mozilla/5.0 (Windows NT 10.0; Win64; x64) AppleWebKit/537.36 (KHTML, like Gecko) Chrome/114.0.0.0 Safari/537.36"
151.244.111.202 - - [16/Apr/2026:11:20:20 +0300] "POST /xmlrpc.php HTTP/1.1" 200 11993 "-" "Mozilla/5.0 (Windows NT 10.0; Win64; x64) AppleWebKit/537.36 (KHTML, like Gecko) Chrome/114.0.0.0 YaBrowser/22.7.0 Yowser/2.5 Safari/537.36"
128.1.218.166 - - [16/Apr/2026:11:20:34 +0300] "GET /totally-free-revolves-crypto-casinos-2026-no-deposit-revolves-for-best-online-casino-gladiator-the-bitcoin-harbors/ HTTP/1.1" 200 76998 "-" "Mozilla/5.0 (Windows NT 10.0; rv:109.0) Gecko/20100101 Firefox/115.0"
185.216.113.70 - - [16/Apr/2026:11:25:31 +0300] "POST /wp-cron.php?doing_wp_cron=1776327931.3869290351867675781250 HTTP/1.1" 200 448 "-" "WordPress/6.3.8; https://serhatburke.miroglu.net"
128.1.218.166 - - [16/Apr/2026:11:25:14 +0300] "POST /xmlrpc.php HTTP/1.1" 200 630 "-" "Mozilla/5.0 (Windows NT 10.0; Win64; x64) AppleWebKit/537.36 (KHTML, like Gecko) Chrome/114.0.0.0 Safari/537.36"
173.252.70.5 - - [16/Apr/2026:11:25:36 +0300] "GET /robots.txt HTTP/2" 200 0 "-" "facebookexternalhit/1.1 (+http://www.facebook.com/externalhit_uatext.php)"
128.1.218.166 - - [16/Apr/2026:11:25:38 +0300] "POST /xmlrpc.php HTTP/1.1" 200 13628 "-" "Mozilla/5.0 (Windows NT 10.0; Win64; x64) AppleWebKit/537.36 (KHTML, like Gecko) Chrome/114.0.0.0 Safari/537.36"
82.25.62.125 - - [16/Apr/2026:11:25:41 +0300] "GET /casino-online-skrill-prelievo-veloce/ HTTP/1.1" 200 18115 "-" "Mozilla/5.0 (compatible; Googlebot/2.1; +http://www.google.com/bot.html)"
128.1.218.166 - - [16/Apr/2026:11:26:04 +0300] "GET /horseshoe-online-casino-wv-promo-password-bookiesww-february-2026-score-a-great-golden-horns-online-slot-1k-deposit-fits-20-bonus-spins/ HTTP/1.1" 200 76548 "-" "Mozilla/5.0 (Windows NT 10.0; Win64; x64) AppleWebKit/537.36 (KHTML, like Gecko) Chrome/124.0.0.0 Safari/537.36 Edg/124.0.0.0"
185.216.113.70 - - [16/Apr/2026:11:26:55 +0300] "POST /wp-cron.php?doing_wp_cron=1776328014.9238479137420654296875 HTTP/1.1" 200 448 "-" "WordPress/6.3.8; https://serhatburke.miroglu.net"
128.1.218.166 - - [16/Apr/2026:11:26:41 +0300] "POST /xmlrpc.php HTTP/1.1" 200 630 "-" "Mozilla/5.0 (Windows NT 10.0; Win64; x64) AppleWebKit/537.36 (KHTML, like Gecko) Chrome/114.0.0.0 Safari/537.36"
128.1.218.166 - - [16/Apr/2026:11:27:01 +0300] "POST /xmlrpc.php HTTP/1.1" 200 13545 "-" "Mozilla/5.0 (Windows NT 10.0; Win64; x64) AppleWebKit/537.36 (KHTML, like Gecko) Chrome/114.0.0.0 Safari/537.36"
128.1.218.166 - - [16/Apr/2026:11:27:17 +0300] "GET /how-to-winnings-from-the-fafafa-games-download-blackjack-top-ten-specialist-black-jack-resources/ HTTP/1.1" 200 75515 "-" "Mozilla/5.0 (Windows NT 10.0; Win64; x64) AppleWebKit/537.36 (KHTML, like Gecko) Chrome/124.0.0.0 Safari/537.36 Edg/124.0.0.0"
185.216.113.70 - - [16/Apr/2026:11:28:15 +0300] "POST /wp-cron.php?doing_wp_cron=1776328095.4544990062713623046875 HTTP/1.1" 200 448 "-" "WordPress/6.3.8; https://serhatburke.miroglu.net"
128.1.218.166 - - [16/Apr/2026:11:28:03 +0300] "POST /xmlrpc.php HTTP/1.1" 200 630 "-" "Mozilla/5.0 (Windows NT 10.0; Win64; x64) AppleWebKit/537.36 (KHTML, like Gecko) Chrome/114.0.0.0 Safari/537.36"
128.1.218.166 - - [16/Apr/2026:11:28:22 +0300] "POST /xmlrpc.php HTTP/1.1" 200 14346 "-" "Mozilla/5.0 (Windows NT 10.0; Win64; x64) AppleWebKit/537.36 (KHTML, like Gecko) Chrome/114.0.0.0 Safari/537.36"
185.216.113.70 - - [16/Apr/2026:11:28:50 +0300] "POST /wp-cron.php?doing_wp_cron=1776328130.2955598831176757812500 HTTP/1.1" 200 448 "-" "WordPress/6.3.8; https://serhatburke.miroglu.net"
128.1.218.166 - - [16/Apr/2026:11:28:36 +0300] "GET /boku-10-deposit-bonus-codes-2026-pay-from-the-cellular-gambling-enterprises-2025-fast-cell-phone-statement-dumps/ HTTP/1.1" 200 76482 "-" "Mozilla/5.0 (Windows NT 10.0; rv:109.0) Gecko/20100101 Firefox/115.0"
128.1.218.166 - - [16/Apr/2026:11:29:14 +0300] "POST /xmlrpc.php HTTP/1.1" 200 630 "-" "Mozilla/5.0 (Windows NT 10.0; Win64; x64) AppleWebKit/537.36 (KHTML, like Gecko) Chrome/114.0.0.0 Safari/537.36"
185.216.113.70 - - [16/Apr/2026:11:29:50 +0300] "POST /wp-cron.php?doing_wp_cron=1776328190.3508889675140380859375 HTTP/1.1" 200 448 "-" "WordPress/6.3.8; https://serhatburke.miroglu.net"
128.1.218.166 - - [16/Apr/2026:11:29:37 +0300] "POST /xmlrpc.php HTTP/1.1" 200 14348 "-" "Mozilla/5.0 (Windows NT 10.0; Win64; x64) AppleWebKit/537.36 (KHTML, like Gecko) Chrome/114.0.0.0 Safari/537.36"
66.249.68.133 - - [16/Apr/2026:11:29:43 +0300] "GET /no-title/ HTTP/1.1" 200 0 "https://korput.driftlogic-games.biz/" "Mozilla/5.0 (Linux; Android 6.0.1; Nexus 5X Build/MMB29P) AppleWebKit/537.36 (KHTML, like Gecko) Chrome/146.0.7680.177 Mobile Safari/537.36 (compatible; Googlebot/2.1; +http://www.google.com/bot.html)"
128.1.218.166 - - [16/Apr/2026:11:29:52 +0300] "GET /best-50-twenty-five-free-spins-no-deposit-casinos-zeus-slot-free-spins-australian-continent/ HTTP/1.1" 200 76009 "-" "Mozilla/5.0 (Windows NT 10.0; Win64; x64) AppleWebKit/537.36 (KHTML, like Gecko) Chrome/124.0.0.0 Safari/537.36"
128.1.218.166 - - [16/Apr/2026:11:30:25 +0300] "POST /xmlrpc.php HTTP/1.1" 200 630 "-" "Mozilla/5.0 (Windows NT 10.0; Win64; x64) AppleWebKit/537.36 (KHTML, like Gecko) Chrome/114.0.0.0 Safari/537.36"
185.216.113.70 - - [16/Apr/2026:11:30:56 +0300] "POST /wp-cron.php?doing_wp_cron=1776328256.6175661087036132812500 HTTP/1.1" 200 448 "-" "WordPress/6.3.8; https://serhatburke.miroglu.net"
128.1.218.166 - - [16/Apr/2026:11:30:44 +0300] "POST /xmlrpc.php HTTP/1.1" 200 14272 "-" "Mozilla/5.0 (Windows NT 10.0; Win64; x64) AppleWebKit/537.36 (KHTML, like Gecko) Chrome/114.0.0.0 Safari/537.36"
128.1.218.166 - - [16/Apr/2026:11:30:58 +0300] "GET /bonanza-position-review-2026-casino-frank-legit-gamble-bonanza-position-game-on-line/ HTTP/1.1" 200 75707 "-" "Mozilla/5.0 (Windows NT 10.0; Win64; x64) AppleWebKit/537.36 (KHTML, like Gecko) Chrome/123.0.0.0 Safari/537.36 OPR/109.0.0.0"
185.216.113.70 - - [16/Apr/2026:11:31:46 +0300] "POST /wp-cron.php?doing_wp_cron=1776328305.9894039630889892578125 HTTP/1.1" 200 448 "-" "WordPress/6.3.8; https://serhatburke.miroglu.net"
128.1.218.166 - - [16/Apr/2026:11:31:34 +0300] "POST /xmlrpc.php HTTP/1.1" 200 630 "-" "Mozilla/5.0 (Windows NT 10.0; Win64; x64) AppleWebKit/537.36 (KHTML, like Gecko) Chrome/114.0.0.0 Safari/537.36"
128.1.218.166 - - [16/Apr/2026:11:31:52 +0300] "POST /xmlrpc.php HTTP/1.1" 200 14416 "-" "Mozilla/5.0 (Windows NT 10.0; Win64; x64) AppleWebKit/537.36 (KHTML, like Gecko) Chrome/114.0.0.0 Safari/537.36"
128.1.218.166 - - [16/Apr/2026:11:32:07 +0300] "GET /listing-of-3-hundred-gambling-establishment-online-casino-bingo-extra-also-offers-active-at-the-time-of-march-2026/ HTTP/1.1" 200 76638 "-" "Mozilla/5.0 (Windows NT 10.0; Win64; x64) AppleWebKit/537.36 (KHTML, like Gecko) Chrome/124.0.0.0 Safari/537.36 Edg/124.0.0.0"
128.1.218.166 - - [16/Apr/2026:11:32:36 +0300] "POST /xmlrpc.php HTTP/1.1" 200 630 "-" "Mozilla/5.0 (Windows NT 10.0; Win64; x64) AppleWebKit/537.36 (KHTML, like Gecko) Chrome/114.0.0.0 Safari/537.36"
128.1.218.166 - - [16/Apr/2026:11:32:59 +0300] "POST /xmlrpc.php HTTP/1.1" 200 13843 "-" "Mozilla/5.0 (Windows NT 10.0; Win64; x64) AppleWebKit/537.36 (KHTML, like Gecko) Chrome/114.0.0.0 Safari/537.36"
165.73.240.153 - - [16/Apr/2026:11:33:03 +0300] "POST /xmlrpc.php HTTP/1.1" 200 630 "-" "Mozilla/5.0 (Windows NT 10.0; Win64; x64) AppleWebKit/537.36 (KHTML, like Gecko) Chrome/114.0.0.0 Safari/537.36"
128.1.218.166 - - [16/Apr/2026:11:33:15 +0300] "GET /curated-line-of-ancient-mafia-casino-uk-bonuses-wealth/ HTTP/1.1" 200 74685 "-" "Mozilla/5.0 (Windows NT 10.0; Win64; x64) AppleWebKit/537.36 (KHTML, like Gecko) Chrome/124.0.0.0 Safari/537.36"
165.73.240.153 - - [16/Apr/2026:11:33:22 +0300] "POST /xmlrpc.php HTTP/1.1" 200 13298 "-" "Mozilla/5.0 (Windows NT 10.0; Win64; x64) AppleWebKit/537.36 (KHTML, like Gecko) Chrome/114.0.0.0 Safari/537.36"
185.216.113.70 - - [16/Apr/2026:11:33:48 +0300] "POST /wp-cron.php?doing_wp_cron=1776328428.1495790481567382812500 HTTP/1.1" 200 448 "-" "WordPress/6.3.8; https://serhatburke.miroglu.net"
128.1.218.166 - - [16/Apr/2026:11:33:35 +0300] "POST /xmlrpc.php HTTP/1.1" 200 630 "-" "Mozilla/5.0 (Windows NT 10.0; Win64; x64) AppleWebKit/537.36 (KHTML, like Gecko) Chrome/114.0.0.0 Safari/537.36"
185.216.113.70 - - [16/Apr/2026:11:33:49 +0300] "POST /wp-cron.php?doing_wp_cron=1776328429.5978920459747314453125 HTTP/1.1" 200 448 "-" "WordPress/6.3.8; https://serhatburke.miroglu.net"
165.73.240.153 - - [16/Apr/2026:11:33:36 +0300] "GET /noahs-100-percent-free-150-spins-no-magic-lamp-hd-slot-no-deposit-deposit-british-ark/ HTTP/1.1" 200 74757 "-" "Mozilla/5.0 (Windows NT 10.0; Win64; x64) AppleWebKit/537.36 (KHTML, like Gecko) Chrome/122.0.0.0 Safari/537.36"
128.1.218.166 - - [16/Apr/2026:11:33:54 +0300] "POST /xmlrpc.php HTTP/1.1" 200 14052 "-" "Mozilla/5.0 (Windows NT 10.0; Win64; x64) AppleWebKit/537.36 (KHTML, like Gecko) Chrome/114.0.0.0 Safari/537.36"
128.1.218.166 - - [16/Apr/2026:11:34:13 +0300] "GET /mayan-princess-position-comment-info-casino-24bettle-60-dollar-bonus-wagering-requirements-and-casino-incentive/ HTTP/1.1" 200 76468 "-" "Mozilla/5.0 (Windows NT 10.0; Win64; x64) AppleWebKit/537.36 (KHTML, like Gecko) Chrome/123.0.0.0 Safari/537.36 OPR/109.0.0.0"
185.216.113.70 - - [16/Apr/2026:11:34:42 +0300] "POST /wp-cron.php?doing_wp_cron=1776328482.4274470806121826171875 HTTP/1.1" 200 448 "-" "WordPress/6.3.8; https://serhatburke.miroglu.net"
128.1.218.166 - - [16/Apr/2026:11:34:29 +0300] "POST /xmlrpc.php HTTP/1.1" 200 630 "-" "Mozilla/5.0 (Windows NT 10.0; Win64; x64) AppleWebKit/537.36 (KHTML, like Gecko) Chrome/114.0.0.0 Safari/537.36"
128.1.218.166 - - [16/Apr/2026:11:34:49 +0300] "POST /xmlrpc.php HTTP/1.1" 200 14255 "-" "Mozilla/5.0 (Windows NT 10.0; Win64; x64) AppleWebKit/537.36 (KHTML, like Gecko) Chrome/114.0.0.0 Safari/537.36"
128.1.218.166 - - [16/Apr/2026:11:35:04 +0300] "GET /queen-of-the-nile-dos-position-review-totally-free-gamble-inside-future-play-casino-bonus-the-demonstration-form/ HTTP/1.1" 200 76344 "-" "Mozilla/5.0 (Windows NT 10.0; rv:125.0) Gecko/20100101 Firefox/125.0"
185.231.205.241 - - [16/Apr/2026:11:35:12 +0300] "GET /beste-casino-site-belgie-hoge-inzet/ HTTP/1.1" 200 18613 "-" "Mozilla/5.0 (Windows NT 10.0; Win64; x64) AppleWebKit/537.36 (KHTML, like Gecko) Chrome/114.0.0.0 Safari/537.36"
128.1.218.166 - - [16/Apr/2026:11:35:21 +0300] "POST /xmlrpc.php HTTP/1.1" 200 630 "-" "Mozilla/5.0 (Windows NT 10.0; Win64; x64) AppleWebKit/537.36 (KHTML, like Gecko) Chrome/114.0.0.0 Safari/537.36"
185.216.113.70 - - [16/Apr/2026:11:35:55 +0300] "POST /wp-cron.php?doing_wp_cron=1776328555.6602220535278320312500 HTTP/1.1" 200 448 "-" "WordPress/6.3.8; https://serhatburke.miroglu.net"
128.1.218.166 - - [16/Apr/2026:11:35:40 +0300] "POST /xmlrpc.php HTTP/1.1" 200 14718 "-" "Mozilla/5.0 (Windows NT 10.0; Win64; x64) AppleWebKit/537.36 (KHTML, like Gecko) Chrome/114.0.0.0 Safari/537.36"
128.1.218.166 - - [16/Apr/2026:11:35:57 +0300] "GET /bonusfolder-fafafa-app-download-for-android-ah-klantenservice/ HTTP/1.1" 200 75735 "-" "Mozilla/5.0 (Windows NT 10.0; Win64; x64; rv:125.0) Gecko/20100101 Firefox/125.0"
128.1.218.166 - - [16/Apr/2026:11:36:14 +0300] "POST /xmlrpc.php HTTP/1.1" 200 630 "-" "Mozilla/5.0 (Windows NT 10.0; Win64; x64) AppleWebKit/537.36 (KHTML, like Gecko) Chrome/114.0.0.0 Safari/537.36"
191.101.174.193 - - [16/Apr/2026:11:36:18 +0300] "GET /spinfest-casino-lightningfast-spin-sessions-for-qu/ HTTP/1.1" 200 22300 "-" "Python/3.14 aiohttp/3.13.3"
185.216.113.70 - - [16/Apr/2026:11:36:41 +0300] "POST /wp-cron.php?doing_wp_cron=1776328601.4517140388488769531250 HTTP/1.1" 200 448 "-" "WordPress/6.3.8; https://serhatburke.miroglu.net"
45.151.163.250 - - [16/Apr/2026:11:36:28 +0300] "GET /spinfest-casino-lightningfast-spin-sessions-for-qu/ HTTP/1.1" 200 22188 "-" "Python/3.14 aiohttp/3.13.3"
128.1.218.166 - - [16/Apr/2026:11:36:34 +0300] "POST /xmlrpc.php HTTP/1.1" 200 13418 "-" "Mozilla/5.0 (Windows NT 10.0; Win64; x64) AppleWebKit/537.36 (KHTML, like Gecko) Chrome/114.0.0.0 Safari/537.36"
140.99.194.186 - - [16/Apr/2026:11:36:41 +0300] "GET /spinfest-casino-lightningfast-spin-sessions-for-qu/ HTTP/1.1" 200 22300 "-" "Python/3.14 aiohttp/3.13.3"
128.1.218.166 - - [16/Apr/2026:11:36:53 +0300] "GET /vision-of-donuts-slot-machine-horus-demo-enjoy-100-percent-free-slot-games/ HTTP/1.1" 200 74675 "-" "Mozilla/5.0 (Windows NT 10.0; rv:125.0) Gecko/20100101 Firefox/125.0"
128.1.218.166 - - [16/Apr/2026:11:37:09 +0300] "POST /xmlrpc.php HTTP/1.1" 200 630 "-" "Mozilla/5.0 (Windows NT 10.0; Win64; x64) AppleWebKit/537.36 (KHTML, like Gecko) Chrome/114.0.0.0 Safari/537.36"
185.216.113.70 - - [16/Apr/2026:11:37:40 +0300] "POST /wp-cron.php?doing_wp_cron=1776328660.8082180023193359375000 HTTP/1.1" 200 448 "-" "WordPress/6.3.8; https://serhatburke.miroglu.net"
128.1.218.166 - - [16/Apr/2026:11:37:28 +0300] "POST /xmlrpc.php HTTP/1.1" 200 14590 "-" "Mozilla/5.0 (Windows NT 10.0; Win64; x64) AppleWebKit/537.36 (KHTML, like Gecko) Chrome/114.0.0.0 Safari/537.36"
104.253.81.179 - - [16/Apr/2026:11:37:39 +0300] "GET /nv-casino-rapid-play-hub-za-instant-slot-uzbuenja/ HTTP/1.1" 200 22650 "-" "Python/3.14 aiohttp/3.13.3"
128.1.218.166 - - [16/Apr/2026:11:37:43 +0300] "GET /book-from-bitkingz-casino-bonus-dead-bonuses-to-the-register-or-deposit-100-100-percent-free-revolves/ HTTP/1.1" 200 76624 "-" "Mozilla/5.0 (Windows NT 10.0; Win64; x64) AppleWebKit/537.36 (KHTML, like Gecko) Chrome/122.0.0.0 Safari/537.36"
140.99.194.186 - - [16/Apr/2026:11:37:55 +0300] "GET /nv-casino-rapid-play-hub-za-instant-slot-uzbuenja/ HTTP/1.1" 200 22650 "-" "Python/3.14 aiohttp/3.13.3"
128.1.218.166 - - [16/Apr/2026:11:38:02 +0300] "POST /xmlrpc.php HTTP/1.1" 200 630 "-" "Mozilla/5.0 (Windows NT 10.0; Win64; x64) AppleWebKit/537.36 (KHTML, like Gecko) Chrome/114.0.0.0 Safari/537.36"
128.1.218.148 - - [16/Apr/2026:11:38:09 +0300] "POST /xmlrpc.php HTTP/1.1" 200 630 "-" "Mozilla/5.0 (Windows NT 10.0; Win64; x64) AppleWebKit/537.36 (KHTML, like Gecko) Chrome/114.0.0.0 Safari/537.36"
185.216.113.70 - - [16/Apr/2026:11:38:34 +0300] "POST /wp-cron.php?doing_wp_cron=1776328714.0181779861450195312500 HTTP/1.1" 200 448 "-" "WordPress/6.3.8; https://serhatburke.miroglu.net"
128.1.218.166 - - [16/Apr/2026:11:38:21 +0300] "POST /xmlrpc.php HTTP/1.1" 200 15243 "-" "Mozilla/5.0 (Windows NT 10.0; Win64; x64) AppleWebKit/537.36 (KHTML, like Gecko) Chrome/114.0.0.0 Safari/537.36"
128.1.218.148 - - [16/Apr/2026:11:38:28 +0300] "POST /xmlrpc.php HTTP/1.1" 200 16822 "-" "Mozilla/5.0 (Windows NT 10.0; Win64; x64) AppleWebKit/537.36 (KHTML, like Gecko) Chrome/114.0.0.0 Safari/537.36"
128.1.218.166 - - [16/Apr/2026:11:38:36 +0300] "GET /individual-later-years-accounts-discover-an-cashback-bonuses-for-online-casinos-ira-on-line/ HTTP/1.1" 200 77172 "-" "Mozilla/5.0 (Windows NT 10.0; rv:109.0) Gecko/20100101 Firefox/115.0"
128.1.218.148 - - [16/Apr/2026:11:38:45 +0300] "GET /diese-besten-bitcoin-casinos-within-osterreich-im-untersuchung-hot-fruits-slot-2026/ HTTP/1.1" 200 79100 "-" "Mozilla/5.0 (Windows NT 10.0; Win64; x64) AppleWebKit/537.36 (KHTML, like Gecko) Chrome/124.0.0.0 Safari/537.36 Edg/124.0.0.0"
128.1.218.166 - - [16/Apr/2026:11:38:55 +0300] "POST /xmlrpc.php HTTP/1.1" 200 630 "-" "Mozilla/5.0 (Windows NT 10.0; Win64; x64) AppleWebKit/537.36 (KHTML, like Gecko) Chrome/114.0.0.0 Safari/537.36"
185.216.113.70 - - [16/Apr/2026:11:39:28 +0300] "POST /wp-cron.php?doing_wp_cron=1776328768.7863640785217285156250 HTTP/1.1" 200 448 "-" "WordPress/6.3.8; https://serhatburke.miroglu.net"
128.1.218.166 - - [16/Apr/2026:11:39:17 +0300] "POST /xmlrpc.php HTTP/1.1" 200 13531 "-" "Mozilla/5.0 (Windows NT 10.0; Win64; x64) AppleWebKit/537.36 (KHTML, like Gecko) Chrome/114.0.0.0 Safari/537.36"
128.1.218.166 - - [16/Apr/2026:11:39:30 +0300] "GET /slotpark-gambling-establishment-ports-bitcoin-casino-games-applications-on-the-internet-gamble/ HTTP/1.1" 200 75328 "-" "Mozilla/5.0 (Windows NT 10.0; Win64; x64) AppleWebKit/537.36 (KHTML, like Gecko) Chrome/122.0.0.0 Safari/537.36"
128.1.218.166 - - [16/Apr/2026:11:39:47 +0300] "POST /xmlrpc.php HTTP/1.1" 200 630 "-" "Mozilla/5.0 (Windows NT 10.0; Win64; x64) AppleWebKit/537.36 (KHTML, like Gecko) Chrome/114.0.0.0 Safari/537.36"
185.216.113.70 - - [16/Apr/2026:11:40:17 +0300] "POST /wp-cron.php?doing_wp_cron=1776328817.4782009124755859375000 HTTP/1.1" 200 448 "-" "WordPress/6.3.8; https://serhatburke.miroglu.net"
66.249.68.133 - - [16/Apr/2026:11:40:03 +0300] "GET /sugar-rush-1000-a-sweet-spin-experience-for-aussie-players/ HTTP/1.1" 200 18090 "-" "Mozilla/5.0 (Linux; Android 6.0.1; Nexus 5X Build/MMB29P) AppleWebKit/537.36 (KHTML, like Gecko) Chrome/146.0.7680.177 Mobile Safari/537.36 (compatible; Googlebot/2.1; +http://www.google.com/bot.html)"
128.1.218.166 - - [16/Apr/2026:11:40:06 +0300] "POST /xmlrpc.php HTTP/1.1" 200 13035 "-" "Mozilla/5.0 (Windows NT 10.0; Win64; x64) AppleWebKit/537.36 (KHTML, like Gecko) Chrome/114.0.0.0 Safari/537.36"
128.1.218.166 - - [16/Apr/2026:11:40:22 +0300] "GET /play-on-line-in-the-low-gamstop-casino-spinia-no-deposit-bonus-2023-casinos/ HTTP/1.1" 200 74426 "-" "Mozilla/5.0 (Windows NT 10.0; rv:125.0) Gecko/20100101 Firefox/125.0"
185.216.113.70 - - [16/Apr/2026:11:40:49 +0300] "POST /wp-cron.php?doing_wp_cron=1776328849.4333961009979248046875 HTTP/1.1" 200 448 "-" "WordPress/6.3.8; https://serhatburke.miroglu.net"
128.1.218.166 - - [16/Apr/2026:11:40:37 +0300] "POST /xmlrpc.php HTTP/1.1" 200 630 "-" "Mozilla/5.0 (Windows NT 10.0; Win64; x64) AppleWebKit/537.36 (KHTML, like Gecko) Chrome/114.0.0.0 Safari/537.36"
128.1.218.166 - - [16/Apr/2026:11:40:56 +0300] "POST /xmlrpc.php HTTP/1.1" 200 13793 "-" "Mozilla/5.0 (Windows NT 10.0; Win64; x64) AppleWebKit/537.36 (KHTML, like Gecko) Chrome/114.0.0.0 Safari/537.36"
128.1.218.166 - - [16/Apr/2026:11:41:12 +0300] "GET /book-of-ra-luxury-ten-slot-2025-enjoy-casino-crazy-fox-casino-on-the-internet-100percent-free/ HTTP/1.1" 200 75558 "-" "Mozilla/5.0 (Windows NT 10.0; Win64; x64) AppleWebKit/537.36 (KHTML, like Gecko) Chrome/123.0.0.0 Safari/537.36"
128.1.218.166 - - [16/Apr/2026:11:41:24 +0300] "POST /xmlrpc.php HTTP/1.1" 200 630 "-" "Mozilla/5.0 (Windows NT 10.0; Win64; x64) AppleWebKit/537.36 (KHTML, like Gecko) Chrome/114.0.0.0 Safari/537.36"
185.216.113.70 - - [16/Apr/2026:11:41:56 +0300] "POST /wp-cron.php?doing_wp_cron=1776328916.0738780498504638671875 HTTP/1.1" 200 448 "-" "WordPress/6.3.8; https://serhatburke.miroglu.net"
128.1.218.166 - - [16/Apr/2026:11:41:43 +0300] "POST /xmlrpc.php HTTP/1.1" 200 14414 "-" "Mozilla/5.0 (Windows NT 10.0; Win64; x64) AppleWebKit/537.36 (KHTML, like Gecko) Chrome/114.0.0.0 Safari/537.36"
128.1.218.166 - - [16/Apr/2026:11:41:58 +0300] "GET /split-away-lucky-wilds-position-opinion-twist-on-the-internet-mr-bet-apk-now/ HTTP/1.1" 200 75611 "-" "Mozilla/5.0 (Windows NT 10.0; rv:125.0) Gecko/20100101 Firefox/125.0"
128.1.218.166 - - [16/Apr/2026:11:42:20 +0300] "POST /xmlrpc.php HTTP/1.1" 200 630 "-" "Mozilla/5.0 (Windows NT 10.0; Win64; x64) AppleWebKit/537.36 (KHTML, like Gecko) Chrome/114.0.0.0 Safari/537.36"
185.216.113.70 - - [16/Apr/2026:11:42:52 +0300] "POST /wp-cron.php?doing_wp_cron=1776328972.2518780231475830078125 HTTP/1.1" 200 448 "-" "WordPress/6.3.8; https://serhatburke.miroglu.net"
128.1.218.166 - - [16/Apr/2026:11:42:40 +0300] "POST /xmlrpc.php HTTP/1.1" 200 13747 "-" "Mozilla/5.0 (Windows NT 10.0; Win64; x64) AppleWebKit/537.36 (KHTML, like Gecko) Chrome/114.0.0.0 Safari/537.36"
128.1.218.166 - - [16/Apr/2026:11:42:53 +0300] "GET /greatest-totally-free-ports-a-real-income-ports-las-vegas-cent-australian-online-gambling-laws-slots/ HTTP/1.1" 200 75985 "-" "Mozilla/5.0 (Windows NT 10.0; rv:109.0) Gecko/20100101 Firefox/115.0"
128.1.218.166 - - [16/Apr/2026:11:43:17 +0300] "POST /xmlrpc.php HTTP/1.1" 200 630 "-" "Mozilla/5.0 (Windows NT 10.0; Win64; x64) AppleWebKit/537.36 (KHTML, like Gecko) Chrome/114.0.0.0 Safari/537.36"
185.216.113.70 - - [16/Apr/2026:11:43:51 +0300] "POST /wp-cron.php?doing_wp_cron=1776329031.1433000564575195312500 HTTP/1.1" 200 448 "-" "WordPress/6.3.8; https://serhatburke.miroglu.net"
128.1.218.166 - - [16/Apr/2026:11:43:38 +0300] "POST /xmlrpc.php HTTP/1.1" 200 14439 "-" "Mozilla/5.0 (Windows NT 10.0; Win64; x64) AppleWebKit/537.36 (KHTML, like Gecko) Chrome/114.0.0.0 Safari/537.36"
165.73.240.153 - - [16/Apr/2026:11:43:53 +0300] "POST /xmlrpc.php HTTP/1.1" 200 630 "-" "Mozilla/5.0 (Windows NT 10.0; Win64; x64) AppleWebKit/537.36 (KHTML, like Gecko) Chrome/114.0.0.0 Safari/537.36"
128.1.218.166 - - [16/Apr/2026:11:43:52 +0300] "GET /buffalo-internet-chinese-zodiac-casino-casino-instructions-totally-free-ports-flash-incentives-big-winnings-videos/ HTTP/1.1" 200 76689 "-" "Mozilla/5.0 (Windows NT 10.0; Win64; x64; rv:124.0) Gecko/20100101 Firefox/124.0"
128.1.218.166 - - [16/Apr/2026:11:44:17 +0300] "POST /xmlrpc.php HTTP/1.1" 200 630 "-" "Mozilla/5.0 (Windows NT 10.0; Win64; x64) AppleWebKit/537.36 (KHTML, like Gecko) Chrome/114.0.0.0 Safari/537.36"
165.73.240.153 - - [16/Apr/2026:11:44:17 +0300] "POST /xmlrpc.php HTTP/1.1" 200 12290 "-" "Mozilla/5.0 (Windows NT 10.0; Win64; x64) AppleWebKit/537.36 (KHTML, like Gecko) Chrome/114.0.0.0 Safari/537.36"
128.1.218.148 - - [16/Apr/2026:11:44:19 +0300] "POST /xmlrpc.php HTTP/1.1" 200 630 "-" "Mozilla/5.0 (Windows NT 10.0; Win64; x64) AppleWebKit/537.36 (KHTML, like Gecko) Chrome/114.0.0.0 Safari/537.36"
185.216.113.70 - - [16/Apr/2026:11:44:50 +0300] "POST /wp-cron.php?doing_wp_cron=1776329090.6558880805969238281250 HTTP/1.1" 200 448 "-" "WordPress/6.3.8; https://serhatburke.miroglu.net"
165.73.240.153 - - [16/Apr/2026:11:44:36 +0300] "GET /noahs-ark-roulette-bonus-slot-because-of-the-igt/ HTTP/1.1" 200 72885 "-" "Mozilla/5.0 (Windows NT 10.0; Win64; x64) AppleWebKit/537.36 (KHTML, like Gecko) Chrome/123.0.0.0 Safari/537.36 OPR/109.0.0.0"
128.1.218.166 - - [16/Apr/2026:11:44:40 +0300] "POST /xmlrpc.php HTTP/1.1" 200 13603 "-" "Mozilla/5.0 (Windows NT 10.0; Win64; x64) AppleWebKit/537.36 (KHTML, like Gecko) Chrome/114.0.0.0 Safari/537.36"
128.1.218.148 - - [16/Apr/2026:11:44:43 +0300] "POST /xmlrpc.php HTTP/1.1" 200 16755 "-" "Mozilla/5.0 (Windows NT 10.0; Win64; x64) AppleWebKit/537.36 (KHTML, like Gecko) Chrome/114.0.0.0 Safari/537.36"
128.1.218.166 - - [16/Apr/2026:11:44:59 +0300] "GET /gamble-guide-from-ra-eastern-emeralds-slot-position-free-of-charge-otherwise-with-real-cash/ HTTP/1.1" 200 75394 "-" "Mozilla/5.0 (Windows NT 10.0; Win64; x64) AppleWebKit/537.36 (KHTML, like Gecko) Chrome/109.0.0.0 Safari/537.36"
128.1.218.148 - - [16/Apr/2026:11:45:03 +0300] "GET /die-fuhrenden-world-wide-web-casinos-abzuglich-erlaubniskarte-alle-land-der-dichter-und-slot-double-o-dollars-denker-im-detaillierten-kollationieren/ HTTP/1.1" 200 80359 "-" "Mozilla/5.0 (Windows NT 10.0; Win64; x64) AppleWebKit/537.36 (KHTML, like Gecko) Chrome/123.0.0.0 Safari/537.36 OPR/109.0.0.0"
128.1.218.166 - - [16/Apr/2026:11:45:13 +0300] "POST /xmlrpc.php HTTP/1.1" 200 630 "-" "Mozilla/5.0 (Windows NT 10.0; Win64; x64) AppleWebKit/537.36 (KHTML, like Gecko) Chrome/114.0.0.0 Safari/537.36"
185.216.113.70 - - [16/Apr/2026:11:45:45 +0300] "POST /wp-cron.php?doing_wp_cron=1776329145.1478269100189208984375 HTTP/1.1" 200 448 "-" "WordPress/6.3.8; https://serhatburke.miroglu.net"
128.1.218.166 - - [16/Apr/2026:11:45:33 +0300] "POST /xmlrpc.php HTTP/1.1" 200 13826 "-" "Mozilla/5.0 (Windows NT 10.0; Win64; x64) AppleWebKit/537.36 (KHTML, like Gecko) Chrome/114.0.0.0 Safari/537.36"
165.73.240.153 - - [16/Apr/2026:11:45:44 +0300] "POST /xmlrpc.php HTTP/1.1" 200 630 "-" "Mozilla/5.0 (Windows NT 10.0; Win64; x64) AppleWebKit/537.36 (KHTML, like Gecko) Chrome/114.0.0.0 Safari/537.36"
128.1.218.166 - - [16/Apr/2026:11:45:46 +0300] "GET /burning-centurion-online-slot-attention/ HTTP/1.1" 200 74332 "-" "Mozilla/5.0 (Windows NT 10.0; Win64; x64) AppleWebKit/537.36 (KHTML, like Gecko) Chrome/123.0.0.0 Safari/537.36"
165.73.240.153 - - [16/Apr/2026:11:46:09 +0300] "POST /xmlrpc.php HTTP/1.1" 200 12975 "-" "Mozilla/5.0 (Windows NT 10.0; Win64; x64) AppleWebKit/537.36 (KHTML, like Gecko) Chrome/114.0.0.0 Safari/537.36"
128.1.218.166 - - [16/Apr/2026:11:46:10 +0300] "POST /xmlrpc.php HTTP/1.1" 200 630 "-" "Mozilla/5.0 (Windows NT 10.0; Win64; x64) AppleWebKit/537.36 (KHTML, like Gecko) Chrome/114.0.0.0 Safari/537.36"
185.216.113.70 - - [16/Apr/2026:11:46:35 +0300] "POST /wp-cron.php?doing_wp_cron=1776329195.6777839660644531250000 HTTP/1.1" 200 448 "-" "WordPress/6.3.8; https://serhatburke.miroglu.net"
165.73.240.153 - - [16/Apr/2026:11:46:23 +0300] "GET /odds-mindset-previous-winner-gods-of-giza-online-slot-xander-schauffele-obvious-playing-favourite-from-the-sentry/ HTTP/1.1" 200 75190 "-" "Mozilla/5.0 (Windows NT 10.0; Win64; x64; rv:124.0) Gecko/20100101 Firefox/124.0"
128.1.218.166 - - [16/Apr/2026:11:46:30 +0300] "POST /xmlrpc.php HTTP/1.1" 200 13849 "-" "Mozilla/5.0 (Windows NT 10.0; Win64; x64) AppleWebKit/537.36 (KHTML, like Gecko) Chrome/114.0.0.0 Safari/537.36"
128.1.218.166 - - [16/Apr/2026:11:46:45 +0300] "GET /greatest-online-king-kong-cash-no-deposit-machance-live-casinos-genuine-money-gamble-inside-the-united-states-march-2026/ HTTP/1.1" 200 76415 "-" "Mozilla/5.0 (Windows NT 10.0; Win64; x64) AppleWebKit/537.36 (KHTML, like Gecko) Chrome/124.0.0.0 Safari/537.36 Edg/124.0.0.0"
5.78.159.87 - - [16/Apr/2026:11:46:51 +0300] "POST /xmlrpc.php HTTP/1.1" 200 602 "-" "Mozilla/5.0 (Windows NT 10.0; Win64; x64) AppleWebKit/537.36 (KHTML, like Gecko) Chrome/108.0.0.0 Safari/537.36"
185.216.113.70 - - [16/Apr/2026:11:47:17 +0300] "POST /wp-cron.php?doing_wp_cron=1776329237.6358830928802490234375 HTTP/1.1" 200 448 "-" "WordPress/6.3.8; https://serhatburke.miroglu.net"
5.78.159.87 - - [16/Apr/2026:11:47:05 +0300] "POST /xmlrpc.php HTTP/1.1" 200 2972 "-" "Mozilla/5.0 (Windows NT 10.0; Win64; x64) AppleWebKit/537.36 (KHTML, like Gecko) Chrome/108.0.0.0 Safari/537.36"
128.1.218.166 - - [16/Apr/2026:11:47:05 +0300] "POST /xmlrpc.php HTTP/1.1" 200 630 "-" "Mozilla/5.0 (Windows NT 10.0; Win64; x64) AppleWebKit/537.36 (KHTML, like Gecko) Chrome/114.0.0.0 Safari/537.36"
5.78.159.87 - - [16/Apr/2026:11:47:20 +0300] "GET /grand-casino-regisztracio-lepesrol-lepesre-igy-nyiss-fiokot-biztonsagosan/ HTTP/1.1" 200 0 "-" "Mozilla/5.0 (Windows NT 10.0; Win64; x64) AppleWebKit/537.36 (KHTML, like Gecko) Chrome/108.0.0.0 Safari/537.36"
128.1.218.166 - - [16/Apr/2026:11:47:25 +0300] "POST /xmlrpc.php HTTP/1.1" 200 14076 "-" "Mozilla/5.0 (Windows NT 10.0; Win64; x64) AppleWebKit/537.36 (KHTML, like Gecko) Chrome/114.0.0.0 Safari/537.36"
165.73.240.153 - - [16/Apr/2026:11:47:30 +0300] "POST /xmlrpc.php HTTP/1.1" 200 630 "-" "Mozilla/5.0 (Windows NT 10.0; Win64; x64) AppleWebKit/537.36 (KHTML, like Gecko) Chrome/114.0.0.0 Safari/537.36"
185.216.113.70 - - [16/Apr/2026:11:47:52 +0300] "POST /wp-cron.php?doing_wp_cron=1776329272.5460309982299804687500 HTTP/1.1" 200 448 "-" "WordPress/6.3.8; https://serhatburke.miroglu.net"
5.78.159.87 - - [16/Apr/2026:11:47:36 +0300] "POST /xmlrpc.php HTTP/1.1" 200 594 "-" "Mozilla/5.0 (Windows NT 10.0; Win64; x64) AppleWebKit/537.36 (KHTML, like Gecko) Chrome/108.0.0.0 Safari/537.36"
128.1.218.166 - - [16/Apr/2026:11:47:45 +0300] "GET /to-make-a-free-of-charge-revolves-added-bonus-players-normally-have-and-then-make-brief-places-the-new-filter-options-are-incredibly-helpful-and-then-we-benefit-from-the-ebony-form/ HTTP/1.1" 200 82750 "-" "Mozilla/5.0 (Windows NT 10.0; Win64; x64) AppleWebKit/537.36 (KHTML, like Gecko) Chrome/124.0.0.0 Safari/537.36"
165.73.240.153 - - [16/Apr/2026:11:47:56 +0300] "POST /xmlrpc.php HTTP/1.1" 200 13797 "-" "Mozilla/5.0 (Windows NT 10.0; Win64; x64) AppleWebKit/537.36 (KHTML, like Gecko) Chrome/114.0.0.0 Safari/537.36"
128.1.218.166 - - [16/Apr/2026:11:47:59 +0300] "POST /xmlrpc.php HTTP/1.1" 200 630 "-" "Mozilla/5.0 (Windows NT 10.0; Win64; x64) AppleWebKit/537.36 (KHTML, like Gecko) Chrome/114.0.0.0 Safari/537.36"
165.73.240.153 - - [16/Apr/2026:11:48:15 +0300] "GET /once-upon-a-time-harbors-online-french-roulette-low-limit-remark-story-book-gains-and-bonus-features/ HTTP/1.1" 200 75890 "-" "Mozilla/5.0 (Windows NT 10.0; Win64; x64) AppleWebKit/537.36 (KHTML, like Gecko) Chrome/109.0.0.0 Safari/537.36"
185.216.113.70 - - [16/Apr/2026:11:48:36 +0300] "POST /wp-cron.php?doing_wp_cron=1776329316.8459210395812988281250 HTTP/1.1" 200 448 "-" "WordPress/6.3.8; https://serhatburke.miroglu.net"
128.1.218.166 - - [16/Apr/2026:11:48:22 +0300] "POST /xmlrpc.php HTTP/1.1" 200 14290 "-" "Mozilla/5.0 (Windows NT 10.0; Win64; x64) AppleWebKit/537.36 (KHTML, like Gecko) Chrome/114.0.0.0 Safari/537.36"
128.1.218.166 - - [16/Apr/2026:11:48:38 +0300] "GET /finest-web-based-casinos-you-to-definitely-shell-out-real-lightning-link-collect-free-coins-money-february-2026/ HTTP/1.1" 200 76459 "-" "Mozilla/5.0 (Windows NT 10.0; rv:109.0) Gecko/20100101 Firefox/115.0"
128.1.218.166 - - [16/Apr/2026:11:48:54 +0300] "POST /xmlrpc.php HTTP/1.1" 200 630 "-" "Mozilla/5.0 (Windows NT 10.0; Win64; x64) AppleWebKit/537.36 (KHTML, like Gecko) Chrome/114.0.0.0 Safari/537.36"
45.137.78.5 - xtw18387cbd1 [16/Apr/2026:11:49:06 +0300] "POST /xmlrpc.php HTTP/1.1" 200 0 "-" "Mozilla/5.0 (X11; Linux x86_64) AppleWebKit/537.36 (KHTML, like Gecko) Chrome/114.0.0.0 Safari/537.36 OPR/89.0.4447.51"
165.73.240.153 - - [16/Apr/2026:11:49:05 +0300] "POST /xmlrpc.php HTTP/1.1" 200 630 "-" "Mozilla/5.0 (Windows NT 10.0; Win64; x64) AppleWebKit/537.36 (KHTML, like Gecko) Chrome/114.0.0.0 Safari/537.36"
185.216.113.70 - - [16/Apr/2026:11:49:28 +0300] "POST /wp-cron.php?doing_wp_cron=1776329368.3402938842773437500000 HTTP/1.1" 200 448 "-" "WordPress/6.3.8; https://serhatburke.miroglu.net"
128.1.218.166 - - [16/Apr/2026:11:49:13 +0300] "POST /xmlrpc.php HTTP/1.1" 200 13314 "-" "Mozilla/5.0 (Windows NT 10.0; Win64; x64) AppleWebKit/537.36 (KHTML, like Gecko) Chrome/114.0.0.0 Safari/537.36"
45.137.78.5 - xtw18387cbd1 [16/Apr/2026:11:49:24 +0300] "POST /xmlrpc.php HTTP/1.1" 200 0 "-" "Mozilla/5.0 (X11; Linux x86_64) AppleWebKit/537.36 (KHTML, like Gecko) Chrome/114.0.0.0 Safari/537.36 OPR/89.0.4447.51"
165.73.240.153 - - [16/Apr/2026:11:49:25 +0300] "POST /xmlrpc.php HTTP/1.1" 200 12368 "-" "Mozilla/5.0 (Windows NT 10.0; Win64; x64) AppleWebKit/537.36 (KHTML, like Gecko) Chrome/114.0.0.0 Safari/537.36"
128.1.218.166 - - [16/Apr/2026:11:49:30 +0300] "GET /play-splash-bucks-on-the-internet-position-game-now-assemble-five-hundred-starburst-slot-incentive/ HTTP/1.1" 200 75283 "-" "Mozilla/5.0 (Windows NT 10.0; Win64; x64; rv:124.0) Gecko/20100101 Firefox/124.0"
45.137.78.5 - xtw18387cbd1 [16/Apr/2026:11:49:50 +0300] "POST /xmlrpc.php HTTP/1.1" 200 0 "-" "Mozilla/5.0 (X11; Linux x86_64) AppleWebKit/537.36 (KHTML, like Gecko) Chrome/114.0.0.0 Safari/537.36 OPR/89.0.4447.51"
128.1.218.166 - - [16/Apr/2026:11:49:48 +0300] "POST /xmlrpc.php HTTP/1.1" 200 630 "-" "Mozilla/5.0 (Windows NT 10.0; Win64; x64) AppleWebKit/537.36 (KHTML, like Gecko) Chrome/114.0.0.0 Safari/537.36"
165.73.240.153 - - [16/Apr/2026:11:49:53 +0300] "GET /finest-three-dimensional-slots-to-play-on-the-flaming-fox-big-win-web/ HTTP/1.1" 200 73552 "-" "Mozilla/5.0 (Windows NT 10.0; Win64; x64) AppleWebKit/537.36 (KHTML, like Gecko) Chrome/123.0.0.0 Safari/537.36"
45.137.78.5 - xtw18387cbd1 [16/Apr/2026:11:50:12 +0300] "POST /xmlrpc.php HTTP/1.1" 200 0 "-" "Mozilla/5.0 (X11; Linux x86_64) AppleWebKit/537.36 (KHTML, like Gecko) Chrome/114.0.0.0 Safari/537.36 OPR/89.0.4447.51"
128.1.218.166 - - [16/Apr/2026:11:50:14 +0300] "POST /xmlrpc.php HTTP/1.1" 200 14103 "-" "Mozilla/5.0 (Windows NT 10.0; Win64; x64) AppleWebKit/537.36 (KHTML, like Gecko) Chrome/114.0.0.0 Safari/537.36"
98.98.9.27 - - [16/Apr/2026:11:50:20 +0300] "POST /xmlrpc.php HTTP/1.1" 200 630 "-" "Mozilla/5.0 (Windows NT 10.0; Win64; x64) AppleWebKit/537.36 (KHTML, like Gecko) Chrome/114.0.0.0 Safari/537.36"
185.216.113.70 - - [16/Apr/2026:11:50:47 +0300] "POST /wp-cron.php?doing_wp_cron=1776329446.8959779739379882812500 HTTP/1.1" 200 448 "-" "WordPress/6.3.8; https://serhatburke.miroglu.net"
128.1.218.166 - - [16/Apr/2026:11:50:31 +0300] "GET /dollars-splash-drake-casino-deposit-bonus-5-reel-ports-grand-bucks-jackpots-watch-for/ HTTP/1.1" 200 75783 "-" "Mozilla/5.0 (Windows NT 10.0; Win64; x64) AppleWebKit/537.36 (KHTML, like Gecko) Chrome/124.0.0.0 Safari/537.36 Edg/124.0.0.0"
45.137.78.5 - xtw18387cbd1 [16/Apr/2026:11:50:46 +0300] "POST /xmlrpc.php HTTP/1.1" 200 0 "-" "Mozilla/5.0 (X11; Linux x86_64) AppleWebKit/537.36 (KHTML, like Gecko) Chrome/114.0.0.0 Safari/537.36 OPR/89.0.4447.51"
165.73.240.153 - - [16/Apr/2026:11:50:36 +0300] "POST /xmlrpc.php HTTP/1.1" 200 630 "-" "Mozilla/5.0 (Windows NT 10.0; Win64; x64) AppleWebKit/537.36 (KHTML, like Gecko) Chrome/114.0.0.0 Safari/537.36"
128.1.218.148 - - [16/Apr/2026:11:50:39 +0300] "POST /xmlrpc.php HTTP/1.1" 200 630 "-" "Mozilla/5.0 (Windows NT 10.0; Win64; x64) AppleWebKit/537.36 (KHTML, like Gecko) Chrome/114.0.0.0 Safari/537.36"
98.98.9.27 - - [16/Apr/2026:11:50:41 +0300] "POST /xmlrpc.php HTTP/1.1" 200 12957 "-" "Mozilla/5.0 (Windows NT 10.0; Win64; x64) AppleWebKit/537.36 (KHTML, like Gecko) Chrome/114.0.0.0 Safari/537.36"
128.1.218.166 - - [16/Apr/2026:11:50:44 +0300] "POST /xmlrpc.php HTTP/1.1" 200 630 "-" "Mozilla/5.0 (Windows NT 10.0; Win64; x64) AppleWebKit/537.36 (KHTML, like Gecko) Chrome/114.0.0.0 Safari/537.36"
45.137.78.5 - xtw18387cbd1 [16/Apr/2026:11:51:20 +0300] "POST /xmlrpc.php HTTP/1.1" 200 0 "-" "Mozilla/5.0 (X11; Linux x86_64) AppleWebKit/537.36 (KHTML, like Gecko) Chrome/114.0.0.0 Safari/537.36 OPR/89.0.4447.51"
98.98.9.18 - - [16/Apr/2026:11:51:07 +0300] "POST /xmlrpc.php HTTP/1.1" 200 630 "-" "Mozilla/5.0 (Windows NT 10.0; Win64; x64) AppleWebKit/537.36 (KHTML, like Gecko) Chrome/114.0.0.0 Safari/537.36"
165.73.240.153 - - [16/Apr/2026:11:51:06 +0300] "POST /xmlrpc.php HTTP/1.1" 200 13059 "-" "Mozilla/5.0 (Windows NT 10.0; Win64; x64) AppleWebKit/537.36 (KHTML, like Gecko) Chrome/114.0.0.0 Safari/537.36"
185.216.113.70 - - [16/Apr/2026:11:51:54 +0300] "POST /wp-cron.php?doing_wp_cron=1776329514.0658819675445556640625 HTTP/1.1" 200 448 "-" "WordPress/6.3.8; https://serhatburke.miroglu.net"
185.216.113.70 - - [16/Apr/2026:11:51:54 +0300] "POST /wp-cron.php?doing_wp_cron=1776329514.3992249965667724609375 HTTP/1.1" 200 448 "-" "WordPress/6.3.8; https://serhatburke.miroglu.net"
128.1.218.148 - - [16/Apr/2026:11:51:15 +0300] "POST /xmlrpc.php HTTP/1.1" 200 16567 "-" "Mozilla/5.0 (Windows NT 10.0; Win64; x64) AppleWebKit/537.36 (KHTML, like Gecko) Chrome/114.0.0.0 Safari/537.36"
98.98.9.27 - - [16/Apr/2026:11:51:14 +0300] "GET /play-100-percent-free-slot-game-starlight-princess-slot-machine-no-down-load-only-enjoyable/ HTTP/1.1" 200 74625 "-" "Mozilla/5.0 (Windows NT 10.0; Win64; x64) AppleWebKit/537.36 (KHTML, like Gecko) Chrome/123.0.0.0 Safari/537.36"
45.137.78.5 - xtw18387cbd1 [16/Apr/2026:11:51:46 +0300] "POST /xmlrpc.php HTTP/1.1" 200 0 "-" "Mozilla/5.0 (X11; Linux x86_64) AppleWebKit/537.36 (KHTML, like Gecko) Chrome/114.0.0.0 Safari/537.36 OPR/89.0.4447.51"
185.216.113.70 - - [16/Apr/2026:11:52:06 +0300] "POST /wp-cron.php?doing_wp_cron=1776329526.2873260974884033203125 HTTP/1.1" 200 448 "-" "WordPress/6.3.8; https://serhatburke.miroglu.net"
128.1.218.166 - - [16/Apr/2026:11:51:21 +0300] "POST /xmlrpc.php HTTP/1.1" 200 14289 "-" "Mozilla/5.0 (Windows NT 10.0; Win64; x64) AppleWebKit/537.36 (KHTML, like Gecko) Chrome/114.0.0.0 Safari/537.36"
185.216.113.70 - - [16/Apr/2026:11:52:06 +0300] "POST /wp-cron.php?doing_wp_cron=1776329526.5159530639648437500000 HTTP/1.1" 200 448 "-" "WordPress/6.3.8; https://serhatburke.miroglu.net"
45.137.78.5 - xtw18387cbd1 [16/Apr/2026:11:52:23 +0300] "POST /xmlrpc.php HTTP/1.1" 200 0 "-" "Mozilla/5.0 (X11; Linux x86_64) AppleWebKit/537.36 (KHTML, like Gecko) Chrome/114.0.0.0 Safari/537.36 OPR/89.0.4447.51"
185.216.113.70 - - [16/Apr/2026:11:52:41 +0300] "POST /wp-cron.php?doing_wp_cron=1776329561.5936949253082275390625 HTTP/1.1" 200 448 "-" "WordPress/6.3.8; https://serhatburke.miroglu.net"
128.1.218.166 - - [16/Apr/2026:11:51:39 +0300] "POST /xmlrpc.php HTTP/1.1" 200 630 "-" "Mozilla/5.0 (Windows NT 10.0; Win64; x64) AppleWebKit/537.36 (KHTML, like Gecko) Chrome/114.0.0.0 Safari/537.36"
185.216.113.70 - - [16/Apr/2026:11:52:48 +0300] "POST /wp-cron.php?doing_wp_cron=1776329568.4869780540466308593750 HTTP/1.1" 200 448 "-" "WordPress/6.3.8; https://serhatburke.miroglu.net"
165.73.240.153 - - [16/Apr/2026:11:51:41 +0300] "GET /professional-golden-touch-online-slot-blackjack-information-and-procedures-improve-your-game-2025/ HTTP/1.1" 200 74826 "-" "Mozilla/5.0 (Windows NT 10.0; Win64; x64) AppleWebKit/537.36 (KHTML, like Gecko) Chrome/123.0.0.0 Safari/537.36 OPR/109.0.0.0"
45.137.78.5 - xtw18387cbd1 [16/Apr/2026:11:52:42 +0300] "POST /xmlrpc.php HTTP/1.1" 200 0 "-" "Mozilla/5.0 (X11; Linux x86_64) AppleWebKit/537.36 (KHTML, like Gecko) Chrome/114.0.0.0 Safari/537.36 OPR/89.0.4447.51"
185.216.113.70 - - [16/Apr/2026:11:52:57 +0300] "POST /wp-cron.php?doing_wp_cron=1776329577.0230190753936767578125 HTTP/1.1" 200 448 "-" "WordPress/6.3.8; https://serhatburke.miroglu.net"
98.98.9.18 - - [16/Apr/2026:11:51:46 +0300] "POST /xmlrpc.php HTTP/1.1" 200 12539 "-" "Mozilla/5.0 (Windows NT 10.0; Win64; x64) AppleWebKit/537.36 (KHTML, like Gecko) Chrome/114.0.0.0 Safari/537.36"
185.216.113.70 - - [16/Apr/2026:11:53:01 +0300] "POST /wp-cron.php?doing_wp_cron=1776329580.8110249042510986328125 HTTP/1.1" 200 448 "-" "WordPress/6.3.8; https://serhatburke.miroglu.net"
185.216.113.70 - - [16/Apr/2026:11:53:06 +0300] "POST /wp-cron.php?doing_wp_cron=1776329586.4877290725708007812500 HTTP/1.1" 200 448 "-" "WordPress/6.3.8; https://serhatburke.miroglu.net"
185.216.113.70 - - [16/Apr/2026:11:53:08 +0300] "POST /wp-cron.php?doing_wp_cron=1776329588.0051879882812500000000 HTTP/1.1" 200 448 "-" "WordPress/6.3.8; https://serhatburke.miroglu.net"
165.73.240.153 - - [16/Apr/2026:11:51:59 +0300] "POST /xmlrpc.php HTTP/1.1" 200 630 "-" "Mozilla/5.0 (Windows NT 10.0; Win64; x64) AppleWebKit/537.36 (KHTML, like Gecko) Chrome/114.0.0.0 Safari/537.36"
128.1.218.148 - - [16/Apr/2026:11:51:56 +0300] "GET /online-hexbreaker-3-slot-spiele-casinos-unter-einsatz-von-rapider-ausschuttung-2026-im-check/ HTTP/1.1" 200 78959 "-" "Mozilla/5.0 (Windows NT 10.0; Win64; x64; rv:125.0) Gecko/20100101 Firefox/125.0"
185.216.113.70 - - [16/Apr/2026:11:53:16 +0300] "POST /wp-cron.php?doing_wp_cron=1776329596.0028550624847412109375 HTTP/1.1" 200 448 "-" "WordPress/6.3.8; https://serhatburke.miroglu.net"
128.1.218.166 - - [16/Apr/2026:11:52:08 +0300] "GET /bucks-splash-slots-that-pay-real-money-with-3-deposit-slot-review-microgaming/ HTTP/1.1" 200 75558 "-" "Mozilla/5.0 (Windows NT 10.0; Win64; x64) AppleWebKit/537.36 (KHTML, like Gecko) Chrome/124.0.0.0 Safari/537.36 Edg/124.0.0.0"
185.216.113.70 - - [16/Apr/2026:11:53:52 +0300] "POST /wp-cron.php?doing_wp_cron=1776329632.7251009941101074218750 HTTP/1.1" 200 448 "-" "WordPress/6.3.8; https://serhatburke.miroglu.net"
128.1.218.166 - - [16/Apr/2026:11:52:32 +0300] "POST /xmlrpc.php HTTP/1.1" 200 630 "-" "Mozilla/5.0 (Windows NT 10.0; Win64; x64) AppleWebKit/537.36 (KHTML, like Gecko) Chrome/114.0.0.0 Safari/537.36"
185.216.113.70 - - [16/Apr/2026:11:54:06 +0300] "POST /wp-cron.php?doing_wp_cron=1776329646.3108580112457275390625 HTTP/1.1" 200 448 "-" "WordPress/6.3.8; https://serhatburke.miroglu.net"
98.98.9.18 - - [16/Apr/2026:11:53:02 +0300] "GET /greatest-seafood-dining-50-free-spins-on-lobstermania-2-table-game-casinos-2025-best-sites-incentives/ HTTP/1.1" 200 74536 "-" "Mozilla/5.0 (Windows NT 10.0; Win64; x64) AppleWebKit/537.36 (KHTML, like Gecko) Chrome/124.0.0.0 Safari/537.36 Edg/124.0.0.0"
66.249.68.133 - - [16/Apr/2026:11:54:01 +0300] "GET /sugar-rush-1000-a-sweet-spin-experience-for-aussie-players/ HTTP/1.1" 200 0 "https://korput.driftlogic-games.biz/" "Mozilla/5.0 (Linux; Android 6.0.1; Nexus 5X Build/MMB29P) AppleWebKit/537.36 (KHTML, like Gecko) Chrome/146.0.7680.177 Mobile Safari/537.36 (compatible; Googlebot/2.1; +http://www.google.com/bot.html)"
185.216.113.70 - - [16/Apr/2026:11:54:18 +0300] "POST /wp-cron.php?doing_wp_cron=1776329658.3157479763031005859375 HTTP/1.1" 200 448 "-" "WordPress/6.3.8; https://serhatburke.miroglu.net"
128.1.218.166 - - [16/Apr/2026:11:52:49 +0300] "POST /xmlrpc.php HTTP/1.1" 200 13672 "-" "Mozilla/5.0 (Windows NT 10.0; Win64; x64) AppleWebKit/537.36 (KHTML, like Gecko) Chrome/114.0.0.0 Safari/537.36"
185.216.113.70 - - [16/Apr/2026:11:54:40 +0300] "POST /wp-cron.php?doing_wp_cron=1776329680.6066899299621582031250 HTTP/1.1" 200 448 "-" "WordPress/6.3.8; https://serhatburke.miroglu.net"
165.73.240.153 - - [16/Apr/2026:11:53:18 +0300] "POST /xmlrpc.php HTTP/1.1" 200 630 "-" "Mozilla/5.0 (Windows NT 10.0; Win64; x64) AppleWebKit/537.36 (KHTML, like Gecko) Chrome/114.0.0.0 Safari/537.36"
185.216.113.70 - - [16/Apr/2026:11:54:42 +0300] "POST /wp-cron.php?doing_wp_cron=1776329682.7884120941162109375000 HTTP/1.1" 200 448 "-" "WordPress/6.3.8; https://serhatburke.miroglu.net"
165.73.240.153 - - [16/Apr/2026:11:53:14 +0300] "POST /xmlrpc.php HTTP/1.1" 200 12841 "-" "Mozilla/5.0 (Windows NT 10.0; Win64; x64) AppleWebKit/537.36 (KHTML, like Gecko) Chrome/114.0.0.0 Safari/537.36"
185.216.113.70 - - [16/Apr/2026:11:55:08 +0300] "POST /wp-cron.php?doing_wp_cron=1776329708.8072769641876220703125 HTTP/1.1" 200 448 "-" "WordPress/6.3.8; https://serhatburke.miroglu.net"
128.1.218.166 - - [16/Apr/2026:11:53:23 +0300] "POST /xmlrpc.php HTTP/1.1" 200 630 "-" "Mozilla/5.0 (Windows NT 10.0; Win64; x64) AppleWebKit/537.36 (KHTML, like Gecko) Chrome/114.0.0.0 Safari/537.36"
185.216.113.70 - - [16/Apr/2026:11:55:29 +0300] "POST /wp-cron.php?doing_wp_cron=1776329728.7869861125946044921875 HTTP/1.1" 200 448 "-" "WordPress/6.3.8; https://serhatburke.miroglu.net"
128.1.218.166 - - [16/Apr/2026:11:54:00 +0300] "POST /xmlrpc.php HTTP/1.1" 200 14274 "-" "Mozilla/5.0 (Windows NT 10.0; Win64; x64) AppleWebKit/537.36 (KHTML, like Gecko) Chrome/114.0.0.0 Safari/537.36"
185.216.113.70 - - [16/Apr/2026:11:55:35 +0300] "POST /wp-cron.php?doing_wp_cron=1776329734.8049120903015136718750 HTTP/1.1" 200 448 "-" "WordPress/6.3.8; https://serhatburke.miroglu.net"
128.1.218.166 - - [16/Apr/2026:11:54:14 +0300] "POST /xmlrpc.php HTTP/1.1" 200 630 "-" "Mozilla/5.0 (Windows NT 10.0; Win64; x64) AppleWebKit/537.36 (KHTML, like Gecko) Chrome/114.0.0.0 Safari/537.36"
185.216.113.70 - - [16/Apr/2026:11:55:39 +0300] "POST /wp-cron.php?doing_wp_cron=1776329739.3000760078430175781250 HTTP/1.1" 200 448 "-" "WordPress/6.3.8; https://serhatburke.miroglu.net"
69.58.12.64 - - [16/Apr/2026:11:54:17 +0300] "GET /playmojo-thrilling-quickplay-slots-live-games-inst/ HTTP/1.1" 200 23158 "-" "Python/3.14 aiohttp/3.13.3"
185.216.113.70 - - [16/Apr/2026:11:55:46 +0300] "POST /wp-cron.php?doing_wp_cron=1776329746.2061049938201904296875 HTTP/1.1" 200 448 "-" "WordPress/6.3.8; https://serhatburke.miroglu.net"
128.1.218.166 - - [16/Apr/2026:11:54:20 +0300] "GET /22-100-percent-free-monopoly-120-free-spins-revolves-at-the-cashapillar/ HTTP/1.1" 200 74878 "-" "Mozilla/5.0 (Windows NT 10.0; Win64; x64) AppleWebKit/537.36 (KHTML, like Gecko) Chrome/123.0.0.0 Safari/537.36 OPR/109.0.0.0"
185.216.113.70 - - [16/Apr/2026:11:55:59 +0300] "POST /wp-cron.php?doing_wp_cron=1776329759.0209720134735107421875 HTTP/1.1" 200 448 "-" "WordPress/6.3.8; https://serhatburke.miroglu.net"
92.113.1.212 - - [16/Apr/2026:11:54:29 +0300] "GET /playmojo-thrilling-quickplay-slots-live-games-inst/ HTTP/1.1" 200 23015 "-" "Python/3.14 aiohttp/3.13.3"
185.216.113.70 - - [16/Apr/2026:11:56:12 +0300] "POST /wp-cron.php?doing_wp_cron=1776329772.1583640575408935546875 HTTP/1.1" 200 448 "-" "WordPress/6.3.8; https://serhatburke.miroglu.net"
57.128.22.95 - - [16/Apr/2026:11:54:36 +0300] "GET /zotabet-casino-bonus-premier-depot-2026/ HTTP/1.1" 200 18583 "https://serhatburke.miroglu.net/" "Mozilla/5.0 (Windows NT 10.0; Win64; x64) AppleWebKit/537.36 (KHTML, like Gecko) Chrome/144.0.0.0 Safari/537.36 Edg/144.0.0.0"
185.216.113.70 - - [16/Apr/2026:11:56:23 +0300] "POST /wp-cron.php?doing_wp_cron=1776329783.1980350017547607421875 HTTP/1.1" 200 448 "-" "WordPress/6.3.8; https://serhatburke.miroglu.net"
165.73.240.153 - - [16/Apr/2026:11:54:44 +0300] "GET /5-minimal-deposit-casinos-united-kingdom-play-slots-and-games-release-the-kraken-slot-which-have-5-weight/ HTTP/1.1" 200 74865 "-" "Mozilla/5.0 (Windows NT 10.0; Win64; x64) AppleWebKit/537.36 (KHTML, like Gecko) Chrome/109.0.0.0 Safari/537.36"
185.216.113.70 - - [16/Apr/2026:11:56:42 +0300] "POST /wp-cron.php?doing_wp_cron=1776329801.9871270656585693359375 HTTP/1.1" 200 448 "-" "WordPress/6.3.8; https://serhatburke.miroglu.net"
128.1.218.166 - - [16/Apr/2026:11:55:03 +0300] "POST /xmlrpc.php HTTP/1.1" 500 1102 "-" "Mozilla/5.0 (Windows NT 10.0; Win64; x64) AppleWebKit/537.36 (KHTML, like Gecko) Chrome/114.0.0.0 Safari/537.36"
185.216.113.70 - - [16/Apr/2026:11:56:43 +0300] "POST /wp-cron.php?doing_wp_cron=1776329803.7330679893493652343750 HTTP/1.1" 200 448 "-" "WordPress/6.3.8; https://serhatburke.miroglu.net"
165.73.240.153 - - [16/Apr/2026:11:54:47 +0300] "POST /xmlrpc.php HTTP/1.1" 200 13112 "-" "Mozilla/5.0 (Windows NT 10.0; Win64; x64) AppleWebKit/537.36 (KHTML, like Gecko) Chrome/114.0.0.0 Safari/537.36"
165.73.240.153 - - [16/Apr/2026:11:54:45 +0300] "POST /xmlrpc.php HTTP/1.1" 500 745 "-" "Mozilla/5.0 (Windows NT 10.0; Win64; x64) AppleWebKit/537.36 (KHTML, like Gecko) Chrome/114.0.0.0 Safari/537.36"
185.216.113.70 - - [16/Apr/2026:11:57:02 +0300] "POST /wp-cron.php?doing_wp_cron=1776329822.4072129726409912109375 HTTP/1.1" 200 448 "-" "WordPress/6.3.8; https://serhatburke.miroglu.net"
128.1.218.166 - - [16/Apr/2026:11:55:06 +0300] "POST /xmlrpc.php HTTP/1.1" 200 630 "-" "Mozilla/5.0 (Windows NT 10.0; Win64; x64) AppleWebKit/537.36 (KHTML, like Gecko) Chrome/114.0.0.0 Safari/537.36"
185.216.113.70 - - [16/Apr/2026:11:57:25 +0300] "POST /wp-cron.php?doing_wp_cron=1776329845.6998009681701660156250 HTTP/1.1" 200 448 "-" "WordPress/6.3.8; https://serhatburke.miroglu.net"
185.216.113.70 - - [16/Apr/2026:11:57:27 +0300] "POST /wp-cron.php?doing_wp_cron=1776329846.8147099018096923828125 HTTP/1.1" 200 448 "-" "WordPress/6.3.8; https://serhatburke.miroglu.net"
57.128.22.95 - - [16/Apr/2026:11:55:36 +0300] "GET /zotabet-casino-bonus-premier-depot-2026/ HTTP/1.1" 200 18537 "https://serhatburke.miroglu.net/" "Mozilla/5.0 (Windows NT 10.0; Win64; x64) AppleWebKit/537.36 (KHTML, like Gecko) Chrome/144.0.0.0 Safari/537.36 Edg/144.0.0.0"
128.1.218.166 - - [16/Apr/2026:11:55:31 +0300] "GET /gcore-play-casino-slots-online-for-free/ HTTP/1.1" 200 74591 "-" "Mozilla/5.0 (Windows NT 10.0; Win64; x64) AppleWebKit/537.36 (KHTML, like Gecko) Chrome/122.0.0.0 Safari/537.36"
185.216.113.70 - - [16/Apr/2026:11:57:43 +0300] "POST /wp-cron.php?doing_wp_cron=1776329862.7901430130004882812500 HTTP/1.1" 200 448 "-" "WordPress/6.3.8; https://serhatburke.miroglu.net"
128.1.218.166 - - [16/Apr/2026:11:55:42 +0300] "POST /xmlrpc.php HTTP/1.1" 500 745 "-" "Mozilla/5.0 (Windows NT 10.0; Win64; x64) AppleWebKit/537.36 (KHTML, like Gecko) Chrome/114.0.0.0 Safari/537.36"
128.1.218.166 - - [16/Apr/2026:11:56:00 +0300] "POST /xmlrpc.php HTTP/1.1" 200 630 "-" "Mozilla/5.0 (Windows NT 10.0; Win64; x64) AppleWebKit/537.36 (KHTML, like Gecko) Chrome/114.0.0.0 Safari/537.36"
165.73.240.153 - - [16/Apr/2026:11:56:01 +0300] "POST /xmlrpc.php HTTP/1.1" 500 745 "-" "Mozilla/5.0 (Windows NT 10.0; Win64; x64) AppleWebKit/537.36 (KHTML, like Gecko) Chrome/114.0.0.0 Safari/537.36"
165.73.240.153 - - [16/Apr/2026:11:56:25 +0300] "POST /xmlrpc.php HTTP/1.1" 500 745 "-" "Mozilla/5.0 (Windows NT 10.0; Win64; x64) AppleWebKit/537.36 (KHTML, like Gecko) Chrome/114.0.0.0 Safari/537.36"
165.73.240.153 - - [16/Apr/2026:11:56:26 +0300] "POST /xmlrpc.php HTTP/1.1" 500 745 "-" "Mozilla/5.0 (Windows NT 10.0; Win64; x64) AppleWebKit/537.36 (KHTML, like Gecko) Chrome/114.0.0.0 Safari/537.36"
165.73.240.153 - - [16/Apr/2026:11:56:33 +0300] "POST /xmlrpc.php HTTP/1.1" 500 745 "-" "Mozilla/5.0 (Windows NT 10.0; Win64; x64) AppleWebKit/537.36 (KHTML, like Gecko) Chrome/114.0.0.0 Safari/537.36"
57.128.22.95 - - [16/Apr/2026:11:56:36 +0300] "GET /zotabet-casino-bonus-premier-depot-2026/ HTTP/1.1" 500 782 "https://serhatburke.miroglu.net/" "Mozilla/5.0 (Windows NT 10.0; Win64; x64) AppleWebKit/537.36 (KHTML, like Gecko) Chrome/144.0.0.0 Safari/537.36 Edg/144.0.0.0"
107.174.194.9 - - [16/Apr/2026:11:56:36 +0300] "GET /the-dog-house-megaways-a-highintensity-slot-for-qu/ HTTP/1.1" 500 782 "-" "Python/3.14 aiohttp/3.13.3"
128.1.218.166 - - [16/Apr/2026:11:56:46 +0300] "POST /xmlrpc.php HTTP/1.1" 500 745 "-" "Mozilla/5.0 (Windows NT 10.0; Win64; x64) AppleWebKit/537.36 (KHTML, like Gecko) Chrome/114.0.0.0 Safari/537.36"
82.26.246.233 - - [16/Apr/2026:11:56:49 +0300] "GET /the-dog-house-megaways-a-highintensity-slot-for-qu/ HTTP/1.1" 500 782 "-" "Python/3.14 aiohttp/3.13.3"
128.1.218.166 - - [16/Apr/2026:11:56:49 +0300] "POST /xmlrpc.php HTTP/1.1" 500 745 "-" "Mozilla/5.0 (Windows NT 10.0; Win64; x64) AppleWebKit/537.36 (KHTML, like Gecko) Chrome/114.0.0.0 Safari/537.36"
128.1.218.166 - - [16/Apr/2026:11:56:48 +0300] "POST /xmlrpc.php HTTP/1.1" 500 745 "-" "Mozilla/5.0 (Windows NT 10.0; Win64; x64) AppleWebKit/537.36 (KHTML, like Gecko) Chrome/114.0.0.0 Safari/537.36"
40.77.167.126 - - [16/Apr/2026:11:58:11 +0300] "GET /post-sitemap53.xml HTTP/2" 200 0 "-" "Mozilla/5.0 AppleWebKit/537.36 (KHTML, like Gecko; compatible; bingbot/2.0; +http://www.bing.com/bingbot.htm) Chrome/116.0.1938.76 Safari/537.36"
