128.1.218.179 - - [16/Apr/2026:15:32:50 +0300] "POST /xmlrpc.php HTTP/1.1" 200 630 "-" "Mozilla/5.0 (Windows NT 10.0; Win64; x64) AppleWebKit/537.36 (KHTML, like Gecko) Chrome/114.0.0.0 Safari/537.36"
185.216.113.70 - - [16/Apr/2026:15:33:17 +0300] "POST /wp-cron.php?doing_wp_cron=1776342797.2446401119232177734375 HTTP/1.1" 200 448 "-" "WordPress/6.3.8; https://serhatburke.miroglu.net"
98.98.9.26 - - [16/Apr/2026:15:33:00 +0300] "POST /xmlrpc.php HTTP/1.1" 200 630 "-" "Mozilla/5.0 (Windows NT 10.0; Win64; x64) AppleWebKit/537.36 (KHTML, like Gecko) Chrome/114.0.0.0 Safari/537.36"
165.73.240.153 - - [16/Apr/2026:15:33:05 +0300] "POST /xmlrpc.php HTTP/1.1" 200 630 "-" "Mozilla/5.0 (Windows NT 10.0; Win64; x64) AppleWebKit/537.36 (KHTML, like Gecko) Chrome/114.0.0.0 Safari/537.36"
128.1.218.179 - - [16/Apr/2026:15:33:11 +0300] "POST /xmlrpc.php HTTP/1.1" 200 13801 "-" "Mozilla/5.0 (Windows NT 10.0; Win64; x64) AppleWebKit/537.36 (KHTML, like Gecko) Chrome/114.0.0.0 Safari/537.36"
98.98.9.26 - - [16/Apr/2026:15:33:28 +0300] "POST /xmlrpc.php HTTP/1.1" 200 14058 "-" "Mozilla/5.0 (Windows NT 10.0; Win64; x64) AppleWebKit/537.36 (KHTML, like Gecko) Chrome/114.0.0.0 Safari/537.36"
165.73.240.153 - - [16/Apr/2026:15:33:31 +0300] "POST /xmlrpc.php HTTP/1.1" 200 12729 "-" "Mozilla/5.0 (Windows NT 10.0; Win64; x64) AppleWebKit/537.36 (KHTML, like Gecko) Chrome/114.0.0.0 Safari/537.36"
128.1.218.179 - - [16/Apr/2026:15:33:33 +0300] "GET /microgaming-local-casino-harbors-video-game-extra-totally-free-revolves-ratings-read-customer-service-analysis-of-microgamingcasino-on-blazing-sevens-free-spins-the-web/ HTTP/1.1" 200 77418 "-" "Mozilla/5.0 (Windows NT 10.0; Win64; x64) AppleWebKit/537.36 (KHTML, like Gecko) Chrome/122.0.0.0 Safari/537.36"
185.216.113.70 - - [16/Apr/2026:15:34:05 +0300] "POST /wp-cron.php?doing_wp_cron=1776342845.2249600887298583984375 HTTP/1.1" 200 448 "-" "WordPress/6.3.8; https://serhatburke.miroglu.net"
98.98.9.26 - - [16/Apr/2026:15:33:51 +0300] "GET /celebrity-trek-up-against-all-of-the-opportunity-bezplaten-onlayn-slot-za-kazino/ HTTP/1.1" 200 80426 "-" "Mozilla/5.0 (Windows NT 10.0; Win64; x64) AppleWebKit/537.36 (KHTML, like Gecko) Chrome/124.0.0.0 Safari/537.36"
165.73.240.153 - - [16/Apr/2026:15:33:53 +0300] "GET /free-pokies-on-the-internet-australian-continent-gamble-web-based-fairytale-forest-quik-online-casino-poker-host-games/ HTTP/1.1" 200 75301 "-" "Mozilla/5.0 (Windows NT 10.0; Win64; x64) AppleWebKit/537.36 (KHTML, like Gecko) Chrome/122.0.0.0 Safari/537.36"
128.1.218.179 - - [16/Apr/2026:15:34:23 +0300] "POST /xmlrpc.php HTTP/1.1" 200 630 "-" "Mozilla/5.0 (Windows NT 10.0; Win64; x64) AppleWebKit/537.36 (KHTML, like Gecko) Chrome/114.0.0.0 Safari/537.36"
185.216.113.70 - - [16/Apr/2026:15:34:56 +0300] "POST /wp-cron.php?doing_wp_cron=1776342896.1876170635223388671875 HTTP/1.1" 200 448 "-" "WordPress/6.3.8; https://serhatburke.miroglu.net"
128.1.218.179 - - [16/Apr/2026:15:34:42 +0300] "POST /xmlrpc.php HTTP/1.1" 200 14780 "-" "Mozilla/5.0 (Windows NT 10.0; Win64; x64) AppleWebKit/537.36 (KHTML, like Gecko) Chrome/114.0.0.0 Safari/537.36"
128.1.218.179 - - [16/Apr/2026:15:34:57 +0300] "GET /enjoy-22800-free-gambling-lightning-link-casino-free-coins-games-slots-no-down-load/ HTTP/1.1" 200 76228 "-" "Mozilla/5.0 (Windows NT 10.0; Win64; x64) AppleWebKit/537.36 (KHTML, like Gecko) Chrome/109.0.0.0 Safari/537.36"
98.98.9.26 - - [16/Apr/2026:15:35:16 +0300] "POST /xmlrpc.php HTTP/1.1" 200 630 "-" "Mozilla/5.0 (Windows NT 10.0; Win64; x64) AppleWebKit/537.36 (KHTML, like Gecko) Chrome/114.0.0.0 Safari/537.36"
185.216.113.70 - - [16/Apr/2026:15:35:56 +0300] "POST /wp-cron.php?doing_wp_cron=1776342956.1544930934906005859375 HTTP/1.1" 200 448 "-" "WordPress/6.3.8; https://serhatburke.miroglu.net"
98.98.9.26 - - [16/Apr/2026:15:35:42 +0300] "POST /xmlrpc.php HTTP/1.1" 200 14461 "-" "Mozilla/5.0 (Windows NT 10.0; Win64; x64) AppleWebKit/537.36 (KHTML, like Gecko) Chrome/114.0.0.0 Safari/537.36"
128.1.218.179 - - [16/Apr/2026:15:35:54 +0300] "POST /xmlrpc.php HTTP/1.1" 200 630 "-" "Mozilla/5.0 (Windows NT 10.0; Win64; x64) AppleWebKit/537.36 (KHTML, like Gecko) Chrome/114.0.0.0 Safari/537.36"
98.98.9.26 - - [16/Apr/2026:15:35:58 +0300] "GET /igra-na-slot-mashina-starburst-universe-96-rtp-17288-xbet-maksimalni-pechalbi/ HTTP/1.1" 200 81042 "-" "Mozilla/5.0 (Windows NT 10.0; Win64; x64; rv:125.0) Gecko/20100101 Firefox/125.0"
128.1.218.179 - - [16/Apr/2026:15:36:18 +0300] "POST /xmlrpc.php HTTP/1.1" 200 14476 "-" "Mozilla/5.0 (Windows NT 10.0; Win64; x64) AppleWebKit/537.36 (KHTML, like Gecko) Chrome/114.0.0.0 Safari/537.36"
103.219.169.133 - - [16/Apr/2026:15:36:19 +0300] "POST /xmlrpc.php HTTP/1.1" 200 630 "-" "Mozilla/5.0 (Windows NT 10.0; Win64; x64) AppleWebKit/537.36 (KHTML, like Gecko) Chrome/114.0.0.0 Safari/537.36"
128.1.218.179 - - [16/Apr/2026:15:36:32 +0300] "GET /real-santas-wild-ride-online-slot-cash-online-pokies-finest-pokies-casinos-2026/ HTTP/1.1" 200 75818 "-" "Mozilla/5.0 (Windows NT 10.0; Win64; x64) AppleWebKit/537.36 (KHTML, like Gecko) Chrome/124.0.0.0 Safari/537.36 Edg/124.0.0.0"
185.216.113.70 - - [16/Apr/2026:15:36:50 +0300] "POST /wp-cron.php?doing_wp_cron=1776343010.4060330390930175781250 HTTP/1.1" 200 448 "-" "WordPress/6.3.8; https://serhatburke.miroglu.net"
103.219.169.133 - - [16/Apr/2026:15:36:38 +0300] "POST /xmlrpc.php HTTP/1.1" 200 17079 "-" "Mozilla/5.0 (Windows NT 10.0; Win64; x64) AppleWebKit/537.36 (KHTML, like Gecko) Chrome/114.0.0.0 Safari/537.36"
103.219.169.133 - - [16/Apr/2026:15:36:52 +0300] "GET /beste-online-herr-bet-registrierung-at-casinos-alpenrepublik-2026-15-beste-casinos-verbunden/ HTTP/1.1" 200 79255 "-" "Mozilla/5.0 (Windows NT 10.0; Win64; x64) AppleWebKit/537.36 (KHTML, like Gecko) Chrome/124.0.0.0 Safari/537.36"
128.1.218.179 - - [16/Apr/2026:15:37:19 +0300] "POST /xmlrpc.php HTTP/1.1" 200 630 "-" "Mozilla/5.0 (Windows NT 10.0; Win64; x64) AppleWebKit/537.36 (KHTML, like Gecko) Chrome/114.0.0.0 Safari/537.36"
185.216.113.70 - - [16/Apr/2026:15:37:50 +0300] "POST /wp-cron.php?doing_wp_cron=1776343070.1840379238128662109375 HTTP/1.1" 200 448 "-" "WordPress/6.3.8; https://serhatburke.miroglu.net"
128.1.218.179 - - [16/Apr/2026:15:37:37 +0300] "POST /xmlrpc.php HTTP/1.1" 200 13665 "-" "Mozilla/5.0 (Windows NT 10.0; Win64; x64) AppleWebKit/537.36 (KHTML, like Gecko) Chrome/114.0.0.0 Safari/537.36"
128.1.218.179 - - [16/Apr/2026:15:37:51 +0300] "GET /better-online-casino-position-video-game-slot-games-safari-sam-2026-play-well-understood-slots-carsons-excursion/ HTTP/1.1" 200 75951 "-" "Mozilla/5.0 (Windows NT 10.0; Win64; x64) AppleWebKit/537.36 (KHTML, like Gecko) Chrome/109.0.0.0 Safari/537.36"
185.216.113.70 - - [16/Apr/2026:15:38:51 +0300] "POST /wp-cron.php?doing_wp_cron=1776343131.2964210510253906250000 HTTP/1.1" 200 448 "-" "WordPress/6.3.8; https://serhatburke.miroglu.net"
128.1.218.179 - - [16/Apr/2026:15:38:36 +0300] "POST /xmlrpc.php HTTP/1.1" 200 630 "-" "Mozilla/5.0 (Windows NT 10.0; Win64; x64) AppleWebKit/537.36 (KHTML, like Gecko) Chrome/114.0.0.0 Safari/537.36"
128.1.218.179 - - [16/Apr/2026:15:38:58 +0300] "POST /xmlrpc.php HTTP/1.1" 200 13957 "-" "Mozilla/5.0 (Windows NT 10.0; Win64; x64) AppleWebKit/537.36 (KHTML, like Gecko) Chrome/114.0.0.0 Safari/537.36"
128.1.218.179 - - [16/Apr/2026:15:39:14 +0300] "GET /spend-best-time-punting-within-the-funky-good-fresh-casino-trada-free-chip-fruit-slot-100-percent-free-online-game-on-the-web/ HTTP/1.1" 200 76511 "-" "Mozilla/5.0 (Windows NT 10.0; Win64; x64) AppleWebKit/537.36 (KHTML, like Gecko) Chrome/124.0.0.0 Safari/537.36"
185.216.113.70 - - [16/Apr/2026:15:39:56 +0300] "POST /wp-cron.php?doing_wp_cron=1776343195.8571209907531738281250 HTTP/1.1" 200 448 "-" "WordPress/6.3.8; https://serhatburke.miroglu.net"
158.69.22.136 - - [16/Apr/2026:15:39:43 +0300] "GET /beste-casino-site-belgie-hoge-inzet/ HTTP/1.1" 200 18595 "https://serhatburke.miroglu.net/" "Mozilla/5.0 (X11; Linux x86_64; rv:109.0) Gecko/20100101 Firefox/119.0"
158.69.22.136 - - [16/Apr/2026:15:40:01 +0300] "GET /wp-includes/css/dist/block-library/style.min.css?ver=6.3.8 HTTP/1.1" 200 13578 "https://serhatburke.miroglu.net/beste-casino-site-belgie-hoge-inzet/" "Mozilla/5.0 (Windows NT 10.0; Win64; x64) AppleWebKit/537.36 (KHTML, like Gecko) Chrome/145.0.0.0 Safari/537.36"
158.69.22.136 - - [16/Apr/2026:15:40:02 +0300] "GET /wp-content/plugins/contact-form-7/includes/css/styles.css?ver=5.8 HTTP/1.1" 200 1490 "https://serhatburke.miroglu.net/beste-casino-site-belgie-hoge-inzet/" "Mozilla/5.0 (Windows NT 10.0; Win64; x64) AppleWebKit/537.36 (KHTML, like Gecko) Chrome/145.0.0.0 Safari/537.36"
158.69.22.136 - - [16/Apr/2026:15:40:03 +0300] "GET /wp-content/themes/toppic/css/fontello.css?ver=4.2 HTTP/1.1" 200 1802 "https://serhatburke.miroglu.net/beste-casino-site-belgie-hoge-inzet/" "Mozilla/5.0 (Windows NT 10.0; Win64; x64) AppleWebKit/537.36 (KHTML, like Gecko) Chrome/145.0.0.0 Safari/537.36"
158.69.22.136 - - [16/Apr/2026:15:40:04 +0300] "GET /wp-content/themes/toppic/css/reset.css?ver=4.2 HTTP/1.1" 200 1178 "https://serhatburke.miroglu.net/beste-casino-site-belgie-hoge-inzet/" "Mozilla/5.0 (Windows NT 10.0; Win64; x64) AppleWebKit/537.36 (KHTML, like Gecko) Chrome/145.0.0.0 Safari/537.36"
158.69.22.136 - - [16/Apr/2026:15:40:04 +0300] "GET /wp-content/themes/toppic/css/default.css?ver=4.2 HTTP/1.1" 200 1811 "https://serhatburke.miroglu.net/beste-casino-site-belgie-hoge-inzet/" "Mozilla/5.0 (Windows NT 10.0; Win64; x64) AppleWebKit/537.36 (KHTML, like Gecko) Chrome/145.0.0.0 Safari/537.36"
158.69.22.136 - - [16/Apr/2026:15:40:05 +0300] "GET /wp-content/themes/toppic/style.css?ver=4.2 HTTP/1.1" 200 23398 "https://serhatburke.miroglu.net/beste-casino-site-belgie-hoge-inzet/" "Mozilla/5.0 (Windows NT 10.0; Win64; x64) AppleWebKit/537.36 (KHTML, like Gecko) Chrome/145.0.0.0 Safari/537.36"
158.69.22.136 - - [16/Apr/2026:15:40:06 +0300] "GET /wp-content/themes/toppic/css/royalslider.css?ver=4.2 HTTP/1.1" 200 1887 "https://serhatburke.miroglu.net/beste-casino-site-belgie-hoge-inzet/" "Mozilla/5.0 (Windows NT 10.0; Win64; x64) AppleWebKit/537.36 (KHTML, like Gecko) Chrome/145.0.0.0 Safari/537.36"
158.69.22.136 - - [16/Apr/2026:15:40:06 +0300] "GET /wp-content/themes/toppic/css/rs-default.css?ver=4.2 HTTP/1.1" 200 2625 "https://serhatburke.miroglu.net/beste-casino-site-belgie-hoge-inzet/" "Mozilla/5.0 (Windows NT 10.0; Win64; x64) AppleWebKit/537.36 (KHTML, like Gecko) Chrome/145.0.0.0 Safari/537.36"
158.69.22.136 - - [16/Apr/2026:15:40:07 +0300] "GET /wp-content/themes/toppic/css/lightbox.css?ver=4.2 HTTP/1.1" 200 2956 "https://serhatburke.miroglu.net/beste-casino-site-belgie-hoge-inzet/" "Mozilla/5.0 (Windows NT 10.0; Win64; x64) AppleWebKit/537.36 (KHTML, like Gecko) Chrome/145.0.0.0 Safari/537.36"
158.69.22.136 - - [16/Apr/2026:15:40:08 +0300] "GET /wp-content/themes/toppic/css/woocommerce.css?ver=4.2 HTTP/1.1" 200 2848 "https://serhatburke.miroglu.net/beste-casino-site-belgie-hoge-inzet/" "Mozilla/5.0 (Windows NT 10.0; Win64; x64) AppleWebKit/537.36 (KHTML, like Gecko) Chrome/145.0.0.0 Safari/537.36"
158.69.22.136 - - [16/Apr/2026:15:40:08 +0300] "GET /wp-content/themes/toppic/css/responsive.css?ver=4.2 HTTP/1.1" 200 2796 "https://serhatburke.miroglu.net/beste-casino-site-belgie-hoge-inzet/" "Mozilla/5.0 (Windows NT 10.0; Win64; x64) AppleWebKit/537.36 (KHTML, like Gecko) Chrome/145.0.0.0 Safari/537.36"
128.1.218.179 - - [16/Apr/2026:15:39:56 +0300] "POST /xmlrpc.php HTTP/1.1" 200 630 "-" "Mozilla/5.0 (Windows NT 10.0; Win64; x64) AppleWebKit/537.36 (KHTML, like Gecko) Chrome/114.0.0.0 Safari/537.36"
151.244.111.202 - - [16/Apr/2026:15:40:01 +0300] "GET /parking-at-crown-13/ HTTP/1.1" 200 21462 "-" "Screaming Frog SEO Spider/16.7"
158.69.22.136 - - [16/Apr/2026:15:40:09 +0300] "POST /wp-comments-post.php HTTP/1.1" 302 1083 "https://serhatburke.miroglu.net/beste-casino-site-belgie-hoge-inzet/" "Mozilla/5.0 (X11; Linux x86_64; rv:109.0) Gecko/20100101 Firefox/119.0"
185.216.113.70 - - [16/Apr/2026:15:40:34 +0300] "POST /wp-cron.php?doing_wp_cron=1776343234.2936758995056152343750 HTTP/1.1" 200 448 "-" "WordPress/6.3.8; https://serhatburke.miroglu.net"
128.1.218.179 - - [16/Apr/2026:15:40:22 +0300] "POST /xmlrpc.php HTTP/1.1" 200 14413 "-" "Mozilla/5.0 (Windows NT 10.0; Win64; x64) AppleWebKit/537.36 (KHTML, like Gecko) Chrome/114.0.0.0 Safari/537.36"
158.69.22.136 - - [16/Apr/2026:15:40:24 +0300] "GET /beste-casino-site-belgie-hoge-inzet/?unapproved=411&moderation-hash=334e4583571296819ea92c34dd10f779 HTTP/1.1" 200 19073 "https://serhatburke.miroglu.net/wp-comments-post.php" "Mozilla/5.0 (X11; Linux x86_64; rv:109.0) Gecko/20100101 Firefox/119.0"
128.1.218.179 - - [16/Apr/2026:15:40:35 +0300] "GET /thunderstruck-dos-demonstration-play-free-captain-venture-slot-free-spins-position-video-game/ HTTP/1.1" 200 76519 "-" "Mozilla/5.0 (Windows NT 10.0; Win64; x64; rv:125.0) Gecko/20100101 Firefox/125.0"
158.69.22.136 - - [16/Apr/2026:15:40:39 +0300] "GET /beste-casino-site-belgie-hoge-inzet/ HTTP/1.1" 200 18613 "-" "Mozilla/5.0 (compatible; Googlebot/2.1; +http://www.google.com/bot.html)"
128.1.218.179 - - [16/Apr/2026:15:41:10 +0300] "POST /xmlrpc.php HTTP/1.1" 200 630 "-" "Mozilla/5.0 (Windows NT 10.0; Win64; x64) AppleWebKit/537.36 (KHTML, like Gecko) Chrome/114.0.0.0 Safari/537.36"
185.216.113.70 - - [16/Apr/2026:15:41:42 +0300] "POST /wp-cron.php?doing_wp_cron=1776343302.2975499629974365234375 HTTP/1.1" 200 448 "-" "WordPress/6.3.8; https://serhatburke.miroglu.net"
128.1.218.179 - - [16/Apr/2026:15:41:29 +0300] "POST /xmlrpc.php HTTP/1.1" 200 14325 "-" "Mozilla/5.0 (Windows NT 10.0; Win64; x64) AppleWebKit/537.36 (KHTML, like Gecko) Chrome/114.0.0.0 Safari/537.36"
185.173.39.81 - - [16/Apr/2026:15:41:38 +0300] "POST /xmlrpc.php HTTP/1.1" 200 87245 "-" "Mozilla/5.0 (Windows NT 10.0; WOW64) AppleWebKit/537.36 (KHTML, like Gecko) Chrome/80.0.3987.132 Safari/537.36"
128.1.218.179 - - [16/Apr/2026:15:41:43 +0300] "GET /igt-ports-play-100-percent-free-igt-goldbet-login-india-position-games-demonstrations/ HTTP/1.1" 200 75927 "-" "Mozilla/5.0 (Windows NT 10.0; rv:125.0) Gecko/20100101 Firefox/125.0"
103.219.169.133 - - [16/Apr/2026:15:41:52 +0300] "POST /xmlrpc.php HTTP/1.1" 200 630 "-" "Mozilla/5.0 (Windows NT 10.0; Win64; x64) AppleWebKit/537.36 (KHTML, like Gecko) Chrome/114.0.0.0 Safari/537.36"
185.173.39.81 - - [16/Apr/2026:15:41:59 +0300] "POST /xmlrpc.php HTTP/1.1" 200 725 "-" "Mozilla/5.0 (Windows NT 10.0; WOW64) AppleWebKit/537.36 (KHTML, like Gecko) Chrome/80.0.3987.132 Safari/537.36"
103.219.169.133 - - [16/Apr/2026:15:42:19 +0300] "POST /xmlrpc.php HTTP/1.1" 200 17267 "-" "Mozilla/5.0 (Windows NT 10.0; Win64; x64) AppleWebKit/537.36 (KHTML, like Gecko) Chrome/114.0.0.0 Safari/537.36"
185.216.113.70 - - [16/Apr/2026:15:42:48 +0300] "POST /wp-cron.php?doing_wp_cron=1776343368.1870410442352294921875 HTTP/1.1" 200 448 "-" "WordPress/6.3.8; https://serhatburke.miroglu.net"
185.173.39.81 - - [16/Apr/2026:15:42:30 +0300] "POST /xmlrpc.php HTTP/1.1" 200 667 "-" "Mozilla/5.0 (Windows NT 10.0; WOW64) AppleWebKit/537.36 (KHTML, like Gecko) Chrome/80.0.3987.132 Safari/537.36"
128.1.218.179 - - [16/Apr/2026:15:42:31 +0300] "POST /xmlrpc.php HTTP/1.1" 200 630 "-" "Mozilla/5.0 (Windows NT 10.0; Win64; x64) AppleWebKit/537.36 (KHTML, like Gecko) Chrome/114.0.0.0 Safari/537.36"
103.219.169.133 - - [16/Apr/2026:15:42:36 +0300] "GET /leovegas-erprobung-casino-great-rhino-megaways-wie-sind-unsrige-erfahrungen-qua-ein-spielhalle/ HTTP/1.1" 200 79473 "-" "Mozilla/5.0 (Windows NT 10.0; Win64; x64) AppleWebKit/537.36 (KHTML, like Gecko) Chrome/124.0.0.0 Safari/537.36"
185.173.39.81 - - [16/Apr/2026:15:42:50 +0300] "POST /xmlrpc.php HTTP/1.1" 200 706 "-" "Mozilla/5.0 (Windows NT 10.0; WOW64) AppleWebKit/537.36 (KHTML, like Gecko) Chrome/80.0.3987.132 Safari/537.36"
128.1.218.179 - - [16/Apr/2026:15:42:56 +0300] "POST /xmlrpc.php HTTP/1.1" 200 13388 "-" "Mozilla/5.0 (Windows NT 10.0; Win64; x64) AppleWebKit/537.36 (KHTML, like Gecko) Chrome/114.0.0.0 Safari/537.36"
128.1.218.179 - - [16/Apr/2026:15:43:14 +0300] "GET /ones-lobstermania-no-deposit-free-spins-heart-of-ones-web-sites/ HTTP/1.1" 200 74465 "-" "Mozilla/5.0 (Windows NT 10.0; Win64; x64) AppleWebKit/537.36 (KHTML, like Gecko) Chrome/124.0.0.0 Safari/537.36"
185.216.113.70 - - [16/Apr/2026:15:43:57 +0300] "POST /wp-cron.php?doing_wp_cron=1776343436.9641540050506591796875 HTTP/1.1" 200 448 "-" "WordPress/6.3.8; https://serhatburke.miroglu.net"
128.1.218.179 - - [16/Apr/2026:15:43:44 +0300] "POST /xmlrpc.php HTTP/1.1" 200 630 "-" "Mozilla/5.0 (Windows NT 10.0; Win64; x64) AppleWebKit/537.36 (KHTML, like Gecko) Chrome/114.0.0.0 Safari/537.36"
165.73.240.153 - - [16/Apr/2026:15:44:01 +0300] "POST /xmlrpc.php HTTP/1.1" 200 630 "-" "Mozilla/5.0 (Windows NT 10.0; Win64; x64) AppleWebKit/537.36 (KHTML, like Gecko) Chrome/114.0.0.0 Safari/537.36"
128.1.218.179 - - [16/Apr/2026:15:44:04 +0300] "POST /xmlrpc.php HTTP/1.1" 200 14132 "-" "Mozilla/5.0 (Windows NT 10.0; Win64; x64) AppleWebKit/537.36 (KHTML, like Gecko) Chrome/114.0.0.0 Safari/537.36"
185.216.113.70 - - [16/Apr/2026:15:44:40 +0300] "POST /wp-cron.php?doing_wp_cron=1776343480.7944049835205078125000 HTTP/1.1" 200 448 "-" "WordPress/6.3.8; https://serhatburke.miroglu.net"
165.73.240.153 - - [16/Apr/2026:15:44:23 +0300] "POST /xmlrpc.php HTTP/1.1" 200 13148 "-" "Mozilla/5.0 (Windows NT 10.0; Win64; x64) AppleWebKit/537.36 (KHTML, like Gecko) Chrome/114.0.0.0 Safari/537.36"
128.1.218.179 - - [16/Apr/2026:15:44:21 +0300] "GET /better-online-casino-minimum-deposit-1-reports-archives/ HTTP/1.1" 200 75285 "-" "Mozilla/5.0 (Windows NT 10.0; Win64; x64; rv:125.0) Gecko/20100101 Firefox/125.0"
158.69.22.136 - - [16/Apr/2026:15:44:27 +0300] "GET /beste-casino-site-belgie-hoge-inzet/ HTTP/1.1" 200 18613 "-" "Mozilla/5.0 (compatible; Googlebot/2.1; +http://www.google.com/bot.html)"
165.73.240.153 - - [16/Apr/2026:15:44:42 +0300] "GET /lobstermania-position-comment-bonus-slot-crazy-bananas-2026-wager-free-here/ HTTP/1.1" 200 74425 "-" "Mozilla/5.0 (Windows NT 10.0; Win64; x64) AppleWebKit/537.36 (KHTML, like Gecko) Chrome/109.0.0.0 Safari/537.36"
128.1.218.179 - - [16/Apr/2026:15:44:56 +0300] "POST /xmlrpc.php HTTP/1.1" 200 630 "-" "Mozilla/5.0 (Windows NT 10.0; Win64; x64) AppleWebKit/537.36 (KHTML, like Gecko) Chrome/114.0.0.0 Safari/537.36"
82.25.62.125 - - [16/Apr/2026:15:45:01 +0300] "GET /casino-online-skrill-prelievo-veloce/ HTTP/1.1" 200 18142 "-" "Mozilla/5.0 (compatible; Googlebot/2.1; +http://www.google.com/bot.html)"
185.216.113.70 - - [16/Apr/2026:15:45:28 +0300] "POST /wp-cron.php?doing_wp_cron=1776343528.5668840408325195312500 HTTP/1.1" 200 448 "-" "WordPress/6.3.8; https://serhatburke.miroglu.net"
128.1.218.179 - - [16/Apr/2026:15:45:16 +0300] "POST /xmlrpc.php HTTP/1.1" 200 14242 "-" "Mozilla/5.0 (Windows NT 10.0; Win64; x64) AppleWebKit/537.36 (KHTML, like Gecko) Chrome/114.0.0.0 Safari/537.36"
128.1.218.179 - - [16/Apr/2026:15:45:33 +0300] "GET /totally-free-slots-enjoy-8334-online-casino-slot-slot-machine-high-roller-games-computers/ HTTP/1.1" 200 75798 "-" "Mozilla/5.0 (Windows NT 10.0; Win64; x64; rv:124.0) Gecko/20100101 Firefox/124.0"
165.73.240.153 - - [16/Apr/2026:15:45:52 +0300] "POST /xmlrpc.php HTTP/1.1" 200 630 "-" "Mozilla/5.0 (Windows NT 10.0; Win64; x64) AppleWebKit/537.36 (KHTML, like Gecko) Chrome/114.0.0.0 Safari/537.36"
185.216.113.70 - - [16/Apr/2026:15:46:25 +0300] "POST /wp-cron.php?doing_wp_cron=1776343585.3995759487152099609375 HTTP/1.1" 200 448 "-" "WordPress/6.3.8; https://serhatburke.miroglu.net"
128.1.218.179 - - [16/Apr/2026:15:46:11 +0300] "POST /xmlrpc.php HTTP/1.1" 200 630 "-" "Mozilla/5.0 (Windows NT 10.0; Win64; x64) AppleWebKit/537.36 (KHTML, like Gecko) Chrome/114.0.0.0 Safari/537.36"
165.73.240.153 - - [16/Apr/2026:15:46:11 +0300] "POST /xmlrpc.php HTTP/1.1" 200 13411 "-" "Mozilla/5.0 (Windows NT 10.0; Win64; x64) AppleWebKit/537.36 (KHTML, like Gecko) Chrome/114.0.0.0 Safari/537.36"
165.73.240.153 - - [16/Apr/2026:15:46:27 +0300] "GET /thunderstruck-slot-bally-wulff-slot-machines-games-machine-game-opinion-and-totally-free-zero-download-online-game/ HTTP/1.1" 200 75880 "-" "Mozilla/5.0 (Windows NT 10.0; Win64; x64) AppleWebKit/537.36 (KHTML, like Gecko) Chrome/109.0.0.0 Safari/537.36"
128.1.218.179 - - [16/Apr/2026:15:46:32 +0300] "POST /xmlrpc.php HTTP/1.1" 200 14591 "-" "Mozilla/5.0 (Windows NT 10.0; Win64; x64) AppleWebKit/537.36 (KHTML, like Gecko) Chrome/114.0.0.0 Safari/537.36"
128.1.218.179 - - [16/Apr/2026:15:46:52 +0300] "GET /free-online-golden-tiger-casino-free-spin-pokies-gamble-genuine-vegas-casino-pokies-for-free/ HTTP/1.1" 200 76187 "-" "Mozilla/5.0 (Windows NT 10.0; rv:125.0) Gecko/20100101 Firefox/125.0"
128.1.218.179 - - [16/Apr/2026:15:47:16 +0300] "POST /xmlrpc.php HTTP/1.1" 200 630 "-" "Mozilla/5.0 (Windows NT 10.0; Win64; x64) AppleWebKit/537.36 (KHTML, like Gecko) Chrome/114.0.0.0 Safari/537.36"
103.219.169.133 - - [16/Apr/2026:15:47:24 +0300] "POST /xmlrpc.php HTTP/1.1" 200 630 "-" "Mozilla/5.0 (Windows NT 10.0; Win64; x64) AppleWebKit/537.36 (KHTML, like Gecko) Chrome/114.0.0.0 Safari/537.36"
185.216.113.70 - - [16/Apr/2026:15:47:52 +0300] "POST /wp-cron.php?doing_wp_cron=1776343672.5889489650726318359375 HTTP/1.1" 200 448 "-" "WordPress/6.3.8; https://serhatburke.miroglu.net"
128.1.218.179 - - [16/Apr/2026:15:47:36 +0300] "POST /xmlrpc.php HTTP/1.1" 200 14162 "-" "Mozilla/5.0 (Windows NT 10.0; Win64; x64) AppleWebKit/537.36 (KHTML, like Gecko) Chrome/114.0.0.0 Safari/537.36"
103.219.169.133 - - [16/Apr/2026:15:47:43 +0300] "POST /xmlrpc.php HTTP/1.1" 200 16143 "-" "Mozilla/5.0 (Windows NT 10.0; Win64; x64) AppleWebKit/537.36 (KHTML, like Gecko) Chrome/114.0.0.0 Safari/537.36"
165.73.240.153 - - [16/Apr/2026:15:47:43 +0300] "POST /xmlrpc.php HTTP/1.1" 200 630 "-" "Mozilla/5.0 (Windows NT 10.0; Win64; x64) AppleWebKit/537.36 (KHTML, like Gecko) Chrome/114.0.0.0 Safari/537.36"
128.1.218.179 - - [16/Apr/2026:15:47:54 +0300] "GET /da-vinci-expensive-diamonds-masterworks-ports-a-real-casino-cryptowild-100-free-spins-income-slot-machine-game-totally-free-gamble-demonstration/ HTTP/1.1" 200 77504 "-" "Mozilla/5.0 (Windows NT 10.0; Win64; x64) AppleWebKit/537.36 (KHTML, like Gecko) Chrome/123.0.0.0 Safari/537.36 OPR/109.0.0.0"
103.219.169.133 - - [16/Apr/2026:15:48:09 +0300] "GET /spielbank-pramie-ohne-einzahlung-who-wants-to-be-a-millionaire-casino-2026-die-besten-no-abschlagzahlung-boni/ HTTP/1.1" 200 78972 "-" "Mozilla/5.0 (Windows NT 10.0; Win64; x64) AppleWebKit/537.36 (KHTML, like Gecko) Chrome/124.0.0.0 Safari/537.36 Edg/124.0.0.0"
165.73.240.153 - - [16/Apr/2026:15:48:13 +0300] "POST /xmlrpc.php HTTP/1.1" 200 13064 "-" "Mozilla/5.0 (Windows NT 10.0; Win64; x64) AppleWebKit/537.36 (KHTML, like Gecko) Chrome/114.0.0.0 Safari/537.36"
128.1.218.179 - - [16/Apr/2026:15:48:15 +0300] "POST /xmlrpc.php HTTP/1.1" 200 630 "-" "Mozilla/5.0 (Windows NT 10.0; Win64; x64) AppleWebKit/537.36 (KHTML, like Gecko) Chrome/114.0.0.0 Safari/537.36"
185.216.113.70 - - [16/Apr/2026:15:48:44 +0300] "POST /wp-cron.php?doing_wp_cron=1776343724.2438778877258300781250 HTTP/1.1" 200 448 "-" "WordPress/6.3.8; https://serhatburke.miroglu.net"
165.73.240.153 - - [16/Apr/2026:15:48:32 +0300] "GET /gamble-on-line-totally-free-pokies-australian-video-game-for-alaskan-fishing-casino-the-100-percent-free-pokies-internet/ HTTP/1.1" 200 75606 "-" "Mozilla/5.0 (Windows NT 10.0; rv:109.0) Gecko/20100101 Firefox/115.0"
128.1.218.179 - - [16/Apr/2026:15:48:39 +0300] "POST /xmlrpc.php HTTP/1.1" 200 12946 "-" "Mozilla/5.0 (Windows NT 10.0; Win64; x64) AppleWebKit/537.36 (KHTML, like Gecko) Chrome/114.0.0.0 Safari/537.36"
128.1.218.179 - - [16/Apr/2026:15:48:55 +0300] "GET /enjoy-22800-free-online-casino-games-casino-with-10-bonus-ports-zero-download/ HTTP/1.1" 200 74189 "-" "Mozilla/5.0 (Windows NT 10.0; Win64; x64) AppleWebKit/537.36 (KHTML, like Gecko) Chrome/122.0.0.0 Safari/537.36"
165.73.240.153 - - [16/Apr/2026:15:49:17 +0300] "POST /xmlrpc.php HTTP/1.1" 200 630 "-" "Mozilla/5.0 (Windows NT 10.0; Win64; x64) AppleWebKit/537.36 (KHTML, like Gecko) Chrome/114.0.0.0 Safari/537.36"
128.1.218.179 - - [16/Apr/2026:15:49:20 +0300] "POST /xmlrpc.php HTTP/1.1" 200 630 "-" "Mozilla/5.0 (Windows NT 10.0; Win64; x64) AppleWebKit/537.36 (KHTML, like Gecko) Chrome/114.0.0.0 Safari/537.36"
185.216.113.70 - - [16/Apr/2026:15:49:54 +0300] "POST /wp-cron.php?doing_wp_cron=1776343794.7641119956970214843750 HTTP/1.1" 200 448 "-" "WordPress/6.3.8; https://serhatburke.miroglu.net"
165.73.240.153 - - [16/Apr/2026:15:49:36 +0300] "POST /xmlrpc.php HTTP/1.1" 200 12687 "-" "Mozilla/5.0 (Windows NT 10.0; Win64; x64) AppleWebKit/537.36 (KHTML, like Gecko) Chrome/114.0.0.0 Safari/537.36"
98.98.9.27 - - [16/Apr/2026:15:49:38 +0300] "POST /xmlrpc.php HTTP/1.1" 200 630 "-" "Mozilla/5.0 (Windows NT 10.0; Win64; x64) AppleWebKit/537.36 (KHTML, like Gecko) Chrome/114.0.0.0 Safari/537.36"
128.1.218.179 - - [16/Apr/2026:15:49:39 +0300] "POST /xmlrpc.php HTTP/1.1" 200 14028 "-" "Mozilla/5.0 (Windows NT 10.0; Win64; x64) AppleWebKit/537.36 (KHTML, like Gecko) Chrome/114.0.0.0 Safari/537.36"
165.73.240.153 - - [16/Apr/2026:15:49:56 +0300] "GET /online-slot-jade-treasure-pokies-victory-real-cash-no-deposit/ HTTP/1.1" 200 73520 "-" "Mozilla/5.0 (Windows NT 10.0; Win64; x64) AppleWebKit/537.36 (KHTML, like Gecko) Chrome/123.0.0.0 Safari/537.36"
98.98.9.26 - - [16/Apr/2026:15:49:59 +0300] "POST /xmlrpc.php HTTP/1.1" 200 630 "-" "Mozilla/5.0 (Windows NT 10.0; Win64; x64) AppleWebKit/537.36 (KHTML, like Gecko) Chrome/114.0.0.0 Safari/537.36"
98.98.9.27 - - [16/Apr/2026:15:50:03 +0300] "POST /xmlrpc.php HTTP/1.1" 200 12611 "-" "Mozilla/5.0 (Windows NT 10.0; Win64; x64) AppleWebKit/537.36 (KHTML, like Gecko) Chrome/114.0.0.0 Safari/537.36"
128.1.218.179 - - [16/Apr/2026:15:50:00 +0300] "GET /rtg-150-free-spins-no-deposit-casino/ HTTP/1.1" 200 67626 "-" "Mozilla/5.0 (Windows NT 10.0; Win64; x64) AppleWebKit/537.36 (KHTML, like Gecko) Chrome/124.0.0.0 Safari/537.36"
128.1.218.179 - - [16/Apr/2026:15:50:22 +0300] "POST /xmlrpc.php HTTP/1.1" 200 630 "-" "Mozilla/5.0 (Windows NT 10.0; Win64; x64) AppleWebKit/537.36 (KHTML, like Gecko) Chrome/114.0.0.0 Safari/537.36"
185.216.113.70 - - [16/Apr/2026:15:50:48 +0300] "POST /wp-cron.php?doing_wp_cron=1776343848.8032250404357910156250 HTTP/1.1" 200 448 "-" "WordPress/6.3.8; https://serhatburke.miroglu.net"
98.98.9.27 - - [16/Apr/2026:15:50:35 +0300] "GET /100-online-casinos-best-percent-free-pokies-online-australia-play-poker-host-video-game/ HTTP/1.1" 200 74266 "-" "Mozilla/5.0 (Windows NT 10.0; Win64; x64) AppleWebKit/537.36 (KHTML, like Gecko) Chrome/124.0.0.0 Safari/537.36"
98.98.9.26 - - [16/Apr/2026:15:50:41 +0300] "POST /xmlrpc.php HTTP/1.1" 200 19081 "-" "Mozilla/5.0 (Windows NT 10.0; Win64; x64) AppleWebKit/537.36 (KHTML, like Gecko) Chrome/114.0.0.0 Safari/537.36"
128.1.218.179 - - [16/Apr/2026:15:50:49 +0300] "POST /xmlrpc.php HTTP/1.1" 200 14798 "-" "Mozilla/5.0 (Windows NT 10.0; Win64; x64) AppleWebKit/537.36 (KHTML, like Gecko) Chrome/114.0.0.0 Safari/537.36"
165.73.240.153 - - [16/Apr/2026:15:50:53 +0300] "POST /xmlrpc.php HTTP/1.1" 200 630 "-" "Mozilla/5.0 (Windows NT 10.0; Win64; x64) AppleWebKit/537.36 (KHTML, like Gecko) Chrome/114.0.0.0 Safari/537.36"
157.15.38.25 - - [16/Apr/2026:15:51:07 +0300] "GET /beste-casino-site-belgie-hoge-inzet/ HTTP/1.1" 200 0 "https://serhatburke.miroglu.net/" "Mozilla/5.0 (Windows NT 10.0; Win64; x64; Xbox; Xbox One) AppleWebKit/537.36 (KHTML, like Gecko) Chrome/114.0.0.0 Safari/537.36 Edge/44.18363.8131"
98.98.9.26 - - [16/Apr/2026:15:51:01 +0300] "GET /%E0%A6%B8%E0%A7%8D%E0%A6%9F%E0%A6%BE%E0%A6%B0%E0%A6%AC%E0%A6%BE%E0%A6%B0%E0%A7%8D%E0%A6%B8%E0%A7%8D%E0%A6%9F%E0%A7%87%E0%A6%B0-%E0%A6%B8%E0%A6%BE%E0%A6%A5%E0%A7%87-%E0%A7%AB%E0%A7%A6%E0%A6%9F%E0%A6%BF/ HTTP/1.1" 200 89793 "-" "Mozilla/5.0 (Windows NT 10.0; rv:125.0) Gecko/20100101 Firefox/125.0"
128.1.218.179 - - [16/Apr/2026:15:51:17 +0300] "GET /100-percent-free-online-casino-games-casino-payment-methods-play-for-enjoyable-22400-demonstration-online-game/ HTTP/1.1" 200 77012 "-" "Mozilla/5.0 (Windows NT 10.0; Win64; x64) AppleWebKit/537.36 (KHTML, like Gecko) Chrome/124.0.0.0 Safari/537.36"
128.1.218.179 - - [16/Apr/2026:15:51:23 +0300] "POST /xmlrpc.php HTTP/1.1" 200 630 "-" "Mozilla/5.0 (Windows NT 10.0; Win64; x64) AppleWebKit/537.36 (KHTML, like Gecko) Chrome/114.0.0.0 Safari/537.36"
36.50.175.173 - - [16/Apr/2026:15:51:23 +0300] "GET /beste-casino-site-belgie-hoge-inzet/ HTTP/1.1" 200 18595 "https://serhatburke.miroglu.net/" "Mozilla/5.0 (Windows NT 10.0; Win64; x64; Xbox; Xbox One) AppleWebKit/537.36 (KHTML, like Gecko) Chrome/114.0.0.0 Safari/537.36 Edge/44.18363.8131"
36.50.175.173 - - [16/Apr/2026:15:51:48 +0300] "GET /wp-includes/css/dist/block-library/style.min.css?ver=6.3.8 HTTP/1.1" 200 13578 "https://serhatburke.miroglu.net/beste-casino-site-belgie-hoge-inzet/" "Mozilla/5.0 (Windows NT 10.0; Win64; x64) AppleWebKit/537.36 (KHTML, like Gecko) Chrome/143.0.0.0 Safari/537.36"
36.50.175.173 - - [16/Apr/2026:15:51:50 +0300] "GET /wp-content/plugins/contact-form-7/includes/css/styles.css?ver=5.8 HTTP/1.1" 200 1490 "https://serhatburke.miroglu.net/beste-casino-site-belgie-hoge-inzet/" "Mozilla/5.0 (Windows NT 10.0; Win64; x64) AppleWebKit/537.36 (KHTML, like Gecko) Chrome/143.0.0.0 Safari/537.36"
185.216.113.70 - - [16/Apr/2026:15:51:50 +0300] "POST /wp-cron.php?doing_wp_cron=1776343910.2097699642181396484375 HTTP/1.1" 200 448 "-" "WordPress/6.3.8; https://serhatburke.miroglu.net"
165.73.240.153 - - [16/Apr/2026:15:51:24 +0300] "POST /xmlrpc.php HTTP/1.1" 200 13044 "-" "Mozilla/5.0 (Windows NT 10.0; Win64; x64) AppleWebKit/537.36 (KHTML, like Gecko) Chrome/114.0.0.0 Safari/537.36"
36.50.175.173 - - [16/Apr/2026:15:51:51 +0300] "GET /wp-content/themes/toppic/css/fontello.css?ver=4.2 HTTP/1.1" 200 1802 "https://serhatburke.miroglu.net/beste-casino-site-belgie-hoge-inzet/" "Mozilla/5.0 (Windows NT 10.0; Win64; x64) AppleWebKit/537.36 (KHTML, like Gecko) Chrome/143.0.0.0 Safari/537.36"
36.50.175.173 - - [16/Apr/2026:15:51:52 +0300] "GET /wp-content/themes/toppic/css/reset.css?ver=4.2 HTTP/1.1" 200 1178 "https://serhatburke.miroglu.net/beste-casino-site-belgie-hoge-inzet/" "Mozilla/5.0 (Windows NT 10.0; Win64; x64) AppleWebKit/537.36 (KHTML, like Gecko) Chrome/143.0.0.0 Safari/537.36"
36.50.175.173 - - [16/Apr/2026:15:51:53 +0300] "GET /wp-content/themes/toppic/css/default.css?ver=4.2 HTTP/1.1" 200 1811 "https://serhatburke.miroglu.net/beste-casino-site-belgie-hoge-inzet/" "Mozilla/5.0 (Windows NT 10.0; Win64; x64) AppleWebKit/537.36 (KHTML, like Gecko) Chrome/143.0.0.0 Safari/537.36"
36.50.175.173 - - [16/Apr/2026:15:51:54 +0300] "GET /wp-content/themes/toppic/style.css?ver=4.2 HTTP/1.1" 200 23398 "https://serhatburke.miroglu.net/beste-casino-site-belgie-hoge-inzet/" "Mozilla/5.0 (Windows NT 10.0; Win64; x64) AppleWebKit/537.36 (KHTML, like Gecko) Chrome/143.0.0.0 Safari/537.36"
36.50.175.173 - - [16/Apr/2026:15:51:56 +0300] "GET /wp-content/themes/toppic/css/royalslider.css?ver=4.2 HTTP/1.1" 200 1887 "https://serhatburke.miroglu.net/beste-casino-site-belgie-hoge-inzet/" "Mozilla/5.0 (Windows NT 10.0; Win64; x64) AppleWebKit/537.36 (KHTML, like Gecko) Chrome/143.0.0.0 Safari/537.36"
36.50.175.173 - - [16/Apr/2026:15:51:57 +0300] "GET /wp-content/themes/toppic/css/rs-default.css?ver=4.2 HTTP/1.1" 200 2625 "https://serhatburke.miroglu.net/beste-casino-site-belgie-hoge-inzet/" "Mozilla/5.0 (Windows NT 10.0; Win64; x64) AppleWebKit/537.36 (KHTML, like Gecko) Chrome/143.0.0.0 Safari/537.36"
36.50.175.173 - - [16/Apr/2026:15:51:58 +0300] "GET /wp-content/themes/toppic/css/lightbox.css?ver=4.2 HTTP/1.1" 200 2956 "https://serhatburke.miroglu.net/beste-casino-site-belgie-hoge-inzet/" "Mozilla/5.0 (Windows NT 10.0; Win64; x64) AppleWebKit/537.36 (KHTML, like Gecko) Chrome/143.0.0.0 Safari/537.36"
36.50.175.173 - - [16/Apr/2026:15:52:00 +0300] "GET /wp-content/themes/toppic/css/woocommerce.css?ver=4.2 HTTP/1.1" 200 2848 "https://serhatburke.miroglu.net/beste-casino-site-belgie-hoge-inzet/" "Mozilla/5.0 (Windows NT 10.0; Win64; x64) AppleWebKit/537.36 (KHTML, like Gecko) Chrome/143.0.0.0 Safari/537.36"
36.50.175.173 - - [16/Apr/2026:15:52:01 +0300] "GET /wp-content/themes/toppic/css/responsive.css?ver=4.2 HTTP/1.1" 200 2796 "https://serhatburke.miroglu.net/beste-casino-site-belgie-hoge-inzet/" "Mozilla/5.0 (Windows NT 10.0; Win64; x64) AppleWebKit/537.36 (KHTML, like Gecko) Chrome/143.0.0.0 Safari/537.36"
185.216.113.70 - - [16/Apr/2026:15:52:09 +0300] "POST /wp-cron.php?doing_wp_cron=1776343929.2108659744262695312500 HTTP/1.1" 200 448 "-" "WordPress/6.3.8; https://serhatburke.miroglu.net"
151.244.111.202 - - [16/Apr/2026:15:51:47 +0300] "POST /xmlrpc.php HTTP/1.1" 200 87245 "-" "Mozilla/5.0 (Windows NT 6.1; Win64; x64) AppleWebKit/537.36 (KHTML, like Gecko) Chrome/80.0.3987.149 Safari/537.36"
165.73.240.153 - - [16/Apr/2026:15:51:52 +0300] "GET /greatest-on-line-pokies-no-deposit-incentive-king-tiger-slot-in-australia-2025/ HTTP/1.1" 200 74377 "-" "Mozilla/5.0 (Windows NT 10.0; Win64; x64) AppleWebKit/537.36 (KHTML, like Gecko) Chrome/109.0.0.0 Safari/537.36"
128.1.218.179 - - [16/Apr/2026:15:51:52 +0300] "POST /xmlrpc.php HTTP/1.1" 200 14376 "-" "Mozilla/5.0 (Windows NT 10.0; Win64; x64) AppleWebKit/537.36 (KHTML, like Gecko) Chrome/114.0.0.0 Safari/537.36"
36.50.175.173 - - [16/Apr/2026:15:52:02 +0300] "POST /wp-comments-post.php HTTP/1.1" 302 1083 "https://serhatburke.miroglu.net/beste-casino-site-belgie-hoge-inzet/" "Mozilla/5.0 (Windows NT 10.0; Win64; x64; Xbox; Xbox One) AppleWebKit/537.36 (KHTML, like Gecko) Chrome/114.0.0.0 Safari/537.36 Edge/44.18363.8131"
151.244.111.202 - - [16/Apr/2026:15:52:09 +0300] "POST /xmlrpc.php HTTP/1.1" 200 489 "-" "Mozilla/5.0 (Windows NT 6.1; Win64; x64) AppleWebKit/537.36 (KHTML, like Gecko) Chrome/80.0.3987.149 Safari/537.36"
165.73.240.153 - - [16/Apr/2026:15:52:11 +0300] "POST /xmlrpc.php HTTP/1.1" 200 630 "-" "Mozilla/5.0 (Windows NT 10.0; Win64; x64) AppleWebKit/537.36 (KHTML, like Gecko) Chrome/114.0.0.0 Safari/537.36"
128.1.218.179 - - [16/Apr/2026:15:52:15 +0300] "POST /xmlrpc.php HTTP/1.1" 200 630 "-" "Mozilla/5.0 (Windows NT 10.0; Win64; x64) AppleWebKit/537.36 (KHTML, like Gecko) Chrome/114.0.0.0 Safari/537.36"
128.1.218.179 - - [16/Apr/2026:15:52:37 +0300] "GET /da-vinci-expensive-diamonds-casino-slot-tomb-raider-real-money-games-gamble-online/ HTTP/1.1" 200 75780 "-" "Mozilla/5.0 (Windows NT 10.0; Win64; x64) AppleWebKit/537.36 (KHTML, like Gecko) Chrome/123.0.0.0 Safari/537.36"
185.216.113.70 - - [16/Apr/2026:15:53:09 +0300] "POST /wp-cron.php?doing_wp_cron=1776343989.3950428962707519531250 HTTP/1.1" 200 448 "-" "WordPress/6.3.8; https://serhatburke.miroglu.net"
36.50.175.173 - - [16/Apr/2026:15:52:43 +0300] "GET /beste-casino-site-belgie-hoge-inzet/?unapproved=412&moderation-hash=063cff8987150325dfd9c8fd141bcb72 HTTP/1.1" 200 19028 "https://serhatburke.miroglu.net/wp-comments-post.php" "Mozilla/5.0 (Windows NT 10.0; Win64; x64; Xbox; Xbox One) AppleWebKit/537.36 (KHTML, like Gecko) Chrome/114.0.0.0 Safari/537.36 Edge/44.18363.8131"
185.216.113.70 - - [16/Apr/2026:15:53:14 +0300] "POST /wp-cron.php?doing_wp_cron=1776343994.4074831008911132812500 HTTP/1.1" 200 448 "-" "WordPress/6.3.8; https://serhatburke.miroglu.net"
151.244.111.202 - - [16/Apr/2026:15:52:49 +0300] "POST /xmlrpc.php HTTP/1.1" 200 14037 "-" "Mozilla/5.0 (Windows NT 6.1; Win64; x64) AppleWebKit/537.36 (KHTML, like Gecko) Chrome/80.0.3987.149 Safari/537.36"
185.216.113.70 - - [16/Apr/2026:15:53:29 +0300] "POST /wp-cron.php?doing_wp_cron=1776344009.3901429176330566406250 HTTP/1.1" 200 448 "-" "WordPress/6.3.8; https://serhatburke.miroglu.net"
165.73.240.153 - - [16/Apr/2026:15:52:56 +0300] "POST /xmlrpc.php HTTP/1.1" 200 13319 "-" "Mozilla/5.0 (Windows NT 10.0; Win64; x64) AppleWebKit/537.36 (KHTML, like Gecko) Chrome/114.0.0.0 Safari/537.36"
185.216.113.70 - - [16/Apr/2026:15:53:31 +0300] "POST /wp-cron.php?doing_wp_cron=1776344011.2870199680328369140625 HTTP/1.1" 200 448 "-" "WordPress/6.3.8; https://serhatburke.miroglu.net"
128.1.218.179 - - [16/Apr/2026:15:52:56 +0300] "POST /xmlrpc.php HTTP/1.1" 200 13936 "-" "Mozilla/5.0 (Windows NT 10.0; Win64; x64) AppleWebKit/537.36 (KHTML, like Gecko) Chrome/114.0.0.0 Safari/537.36"
185.216.113.70 - - [16/Apr/2026:15:53:56 +0300] "POST /wp-cron.php?doing_wp_cron=1776344035.9924390316009521484375 HTTP/1.1" 200 448 "-" "WordPress/6.3.8; https://serhatburke.miroglu.net"
36.50.175.173 - - [16/Apr/2026:15:53:11 +0300] "GET /beste-casino-site-belgie-hoge-inzet/ HTTP/1.1" 200 18613 "-" "Mozilla/5.0 (compatible; Googlebot/2.1; +http://www.google.com/bot.html)"
128.1.218.179 - - [16/Apr/2026:15:53:13 +0300] "POST /xmlrpc.php HTTP/1.1" 200 630 "-" "Mozilla/5.0 (Windows NT 10.0; Win64; x64) AppleWebKit/537.36 (KHTML, like Gecko) Chrome/114.0.0.0 Safari/537.36"
165.73.240.153 - - [16/Apr/2026:15:53:28 +0300] "POST /xmlrpc.php HTTP/1.1" 200 630 "-" "Mozilla/5.0 (Windows NT 10.0; Win64; x64) AppleWebKit/537.36 (KHTML, like Gecko) Chrome/114.0.0.0 Safari/537.36"
103.219.169.133 - - [16/Apr/2026:15:53:29 +0300] "POST /xmlrpc.php HTTP/1.1" 200 630 "-" "Mozilla/5.0 (Windows NT 10.0; Win64; x64) AppleWebKit/537.36 (KHTML, like Gecko) Chrome/114.0.0.0 Safari/537.36"
165.73.240.153 - - [16/Apr/2026:15:53:31 +0300] "GET /aristocrat-pokies-wager-fun-zero-membership-gangland-slot-for-money-necessary/ HTTP/1.1" 200 74614 "-" "Mozilla/5.0 (Windows NT 10.0; Win64; x64) AppleWebKit/537.36 (KHTML, like Gecko) Chrome/109.0.0.0 Safari/537.36"
128.1.218.179 - - [16/Apr/2026:15:53:33 +0300] "GET /rating-6m-free-gold-goldbet-sports-bonus-coins/ HTTP/1.1" 200 74459 "-" "Mozilla/5.0 (Windows NT 10.0; Win64; x64) AppleWebKit/537.36 (KHTML, like Gecko) Chrome/123.0.0.0 Safari/537.36"
128.1.218.179 - - [16/Apr/2026:15:54:04 +0300] "POST /xmlrpc.php HTTP/1.1" 200 14227 "-" "Mozilla/5.0 (Windows NT 10.0; Win64; x64) AppleWebKit/537.36 (KHTML, like Gecko) Chrome/114.0.0.0 Safari/537.36"
128.1.218.179 - - [16/Apr/2026:15:54:11 +0300] "POST /xmlrpc.php HTTP/1.1" 200 630 "-" "Mozilla/5.0 (Windows NT 10.0; Win64; x64) AppleWebKit/537.36 (KHTML, like Gecko) Chrome/114.0.0.0 Safari/537.36"
165.73.240.153 - - [16/Apr/2026:15:54:25 +0300] "POST /xmlrpc.php HTTP/1.1" 200 12949 "-" "Mozilla/5.0 (Windows NT 10.0; Win64; x64) AppleWebKit/537.36 (KHTML, like Gecko) Chrome/114.0.0.0 Safari/537.36"
103.219.169.133 - - [16/Apr/2026:15:54:28 +0300] "POST /xmlrpc.php HTTP/1.1" 200 15714 "-" "Mozilla/5.0 (Windows NT 10.0; Win64; x64) AppleWebKit/537.36 (KHTML, like Gecko) Chrome/114.0.0.0 Safari/537.36"
185.216.113.70 - - [16/Apr/2026:15:54:59 +0300] "POST /wp-cron.php?doing_wp_cron=1776344099.4251680374145507812500 HTTP/1.1" 200 448 "-" "WordPress/6.3.8; https://serhatburke.miroglu.net"
128.1.218.179 - - [16/Apr/2026:15:54:36 +0300] "GET /online-pokies-australia-enjoy-100-percent-free-pokies-panda-online-pokie-no-obtain/ HTTP/1.1" 200 75598 "-" "Mozilla/5.0 (Windows NT 10.0; Win64; x64) AppleWebKit/537.36 (KHTML, like Gecko) Chrome/124.0.0.0 Safari/537.36 Edg/124.0.0.0"
128.1.218.179 - - [16/Apr/2026:15:54:44 +0300] "POST /xmlrpc.php HTTP/1.1" 200 14043 "-" "Mozilla/5.0 (Windows NT 10.0; Win64; x64) AppleWebKit/537.36 (KHTML, like Gecko) Chrome/114.0.0.0 Safari/537.36"
165.73.240.153 - - [16/Apr/2026:15:54:46 +0300] "POST /xmlrpc.php HTTP/1.1" 200 630 "-" "Mozilla/5.0 (Windows NT 10.0; Win64; x64) AppleWebKit/537.36 (KHTML, like Gecko) Chrome/114.0.0.0 Safari/537.36"
165.73.240.153 - - [16/Apr/2026:15:54:47 +0300] "GET /online-pokies-nz-2026-evolution-slot-casino-play-17000-ports-at-no-cost/ HTTP/1.1" 200 74248 "-" "Mozilla/5.0 (Windows NT 10.0; Win64; x64) AppleWebKit/537.36 (KHTML, like Gecko) Chrome/122.0.0.0 Safari/537.36"
103.219.169.133 - - [16/Apr/2026:15:54:51 +0300] "GET /casino-bonus-codes-abzuglich-einzahlung-50-kostenlose-spins-age-of-spartans-bei-registrierung-ohne-einzahlung-liste-2026/ HTTP/1.1" 200 78627 "-" "Mozilla/5.0 (Windows NT 10.0; Win64; x64; rv:125.0) Gecko/20100101 Firefox/125.0"
128.1.218.179 - - [16/Apr/2026:15:55:05 +0300] "POST /xmlrpc.php HTTP/1.1" 200 630 "-" "Mozilla/5.0 (Windows NT 10.0; Win64; x64) AppleWebKit/537.36 (KHTML, like Gecko) Chrome/114.0.0.0 Safari/537.36"
185.216.113.70 - - [16/Apr/2026:15:55:41 +0300] "POST /wp-cron.php?doing_wp_cron=1776344141.0451290607452392578125 HTTP/1.1" 200 448 "-" "WordPress/6.3.8; https://serhatburke.miroglu.net"
128.1.218.179 - - [16/Apr/2026:15:55:20 +0300] "GET /no-deposit-bonus-requirements-gambling-funky-fruits-slot-no-deposit-bonus-2026-enterprises-nz/ HTTP/1.1" 200 75587 "-" "Mozilla/5.0 (Windows NT 10.0; Win64; x64) AppleWebKit/537.36 (KHTML, like Gecko) Chrome/123.0.0.0 Safari/537.36"
165.73.240.153 - - [16/Apr/2026:15:55:29 +0300] "POST /xmlrpc.php HTTP/1.1" 200 12814 "-" "Mozilla/5.0 (Windows NT 10.0; Win64; x64) AppleWebKit/537.36 (KHTML, like Gecko) Chrome/114.0.0.0 Safari/537.36"
128.1.218.179 - - [16/Apr/2026:15:55:42 +0300] "POST /xmlrpc.php HTTP/1.1" 200 13663 "-" "Mozilla/5.0 (Windows NT 10.0; Win64; x64) AppleWebKit/537.36 (KHTML, like Gecko) Chrome/114.0.0.0 Safari/537.36"
165.73.240.153 - - [16/Apr/2026:15:55:48 +0300] "GET /pokies-reviewshow-to-top-foxium-games-win-pokies-pro-resources-tips-and-you-will-game-recommendations/ HTTP/1.1" 200 75020 "-" "Mozilla/5.0 (Windows NT 10.0; Win64; x64) AppleWebKit/537.36 (KHTML, like Gecko) Chrome/123.0.0.0 Safari/537.36 OPR/109.0.0.0"
128.1.218.179 - - [16/Apr/2026:15:55:59 +0300] "POST /xmlrpc.php HTTP/1.1" 200 630 "-" "Mozilla/5.0 (Windows NT 10.0; Win64; x64) AppleWebKit/537.36 (KHTML, like Gecko) Chrome/114.0.0.0 Safari/537.36"
165.73.240.153 - - [16/Apr/2026:15:56:00 +0300] "POST /xmlrpc.php HTTP/1.1" 200 630 "-" "Mozilla/5.0 (Windows NT 10.0; Win64; x64) AppleWebKit/537.36 (KHTML, like Gecko) Chrome/114.0.0.0 Safari/537.36"
128.1.218.179 - - [16/Apr/2026:15:56:01 +0300] "GET /better-on-line-mrbet-app-india-pokies-and-you-may-casinos-10-the-new-zealand/ HTTP/1.1" 200 74800 "-" "Mozilla/5.0 (Windows NT 10.0; Win64; x64) AppleWebKit/537.36 (KHTML, like Gecko) Chrome/123.0.0.0 Safari/537.36 OPR/109.0.0.0"
185.216.113.70 - - [16/Apr/2026:15:56:46 +0300] "POST /wp-cron.php?doing_wp_cron=1776344206.1595330238342285156250 HTTP/1.1" 200 448 "-" "WordPress/6.3.8; https://serhatburke.miroglu.net"
128.1.218.179 - - [16/Apr/2026:15:56:27 +0300] "POST /xmlrpc.php HTTP/1.1" 200 14262 "-" "Mozilla/5.0 (Windows NT 10.0; Win64; x64) AppleWebKit/537.36 (KHTML, like Gecko) Chrome/114.0.0.0 Safari/537.36"
165.73.240.153 - - [16/Apr/2026:15:56:28 +0300] "POST /xmlrpc.php HTTP/1.1" 200 12151 "-" "Mozilla/5.0 (Windows NT 10.0; Win64; x64) AppleWebKit/537.36 (KHTML, like Gecko) Chrome/114.0.0.0 Safari/537.36"
36.50.175.173 - - [16/Apr/2026:15:56:33 +0300] "GET /beste-casino-site-belgie-hoge-inzet/ HTTP/1.1" 200 18613 "-" "Mozilla/5.0 (compatible; Googlebot/2.1; +http://www.google.com/bot.html)"
128.1.218.179 - - [16/Apr/2026:15:56:52 +0300] "POST /xmlrpc.php HTTP/1.1" 200 630 "-" "Mozilla/5.0 (Windows NT 10.0; Win64; x64) AppleWebKit/537.36 (KHTML, like Gecko) Chrome/114.0.0.0 Safari/537.36"
165.73.240.153 - - [16/Apr/2026:15:56:48 +0300] "GET /very-wiktionary-the-fresh-5-deposit-casino-heist-free-dictionary/ HTTP/1.1" 200 73125 "-" "Mozilla/5.0 (Windows NT 10.0; Win64; x64) AppleWebKit/537.36 (KHTML, like Gecko) Chrome/124.0.0.0 Safari/537.36 Edg/124.0.0.0"
128.1.218.179 - - [16/Apr/2026:15:56:47 +0300] "GET /wheres-the-newest-gold-pokie-servers-gamble-aristocrat-position-games-5-dollar-deposit-casino-on-the-web/ HTTP/1.1" 200 76120 "-" "Mozilla/5.0 (Windows NT 10.0; Win64; x64) AppleWebKit/537.36 (KHTML, like Gecko) Chrome/123.0.0.0 Safari/537.36 OPR/109.0.0.0"
98.98.9.26 - - [16/Apr/2026:15:56:59 +0300] "POST /xmlrpc.php HTTP/1.1" 200 630 "-" "Mozilla/5.0 (Windows NT 10.0; Win64; x64) AppleWebKit/537.36 (KHTML, like Gecko) Chrome/114.0.0.0 Safari/537.36"
165.73.240.153 - - [16/Apr/2026:15:57:07 +0300] "POST /xmlrpc.php HTTP/1.1" 200 630 "-" "Mozilla/5.0 (Windows NT 10.0; Win64; x64) AppleWebKit/537.36 (KHTML, like Gecko) Chrome/114.0.0.0 Safari/537.36"
116.202.50.35 - - [16/Apr/2026:15:57:19 +0300] "POST /xmlrpc.php HTTP/1.1" 200 87245 "-" "Mozilla/5.0 (Windows NT 10.0; Win64; x64) AppleWebKit/537.36 (KHTML, like Gecko) Chrome/80.0.3987.122 Safari/537.36 Edg/80.0.361.62"
185.216.113.70 - - [16/Apr/2026:15:57:48 +0300] "POST /wp-cron.php?doing_wp_cron=1776344267.9519150257110595703125 HTTP/1.1" 200 448 "-" "WordPress/6.3.8; https://serhatburke.miroglu.net"
128.1.218.179 - - [16/Apr/2026:15:57:30 +0300] "POST /xmlrpc.php HTTP/1.1" 200 14583 "-" "Mozilla/5.0 (Windows NT 10.0; Win64; x64) AppleWebKit/537.36 (KHTML, like Gecko) Chrome/114.0.0.0 Safari/537.36"
116.202.50.35 - - [16/Apr/2026:15:57:38 +0300] "POST /xmlrpc.php HTTP/1.1" 200 667 "-" "Mozilla/5.0 (Windows NT 10.0; Win64; x64) AppleWebKit/537.36 (KHTML, like Gecko) Chrome/80.0.3987.122 Safari/537.36 Edg/80.0.361.62"
98.98.9.26 - - [16/Apr/2026:15:57:40 +0300] "POST /xmlrpc.php HTTP/1.1" 200 18094 "-" "Mozilla/5.0 (Windows NT 10.0; Win64; x64) AppleWebKit/537.36 (KHTML, like Gecko) Chrome/114.0.0.0 Safari/537.36"
165.73.240.153 - - [16/Apr/2026:15:57:39 +0300] "POST /xmlrpc.php HTTP/1.1" 200 12346 "-" "Mozilla/5.0 (Windows NT 10.0; Win64; x64) AppleWebKit/537.36 (KHTML, like Gecko) Chrome/114.0.0.0 Safari/537.36"
128.1.218.179 - - [16/Apr/2026:15:57:46 +0300] "POST /xmlrpc.php HTTP/1.1" 200 630 "-" "Mozilla/5.0 (Windows NT 10.0; Win64; x64) AppleWebKit/537.36 (KHTML, like Gecko) Chrome/114.0.0.0 Safari/537.36"
128.1.218.179 - - [16/Apr/2026:15:57:49 +0300] "GET /play-the-best-online-slots-no-down-free-slot-games-with-free-spins-load-needed/ HTTP/1.1" 200 75866 "-" "Mozilla/5.0 (Windows NT 10.0; Win64; x64) AppleWebKit/537.36 (KHTML, like Gecko) Chrome/109.0.0.0 Safari/537.36"
116.202.50.35 - - [16/Apr/2026:15:58:11 +0300] "POST /xmlrpc.php HTTP/1.1" 200 7616 "-" "Mozilla/5.0 (Windows NT 10.0; Win64; x64) AppleWebKit/537.36 (KHTML, like Gecko) Chrome/80.0.3987.122 Safari/537.36 Edg/80.0.361.62"
185.216.113.70 - - [16/Apr/2026:15:58:58 +0300] "POST /wp-cron.php?doing_wp_cron=1776344338.7876899242401123046875 HTTP/1.1" 200 448 "-" "WordPress/6.3.8; https://serhatburke.miroglu.net"
185.216.113.70 - - [16/Apr/2026:15:58:59 +0300] "POST /wp-cron.php?doing_wp_cron=1776344339.4120359420776367187500 HTTP/1.1" 200 448 "-" "WordPress/6.3.8; https://serhatburke.miroglu.net"
98.98.9.27 - - [16/Apr/2026:15:58:18 +0300] "POST /xmlrpc.php HTTP/1.1" 200 630 "-" "Mozilla/5.0 (Windows NT 10.0; Win64; x64) AppleWebKit/537.36 (KHTML, like Gecko) Chrome/114.0.0.0 Safari/537.36"
98.98.9.26 - - [16/Apr/2026:15:58:18 +0300] "GET /%E0%A6%9C%E0%A7%8D%E0%A6%AF%E0%A6%BE%E0%A6%95%E0%A6%AA%E0%A6%9F-%E0%A6%97%E0%A7%8D%E0%A6%B2%E0%A7%8B%E0%A6%AC-%E0%A6%AB%E0%A7%8D%E0%A6%B0%E0%A6%BF-%E0%A6%AA%E0%A7%8B%E0%A6%B0%E0%A7%8D%E0%A6%9F/ HTTP/1.1" 200 88424 "-" "Mozilla/5.0 (Windows NT 10.0; Win64; x64) AppleWebKit/537.36 (KHTML, like Gecko) Chrome/123.0.0.0 Safari/537.36 OPR/109.0.0.0"
165.73.240.153 - - [16/Apr/2026:15:58:16 +0300] "POST /xmlrpc.php HTTP/1.1" 200 630 "-" "Mozilla/5.0 (Windows NT 10.0; Win64; x64) AppleWebKit/537.36 (KHTML, like Gecko) Chrome/114.0.0.0 Safari/537.36"
185.216.113.70 - - [16/Apr/2026:15:59:03 +0300] "POST /wp-cron.php?doing_wp_cron=1776344343.0332179069519042968750 HTTP/1.1" 200 448 "-" "WordPress/6.3.8; https://serhatburke.miroglu.net"
165.73.240.153 - - [16/Apr/2026:15:58:20 +0300] "GET /best-online-casinos-for-real-50-free-spins-super-lucky-frog-money-2026/ HTTP/1.1" 200 73526 "-" "Mozilla/5.0 (Windows NT 10.0; Win64; x64; rv:125.0) Gecko/20100101 Firefox/125.0"
185.216.113.70 - - [16/Apr/2026:15:59:06 +0300] "POST /wp-cron.php?doing_wp_cron=1776344346.8251099586486816406250 HTTP/1.1" 200 448 "-" "WordPress/6.3.8; https://serhatburke.miroglu.net"
128.1.218.179 - - [16/Apr/2026:15:58:30 +0300] "POST /xmlrpc.php HTTP/1.1" 200 14033 "-" "Mozilla/5.0 (Windows NT 10.0; Win64; x64) AppleWebKit/537.36 (KHTML, like Gecko) Chrome/114.0.0.0 Safari/537.36"
128.1.218.179 - - [16/Apr/2026:15:58:38 +0300] "POST /xmlrpc.php HTTP/1.1" 200 630 "-" "Mozilla/5.0 (Windows NT 10.0; Win64; x64) AppleWebKit/537.36 (KHTML, like Gecko) Chrome/114.0.0.0 Safari/537.36"
151.241.122.84 - - [16/Apr/2026:15:59:03 +0300] "GET /wp-login.php HTTP/2" 200 0 "-" "Mozilla/5.0 (Macintosh; Intel Mac OS X 13_5) AppleWebKit/605.1.15 (KHTML, like Gecko) Version/17.5 Safari/605.1.15"
185.216.113.70 - - [16/Apr/2026:16:00:16 +0300] "POST /wp-cron.php?doing_wp_cron=1776344416.1099429130554199218750 HTTP/1.1" 200 448 "-" "WordPress/6.3.8; https://serhatburke.miroglu.net"
98.98.9.27 - - [16/Apr/2026:15:59:06 +0300] "POST /xmlrpc.php HTTP/1.1" 200 13142 "-" "Mozilla/5.0 (Windows NT 10.0; Win64; x64) AppleWebKit/537.36 (KHTML, like Gecko) Chrome/114.0.0.0 Safari/537.36"
185.216.113.70 - - [16/Apr/2026:16:00:17 +0300] "POST /wp-cron.php?doing_wp_cron=1776344417.0209870338439941406250 HTTP/1.1" 200 448 "-" "WordPress/6.3.8; https://serhatburke.miroglu.net"
165.73.240.153 - - [16/Apr/2026:15:59:09 +0300] "POST /xmlrpc.php HTTP/1.1" 200 12462 "-" "Mozilla/5.0 (Windows NT 10.0; Win64; x64) AppleWebKit/537.36 (KHTML, like Gecko) Chrome/114.0.0.0 Safari/537.36"
185.216.113.70 - - [16/Apr/2026:16:00:20 +0300] "POST /wp-cron.php?doing_wp_cron=1776344419.9878220558166503906250 HTTP/1.1" 200 448 "-" "WordPress/6.3.8; https://serhatburke.miroglu.net"
185.216.113.70 - - [16/Apr/2026:16:00:20 +0300] "POST /wp-cron.php?doing_wp_cron=1776344420.7064731121063232421875 HTTP/1.1" 200 448 "-" "WordPress/6.3.8; https://serhatburke.miroglu.net"
128.1.218.179 - - [16/Apr/2026:15:59:08 +0300] "GET /ten-shown-techniques-to-victory-larger-150-chances-mega-moolah-during-the-slots-charmcasino/ HTTP/1.1" 200 75706 "-" "Mozilla/5.0 (Windows NT 10.0; rv:109.0) Gecko/20100101 Firefox/115.0"
