98.98.9.18 - - [16/Apr/2026:07:02:10 +0300] "POST /xmlrpc.php HTTP/1.1" 200 630 "-" "Mozilla/5.0 (Windows NT 10.0; Win64; x64) AppleWebKit/537.36 (KHTML, like Gecko) Chrome/114.0.0.0 Safari/537.36"
103.219.169.228 - - [16/Apr/2026:07:02:13 +0300] "POST /xmlrpc.php HTTP/1.1" 200 630 "-" "Mozilla/5.0 (Windows NT 10.0; Win64; x64) AppleWebKit/537.36 (KHTML, like Gecko) Chrome/114.0.0.0 Safari/537.36"
185.216.113.70 - - [16/Apr/2026:07:02:42 +0300] "POST /wp-cron.php?doing_wp_cron=1776312162.1865510940551757812500 HTTP/1.1" 200 448 "-" "WordPress/6.3.8; https://serhatburke.miroglu.net"
98.98.9.18 - - [16/Apr/2026:07:02:29 +0300] "POST /xmlrpc.php HTTP/1.1" 200 12466 "-" "Mozilla/5.0 (Windows NT 10.0; Win64; x64) AppleWebKit/537.36 (KHTML, like Gecko) Chrome/114.0.0.0 Safari/537.36"
103.219.169.228 - - [16/Apr/2026:07:02:33 +0300] "POST /xmlrpc.php HTTP/1.1" 200 13922 "-" "Mozilla/5.0 (Windows NT 10.0; Win64; x64) AppleWebKit/537.36 (KHTML, like Gecko) Chrome/114.0.0.0 Safari/537.36"
98.98.9.18 - - [16/Apr/2026:07:02:44 +0300] "GET /100-percent-free-50-pokies-deposit-5-get-20-online-casino-no-deposit-join-added-bonus-australian-continent/ HTTP/1.1" 200 74527 "-" "Mozilla/5.0 (Windows NT 10.0; rv:109.0) Gecko/20100101 Firefox/115.0"
103.219.169.228 - - [16/Apr/2026:07:02:47 +0300] "GET /usa-no-deposit-incentive-requirements-finest-2026-gambling-enterprise-casino-slots-empire-bonus-codes-2026-offers/ HTTP/1.1" 200 76441 "-" "Mozilla/5.0 (Windows NT 10.0; rv:109.0) Gecko/20100101 Firefox/115.0"
185.216.113.70 - - [16/Apr/2026:07:03:42 +0300] "POST /wp-cron.php?doing_wp_cron=1776312222.3944730758666992187500 HTTP/1.1" 200 448 "-" "WordPress/6.3.8; https://serhatburke.miroglu.net"
103.219.169.228 - - [16/Apr/2026:07:03:30 +0300] "POST /xmlrpc.php HTTP/1.1" 200 630 "-" "Mozilla/5.0 (Windows NT 10.0; Win64; x64) AppleWebKit/537.36 (KHTML, like Gecko) Chrome/114.0.0.0 Safari/537.36"
98.98.9.18 - - [16/Apr/2026:07:03:40 +0300] "POST /xmlrpc.php HTTP/1.1" 200 630 "-" "Mozilla/5.0 (Windows NT 10.0; Win64; x64) AppleWebKit/537.36 (KHTML, like Gecko) Chrome/114.0.0.0 Safari/537.36"
103.219.169.228 - - [16/Apr/2026:07:03:49 +0300] "POST /xmlrpc.php HTTP/1.1" 200 14146 "-" "Mozilla/5.0 (Windows NT 10.0; Win64; x64) AppleWebKit/537.36 (KHTML, like Gecko) Chrome/114.0.0.0 Safari/537.36"
98.98.9.18 - - [16/Apr/2026:07:04:01 +0300] "POST /xmlrpc.php HTTP/1.1" 200 12640 "-" "Mozilla/5.0 (Windows NT 10.0; Win64; x64) AppleWebKit/537.36 (KHTML, like Gecko) Chrome/114.0.0.0 Safari/537.36"
103.219.169.228 - - [16/Apr/2026:07:04:04 +0300] "GET /serenity-slots-review-lantern-incentives-50-free-spins-irish-luck-on-registration-no-deposit-100-percent-free-revolves/ HTTP/1.1" 200 76710 "-" "Mozilla/5.0 (Windows NT 10.0; Win64; x64; rv:125.0) Gecko/20100101 Firefox/125.0"
98.98.9.18 - - [16/Apr/2026:07:04:16 +0300] "GET /5-put-bingo-websites-get-incentives-casino-rizk-login-when-you-deposit-5/ HTTP/1.1" 200 73810 "-" "Mozilla/5.0 (Windows NT 10.0; rv:109.0) Gecko/20100101 Firefox/115.0"
185.216.113.70 - - [16/Apr/2026:07:04:49 +0300] "POST /wp-cron.php?doing_wp_cron=1776312289.4212679862976074218750 HTTP/1.1" 200 448 "-" "WordPress/6.3.8; https://serhatburke.miroglu.net"
98.98.9.27 - - [16/Apr/2026:07:04:37 +0300] "POST /xmlrpc.php HTTP/1.1" 200 630 "-" "Mozilla/5.0 (Windows NT 10.0; Win64; x64) AppleWebKit/537.36 (KHTML, like Gecko) Chrome/114.0.0.0 Safari/537.36"
103.219.169.228 - - [16/Apr/2026:07:04:45 +0300] "POST /xmlrpc.php HTTP/1.1" 200 630 "-" "Mozilla/5.0 (Windows NT 10.0; Win64; x64) AppleWebKit/537.36 (KHTML, like Gecko) Chrome/114.0.0.0 Safari/537.36"
98.98.9.27 - - [16/Apr/2026:07:04:56 +0300] "POST /xmlrpc.php HTTP/1.1" 200 12501 "-" "Mozilla/5.0 (Windows NT 10.0; Win64; x64) AppleWebKit/537.36 (KHTML, like Gecko) Chrome/114.0.0.0 Safari/537.36"
103.219.169.228 - - [16/Apr/2026:07:05:04 +0300] "POST /xmlrpc.php HTTP/1.1" 200 14737 "-" "Mozilla/5.0 (Windows NT 10.0; Win64; x64) AppleWebKit/537.36 (KHTML, like Gecko) Chrome/114.0.0.0 Safari/537.36"
98.98.9.18 - - [16/Apr/2026:07:05:05 +0300] "POST /xmlrpc.php HTTP/1.1" 200 630 "-" "Mozilla/5.0 (Windows NT 10.0; Win64; x64) AppleWebKit/537.36 (KHTML, like Gecko) Chrome/114.0.0.0 Safari/537.36"
98.98.9.27 - - [16/Apr/2026:07:05:13 +0300] "GET /top-web-based-casinos-on-the-you-william-hill-app-s-for-real-profit-march-2026/ HTTP/1.1" 200 74068 "-" "Mozilla/5.0 (Windows NT 10.0; Win64; x64) AppleWebKit/537.36 (KHTML, like Gecko) Chrome/124.0.0.0 Safari/537.36"
185.216.113.70 - - [16/Apr/2026:07:05:36 +0300] "POST /wp-cron.php?doing_wp_cron=1776312336.4943830966949462890625 HTTP/1.1" 200 448 "-" "WordPress/6.3.8; https://serhatburke.miroglu.net"
103.219.169.228 - - [16/Apr/2026:07:05:23 +0300] "GET /thunderstruck-crazy-super-slot-enjoy-on-the-internet-alice-cooper-mega-jackpot-from-the-lottomart-video-game/ HTTP/1.1" 200 76786 "-" "Mozilla/5.0 (Windows NT 10.0; Win64; x64) AppleWebKit/537.36 (KHTML, like Gecko) Chrome/109.0.0.0 Safari/537.36"
98.98.9.18 - - [16/Apr/2026:07:05:29 +0300] "POST /xmlrpc.php HTTP/1.1" 200 11838 "-" "Mozilla/5.0 (Windows NT 10.0; Win64; x64) AppleWebKit/537.36 (KHTML, like Gecko) Chrome/114.0.0.0 Safari/537.36"
98.98.9.18 - - [16/Apr/2026:07:05:45 +0300] "GET /finest-internet-casino-bonuses-2026-1x-wager-join-slot-arising-phoenix-also-provides/ HTTP/1.1" 200 73645 "-" "Mozilla/5.0 (Windows NT 10.0; Win64; x64; rv:125.0) Gecko/20100101 Firefox/125.0"
103.219.169.228 - - [16/Apr/2026:07:06:04 +0300] "POST /xmlrpc.php HTTP/1.1" 200 630 "-" "Mozilla/5.0 (Windows NT 10.0; Win64; x64) AppleWebKit/537.36 (KHTML, like Gecko) Chrome/114.0.0.0 Safari/537.36"
185.216.113.70 - - [16/Apr/2026:07:06:37 +0300] "POST /wp-cron.php?doing_wp_cron=1776312397.2155458927154541015625 HTTP/1.1" 200 448 "-" "WordPress/6.3.8; https://serhatburke.miroglu.net"
103.219.169.228 - - [16/Apr/2026:07:06:24 +0300] "POST /xmlrpc.php HTTP/1.1" 200 13129 "-" "Mozilla/5.0 (Windows NT 10.0; Win64; x64) AppleWebKit/537.36 (KHTML, like Gecko) Chrome/114.0.0.0 Safari/537.36"
185.216.113.70 - - [16/Apr/2026:07:06:56 +0300] "POST /wp-cron.php?doing_wp_cron=1776312416.0652871131896972656250 HTTP/1.1" 200 448 "-" "WordPress/6.3.8; https://serhatburke.miroglu.net"
98.98.9.18 - - [16/Apr/2026:07:06:41 +0300] "POST /xmlrpc.php HTTP/1.1" 200 630 "-" "Mozilla/5.0 (Windows NT 10.0; Win64; x64) AppleWebKit/537.36 (KHTML, like Gecko) Chrome/114.0.0.0 Safari/537.36"
103.219.169.228 - - [16/Apr/2026:07:06:38 +0300] "GET /slot-play-captain-america-real-money-planet/ HTTP/1.1" 200 73714 "-" "Mozilla/5.0 (Windows NT 10.0; rv:125.0) Gecko/20100101 Firefox/125.0"
98.98.9.18 - - [16/Apr/2026:07:07:04 +0300] "POST /xmlrpc.php HTTP/1.1" 200 12404 "-" "Mozilla/5.0 (Windows NT 10.0; Win64; x64) AppleWebKit/537.36 (KHTML, like Gecko) Chrome/114.0.0.0 Safari/537.36"
103.219.169.228 - - [16/Apr/2026:07:07:15 +0300] "POST /xmlrpc.php HTTP/1.1" 200 630 "-" "Mozilla/5.0 (Windows NT 10.0; Win64; x64) AppleWebKit/537.36 (KHTML, like Gecko) Chrome/114.0.0.0 Safari/537.36"
98.98.9.18 - - [16/Apr/2026:07:07:19 +0300] "GET /australias-step-1-online-casino-casino-frank-no-deposit-bonus-publication-2026/ HTTP/1.1" 200 73902 "-" "Mozilla/5.0 (Windows NT 10.0; Win64; x64) AppleWebKit/537.36 (KHTML, like Gecko) Chrome/124.0.0.0 Safari/537.36 Edg/124.0.0.0"
185.216.113.70 - - [16/Apr/2026:07:07:45 +0300] "POST /wp-cron.php?doing_wp_cron=1776312465.6232089996337890625000 HTTP/1.1" 200 448 "-" "WordPress/6.3.8; https://serhatburke.miroglu.net"
103.219.169.228 - - [16/Apr/2026:07:07:33 +0300] "POST /xmlrpc.php HTTP/1.1" 200 14473 "-" "Mozilla/5.0 (Windows NT 10.0; Win64; x64) AppleWebKit/537.36 (KHTML, like Gecko) Chrome/114.0.0.0 Safari/537.36"
103.219.169.228 - - [16/Apr/2026:07:07:47 +0300] "GET /siberian-storm-888-casino-incorporate-the-newest-chills-out-of-victories-the-fresh-unfolding-blizzard-in-the-games/ HTTP/1.1" 200 77275 "-" "Mozilla/5.0 (Windows NT 10.0; Win64; x64) AppleWebKit/537.36 (KHTML, like Gecko) Chrome/123.0.0.0 Safari/537.36"
98.98.9.18 - - [16/Apr/2026:07:08:10 +0300] "POST /xmlrpc.php HTTP/1.1" 200 630 "-" "Mozilla/5.0 (Windows NT 10.0; Win64; x64) AppleWebKit/537.36 (KHTML, like Gecko) Chrome/114.0.0.0 Safari/537.36"
185.216.113.70 - - [16/Apr/2026:07:08:42 +0300] "POST /wp-cron.php?doing_wp_cron=1776312522.6563150882720947265625 HTTP/1.1" 200 448 "-" "WordPress/6.3.8; https://serhatburke.miroglu.net"
98.98.9.18 - - [16/Apr/2026:07:08:29 +0300] "POST /xmlrpc.php HTTP/1.1" 200 12273 "-" "Mozilla/5.0 (Windows NT 10.0; Win64; x64) AppleWebKit/537.36 (KHTML, like Gecko) Chrome/114.0.0.0 Safari/537.36"
103.219.169.228 - - [16/Apr/2026:07:08:30 +0300] "POST /xmlrpc.php HTTP/1.1" 200 630 "-" "Mozilla/5.0 (Windows NT 10.0; Win64; x64) AppleWebKit/537.36 (KHTML, like Gecko) Chrome/114.0.0.0 Safari/537.36"
98.98.9.18 - - [16/Apr/2026:07:08:44 +0300] "GET /step-one-free-online-casino-titan-100-free-spins-personal-gambling-establishment-experience/ HTTP/1.1" 200 73930 "-" "Mozilla/5.0 (Windows NT 10.0; Win64; x64) AppleWebKit/537.36 (KHTML, like Gecko) Chrome/123.0.0.0 Safari/537.36 OPR/109.0.0.0"
66.249.73.14 - - [16/Apr/2026:07:09:00 +0300] "GET /wp-content/themes/toppic/js/jquery.mtree.js?ver=4.2 HTTP/1.1" 200 1509 "https://serhatburke.miroglu.net/no-title/" "Mozilla/5.0 (Linux; Android 6.0.1; Nexus 5X Build/MMB29P) AppleWebKit/537.36 (KHTML, like Gecko) Chrome/146.0.7680.177 Mobile Safari/537.36 (compatible; Googlebot/2.1; +http://www.google.com/bot.html)"
66.249.73.14 - - [16/Apr/2026:07:09:04 +0300] "GET /wp-content/themes/toppic/css/rs-default.css?ver=4.2 HTTP/1.1" 200 2447 "https://serhatburke.miroglu.net/no-title/" "Mozilla/5.0 (Linux; Android 6.0.1; Nexus 5X Build/MMB29P) AppleWebKit/537.36 (KHTML, like Gecko) Chrome/146.0.7680.177 Mobile Safari/537.36 (compatible; Googlebot/2.1; +http://www.google.com/bot.html)"
103.219.169.228 - - [16/Apr/2026:07:08:52 +0300] "POST /xmlrpc.php HTTP/1.1" 200 13535 "-" "Mozilla/5.0 (Windows NT 10.0; Win64; x64) AppleWebKit/537.36 (KHTML, like Gecko) Chrome/114.0.0.0 Safari/537.36"
103.219.169.228 - - [16/Apr/2026:07:09:07 +0300] "GET /burning-interest-position-video-game-win-jackpot-zodiac-50-free-spins-of-90one-hundred-thousand-and-revel-in/ HTTP/1.1" 200 75681 "-" "Mozilla/5.0 (Windows NT 10.0; rv:109.0) Gecko/20100101 Firefox/115.0"
185.216.113.70 - - [16/Apr/2026:07:09:52 +0300] "POST /wp-cron.php?doing_wp_cron=1776312592.4535639286041259765625 HTTP/1.1" 200 448 "-" "WordPress/6.3.8; https://serhatburke.miroglu.net"
98.98.9.18 - - [16/Apr/2026:07:09:40 +0300] "POST /xmlrpc.php HTTP/1.1" 200 630 "-" "Mozilla/5.0 (Windows NT 10.0; Win64; x64) AppleWebKit/537.36 (KHTML, like Gecko) Chrome/114.0.0.0 Safari/537.36"
103.219.169.228 - - [16/Apr/2026:07:09:43 +0300] "POST /xmlrpc.php HTTP/1.1" 200 630 "-" "Mozilla/5.0 (Windows NT 10.0; Win64; x64) AppleWebKit/537.36 (KHTML, like Gecko) Chrome/114.0.0.0 Safari/537.36"
98.98.9.18 - - [16/Apr/2026:07:09:59 +0300] "POST /xmlrpc.php HTTP/1.1" 200 11992 "-" "Mozilla/5.0 (Windows NT 10.0; Win64; x64) AppleWebKit/537.36 (KHTML, like Gecko) Chrome/114.0.0.0 Safari/537.36"
103.219.169.228 - - [16/Apr/2026:07:10:02 +0300] "POST /xmlrpc.php HTTP/1.1" 200 13978 "-" "Mozilla/5.0 (Windows NT 10.0; Win64; x64) AppleWebKit/537.36 (KHTML, like Gecko) Chrome/114.0.0.0 Safari/537.36"
98.98.9.18 - - [16/Apr/2026:07:10:15 +0300] "GET /finest-cellular-casinos-you-to-pay-real-play-mega-moolah-slot-online-no-download-cash-february-2026/ HTTP/1.1" 200 73960 "-" "Mozilla/5.0 (Windows NT 10.0; Win64; x64) AppleWebKit/537.36 (KHTML, like Gecko) Chrome/124.0.0.0 Safari/537.36 Edg/124.0.0.0"
103.219.169.228 - - [16/Apr/2026:07:10:19 +0300] "GET /better-100-percent-free-spins-bonuses-2026-no-deposit-british-gambling-apple-pay-casino-online-enterprises/ HTTP/1.1" 200 75895 "-" "Mozilla/5.0 (Windows NT 10.0; rv:125.0) Gecko/20100101 Firefox/125.0"
185.216.113.70 - - [16/Apr/2026:07:11:04 +0300] "POST /wp-cron.php?doing_wp_cron=1776312664.1918430328369140625000 HTTP/1.1" 200 448 "-" "WordPress/6.3.8; https://serhatburke.miroglu.net"
103.219.169.228 - - [16/Apr/2026:07:10:52 +0300] "POST /xmlrpc.php HTTP/1.1" 200 630 "-" "Mozilla/5.0 (Windows NT 10.0; Win64; x64) AppleWebKit/537.36 (KHTML, like Gecko) Chrome/114.0.0.0 Safari/537.36"
98.98.9.27 - - [16/Apr/2026:07:10:55 +0300] "POST /xmlrpc.php HTTP/1.1" 200 630 "-" "Mozilla/5.0 (Windows NT 10.0; Win64; x64) AppleWebKit/537.36 (KHTML, like Gecko) Chrome/114.0.0.0 Safari/537.36"
98.98.9.18 - - [16/Apr/2026:07:11:07 +0300] "POST /xmlrpc.php HTTP/1.1" 200 630 "-" "Mozilla/5.0 (Windows NT 10.0; Win64; x64) AppleWebKit/537.36 (KHTML, like Gecko) Chrome/114.0.0.0 Safari/537.36"
103.219.169.228 - - [16/Apr/2026:07:11:11 +0300] "POST /xmlrpc.php HTTP/1.1" 200 13832 "-" "Mozilla/5.0 (Windows NT 10.0; Win64; x64) AppleWebKit/537.36 (KHTML, like Gecko) Chrome/114.0.0.0 Safari/537.36"
98.98.9.27 - - [16/Apr/2026:07:11:16 +0300] "POST /xmlrpc.php HTTP/1.1" 200 13284 "-" "Mozilla/5.0 (Windows NT 10.0; Win64; x64) AppleWebKit/537.36 (KHTML, like Gecko) Chrome/114.0.0.0 Safari/537.36"
185.216.113.70 - - [16/Apr/2026:07:11:47 +0300] "POST /wp-cron.php?doing_wp_cron=1776312707.1384398937225341796875 HTTP/1.1" 200 448 "-" "WordPress/6.3.8; https://serhatburke.miroglu.net"
103.219.169.228 - - [16/Apr/2026:07:11:30 +0300] "GET /gorgeous-since-the-5-deposit-online-casino-hades-position/ HTTP/1.1" 200 74778 "-" "Mozilla/5.0 (Windows NT 10.0; Win64; x64) AppleWebKit/537.36 (KHTML, like Gecko) Chrome/124.0.0.0 Safari/537.36 Edg/124.0.0.0"
98.98.9.18 - - [16/Apr/2026:07:11:32 +0300] "POST /xmlrpc.php HTTP/1.1" 200 12223 "-" "Mozilla/5.0 (Windows NT 10.0; Win64; x64) AppleWebKit/537.36 (KHTML, like Gecko) Chrome/114.0.0.0 Safari/537.36"
98.98.9.27 - - [16/Apr/2026:07:11:33 +0300] "GET /dual-spin-casino-flowers-christmas-edition-luxury-slot-games-trial-play-free-spins/ HTTP/1.1" 200 75033 "-" "Mozilla/5.0 (Windows NT 10.0; Win64; x64) AppleWebKit/537.36 (KHTML, like Gecko) Chrome/122.0.0.0 Safari/537.36"
98.98.9.18 - - [16/Apr/2026:07:11:51 +0300] "GET /neteller-casinos-in-the-2026-local-casino-300-casino-deposit-bonus-sites-recognizing-neteller/ HTTP/1.1" 200 74229 "-" "Mozilla/5.0 (Windows NT 10.0; rv:125.0) Gecko/20100101 Firefox/125.0"
103.219.169.228 - - [16/Apr/2026:07:12:02 +0300] "POST /xmlrpc.php HTTP/1.1" 200 630 "-" "Mozilla/5.0 (Windows NT 10.0; Win64; x64) AppleWebKit/537.36 (KHTML, like Gecko) Chrome/114.0.0.0 Safari/537.36"
185.216.113.70 - - [16/Apr/2026:07:12:34 +0300] "POST /wp-cron.php?doing_wp_cron=1776312754.1540679931640625000000 HTTP/1.1" 200 448 "-" "WordPress/6.3.8; https://serhatburke.miroglu.net"
103.219.169.228 - - [16/Apr/2026:07:12:21 +0300] "POST /xmlrpc.php HTTP/1.1" 200 14055 "-" "Mozilla/5.0 (Windows NT 10.0; Win64; x64) AppleWebKit/537.36 (KHTML, like Gecko) Chrome/114.0.0.0 Safari/537.36"
103.219.169.228 - - [16/Apr/2026:07:12:35 +0300] "GET /finest-position-websites-in-royal-win-mobile-the-2026-best-selections-for-you-updated/ HTTP/1.1" 200 75967 "-" "Mozilla/5.0 (Windows NT 10.0; Win64; x64; rv:124.0) Gecko/20100101 Firefox/124.0"
98.98.9.18 - - [16/Apr/2026:07:12:38 +0300] "POST /xmlrpc.php HTTP/1.1" 200 630 "-" "Mozilla/5.0 (Windows NT 10.0; Win64; x64) AppleWebKit/537.36 (KHTML, like Gecko) Chrome/114.0.0.0 Safari/537.36"
98.98.9.18 - - [16/Apr/2026:07:13:02 +0300] "POST /xmlrpc.php HTTP/1.1" 200 12431 "-" "Mozilla/5.0 (Windows NT 10.0; Win64; x64) AppleWebKit/537.36 (KHTML, like Gecko) Chrome/114.0.0.0 Safari/537.36"
103.219.169.228 - - [16/Apr/2026:07:13:15 +0300] "POST /xmlrpc.php HTTP/1.1" 200 630 "-" "Mozilla/5.0 (Windows NT 10.0; Win64; x64) AppleWebKit/537.36 (KHTML, like Gecko) Chrome/114.0.0.0 Safari/537.36"
98.98.9.18 - - [16/Apr/2026:07:13:17 +0300] "GET /better-press-the-link-right-now-mobile-gambling-enterprises-gambling-enterprise-applications-united-states-2026-play-real-money-on-line/ HTTP/1.1" 200 75344 "-" "Mozilla/5.0 (Windows NT 10.0; Win64; x64) AppleWebKit/537.36 (KHTML, like Gecko) Chrome/124.0.0.0 Safari/537.36 Edg/124.0.0.0"
185.216.113.70 - - [16/Apr/2026:07:13:46 +0300] "POST /wp-cron.php?doing_wp_cron=1776312826.7618401050567626953125 HTTP/1.1" 200 448 "-" "WordPress/6.3.8; https://serhatburke.miroglu.net"
103.219.169.228 - - [16/Apr/2026:07:13:34 +0300] "POST /xmlrpc.php HTTP/1.1" 200 14410 "-" "Mozilla/5.0 (Windows NT 10.0; Win64; x64) AppleWebKit/537.36 (KHTML, like Gecko) Chrome/114.0.0.0 Safari/537.36"
66.249.73.1 - - [16/Apr/2026:07:13:49 +0300] "GET /robots.txt HTTP/1.1" 200 719 "-" "Mozilla/5.0 (compatible; Googlebot/2.1; +http://www.google.com/bot.html)"
66.249.73.14 - - [16/Apr/2026:07:13:58 +0300] "GET /betonred-casino-apostas-mais-menos-e-a-experiencia-para-jogadores-em-portugal/ HTTP/1.1" 200 0 "https://khpgjqe.emberpath-games.info/" "Mozilla/5.0 (Linux; Android 6.0.1; Nexus 5X Build/MMB29P) AppleWebKit/537.36 (KHTML, like Gecko) Chrome/146.0.7680.177 Mobile Safari/537.36 (compatible; Googlebot/2.1; +http://www.google.com/bot.html)"
103.219.169.228 - - [16/Apr/2026:07:13:48 +0300] "GET /100-best-cobber-casino-welcome-bonus-roentgenb-karaoke-songs/ HTTP/1.1" 200 75149 "-" "Mozilla/5.0 (Windows NT 10.0; Win64; x64) AppleWebKit/537.36 (KHTML, like Gecko) Chrome/109.0.0.0 Safari/537.36"
98.98.9.18 - - [16/Apr/2026:07:14:25 +0300] "POST /xmlrpc.php HTTP/1.1" 200 630 "-" "Mozilla/5.0 (Windows NT 10.0; Win64; x64) AppleWebKit/537.36 (KHTML, like Gecko) Chrome/114.0.0.0 Safari/537.36"
103.219.169.228 - - [16/Apr/2026:07:14:26 +0300] "POST /xmlrpc.php HTTP/1.1" 200 630 "-" "Mozilla/5.0 (Windows NT 10.0; Win64; x64) AppleWebKit/537.36 (KHTML, like Gecko) Chrome/114.0.0.0 Safari/537.36"
185.216.113.70 - - [16/Apr/2026:07:14:57 +0300] "POST /wp-cron.php?doing_wp_cron=1776312897.8524289131164550781250 HTTP/1.1" 200 448 "-" "WordPress/6.3.8; https://serhatburke.miroglu.net"
98.98.9.18 - - [16/Apr/2026:07:14:44 +0300] "POST /xmlrpc.php HTTP/1.1" 200 12328 "-" "Mozilla/5.0 (Windows NT 10.0; Win64; x64) AppleWebKit/537.36 (KHTML, like Gecko) Chrome/114.0.0.0 Safari/537.36"
103.219.169.228 - - [16/Apr/2026:07:14:45 +0300] "POST /xmlrpc.php HTTP/1.1" 200 14137 "-" "Mozilla/5.0 (Windows NT 10.0; Win64; x64) AppleWebKit/537.36 (KHTML, like Gecko) Chrome/114.0.0.0 Safari/537.36"
103.219.169.228 - - [16/Apr/2026:07:14:59 +0300] "GET /enjoy-100-percent-free-slot-game-so-best-casino-online-canada-you-can-receive-cash-honors/ HTTP/1.1" 200 75746 "-" "Mozilla/5.0 (Windows NT 10.0; Win64; x64) AppleWebKit/537.36 (KHTML, like Gecko) Chrome/122.0.0.0 Safari/537.36"
98.98.9.18 - - [16/Apr/2026:07:14:59 +0300] "GET /greatest-web-based-casinos-accepting-boku-boku-gambling-my-hyperlink-enterprise-2026/ HTTP/1.1" 200 73839 "-" "Mozilla/5.0 (Windows NT 10.0; rv:109.0) Gecko/20100101 Firefox/115.0"
185.216.113.70 - - [16/Apr/2026:07:16:24 +0300] "POST /wp-cron.php?doing_wp_cron=1776312984.3371911048889160156250 HTTP/1.1" 200 448 "-" "WordPress/6.3.8; https://serhatburke.miroglu.net"
98.98.9.18 - - [16/Apr/2026:07:16:12 +0300] "POST /xmlrpc.php HTTP/1.1" 200 630 "-" "Mozilla/5.0 (Windows NT 10.0; Win64; x64) AppleWebKit/537.36 (KHTML, like Gecko) Chrome/114.0.0.0 Safari/537.36"
98.98.9.18 - - [16/Apr/2026:07:16:31 +0300] "POST /xmlrpc.php HTTP/1.1" 200 13025 "-" "Mozilla/5.0 (Windows NT 10.0; Win64; x64) AppleWebKit/537.36 (KHTML, like Gecko) Chrome/114.0.0.0 Safari/537.36"
185.216.113.70 - - [16/Apr/2026:07:16:57 +0300] "POST /wp-cron.php?doing_wp_cron=1776313017.7100350856781005859375 HTTP/1.1" 200 448 "-" "WordPress/6.3.8; https://serhatburke.miroglu.net"
98.98.9.18 - - [16/Apr/2026:07:16:46 +0300] "GET /fish-team-slot-remark-enjoy-free-online-cash-coaster-casino-slot-games-by-the-microgaming/ HTTP/1.1" 200 74610 "-" "Mozilla/5.0 (Windows NT 10.0; Win64; x64) AppleWebKit/537.36 (KHTML, like Gecko) Chrome/124.0.0.0 Safari/537.36 Edg/124.0.0.0"
185.216.113.70 - - [16/Apr/2026:07:18:06 +0300] "POST /wp-cron.php?doing_wp_cron=1776313086.0586209297180175781250 HTTP/1.1" 200 448 "-" "WordPress/6.3.8; https://serhatburke.miroglu.net"
98.98.9.18 - - [16/Apr/2026:07:17:54 +0300] "POST /xmlrpc.php HTTP/1.1" 200 630 "-" "Mozilla/5.0 (Windows NT 10.0; Win64; x64) AppleWebKit/537.36 (KHTML, like Gecko) Chrome/114.0.0.0 Safari/537.36"
98.98.9.27 - - [16/Apr/2026:07:18:10 +0300] "POST /xmlrpc.php HTTP/1.1" 200 630 "-" "Mozilla/5.0 (Windows NT 10.0; Win64; x64) AppleWebKit/537.36 (KHTML, like Gecko) Chrome/114.0.0.0 Safari/537.36"
98.98.9.18 - - [16/Apr/2026:07:18:12 +0300] "POST /xmlrpc.php HTTP/1.1" 200 12242 "-" "Mozilla/5.0 (Windows NT 10.0; Win64; x64) AppleWebKit/537.36 (KHTML, like Gecko) Chrome/114.0.0.0 Safari/537.36"
185.216.113.70 - - [16/Apr/2026:07:18:42 +0300] "POST /wp-cron.php?doing_wp_cron=1776313122.7643198966979980468750 HTTP/1.1" 200 448 "-" "WordPress/6.3.8; https://serhatburke.miroglu.net"
98.98.9.18 - - [16/Apr/2026:07:18:30 +0300] "GET /3-money-set-gambling-enterprise-canada-best-picks-in-honey-bee-slot-free-spins-order-to-two-hundred-totally-free-spins-2025-no-deposit-has-2025/ HTTP/1.1" 200 75308 "-" "Mozilla/5.0 (Windows NT 10.0; rv:109.0) Gecko/20100101 Firefox/115.0"
98.98.9.27 - - [16/Apr/2026:07:18:32 +0300] "POST /xmlrpc.php HTTP/1.1" 200 13202 "-" "Mozilla/5.0 (Windows NT 10.0; Win64; x64) AppleWebKit/537.36 (KHTML, like Gecko) Chrome/114.0.0.0 Safari/537.36"
142.44.225.74 - - [16/Apr/2026:07:18:47 +0300] "GET /los-excelentes-jugadores-sobre-ruleta-del-universo/ HTTP/2" 200 18903 "-" "Mozilla/5.0 (compatible; AhrefsBot/7.0; +http://ahrefs.com/robot/)"
98.98.9.27 - - [16/Apr/2026:07:18:48 +0300] "GET /best-neteller-casino-vegas-palms-100-free-spins-gambling-enterprises-2026-exclusive-incentives-here/ HTTP/1.1" 200 75161 "-" "Mozilla/5.0 (Windows NT 10.0; Win64; x64) AppleWebKit/537.36 (KHTML, like Gecko) Chrome/123.0.0.0 Safari/537.36"
185.216.113.70 - - [16/Apr/2026:07:19:47 +0300] "POST /wp-cron.php?doing_wp_cron=1776313187.3310229778289794921875 HTTP/1.1" 200 448 "-" "WordPress/6.3.8; https://serhatburke.miroglu.net"
98.98.9.18 - - [16/Apr/2026:07:19:34 +0300] "POST /xmlrpc.php HTTP/1.1" 200 630 "-" "Mozilla/5.0 (Windows NT 10.0; Win64; x64) AppleWebKit/537.36 (KHTML, like Gecko) Chrome/114.0.0.0 Safari/537.36"
66.249.73.1 - - [16/Apr/2026:07:19:50 +0300] "GET /betonred-casino-apostas-mais-menos-e-a-experiencia-para-jogadores-em-portugal/ HTTP/1.1" 200 0 "https://nsakue.magmaflow-games.biz/" "Mozilla/5.0 (Linux; Android 6.0.1; Nexus 5X Build/MMB29P) AppleWebKit/537.36 (KHTML, like Gecko) Chrome/146.0.7680.177 Mobile Safari/537.36 (compatible; Googlebot/2.1; +http://www.google.com/bot.html)"
66.249.73.14 - - [16/Apr/2026:07:19:50 +0300] "GET /robots.txt HTTP/1.1" 200 719 "-" "Mozilla/5.0 (compatible; Googlebot/2.1; +http://www.google.com/bot.html)"
98.98.9.18 - - [16/Apr/2026:07:19:54 +0300] "POST /xmlrpc.php HTTP/1.1" 200 12307 "-" "Mozilla/5.0 (Windows NT 10.0; Win64; x64) AppleWebKit/537.36 (KHTML, like Gecko) Chrome/114.0.0.0 Safari/537.36"
98.98.9.18 - - [16/Apr/2026:07:20:14 +0300] "GET /gambling-enterprise-com-their-respected-publication-to-possess-casinos-on-the-internet-big-bad-wolf-online-slot-incentives/ HTTP/1.1" 200 75077 "-" "Mozilla/5.0 (Windows NT 10.0; Win64; x64) AppleWebKit/537.36 (KHTML, like Gecko) Chrome/123.0.0.0 Safari/537.36"
185.216.113.70 - - [16/Apr/2026:07:20:57 +0300] "POST /wp-cron.php?doing_wp_cron=1776313257.5170021057128906250000 HTTP/1.1" 200 448 "-" "WordPress/6.3.8; https://serhatburke.miroglu.net"
103.219.169.228 - - [16/Apr/2026:07:20:45 +0300] "POST /xmlrpc.php HTTP/1.1" 200 630 "-" "Mozilla/5.0 (Windows NT 10.0; Win64; x64) AppleWebKit/537.36 (KHTML, like Gecko) Chrome/114.0.0.0 Safari/537.36"
103.219.169.228 - - [16/Apr/2026:07:21:04 +0300] "POST /xmlrpc.php HTTP/1.1" 200 13924 "-" "Mozilla/5.0 (Windows NT 10.0; Win64; x64) AppleWebKit/537.36 (KHTML, like Gecko) Chrome/114.0.0.0 Safari/537.36"
98.98.9.18 - - [16/Apr/2026:07:21:10 +0300] "POST /xmlrpc.php HTTP/1.1" 200 630 "-" "Mozilla/5.0 (Windows NT 10.0; Win64; x64) AppleWebKit/537.36 (KHTML, like Gecko) Chrome/114.0.0.0 Safari/537.36"
103.219.169.228 - - [16/Apr/2026:07:21:22 +0300] "GET /nuts-orient-slot-machine-online-dolphin-reef-position-information-free-spins-and/ HTTP/1.1" 200 75493 "-" "Mozilla/5.0 (Windows NT 10.0; Win64; x64) AppleWebKit/537.36 (KHTML, like Gecko) Chrome/124.0.0.0 Safari/537.36"
185.216.113.70 - - [16/Apr/2026:07:21:46 +0300] "POST /wp-cron.php?doing_wp_cron=1776313306.8635730743408203125000 HTTP/1.1" 200 448 "-" "WordPress/6.3.8; https://serhatburke.miroglu.net"
98.98.9.18 - - [16/Apr/2026:07:21:32 +0300] "POST /xmlrpc.php HTTP/1.1" 200 12130 "-" "Mozilla/5.0 (Windows NT 10.0; Win64; x64) AppleWebKit/537.36 (KHTML, like Gecko) Chrome/114.0.0.0 Safari/537.36"
98.98.9.18 - - [16/Apr/2026:07:21:48 +0300] "GET /online-casino-incentives-bonus-deposit-200-best-extra-internet-sites-february-2026/ HTTP/1.1" 200 73820 "-" "Mozilla/5.0 (Windows NT 10.0; Win64; x64) AppleWebKit/537.36 (KHTML, like Gecko) Chrome/123.0.0.0 Safari/537.36 OPR/109.0.0.0"
185.216.113.70 - - [16/Apr/2026:07:22:54 +0300] "POST /wp-cron.php?doing_wp_cron=1776313374.4891419410705566406250 HTTP/1.1" 200 448 "-" "WordPress/6.3.8; https://serhatburke.miroglu.net"
98.98.9.18 - - [16/Apr/2026:07:22:42 +0300] "POST /xmlrpc.php HTTP/1.1" 200 630 "-" "Mozilla/5.0 (Windows NT 10.0; Win64; x64) AppleWebKit/537.36 (KHTML, like Gecko) Chrome/114.0.0.0 Safari/537.36"
98.98.9.18 - - [16/Apr/2026:07:23:01 +0300] "POST /xmlrpc.php HTTP/1.1" 200 12169 "-" "Mozilla/5.0 (Windows NT 10.0; Win64; x64) AppleWebKit/537.36 (KHTML, like Gecko) Chrome/114.0.0.0 Safari/537.36"
98.98.9.18 - - [16/Apr/2026:07:23:16 +0300] "GET /our-very-own-guidelines-to-on-line-sweepstakes-legality-bonuses-and-you-the-phantom-of-the-opera-for-real-money-may-reviews-to-locate-step-1-pound-minimal-deposit-gambling-establishment-a-knowledgea/ HTTP/1.1" 200 77171 "-" "Mozilla/5.0 (Windows NT 10.0; Win64; x64) AppleWebKit/537.36 (KHTML, like Gecko) Chrome/109.0.0.0 Safari/537.36"
185.216.113.70 - - [16/Apr/2026:07:23:54 +0300] "POST /wp-cron.php?doing_wp_cron=1776313434.5079751014709472656250 HTTP/1.1" 200 448 "-" "WordPress/6.3.8; https://serhatburke.miroglu.net"
180.74.218.88 - - [16/Apr/2026:07:23:36 +0300] "GET / HTTP/1.1" 200 19137 "-" "Mozilla/5.0 (Windows NT 10.0; Win64; x64) AppleWebKit/537.36 (KHTML, like Gecko) Chrome/120.0.0.0 Safari/537.36"
98.98.9.18 - - [16/Apr/2026:07:24:21 +0300] "POST /xmlrpc.php HTTP/1.1" 200 630 "-" "Mozilla/5.0 (Windows NT 10.0; Win64; x64) AppleWebKit/537.36 (KHTML, like Gecko) Chrome/114.0.0.0 Safari/537.36"
185.216.113.70 - - [16/Apr/2026:07:24:54 +0300] "POST /wp-cron.php?doing_wp_cron=1776313494.7447779178619384765625 HTTP/1.1" 200 448 "-" "WordPress/6.3.8; https://serhatburke.miroglu.net"
98.98.9.27 - - [16/Apr/2026:07:24:38 +0300] "POST /xmlrpc.php HTTP/1.1" 200 630 "-" "Mozilla/5.0 (Windows NT 10.0; Win64; x64) AppleWebKit/537.36 (KHTML, like Gecko) Chrome/114.0.0.0 Safari/537.36"
98.98.9.18 - - [16/Apr/2026:07:24:41 +0300] "POST /xmlrpc.php HTTP/1.1" 200 11989 "-" "Mozilla/5.0 (Windows NT 10.0; Win64; x64) AppleWebKit/537.36 (KHTML, like Gecko) Chrome/114.0.0.0 Safari/537.36"
52.167.144.16 - - [16/Apr/2026:07:24:46 +0300] "GET /sitemap.rss HTTP/2" 200 5147 "-" "Mozilla/5.0 AppleWebKit/537.36 (KHTML, like Gecko; compatible; bingbot/2.0; +http://www.bing.com/bingbot.htm) Chrome/116.0.1938.76 Safari/537.36"
98.98.9.27 - - [16/Apr/2026:07:25:01 +0300] "POST /xmlrpc.php HTTP/1.1" 200 12936 "-" "Mozilla/5.0 (Windows NT 10.0; Win64; x64) AppleWebKit/537.36 (KHTML, like Gecko) Chrome/114.0.0.0 Safari/537.36"
98.98.9.18 - - [16/Apr/2026:07:25:01 +0300] "GET /finest-bitcoin-casino-break-the-bank-casinos-in-the-you-btc-playing-2026/ HTTP/1.1" 200 73475 "-" "Mozilla/5.0 (Windows NT 10.0; Win64; x64; rv:124.0) Gecko/20100101 Firefox/124.0"
98.98.9.27 - - [16/Apr/2026:07:25:20 +0300] "GET /thunderstruck-games-enjoy-microgaming-free-ice-hockey-for-real-money-slot-game-on-line-zero-down-load/ HTTP/1.1" 200 74991 "-" "Mozilla/5.0 (Windows NT 10.0; rv:125.0) Gecko/20100101 Firefox/125.0"
185.216.113.70 - - [16/Apr/2026:07:26:07 +0300] "POST /wp-cron.php?doing_wp_cron=1776313567.5290849208831787109375 HTTP/1.1" 200 448 "-" "WordPress/6.3.8; https://serhatburke.miroglu.net"
103.219.169.228 - - [16/Apr/2026:07:25:54 +0300] "POST /xmlrpc.php HTTP/1.1" 200 630 "-" "Mozilla/5.0 (Windows NT 10.0; Win64; x64) AppleWebKit/537.36 (KHTML, like Gecko) Chrome/114.0.0.0 Safari/537.36"
185.216.113.70 - - [16/Apr/2026:07:26:09 +0300] "POST /wp-cron.php?doing_wp_cron=1776313569.0719490051269531250000 HTTP/1.1" 200 448 "-" "WordPress/6.3.8; https://serhatburke.miroglu.net"
98.98.9.18 - - [16/Apr/2026:07:25:56 +0300] "POST /xmlrpc.php HTTP/1.1" 200 630 "-" "Mozilla/5.0 (Windows NT 10.0; Win64; x64) AppleWebKit/537.36 (KHTML, like Gecko) Chrome/114.0.0.0 Safari/537.36"
185.216.113.70 - - [16/Apr/2026:07:26:31 +0300] "POST /wp-cron.php?doing_wp_cron=1776313591.3187429904937744140625 HTTP/1.1" 200 448 "-" "WordPress/6.3.8; https://serhatburke.miroglu.net"
103.219.169.228 - - [16/Apr/2026:07:26:14 +0300] "POST /xmlrpc.php HTTP/1.1" 200 14310 "-" "Mozilla/5.0 (Windows NT 10.0; Win64; x64) AppleWebKit/537.36 (KHTML, like Gecko) Chrome/114.0.0.0 Safari/537.36"
98.98.9.18 - - [16/Apr/2026:07:26:15 +0300] "POST /xmlrpc.php HTTP/1.1" 200 12577 "-" "Mozilla/5.0 (Windows NT 10.0; Win64; x64) AppleWebKit/537.36 (KHTML, like Gecko) Chrome/114.0.0.0 Safari/537.36"
103.219.169.228 - - [16/Apr/2026:07:26:32 +0300] "GET /free-online-casinos-online-slots/ HTTP/1.1" 200 74499 "-" "Mozilla/5.0 (Windows NT 10.0; Win64; x64) AppleWebKit/537.36 (KHTML, like Gecko) Chrome/123.0.0.0 Safari/537.36"
98.98.9.18 - - [16/Apr/2026:07:26:35 +0300] "GET /top-ten-online-casinos-finest-deposit-1-play-with-20-casino-local-casino-websites-book-to-possess-2026/ HTTP/1.1" 200 74550 "-" "Mozilla/5.0 (Windows NT 10.0; Win64; x64) AppleWebKit/537.36 (KHTML, like Gecko) Chrome/124.0.0.0 Safari/537.36 Edg/124.0.0.0"
185.216.113.70 - - [16/Apr/2026:07:27:39 +0300] "POST /wp-cron.php?doing_wp_cron=1776313659.8102118968963623046875 HTTP/1.1" 200 448 "-" "WordPress/6.3.8; https://serhatburke.miroglu.net"
98.98.9.18 - - [16/Apr/2026:07:27:27 +0300] "POST /xmlrpc.php HTTP/1.1" 200 630 "-" "Mozilla/5.0 (Windows NT 10.0; Win64; x64) AppleWebKit/537.36 (KHTML, like Gecko) Chrome/114.0.0.0 Safari/537.36"
98.98.9.18 - - [16/Apr/2026:07:27:47 +0300] "POST /xmlrpc.php HTTP/1.1" 200 11734 "-" "Mozilla/5.0 (Windows NT 10.0; Win64; x64) AppleWebKit/537.36 (KHTML, like Gecko) Chrome/114.0.0.0 Safari/537.36"
103.219.169.228 - - [16/Apr/2026:07:27:52 +0300] "POST /xmlrpc.php HTTP/1.1" 200 630 "-" "Mozilla/5.0 (Windows NT 10.0; Win64; x64) AppleWebKit/537.36 (KHTML, like Gecko) Chrome/114.0.0.0 Safari/537.36"
98.98.9.18 - - [16/Apr/2026:07:28:02 +0300] "GET /best-web-slot-wild-catch-based-casinos-a-real-income-betting-internet-sites-to-own-2026/ HTTP/1.1" 200 73334 "-" "Mozilla/5.0 (Windows NT 10.0; Win64; x64) AppleWebKit/537.36 (KHTML, like Gecko) Chrome/123.0.0.0 Safari/537.36 OPR/109.0.0.0"
185.216.113.70 - - [16/Apr/2026:07:28:24 +0300] "POST /wp-cron.php?doing_wp_cron=1776313704.2032749652862548828125 HTTP/1.1" 200 448 "-" "WordPress/6.3.8; https://serhatburke.miroglu.net"
103.219.169.228 - - [16/Apr/2026:07:28:11 +0300] "POST /xmlrpc.php HTTP/1.1" 200 14345 "-" "Mozilla/5.0 (Windows NT 10.0; Win64; x64) AppleWebKit/537.36 (KHTML, like Gecko) Chrome/114.0.0.0 Safari/537.36"
103.219.169.228 - - [16/Apr/2026:07:28:25 +0300] "GET /rating-a-welcome-extra-gamble-in-the-ports-no-deposit-free-spins-50-angels-casino-on-line/ HTTP/1.1" 200 76127 "-" "Mozilla/5.0 (Windows NT 10.0; Win64; x64) AppleWebKit/537.36 (KHTML, like Gecko) Chrome/122.0.0.0 Safari/537.36"
185.216.113.70 - - [16/Apr/2026:07:29:11 +0300] "POST /wp-cron.php?doing_wp_cron=1776313751.1204659938812255859375 HTTP/1.1" 200 448 "-" "WordPress/6.3.8; https://serhatburke.miroglu.net"
98.98.9.18 - - [16/Apr/2026:07:28:59 +0300] "POST /xmlrpc.php HTTP/1.1" 200 630 "-" "Mozilla/5.0 (Windows NT 10.0; Win64; x64) AppleWebKit/537.36 (KHTML, like Gecko) Chrome/114.0.0.0 Safari/537.36"
98.98.9.18 - - [16/Apr/2026:07:29:18 +0300] "POST /xmlrpc.php HTTP/1.1" 200 12772 "-" "Mozilla/5.0 (Windows NT 10.0; Win64; x64) AppleWebKit/537.36 (KHTML, like Gecko) Chrome/114.0.0.0 Safari/537.36"
185.216.113.70 - - [16/Apr/2026:07:29:43 +0300] "POST /wp-cron.php?doing_wp_cron=1776313783.3762340545654296875000 HTTP/1.1" 200 448 "-" "WordPress/6.3.8; https://serhatburke.miroglu.net"
98.98.9.18 - - [16/Apr/2026:07:29:31 +0300] "GET /100-percent-free-fruit-machine-minimum-1-deposit-casino-video-game-list-of-finest-good-fresh-fruit-ports-to-experience-for-fun/ HTTP/1.1" 200 75375 "-" "Mozilla/5.0 (Windows NT 10.0; Win64; x64; rv:125.0) Gecko/20100101 Firefox/125.0"
103.219.169.228 - - [16/Apr/2026:07:29:53 +0300] "POST /xmlrpc.php HTTP/1.1" 200 630 "-" "Mozilla/5.0 (Windows NT 10.0; Win64; x64) AppleWebKit/537.36 (KHTML, like Gecko) Chrome/114.0.0.0 Safari/537.36"
185.216.113.70 - - [16/Apr/2026:07:30:23 +0300] "POST /wp-cron.php?doing_wp_cron=1776313823.8885090351104736328125 HTTP/1.1" 200 448 "-" "WordPress/6.3.8; https://serhatburke.miroglu.net"
103.219.169.228 - - [16/Apr/2026:07:30:12 +0300] "POST /xmlrpc.php HTTP/1.1" 200 14289 "-" "Mozilla/5.0 (Windows NT 10.0; Win64; x64) AppleWebKit/537.36 (KHTML, like Gecko) Chrome/114.0.0.0 Safari/537.36"
103.219.169.228 - - [16/Apr/2026:07:30:25 +0300] "GET /safari-delicious-assemblem-position-comment-2026-100-percent-casino-gratorama-casino-free-demo-games/ HTTP/1.1" 200 76281 "-" "Mozilla/5.0 (Windows NT 10.0; Win64; x64) AppleWebKit/537.36 (KHTML, like Gecko) Chrome/123.0.0.0 Safari/537.36 OPR/109.0.0.0"
98.98.9.18 - - [16/Apr/2026:07:30:31 +0300] "POST /xmlrpc.php HTTP/1.1" 200 630 "-" "Mozilla/5.0 (Windows NT 10.0; Win64; x64) AppleWebKit/537.36 (KHTML, like Gecko) Chrome/114.0.0.0 Safari/537.36"
185.216.113.70 - - [16/Apr/2026:07:31:05 +0300] "POST /wp-cron.php?doing_wp_cron=1776313865.1230120658874511718750 HTTP/1.1" 200 448 "-" "WordPress/6.3.8; https://serhatburke.miroglu.net"
98.98.9.18 - - [16/Apr/2026:07:30:52 +0300] "POST /xmlrpc.php HTTP/1.1" 200 12428 "-" "Mozilla/5.0 (Windows NT 10.0; Win64; x64) AppleWebKit/537.36 (KHTML, like Gecko) Chrome/114.0.0.0 Safari/537.36"
98.98.9.18 - - [16/Apr/2026:07:31:06 +0300] "GET /gambling-enterprise-winnings-inside-us-states-best-winnings-from-the-vicky-ventura-slot-free-spins-condition-2026/ HTTP/1.1" 200 74729 "-" "Mozilla/5.0 (Windows NT 10.0; rv:109.0) Gecko/20100101 Firefox/115.0"
185.216.113.70 - - [16/Apr/2026:07:31:59 +0300] "POST /wp-cron.php?doing_wp_cron=1776313919.6275949478149414062500 HTTP/1.1" 200 448 "-" "WordPress/6.3.8; https://serhatburke.miroglu.net"
98.98.9.27 - - [16/Apr/2026:07:31:47 +0300] "POST /xmlrpc.php HTTP/1.1" 200 630 "-" "Mozilla/5.0 (Windows NT 10.0; Win64; x64) AppleWebKit/537.36 (KHTML, like Gecko) Chrome/114.0.0.0 Safari/537.36"
98.98.9.18 - - [16/Apr/2026:07:31:57 +0300] "POST /xmlrpc.php HTTP/1.1" 200 630 "-" "Mozilla/5.0 (Windows NT 10.0; Win64; x64) AppleWebKit/537.36 (KHTML, like Gecko) Chrome/114.0.0.0 Safari/537.36"
98.98.9.27 - - [16/Apr/2026:07:32:06 +0300] "POST /xmlrpc.php HTTP/1.1" 200 12587 "-" "Mozilla/5.0 (Windows NT 10.0; Win64; x64) AppleWebKit/537.36 (KHTML, like Gecko) Chrome/114.0.0.0 Safari/537.36"
98.98.9.18 - - [16/Apr/2026:07:32:18 +0300] "POST /xmlrpc.php HTTP/1.1" 200 12550 "-" "Mozilla/5.0 (Windows NT 10.0; Win64; x64) AppleWebKit/537.36 (KHTML, like Gecko) Chrome/114.0.0.0 Safari/537.36"
98.98.9.27 - - [16/Apr/2026:07:32:22 +0300] "GET /discover-betway-casino-best-20-100-percent-free-revolves-on-the-subscription-no-deposit/ HTTP/1.1" 200 74246 "-" "Mozilla/5.0 (Windows NT 10.0; Win64; x64) AppleWebKit/537.36 (KHTML, like Gecko) Chrome/123.0.0.0 Safari/537.36 OPR/109.0.0.0"
185.216.113.70 - - [16/Apr/2026:07:32:44 +0300] "POST /wp-cron.php?doing_wp_cron=1776313964.6234860420227050781250 HTTP/1.1" 200 448 "-" "WordPress/6.3.8; https://serhatburke.miroglu.net"
98.98.9.18 - - [16/Apr/2026:07:32:33 +0300] "GET /bet365-gambling-enterprise-opinion-the-sincere-decision-once-fifty-casino-wild-toro-instances-away-from-enjoy/ HTTP/1.1" 200 74789 "-" "Mozilla/5.0 (Windows NT 10.0; Win64; x64; rv:125.0) Gecko/20100101 Firefox/125.0"
165.73.240.153 - - [16/Apr/2026:07:33:11 +0300] "POST /xmlrpc.php HTTP/1.1" 200 630 "-" "Mozilla/5.0 (Windows NT 10.0; Win64; x64) AppleWebKit/537.36 (KHTML, like Gecko) Chrome/114.0.0.0 Safari/537.36"
185.216.113.70 - - [16/Apr/2026:07:33:36 +0300] "POST /wp-cron.php?doing_wp_cron=1776314016.0164110660552978515625 HTTP/1.1" 200 448 "-" "WordPress/6.3.8; https://serhatburke.miroglu.net"
98.98.9.18 - - [16/Apr/2026:07:33:24 +0300] "POST /xmlrpc.php HTTP/1.1" 200 630 "-" "Mozilla/5.0 (Windows NT 10.0; Win64; x64) AppleWebKit/537.36 (KHTML, like Gecko) Chrome/114.0.0.0 Safari/537.36"
165.73.240.153 - - [16/Apr/2026:07:33:29 +0300] "POST /xmlrpc.php HTTP/1.1" 200 12637 "-" "Mozilla/5.0 (Windows NT 10.0; Win64; x64) AppleWebKit/537.36 (KHTML, like Gecko) Chrome/114.0.0.0 Safari/537.36"
98.98.9.18 - - [16/Apr/2026:07:33:43 +0300] "POST /xmlrpc.php HTTP/1.1" 200 12026 "-" "Mozilla/5.0 (Windows NT 10.0; Win64; x64) AppleWebKit/537.36 (KHTML, like Gecko) Chrome/114.0.0.0 Safari/537.36"
165.73.240.153 - - [16/Apr/2026:07:33:44 +0300] "GET /5-minimal-place-gambling-enterprises-2026-finest-5-deposit-air-force-hd-slot-online-extra-legislation/ HTTP/1.1" 200 74613 "-" "Mozilla/5.0 (Windows NT 10.0; Win64; x64; rv:125.0) Gecko/20100101 Firefox/125.0"
45.84.192.5 - - [16/Apr/2026:07:33:45 +0300] "GET /casino-online-skrill-prelievo-veloce/ HTTP/1.1" 200 18092 "https://serhatburke.miroglu.net/" "Mozilla/5.0 (Linux x86_64; rv:114.0) Gecko/20100101 Firefox/114.0"
98.98.9.18 - - [16/Apr/2026:07:34:05 +0300] "GET /greatest-online-pokies-with-totally-free-spins-australian-fantastic-four-play-for-fun-continent-inside-february-2026/ HTTP/1.1" 200 74661 "-" "Mozilla/5.0 (Windows NT 10.0; Win64; x64) AppleWebKit/537.36 (KHTML, like Gecko) Chrome/109.0.0.0 Safari/537.36"
45.84.192.5 - - [16/Apr/2026:07:34:11 +0300] "GET /wp-login.php?action=register HTTP/1.1" 302 702 "https://serhatburke.miroglu.net/casino-online-skrill-prelievo-veloce/" "Mozilla/5.0 (Windows NT 6.3; Win64; x64) AppleWebKit/537.36 (KHTML, like Gecko) Chrome/103.0.0.0 Safari/537.36"
45.84.192.5 - - [16/Apr/2026:07:34:23 +0300] "GET /wp-login.php?registration=disabled HTTP/1.1" 200 3805 "https://serhatburke.miroglu.net/wp-login.php?action=register" "Mozilla/5.0 (Windows NT 6.3; Win64; x64) AppleWebKit/537.36 (KHTML, like Gecko) Chrome/103.0.0.0 Safari/537.36"
185.216.113.70 - - [16/Apr/2026:07:35:06 +0300] "POST /wp-cron.php?doing_wp_cron=1776314106.7623949050903320312500 HTTP/1.1" 200 448 "-" "WordPress/6.3.8; https://serhatburke.miroglu.net"
98.98.9.18 - - [16/Apr/2026:07:34:54 +0300] "POST /xmlrpc.php HTTP/1.1" 200 630 "-" "Mozilla/5.0 (Windows NT 10.0; Win64; x64) AppleWebKit/537.36 (KHTML, like Gecko) Chrome/114.0.0.0 Safari/537.36"
98.98.9.18 - - [16/Apr/2026:07:35:13 +0300] "POST /xmlrpc.php HTTP/1.1" 200 12317 "-" "Mozilla/5.0 (Windows NT 10.0; Win64; x64) AppleWebKit/537.36 (KHTML, like Gecko) Chrome/114.0.0.0 Safari/537.36"
142.44.225.66 - - [16/Apr/2026:07:35:10 +0300] "GET /kraken-aktual-naia-informatsiia-o-darknete-2026-4/ HTTP/2" 200 18095 "-" "Mozilla/5.0 (compatible; AhrefsBot/7.0; +http://ahrefs.com/robot/)"
185.216.113.70 - - [16/Apr/2026:07:35:42 +0300] "POST /wp-cron.php?doing_wp_cron=1776314142.9102909564971923828125 HTTP/1.1" 200 448 "-" "WordPress/6.3.8; https://serhatburke.miroglu.net"
98.98.9.18 - - [16/Apr/2026:07:35:31 +0300] "GET /totally-free-harbors-having-incentive-battlestar-galactica-80-free-spins-because-of-the-gambino-personal-local-casino/ HTTP/1.1" 200 74739 "-" "Mozilla/5.0 (Windows NT 10.0; rv:125.0) Gecko/20100101 Firefox/125.0"
128.1.218.148 - - [16/Apr/2026:07:35:53 +0300] "POST /xmlrpc.php HTTP/1.1" 200 630 "-" "Mozilla/5.0 (Windows NT 10.0; Win64; x64) AppleWebKit/537.36 (KHTML, like Gecko) Chrome/114.0.0.0 Safari/537.36"
185.216.113.70 - - [16/Apr/2026:07:36:24 +0300] "POST /wp-cron.php?doing_wp_cron=1776314184.8942880630493164062500 HTTP/1.1" 200 448 "-" "WordPress/6.3.8; https://serhatburke.miroglu.net"
128.1.218.148 - - [16/Apr/2026:07:36:12 +0300] "POST /xmlrpc.php HTTP/1.1" 200 16226 "-" "Mozilla/5.0 (Windows NT 10.0; Win64; x64) AppleWebKit/537.36 (KHTML, like Gecko) Chrome/114.0.0.0 Safari/537.36"
98.98.9.18 - - [16/Apr/2026:07:36:25 +0300] "POST /xmlrpc.php HTTP/1.1" 200 630 "-" "Mozilla/5.0 (Windows NT 10.0; Win64; x64) AppleWebKit/537.36 (KHTML, like Gecko) Chrome/114.0.0.0 Safari/537.36"
128.1.218.148 - - [16/Apr/2026:07:36:27 +0300] "GET /diese-besten-deutschen-echtgeld-novoline-book-of-ra-deluxe-free-download-pokerseiten-des-jahres-2026/ HTTP/1.1" 200 78588 "-" "Mozilla/5.0 (Windows NT 10.0; rv:109.0) Gecko/20100101 Firefox/115.0"
98.98.9.18 - - [16/Apr/2026:07:36:48 +0300] "POST /xmlrpc.php HTTP/1.1" 200 11781 "-" "Mozilla/5.0 (Windows NT 10.0; Win64; x64) AppleWebKit/537.36 (KHTML, like Gecko) Chrome/114.0.0.0 Safari/537.36"
98.98.9.18 - - [16/Apr/2026:07:37:07 +0300] "GET /online-casino-campaigns-2026-listing-of-greatest-current-slot-raging-rhino-promos/ HTTP/1.1" 200 73207 "-" "Mozilla/5.0 (Windows NT 10.0; rv:109.0) Gecko/20100101 Firefox/115.0"
185.216.113.70 - - [16/Apr/2026:07:37:59 +0300] "POST /wp-cron.php?doing_wp_cron=1776314279.7411689758300781250000 HTTP/1.1" 200 448 "-" "WordPress/6.3.8; https://serhatburke.miroglu.net"
98.98.9.18 - - [16/Apr/2026:07:37:47 +0300] "POST /xmlrpc.php HTTP/1.1" 200 630 "-" "Mozilla/5.0 (Windows NT 10.0; Win64; x64) AppleWebKit/537.36 (KHTML, like Gecko) Chrome/114.0.0.0 Safari/537.36"
98.98.9.27 - - [16/Apr/2026:07:37:55 +0300] "POST /xmlrpc.php HTTP/1.1" 200 630 "-" "Mozilla/5.0 (Windows NT 10.0; Win64; x64) AppleWebKit/537.36 (KHTML, like Gecko) Chrome/114.0.0.0 Safari/537.36"
98.98.9.18 - - [16/Apr/2026:07:38:07 +0300] "POST /xmlrpc.php HTTP/1.1" 200 12545 "-" "Mozilla/5.0 (Windows NT 10.0; Win64; x64) AppleWebKit/537.36 (KHTML, like Gecko) Chrome/114.0.0.0 Safari/537.36"
98.98.9.27 - - [16/Apr/2026:07:38:15 +0300] "POST /xmlrpc.php HTTP/1.1" 200 12746 "-" "Mozilla/5.0 (Windows NT 10.0; Win64; x64) AppleWebKit/537.36 (KHTML, like Gecko) Chrome/114.0.0.0 Safari/537.36"
98.98.9.18 - - [16/Apr/2026:07:38:22 +0300] "GET /thunderstruck-ii-position-remark-greatest-web-based-casinos-grand-mondial-casino-inside-the-canada/ HTTP/1.1" 200 74639 "-" "Mozilla/5.0 (Windows NT 10.0; rv:109.0) Gecko/20100101 Firefox/115.0"
185.216.113.70 - - [16/Apr/2026:07:38:41 +0300] "POST /wp-cron.php?doing_wp_cron=1776314321.2087070941925048828125 HTTP/1.1" 200 448 "-" "WordPress/6.3.8; https://serhatburke.miroglu.net"
98.98.9.27 - - [16/Apr/2026:07:38:29 +0300] "GET /best-neteller-gala-casino-slots-gambling-enterprises-2026-online-casino-sites-one-to-undertake-neteller/ HTTP/1.1" 200 75205 "-" "Mozilla/5.0 (Windows NT 10.0; Win64; x64; rv:124.0) Gecko/20100101 Firefox/124.0"
98.98.9.18 - - [16/Apr/2026:07:39:13 +0300] "POST /xmlrpc.php HTTP/1.1" 200 630 "-" "Mozilla/5.0 (Windows NT 10.0; Win64; x64) AppleWebKit/537.36 (KHTML, like Gecko) Chrome/114.0.0.0 Safari/537.36"
185.216.113.70 - - [16/Apr/2026:07:39:45 +0300] "POST /wp-cron.php?doing_wp_cron=1776314385.2600519657135009765625 HTTP/1.1" 200 448 "-" "WordPress/6.3.8; https://serhatburke.miroglu.net"
98.98.9.18 - - [16/Apr/2026:07:39:32 +0300] "POST /xmlrpc.php HTTP/1.1" 200 11794 "-" "Mozilla/5.0 (Windows NT 10.0; Win64; x64) AppleWebKit/537.36 (KHTML, like Gecko) Chrome/114.0.0.0 Safari/537.36"
98.98.9.18 - - [16/Apr/2026:07:39:47 +0300] "GET /9-spina-zonke-video-game-with-high-100-free-spins-no-deposit-hot-star-rtp-play-these-online-game-to-help-you-victory-large/ HTTP/1.1" 200 74666 "-" "Mozilla/5.0 (Windows NT 10.0; Win64; x64; rv:124.0) Gecko/20100101 Firefox/124.0"
185.216.113.70 - - [16/Apr/2026:07:40:48 +0300] "POST /wp-cron.php?doing_wp_cron=1776314448.7964730262756347656250 HTTP/1.1" 200 448 "-" "WordPress/6.3.8; https://serhatburke.miroglu.net"
98.98.9.18 - - [16/Apr/2026:07:40:36 +0300] "POST /xmlrpc.php HTTP/1.1" 200 630 "-" "Mozilla/5.0 (Windows NT 10.0; Win64; x64) AppleWebKit/537.36 (KHTML, like Gecko) Chrome/114.0.0.0 Safari/537.36"
98.98.9.18 - - [16/Apr/2026:07:40:56 +0300] "POST /xmlrpc.php HTTP/1.1" 200 12101 "-" "Mozilla/5.0 (Windows NT 10.0; Win64; x64) AppleWebKit/537.36 (KHTML, like Gecko) Chrome/114.0.0.0 Safari/537.36"
98.98.9.18 - - [16/Apr/2026:07:41:10 +0300] "GET /paysafecard-gambling-slot-the-power-of-ankh-enterprises-secure-quick-deposits/ HTTP/1.1" 200 73507 "-" "Mozilla/5.0 (Windows NT 10.0; rv:125.0) Gecko/20100101 Firefox/125.0"
185.216.113.70 - - [16/Apr/2026:07:42:22 +0300] "POST /wp-cron.php?doing_wp_cron=1776314542.2780048847198486328125 HTTP/1.1" 200 448 "-" "WordPress/6.3.8; https://serhatburke.miroglu.net"
98.98.9.18 - - [16/Apr/2026:07:42:10 +0300] "POST /xmlrpc.php HTTP/1.1" 200 630 "-" "Mozilla/5.0 (Windows NT 10.0; Win64; x64) AppleWebKit/537.36 (KHTML, like Gecko) Chrome/114.0.0.0 Safari/537.36"
128.1.218.148 - - [16/Apr/2026:07:42:27 +0300] "POST /xmlrpc.php HTTP/1.1" 200 630 "-" "Mozilla/5.0 (Windows NT 10.0; Win64; x64) AppleWebKit/537.36 (KHTML, like Gecko) Chrome/114.0.0.0 Safari/537.36"
98.98.9.18 - - [16/Apr/2026:07:42:29 +0300] "POST /xmlrpc.php HTTP/1.1" 200 11863 "-" "Mozilla/5.0 (Windows NT 10.0; Win64; x64) AppleWebKit/537.36 (KHTML, like Gecko) Chrome/114.0.0.0 Safari/537.36"
185.216.113.70 - - [16/Apr/2026:07:42:59 +0300] "POST /wp-cron.php?doing_wp_cron=1776314579.5082778930664062500000 HTTP/1.1" 200 448 "-" "WordPress/6.3.8; https://serhatburke.miroglu.net"
98.98.9.18 - - [16/Apr/2026:07:42:47 +0300] "GET /penny-free-slots-with-bonus-no-deposit-slots-zero-obtain-enjoy-totally-free-cent-slots/ HTTP/1.1" 200 73514 "-" "Mozilla/5.0 (Windows NT 10.0; rv:125.0) Gecko/20100101 Firefox/125.0"
128.1.218.148 - - [16/Apr/2026:07:42:49 +0300] "POST /xmlrpc.php HTTP/1.1" 200 16837 "-" "Mozilla/5.0 (Windows NT 10.0; Win64; x64) AppleWebKit/537.36 (KHTML, like Gecko) Chrome/114.0.0.0 Safari/537.36"
128.1.218.148 - - [16/Apr/2026:07:43:04 +0300] "GET /erreichbar-kasino-freispiele-blos-einzahlung-diese-tagesordnungspunkt-casinos-inoffizieller-mitarbeiter-minotaurus-online-slot-untersuchung/ HTTP/1.1" 200 80104 "-" "Mozilla/5.0 (Windows NT 10.0; rv:109.0) Gecko/20100101 Firefox/115.0"
185.216.113.70 - - [16/Apr/2026:07:43:40 +0300] "POST /wp-cron.php?doing_wp_cron=1776314620.2474670410156250000000 HTTP/1.1" 200 448 "-" "WordPress/6.3.8; https://serhatburke.miroglu.net"
98.98.9.18 - - [16/Apr/2026:07:43:28 +0300] "POST /xmlrpc.php HTTP/1.1" 200 630 "-" "Mozilla/5.0 (Windows NT 10.0; Win64; x64) AppleWebKit/537.36 (KHTML, like Gecko) Chrome/114.0.0.0 Safari/537.36"
98.98.9.18 - - [16/Apr/2026:07:43:47 +0300] "POST /xmlrpc.php HTTP/1.1" 200 12061 "-" "Mozilla/5.0 (Windows NT 10.0; Win64; x64) AppleWebKit/537.36 (KHTML, like Gecko) Chrome/114.0.0.0 Safari/537.36"
128.1.218.148 - - [16/Apr/2026:07:43:53 +0300] "POST /xmlrpc.php HTTP/1.1" 200 630 "-" "Mozilla/5.0 (Windows NT 10.0; Win64; x64) AppleWebKit/537.36 (KHTML, like Gecko) Chrome/114.0.0.0 Safari/537.36"
66.249.73.14 - - [16/Apr/2026:07:44:03 +0300] "GET /no-title/ HTTP/1.1" 200 0 "https://odcjy.frostpulse-games.biz/" "Mozilla/5.0 (Linux; Android 6.0.1; Nexus 5X Build/MMB29P) AppleWebKit/537.36 (KHTML, like Gecko) Chrome/146.0.7680.177 Mobile Safari/537.36 (compatible; Googlebot/2.1; +http://www.google.com/bot.html)"
98.98.9.18 - - [16/Apr/2026:07:44:02 +0300] "GET /the-wild-wild-riches-slot-bonus-3-greatest-online-casino-possibilities-in-australia/ HTTP/1.1" 200 73592 "-" "Mozilla/5.0 (Windows NT 10.0; Win64; x64) AppleWebKit/537.36 (KHTML, like Gecko) Chrome/122.0.0.0 Safari/537.36"
185.216.113.70 - - [16/Apr/2026:07:44:29 +0300] "POST /wp-cron.php?doing_wp_cron=1776314669.8778290748596191406250 HTTP/1.1" 200 448 "-" "WordPress/6.3.8; https://serhatburke.miroglu.net"
128.1.218.148 - - [16/Apr/2026:07:44:17 +0300] "POST /xmlrpc.php HTTP/1.1" 200 16167 "-" "Mozilla/5.0 (Windows NT 10.0; Win64; x64) AppleWebKit/537.36 (KHTML, like Gecko) Chrome/114.0.0.0 Safari/537.36"
128.1.218.148 - - [16/Apr/2026:07:44:31 +0300] "GET /casinos-uber-freispielen-blos-einzahlung-im-monat-des-fruhlingsbeginns-slot-glorious-empire-2026/ HTTP/1.1" 200 78552 "-" "Mozilla/5.0 (Windows NT 10.0; Win64; x64) AppleWebKit/537.36 (KHTML, like Gecko) Chrome/109.0.0.0 Safari/537.36"
165.73.240.153 - - [16/Apr/2026:07:44:56 +0300] "POST /xmlrpc.php HTTP/1.1" 200 630 "-" "Mozilla/5.0 (Windows NT 10.0; Win64; x64) AppleWebKit/537.36 (KHTML, like Gecko) Chrome/114.0.0.0 Safari/537.36"
185.216.113.70 - - [16/Apr/2026:07:45:26 +0300] "POST /wp-cron.php?doing_wp_cron=1776314726.7281160354614257812500 HTTP/1.1" 200 448 "-" "WordPress/6.3.8; https://serhatburke.miroglu.net"
165.73.240.153 - - [16/Apr/2026:07:45:14 +0300] "POST /xmlrpc.php HTTP/1.1" 200 12231 "-" "Mozilla/5.0 (Windows NT 10.0; Win64; x64) AppleWebKit/537.36 (KHTML, like Gecko) Chrome/114.0.0.0 Safari/537.36"
165.73.240.153 - - [16/Apr/2026:07:45:28 +0300] "GET /gifts-of-aztec-flame-paypal-slot-demo-and-analysis/ HTTP/1.1" 200 73027 "-" "Mozilla/5.0 (Windows NT 10.0; Win64; x64; rv:125.0) Gecko/20100101 Firefox/125.0"
185.216.113.70 - - [16/Apr/2026:07:46:01 +0300] "POST /wp-cron.php?doing_wp_cron=1776314761.7734510898590087890625 HTTP/1.1" 200 448 "-" "WordPress/6.3.8; https://serhatburke.miroglu.net"
128.1.218.148 - - [16/Apr/2026:07:45:49 +0300] "POST /xmlrpc.php HTTP/1.1" 200 630 "-" "Mozilla/5.0 (Windows NT 10.0; Win64; x64) AppleWebKit/537.36 (KHTML, like Gecko) Chrome/114.0.0.0 Safari/537.36"
128.1.218.148 - - [16/Apr/2026:07:46:09 +0300] "POST /xmlrpc.php HTTP/1.1" 200 15944 "-" "Mozilla/5.0 (Windows NT 10.0; Win64; x64) AppleWebKit/537.36 (KHTML, like Gecko) Chrome/114.0.0.0 Safari/537.36"
128.1.218.148 - - [16/Apr/2026:07:46:23 +0300] "GET /20-angeschlossen-casinos-fruchtbare-seite-exklusive-deutsche-erlaubniskarte-2026/ HTTP/1.1" 200 78109 "-" "Mozilla/5.0 (Windows NT 10.0; Win64; x64) AppleWebKit/537.36 (KHTML, like Gecko) Chrome/122.0.0.0 Safari/537.36"
