185.216.113.70 - - [17/Apr/2026:05:40:43 +0300] "POST /wp-cron.php?doing_wp_cron=1776393643.1910319328308105468750 HTTP/1.1" 200 448 "-" "WordPress/6.3.8; https://serhatburke.miroglu.net"
98.98.9.58 - - [17/Apr/2026:05:39:24 +0300] "GET /%E3%83%8F%E3%83%BC%E3%83%90%E3%83%BC%E3%82%BA%E3%83%8B%E3%83%B3%E3%82%B8%E3%83%A3%E3%82%AB%E3%82%B8%E3%83%8E%E3%81%A7%E3%83%97%E3%83%AC%E3%82%A4%EF%BC%9A40%E3%83%8E%E3%83%BC%E5%85%A5%E9%87%91/ HTTP/1.1" 200 108499 "-" "Mozilla/5.0 (Windows NT 10.0; Win64; x64) AppleWebKit/537.36 (KHTML, like Gecko) Chrome/122.0.0.0 Safari/537.36"
185.216.113.70 - - [17/Apr/2026:05:40:47 +0300] "POST /wp-cron.php?doing_wp_cron=1776393647.1851160526275634765625 HTTP/1.1" 200 448 "-" "WordPress/6.3.8; https://serhatburke.miroglu.net"
62.12.118.35 - - [17/Apr/2026:05:38:48 +0300] "GET /better-online-casinos-us-play-emerald-diamond-slots-2026-real-cash-judge-local-casino-web-sites/ HTTP/1.1" 500 745 "-" "Mozilla/5.0 (Windows NT 10.0; Win64; x64) AppleWebKit/537.36 (KHTML, like Gecko) Chrome/124.0.0.0 Safari/537.36 Edg/124.0.0.0"
165.73.240.122 - - [17/Apr/2026:05:38:53 +0300] "POST /xmlrpc.php HTTP/1.1" 500 745 "-" "Mozilla/5.0 (Windows NT 10.0; Win64; x64) AppleWebKit/537.36 (KHTML, like Gecko) Chrome/114.0.0.0 Safari/537.36"
62.12.118.35 - - [17/Apr/2026:05:39:05 +0300] "POST /xmlrpc.php HTTP/1.1" 500 745 "-" "Mozilla/5.0 (Windows NT 10.0; Win64; x64) AppleWebKit/537.36 (KHTML, like Gecko) Chrome/114.0.0.0 Safari/537.36"
62.12.118.35 - - [17/Apr/2026:05:39:07 +0300] "POST /xmlrpc.php HTTP/1.1" 500 745 "-" "Mozilla/5.0 (Windows NT 10.0; Win64; x64) AppleWebKit/537.36 (KHTML, like Gecko) Chrome/114.0.0.0 Safari/537.36"
185.216.113.70 - - [17/Apr/2026:05:41:41 +0300] "POST /wp-cron.php?doing_wp_cron=1776393701.2772479057312011718750 HTTP/1.1" 200 448 "-" "WordPress/6.3.8; https://serhatburke.miroglu.net"
165.73.240.122 - - [17/Apr/2026:05:39:47 +0300] "GET /kasino-spielautomaten-gladiator-online-ohne-oasis-slots-guide-fur-jedes-land-der-dichter-und-denker/ HTTP/1.1" 200 75926 "-" "Mozilla/5.0 (Windows NT 10.0; Win64; x64) AppleWebKit/537.36 (KHTML, like Gecko) Chrome/123.0.0.0 Safari/537.36 OPR/109.0.0.0"
185.216.113.70 - - [17/Apr/2026:05:41:54 +0300] "POST /wp-cron.php?doing_wp_cron=1776393714.0031020641326904296875 HTTP/1.1" 200 448 "-" "WordPress/6.3.8; https://serhatburke.miroglu.net"
62.12.118.35 - - [17/Apr/2026:05:40:01 +0300] "POST /xmlrpc.php HTTP/1.1" 200 630 "-" "Mozilla/5.0 (Windows NT 10.0; Win64; x64) AppleWebKit/537.36 (KHTML, like Gecko) Chrome/114.0.0.0 Safari/537.36"
185.216.113.70 - - [17/Apr/2026:05:41:57 +0300] "POST /wp-cron.php?doing_wp_cron=1776393717.4978430271148681640625 HTTP/1.1" 200 448 "-" "WordPress/6.3.8; https://serhatburke.miroglu.net"
62.12.118.35 - - [17/Apr/2026:05:40:28 +0300] "POST /xmlrpc.php HTTP/1.1" 200 627 "-" "Mozilla/5.0 (Windows NT 10.0; Win64; x64) AppleWebKit/537.36 (KHTML, like Gecko) Chrome/114.0.0.0 Safari/537.36"
165.73.240.122 - - [17/Apr/2026:05:39:59 +0300] "POST /xmlrpc.php HTTP/1.1" 500 745 "-" "Mozilla/5.0 (Windows NT 10.0; Win64; x64) AppleWebKit/537.36 (KHTML, like Gecko) Chrome/114.0.0.0 Safari/537.36"
185.216.113.70 - - [17/Apr/2026:05:42:08 +0300] "POST /wp-cron.php?doing_wp_cron=1776393728.0756580829620361328125 HTTP/1.1" 200 448 "-" "WordPress/6.3.8; https://serhatburke.miroglu.net"
104.166.164.67 - - [17/Apr/2026:05:40:20 +0300] "POST /xmlrpc.php HTTP/1.1" 200 13460 "-" "Mozilla/5.0 (Windows NT 10.0; Win64; x64) AppleWebKit/537.36 (KHTML, like Gecko) Chrome/114.0.0.0 Safari/537.36"
185.216.113.70 - - [17/Apr/2026:05:42:15 +0300] "POST /wp-cron.php?doing_wp_cron=1776393735.3868930339813232421875 HTTP/1.1" 200 448 "-" "WordPress/6.3.8; https://serhatburke.miroglu.net"
103.219.169.214 - - [17/Apr/2026:05:40:25 +0300] "GET /buffalo-funciona-de-balde-en-internet-magic-love-giros-gratis-150-este-tipo-de-tragamonedas/ HTTP/1.1" 200 78429 "-" "Mozilla/5.0 (Windows NT 10.0; Win64; x64) AppleWebKit/537.36 (KHTML, like Gecko) Chrome/123.0.0.0 Safari/537.36 OPR/109.0.0.0"
185.216.113.70 - - [17/Apr/2026:05:42:27 +0300] "POST /wp-cron.php?doing_wp_cron=1776393747.6722650527954101562500 HTTP/1.1" 200 448 "-" "WordPress/6.3.8; https://serhatburke.miroglu.net"
62.12.118.35 - - [17/Apr/2026:05:40:45 +0300] "POST /xmlrpc.php HTTP/1.1" 500 1102 "-" "Mozilla/5.0 (Windows NT 10.0; Win64; x64) AppleWebKit/537.36 (KHTML, like Gecko) Chrome/114.0.0.0 Safari/537.36"
165.73.240.122 - - [17/Apr/2026:05:40:33 +0300] "POST /xmlrpc.php HTTP/1.1" 500 745 "-" "Mozilla/5.0 (Windows NT 10.0; Win64; x64) AppleWebKit/537.36 (KHTML, like Gecko) Chrome/114.0.0.0 Safari/537.36"
62.12.118.35 - - [17/Apr/2026:05:40:52 +0300] "POST /xmlrpc.php HTTP/1.1" 500 745 "-" "Mozilla/5.0 (Windows NT 10.0; Win64; x64) AppleWebKit/537.36 (KHTML, like Gecko) Chrome/114.0.0.0 Safari/537.36"
62.12.118.35 - - [17/Apr/2026:05:40:57 +0300] "POST /xmlrpc.php HTTP/1.1" 500 745 "-" "Mozilla/5.0 (Windows NT 10.0; Win64; x64) AppleWebKit/537.36 (KHTML, like Gecko) Chrome/114.0.0.0 Safari/537.36"
98.98.9.58 - - [17/Apr/2026:05:40:58 +0300] "POST /xmlrpc.php HTTP/1.1" 500 745 "-" "Mozilla/5.0 (Windows NT 10.0; Win64; x64) AppleWebKit/537.36 (KHTML, like Gecko) Chrome/114.0.0.0 Safari/537.36"
165.73.240.122 - - [17/Apr/2026:05:41:05 +0300] "POST /xmlrpc.php HTTP/1.1" 200 630 "-" "Mozilla/5.0 (Windows NT 10.0; Win64; x64) AppleWebKit/537.36 (KHTML, like Gecko) Chrome/114.0.0.0 Safari/537.36"
185.216.113.70 - - [17/Apr/2026:05:42:45 +0300] "POST /wp-cron.php?doing_wp_cron=1776393764.9046640396118164062500 HTTP/1.1" 200 448 "-" "WordPress/6.3.8; https://serhatburke.miroglu.net"
185.216.113.70 - - [17/Apr/2026:05:43:01 +0300] "POST /wp-cron.php?doing_wp_cron=1776393781.2940669059753417968750 HTTP/1.1" 200 448 "-" "WordPress/6.3.8; https://serhatburke.miroglu.net"
165.73.240.122 - - [17/Apr/2026:05:41:27 +0300] "POST /xmlrpc.php HTTP/1.1" 500 745 "-" "Mozilla/5.0 (Windows NT 10.0; Win64; x64) AppleWebKit/537.36 (KHTML, like Gecko) Chrome/114.0.0.0 Safari/537.36"
165.73.240.122 - - [17/Apr/2026:05:41:39 +0300] "POST /xmlrpc.php HTTP/1.1" 500 745 "-" "Mozilla/5.0 (Windows NT 10.0; Win64; x64) AppleWebKit/537.36 (KHTML, like Gecko) Chrome/114.0.0.0 Safari/537.36"
62.12.118.35 - - [17/Apr/2026:05:41:41 +0300] "POST /xmlrpc.php HTTP/1.1" 500 745 "-" "Mozilla/5.0 (Windows NT 10.0; Win64; x64) AppleWebKit/537.36 (KHTML, like Gecko) Chrome/114.0.0.0 Safari/537.36"
62.12.118.35 - - [17/Apr/2026:05:41:49 +0300] "POST /xmlrpc.php HTTP/1.1" 500 745 "-" "Mozilla/5.0 (Windows NT 10.0; Win64; x64) AppleWebKit/537.36 (KHTML, like Gecko) Chrome/114.0.0.0 Safari/537.36"
104.166.164.67 - - [17/Apr/2026:05:42:05 +0300] "POST /xmlrpc.php HTTP/1.1" 500 745 "-" "Mozilla/5.0 (Windows NT 10.0; Win64; x64) AppleWebKit/537.36 (KHTML, like Gecko) Chrome/114.0.0.0 Safari/537.36"
103.219.169.214 - - [17/Apr/2026:05:42:06 +0300] "POST /xmlrpc.php HTTP/1.1" 500 745 "-" "Mozilla/5.0 (Windows NT 10.0; Win64; x64) AppleWebKit/537.36 (KHTML, like Gecko) Chrome/114.0.0.0 Safari/537.36"
165.73.240.122 - - [17/Apr/2026:05:42:11 +0300] "POST /xmlrpc.php HTTP/1.1" 500 745 "-" "Mozilla/5.0 (Windows NT 10.0; Win64; x64) AppleWebKit/537.36 (KHTML, like Gecko) Chrome/114.0.0.0 Safari/537.36"
104.166.164.67 - - [17/Apr/2026:05:42:15 +0300] "POST /xmlrpc.php HTTP/1.1" 500 745 "-" "Mozilla/5.0 (Windows NT 10.0; Win64; x64) AppleWebKit/537.36 (KHTML, like Gecko) Chrome/114.0.0.0 Safari/537.36"
185.216.113.70 - - [17/Apr/2026:05:44:21 +0300] "POST /wp-cron.php?doing_wp_cron=1776393860.8790590763092041015625 HTTP/1.1" 200 448 "-" "WordPress/6.3.8; https://serhatburke.miroglu.net"
185.216.113.70 - - [17/Apr/2026:05:44:23 +0300] "POST /wp-cron.php?doing_wp_cron=1776393863.0787549018859863281250 HTTP/1.1" 200 448 "-" "WordPress/6.3.8; https://serhatburke.miroglu.net"
62.12.118.35 - - [17/Apr/2026:05:42:32 +0300] "GET /?p=115261 HTTP/1.1" 301 680 "-" "Mozilla/5.0 (Windows NT 10.0; Win64; x64) AppleWebKit/537.36 (KHTML, like Gecko) Chrome/109.0.0.0 Safari/537.36"
185.216.113.70 - - [17/Apr/2026:05:44:31 +0300] "POST /wp-cron.php?doing_wp_cron=1776393871.1799340248107910156250 HTTP/1.1" 200 448 "-" "WordPress/6.3.8; https://serhatburke.miroglu.net"
98.98.9.58 - - [17/Apr/2026:05:42:38 +0300] "POST /xmlrpc.php HTTP/1.1" 500 1102 "-" "Mozilla/5.0 (Windows NT 10.0; Win64; x64) AppleWebKit/537.36 (KHTML, like Gecko) Chrome/114.0.0.0 Safari/537.36"
62.12.118.35 - - [17/Apr/2026:05:42:37 +0300] "POST /xmlrpc.php HTTP/1.1" 500 745 "-" "Mozilla/5.0 (Windows NT 10.0; Win64; x64) AppleWebKit/537.36 (KHTML, like Gecko) Chrome/114.0.0.0 Safari/537.36"
165.73.240.122 - - [17/Apr/2026:05:42:45 +0300] "POST /xmlrpc.php HTTP/1.1" 500 745 "-" "Mozilla/5.0 (Windows NT 10.0; Win64; x64) AppleWebKit/537.36 (KHTML, like Gecko) Chrome/114.0.0.0 Safari/537.36"
185.216.113.70 - - [17/Apr/2026:05:45:07 +0300] "POST /wp-cron.php?doing_wp_cron=1776393907.3869860172271728515625 HTTP/1.1" 200 448 "-" "WordPress/6.3.8; https://serhatburke.miroglu.net"
62.12.118.35 - - [17/Apr/2026:05:43:26 +0300] "POST /xmlrpc.php HTTP/1.1" 200 13100 "-" "Mozilla/5.0 (Windows NT 10.0; Win64; x64) AppleWebKit/537.36 (KHTML, like Gecko) Chrome/114.0.0.0 Safari/537.36"
185.216.113.70 - - [17/Apr/2026:05:45:11 +0300] "POST /wp-cron.php?doing_wp_cron=1776393911.0818469524383544921875 HTTP/1.1" 200 448 "-" "WordPress/6.3.8; https://serhatburke.miroglu.net"
62.12.118.35 - - [17/Apr/2026:05:43:29 +0300] "POST /xmlrpc.php HTTP/1.1" 500 1102 "-" "Mozilla/5.0 (Windows NT 10.0; Win64; x64) AppleWebKit/537.36 (KHTML, like Gecko) Chrome/114.0.0.0 Safari/537.36"
185.216.113.70 - - [17/Apr/2026:05:45:17 +0300] "POST /wp-cron.php?doing_wp_cron=1776393917.2731320858001708984375 HTTP/1.1" 200 448 "-" "WordPress/6.3.8; https://serhatburke.miroglu.net"
104.166.164.67 - - [17/Apr/2026:05:43:45 +0300] "GET /?p=115263 HTTP/1.1" 301 661 "-" "Mozilla/5.0 (Windows NT 10.0; Win64; x64; rv:124.0) Gecko/20100101 Firefox/124.0"
185.216.113.70 - - [17/Apr/2026:05:45:45 +0300] "POST /wp-cron.php?doing_wp_cron=1776393944.8705990314483642578125 HTTP/1.1" 200 448 "-" "WordPress/6.3.8; https://serhatburke.miroglu.net"
165.73.240.122 - - [17/Apr/2026:05:43:51 +0300] "POST /xmlrpc.php HTTP/1.1" 500 1102 "-" "Mozilla/5.0 (Windows NT 10.0; Win64; x64) AppleWebKit/537.36 (KHTML, like Gecko) Chrome/114.0.0.0 Safari/537.36"
103.219.169.167 - - [17/Apr/2026:05:43:55 +0300] "POST /xmlrpc.php HTTP/1.1" 200 630 "-" "Mozilla/5.0 (Windows NT 10.0; Win64; x64) AppleWebKit/537.36 (KHTML, like Gecko) Chrome/114.0.0.0 Safari/537.36"
104.166.164.67 - - [17/Apr/2026:05:43:55 +0300] "POST /xmlrpc.php HTTP/1.1" 500 745 "-" "Mozilla/5.0 (Windows NT 10.0; Win64; x64) AppleWebKit/537.36 (KHTML, like Gecko) Chrome/114.0.0.0 Safari/537.36"
185.216.113.70 - - [17/Apr/2026:05:45:45 +0300] "POST /wp-cron.php?doing_wp_cron=1776393944.8799910545349121093750 HTTP/1.1" 200 448 "-" "WordPress/6.3.8; https://serhatburke.miroglu.net"
185.216.113.70 - - [17/Apr/2026:05:46:01 +0300] "POST /wp-cron.php?doing_wp_cron=1776393961.7115221023559570312500 HTTP/1.1" 200 448 "-" "WordPress/6.3.8; https://serhatburke.miroglu.net"
62.12.118.35 - - [17/Apr/2026:05:44:12 +0300] "POST /xmlrpc.php HTTP/1.1" 200 861 "-" "Mozilla/5.0 (Windows NT 10.0; Win64; x64) AppleWebKit/537.36 (KHTML, like Gecko) Chrome/114.0.0.0 Safari/537.36"
85.208.96.204 - - [17/Apr/2026:05:45:12 +0300] "GET /portfolio/city-streets/ HTTP/1.1" 200 0 "-" "Mozilla/5.0 (compatible; SemrushBot/7~bl; +http://www.semrush.com/bot.html)"
185.216.113.70 - - [17/Apr/2026:05:46:04 +0300] "POST /wp-cron.php?doing_wp_cron=1776393964.2867729663848876953125 HTTP/1.1" 200 448 "-" "WordPress/6.3.8; https://serhatburke.miroglu.net"
98.98.9.58 - - [17/Apr/2026:05:44:10 +0300] "POST /xmlrpc.php HTTP/1.1" 200 630 "-" "Mozilla/5.0 (Windows NT 10.0; Win64; x64) AppleWebKit/537.36 (KHTML, like Gecko) Chrome/114.0.0.0 Safari/537.36"
185.216.113.70 - - [17/Apr/2026:05:46:14 +0300] "POST /wp-cron.php?doing_wp_cron=1776393974.4073770046234130859375 HTTP/1.1" 200 448 "-" "WordPress/6.3.8; https://serhatburke.miroglu.net"
165.73.240.122 - - [17/Apr/2026:05:44:30 +0300] "POST /xmlrpc.php HTTP/1.1" 200 14684 "-" "Mozilla/5.0 (Windows NT 10.0; Win64; x64) AppleWebKit/537.36 (KHTML, like Gecko) Chrome/114.0.0.0 Safari/537.36"
185.216.113.70 - - [17/Apr/2026:05:46:21 +0300] "POST /wp-cron.php?doing_wp_cron=1776393981.1894729137420654296875 HTTP/1.1" 200 448 "-" "WordPress/6.3.8; https://serhatburke.miroglu.net"
62.12.118.35 - - [17/Apr/2026:05:44:25 +0300] "GET /best-on-line-casino-eight-hundredpercent-invited-bonuses-canada-casino-santa-surprise-2026/ HTTP/1.1" 200 74454 "-" "Mozilla/5.0 (Windows NT 10.0; Win64; x64) AppleWebKit/537.36 (KHTML, like Gecko) Chrome/109.0.0.0 Safari/537.36"
104.166.164.67 - - [17/Apr/2026:05:44:37 +0300] "POST /xmlrpc.php HTTP/1.1" 500 745 "-" "Mozilla/5.0 (Windows NT 10.0; Win64; x64) AppleWebKit/537.36 (KHTML, like Gecko) Chrome/114.0.0.0 Safari/537.36"
185.216.113.70 - - [17/Apr/2026:05:46:47 +0300] "POST /wp-cron.php?doing_wp_cron=1776394007.4906320571899414062500 HTTP/1.1" 200 448 "-" "WordPress/6.3.8; https://serhatburke.miroglu.net"
85.208.96.204 - - [17/Apr/2026:05:46:03 +0300] "GET /portfolio/city-streets/ HTTP/1.1" 200 0 "-" "Mozilla/5.0 (compatible; SemrushBot/7~bl; +http://www.semrush.com/bot.html)"
185.216.113.70 - - [17/Apr/2026:05:47:01 +0300] "POST /wp-cron.php?doing_wp_cron=1776394021.1910989284515380859375 HTTP/1.1" 200 448 "-" "WordPress/6.3.8; https://serhatburke.miroglu.net"
62.12.118.35 - - [17/Apr/2026:05:45:11 +0300] "POST /xmlrpc.php HTTP/1.1" 200 13100 "-" "Mozilla/5.0 (Windows NT 10.0; Win64; x64) AppleWebKit/537.36 (KHTML, like Gecko) Chrome/114.0.0.0 Safari/537.36"
185.216.113.70 - - [17/Apr/2026:05:47:05 +0300] "POST /wp-cron.php?doing_wp_cron=1776394024.9818699359893798828125 HTTP/1.1" 200 448 "-" "WordPress/6.3.8; https://serhatburke.miroglu.net"
104.166.164.67 - - [17/Apr/2026:05:45:20 +0300] "GET /tomb-raider-miracle-of-ones-sword-slot-machine-napoleon-online-position/ HTTP/1.1" 200 74768 "-" "Mozilla/5.0 (Windows NT 10.0; Win64; x64; rv:124.0) Gecko/20100101 Firefox/124.0"
185.216.113.70 - - [17/Apr/2026:05:47:13 +0300] "POST /wp-cron.php?doing_wp_cron=1776394033.1935520172119140625000 HTTP/1.1" 200 448 "-" "WordPress/6.3.8; https://serhatburke.miroglu.net"
104.166.164.67 - - [17/Apr/2026:05:45:26 +0300] "POST /xmlrpc.php HTTP/1.1" 200 627 "-" "Mozilla/5.0 (Windows NT 10.0; Win64; x64) AppleWebKit/537.36 (KHTML, like Gecko) Chrome/114.0.0.0 Safari/537.36"
185.216.113.70 - - [17/Apr/2026:05:47:27 +0300] "POST /wp-cron.php?doing_wp_cron=1776394047.4742500782012939453125 HTTP/1.1" 200 448 "-" "WordPress/6.3.8; https://serhatburke.miroglu.net"
103.219.169.167 - - [17/Apr/2026:05:45:35 +0300] "POST /xmlrpc.php HTTP/1.1" 500 1102 "-" "Mozilla/5.0 (Windows NT 10.0; Win64; x64) AppleWebKit/537.36 (KHTML, like Gecko) Chrome/114.0.0.0 Safari/537.36"
98.98.9.58 - - [17/Apr/2026:05:45:50 +0300] "POST /xmlrpc.php HTTP/1.1" 500 745 "-" "Mozilla/5.0 (Windows NT 10.0; Win64; x64) AppleWebKit/537.36 (KHTML, like Gecko) Chrome/114.0.0.0 Safari/537.36"
185.216.113.70 - - [17/Apr/2026:05:48:04 +0300] "POST /wp-cron.php?doing_wp_cron=1776394084.7700719833374023437500 HTTP/1.1" 200 448 "-" "WordPress/6.3.8; https://serhatburke.miroglu.net"
85.61.58.218 - - [17/Apr/2026:05:46:13 +0300] "GET /methylstenbolon-dosierung-ein-leitfaden-fur-sportler/ HTTP/1.1" 500 782 "-" "GuzzleHttp/7"
165.73.240.122 - - [17/Apr/2026:05:46:15 +0300] "POST /xmlrpc.php HTTP/1.1" 500 745 "-" "Mozilla/5.0 (Windows NT 10.0; Win64; x64) AppleWebKit/537.36 (KHTML, like Gecko) Chrome/114.0.0.0 Safari/537.36"
104.166.164.67 - - [17/Apr/2026:05:46:17 +0300] "POST /xmlrpc.php HTTP/1.1" 500 745 "-" "Mozilla/5.0 (Windows NT 10.0; Win64; x64) AppleWebKit/537.36 (KHTML, like Gecko) Chrome/114.0.0.0 Safari/537.36"
185.216.113.70 - - [17/Apr/2026:05:48:30 +0300] "POST /wp-cron.php?doing_wp_cron=1776394110.1059958934783935546875 HTTP/1.1" 200 448 "-" "WordPress/6.3.8; https://serhatburke.miroglu.net"
108.128.77.234 - - [17/Apr/2026:05:46:36 +0300] "GET /robots.txt HTTP/1.1" 200 605 "-" "Mozilla/5.0 (Macintosh; Intel Mac OS X 10_15_5) AppleWebKit/537.36 (KHTML, like Gecko) Chrome/83.0.4103.61 Safari/537.36"
185.216.113.70 - - [17/Apr/2026:05:48:32 +0300] "POST /wp-cron.php?doing_wp_cron=1776394112.4882149696350097656250 HTTP/1.1" 200 448 "-" "WordPress/6.3.8; https://serhatburke.miroglu.net"
185.216.113.70 - - [17/Apr/2026:05:48:35 +0300] "POST /wp-cron.php?doing_wp_cron=1776394115.3080990314483642578125 HTTP/1.1" 200 448 "-" "WordPress/6.3.8; https://serhatburke.miroglu.net"
108.128.77.234 - - [17/Apr/2026:05:46:46 +0300] "GET /robots.txt HTTP/1.1" 200 605 "-" "Mozilla/5.0 (Macintosh; Intel Mac OS X 10_15_5) AppleWebKit/537.36 (KHTML, like Gecko) Chrome/83.0.4103.61 Safari/537.36"
62.12.118.35 - - [17/Apr/2026:05:46:51 +0300] "GET /?p=115265 HTTP/1.1" 500 745 "-" "Mozilla/5.0 (Windows NT 10.0; Win64; x64; rv:124.0) Gecko/20100101 Firefox/124.0"
185.216.113.70 - - [17/Apr/2026:05:48:57 +0300] "POST /wp-cron.php?doing_wp_cron=1776394137.8790628910064697265625 HTTP/1.1" 200 448 "-" "WordPress/6.3.8; https://serhatburke.miroglu.net"
185.216.113.70 - - [17/Apr/2026:05:49:13 +0300] "POST /wp-cron.php?doing_wp_cron=1776394153.0828769207000732421875 HTTP/1.1" 200 448 "-" "WordPress/6.3.8; https://serhatburke.miroglu.net"
103.219.169.167 - - [17/Apr/2026:05:47:20 +0300] "POST /xmlrpc.php HTTP/1.1" 200 14480 "-" "Mozilla/5.0 (Windows NT 10.0; Win64; x64) AppleWebKit/537.36 (KHTML, like Gecko) Chrome/114.0.0.0 Safari/537.36"
185.216.113.70 - - [17/Apr/2026:05:49:17 +0300] "POST /wp-cron.php?doing_wp_cron=1776394157.0948159694671630859375 HTTP/1.1" 200 448 "-" "WordPress/6.3.8; https://serhatburke.miroglu.net"
98.98.9.58 - - [17/Apr/2026:05:47:35 +0300] "POST /xmlrpc.php HTTP/1.1" 200 10830 "-" "Mozilla/5.0 (Windows NT 10.0; Win64; x64) AppleWebKit/537.36 (KHTML, like Gecko) Chrome/114.0.0.0 Safari/537.36"
185.216.113.70 - - [17/Apr/2026:05:49:27 +0300] "POST /wp-cron.php?doing_wp_cron=1776394167.3111178874969482421875 HTTP/1.1" 200 448 "-" "WordPress/6.3.8; https://serhatburke.miroglu.net"
165.73.240.122 - - [17/Apr/2026:05:47:55 +0300] "GET /?p=115269 HTTP/1.1" 301 670 "-" "Mozilla/5.0 (Windows NT 10.0; Win64; x64) AppleWebKit/537.36 (KHTML, like Gecko) Chrome/124.0.0.0 Safari/537.36 Edg/124.0.0.0"
185.216.113.70 - - [17/Apr/2026:05:49:37 +0300] "POST /wp-cron.php?doing_wp_cron=1776394177.7915420532226562500000 HTTP/1.1" 200 448 "-" "WordPress/6.3.8; https://serhatburke.miroglu.net"
62.12.118.35 - - [17/Apr/2026:05:48:31 +0300] "POST /xmlrpc.php HTTP/1.1" 200 861 "-" "Mozilla/5.0 (Windows NT 10.0; Win64; x64) AppleWebKit/537.36 (KHTML, like Gecko) Chrome/114.0.0.0 Safari/537.36"
185.216.113.70 - - [17/Apr/2026:05:50:04 +0300] "POST /wp-cron.php?doing_wp_cron=1776394204.4752728939056396484375 HTTP/1.1" 200 448 "-" "WordPress/6.3.8; https://serhatburke.miroglu.net"
103.219.169.167 - - [17/Apr/2026:05:49:05 +0300] "POST /xmlrpc.php HTTP/1.1" 200 14480 "-" "Mozilla/5.0 (Windows NT 10.0; Win64; x64) AppleWebKit/537.36 (KHTML, like Gecko) Chrome/114.0.0.0 Safari/537.36"
185.216.113.70 - - [17/Apr/2026:05:50:24 +0300] "POST /wp-cron.php?doing_wp_cron=1776394224.7000420093536376953125 HTTP/1.1" 200 448 "-" "WordPress/6.3.8; https://serhatburke.miroglu.net"
98.98.9.58 - - [17/Apr/2026:05:49:21 +0300] "POST /xmlrpc.php HTTP/1.1" 200 10830 "-" "Mozilla/5.0 (Windows NT 10.0; Win64; x64) AppleWebKit/537.36 (KHTML, like Gecko) Chrome/114.0.0.0 Safari/537.36"
185.216.113.70 - - [17/Apr/2026:05:50:34 +0300] "POST /wp-cron.php?doing_wp_cron=1776394234.4933719635009765625000 HTTP/1.1" 200 448 "-" "WordPress/6.3.8; https://serhatburke.miroglu.net"
165.73.240.122 - - [17/Apr/2026:05:49:29 +0300] "GET /erreichbar-casinos-qua-schneller-ausschuttung-aristocrat-slot-spiele-fur-pc-2025/ HTTP/1.1" 200 77422 "-" "Mozilla/5.0 (Windows NT 10.0; Win64; x64) AppleWebKit/537.36 (KHTML, like Gecko) Chrome/124.0.0.0 Safari/537.36 Edg/124.0.0.0"
185.216.113.70 - - [17/Apr/2026:05:50:39 +0300] "POST /wp-cron.php?doing_wp_cron=1776394239.4731850624084472656250 HTTP/1.1" 200 448 "-" "WordPress/6.3.8; https://serhatburke.miroglu.net"
103.219.169.167 - - [17/Apr/2026:05:49:37 +0300] "POST /xmlrpc.php HTTP/1.1" 500 1102 "-" "Mozilla/5.0 (Windows NT 10.0; Win64; x64) AppleWebKit/537.36 (KHTML, like Gecko) Chrome/114.0.0.0 Safari/537.36"
185.216.113.70 - - [17/Apr/2026:05:50:43 +0300] "POST /wp-cron.php?doing_wp_cron=1776394243.0944809913635253906250 HTTP/1.1" 200 448 "-" "WordPress/6.3.8; https://serhatburke.miroglu.net"
165.73.240.122 - - [17/Apr/2026:05:49:35 +0300] "POST /xmlrpc.php HTTP/1.1" 200 861 "-" "Mozilla/5.0 (Windows NT 10.0; Win64; x64) AppleWebKit/537.36 (KHTML, like Gecko) Chrome/114.0.0.0 Safari/537.36"
103.219.169.167 - - [17/Apr/2026:05:50:06 +0300] "GET /eye-of-casino-plenty-o-fortune-horus-kostenlos-auffuhren-demonstration-slot-angeschlossen/ HTTP/1.1" 200 77092 "-" "Mozilla/5.0 (Windows NT 10.0; Win64; x64) AppleWebKit/537.36 (KHTML, like Gecko) Chrome/123.0.0.0 Safari/537.36 OPR/109.0.0.0"
185.216.113.70 - - [17/Apr/2026:05:51:04 +0300] "POST /wp-cron.php?doing_wp_cron=1776394264.5701498985290527343750 HTTP/1.1" 200 448 "-" "WordPress/6.3.8; https://serhatburke.miroglu.net"
191.95.144.223 - - [17/Apr/2026:05:50:09 +0300] "GET /was-sind-steroide-ihre-anwendung-und-wirkung-im-bodybuilding/ HTTP/1.1" 200 69107 "-" "GuzzleHttp/7"
98.98.9.58 - - [17/Apr/2026:05:50:27 +0300] "GET /%E3%83%AA%E3%82%A2%E3%83%AB%E3%83%9E%E3%83%8D%E3%83%BC%E3%82%AB%E3%82%B8%E3%83%8E%E3%83%9D%E3%83%BC%E3%82%AB%E3%83%BC%E3%81%A7%E5%8B%9D%E5%88%A9/ HTTP/1.1" 200 116500 "-" "Mozilla/5.0 (Windows NT 10.0; rv:125.0) Gecko/20100101 Firefox/125.0"
185.216.113.70 - - [17/Apr/2026:05:52:05 +0300] "POST /wp-cron.php?doing_wp_cron=1776394325.7568240165710449218750 HTTP/1.1" 200 448 "-" "WordPress/6.3.8; https://serhatburke.miroglu.net"
191.102.167.13 - - [17/Apr/2026:05:51:53 +0300] "GET /?p=115116 HTTP/1.1" 404 14185 "-" "Mozilla/5.0 (compatible; Googlebot/2.1; +http://www.google.com/bot.html)"
185.216.113.70 - - [17/Apr/2026:06:05:35 +0300] "POST /wp-cron.php?doing_wp_cron=1776395135.9249300956726074218750 HTTP/1.1" 200 448 "-" "WordPress/6.3.8; https://serhatburke.miroglu.net"
62.12.118.35 - - [17/Apr/2026:06:05:20 +0300] "POST /xmlrpc.php HTTP/1.1" 200 630 "-" "Mozilla/5.0 (Windows NT 10.0; Win64; x64) AppleWebKit/537.36 (KHTML, like Gecko) Chrome/114.0.0.0 Safari/537.36"
62.12.118.35 - - [17/Apr/2026:06:05:42 +0300] "POST /xmlrpc.php HTTP/1.1" 200 13285 "-" "Mozilla/5.0 (Windows NT 10.0; Win64; x64) AppleWebKit/537.36 (KHTML, like Gecko) Chrome/114.0.0.0 Safari/537.36"
62.12.118.35 - - [17/Apr/2026:06:05:56 +0300] "GET /playing-with-zimpler-texas-holdem-bonus-poker-online-no-download-while-the-a-gambling-establishment-commission-strategy/ HTTP/1.1" 200 75896 "-" "Mozilla/5.0 (Windows NT 10.0; Win64; x64) AppleWebKit/537.36 (KHTML, like Gecko) Chrome/123.0.0.0 Safari/537.36"
185.216.113.70 - - [17/Apr/2026:06:07:21 +0300] "POST /wp-cron.php?doing_wp_cron=1776395240.9830749034881591796875 HTTP/1.1" 200 448 "-" "WordPress/6.3.8; https://serhatburke.miroglu.net"
181.63.178.80 - - [17/Apr/2026:06:07:08 +0300] "GET /test-p-100-hvordan-skal-det-indtages/ HTTP/1.1" 200 66566 "-" "GuzzleHttp/7"
185.216.113.70 - - [17/Apr/2026:06:09:04 +0300] "POST /wp-cron.php?doing_wp_cron=1776395344.7301399707794189453125 HTTP/1.1" 200 448 "-" "WordPress/6.3.8; https://serhatburke.miroglu.net"
138.229.106.213 - - [17/Apr/2026:06:08:50 +0300] "GET /automaty-hazard-online/ HTTP/1.1" 200 17661 "https://serhatburke.miroglu.net/" "Mozilla/5.0 (Macintosh; Intel Mac OS X 12.5; rv:114.0) Gecko/20100101 Firefox/114.0"
138.229.106.213 - - [17/Apr/2026:06:09:08 +0300] "POST /wp-comments-post.php HTTP/1.1" 302 1033 "https://serhatburke.miroglu.net/automaty-hazard-online/" "Mozilla/5.0 (Macintosh; Intel Mac OS X 12.5; rv:114.0) Gecko/20100101 Firefox/114.0"
138.229.106.213 - - [17/Apr/2026:06:09:22 +0300] "GET /automaty-hazard-online/?unapproved=427&moderation-hash=8ced21c2f4694a37fcaeb454bb89257d HTTP/1.1" 200 18162 "https://serhatburke.miroglu.net/wp-comments-post.php" "Mozilla/5.0 (Macintosh; Intel Mac OS X 12.5; rv:114.0) Gecko/20100101 Firefox/114.0"
185.216.113.70 - - [17/Apr/2026:06:09:48 +0300] "POST /wp-cron.php?doing_wp_cron=1776395388.3325510025024414062500 HTTP/1.1" 200 448 "-" "WordPress/6.3.8; https://serhatburke.miroglu.net"
138.229.106.213 - - [17/Apr/2026:06:09:36 +0300] "GET /automaty-hazard-online/ HTTP/1.1" 200 17627 "-" "Mozilla/5.0 (Macintosh; Intel Mac OS X 12.5; rv:114.0) Gecko/20100101 Firefox/114.0"
165.73.240.122 - - [17/Apr/2026:06:09:42 +0300] "POST /xmlrpc.php HTTP/1.1" 200 630 "-" "Mozilla/5.0 (Windows NT 10.0; Win64; x64) AppleWebKit/537.36 (KHTML, like Gecko) Chrome/114.0.0.0 Safari/537.36"
165.73.240.122 - - [17/Apr/2026:06:10:02 +0300] "POST /xmlrpc.php HTTP/1.1" 200 14742 "-" "Mozilla/5.0 (Windows NT 10.0; Win64; x64) AppleWebKit/537.36 (KHTML, like Gecko) Chrome/114.0.0.0 Safari/537.36"
165.73.240.122 - - [17/Apr/2026:06:10:17 +0300] "GET /online-spielbank-freispiele-ohne-einzahlung-diese-tagesordnungspunkt-casinos-inoffizieller-mitarbeiter-vulkan-vegas-slot-bonus-test/ HTTP/1.1" 200 78023 "-" "Mozilla/5.0 (Windows NT 10.0; Win64; x64) AppleWebKit/537.36 (KHTML, like Gecko) Chrome/109.0.0.0 Safari/537.36"
185.216.113.70 - - [17/Apr/2026:06:10:42 +0300] "POST /wp-cron.php?doing_wp_cron=1776395442.7311370372772216796875 HTTP/1.1" 200 448 "-" "WordPress/6.3.8; https://serhatburke.miroglu.net"
138.229.106.213 - - [17/Apr/2026:06:10:30 +0300] "GET /automaty-hazard-online/ HTTP/1.1" 200 17627 "-" "Mozilla/5.0 (Windows NT 10.0; Win64; x64) AppleWebKit/537.36 (KHTML, like Gecko) Chrome/114.0.0.0 Safari/537.36"
185.216.113.70 - - [17/Apr/2026:06:13:07 +0300] "POST /wp-cron.php?doing_wp_cron=1776395587.1831810474395751953125 HTTP/1.1" 200 448 "-" "WordPress/6.3.8; https://serhatburke.miroglu.net"
165.73.240.122 - - [17/Apr/2026:06:12:54 +0300] "POST /xmlrpc.php HTTP/1.1" 200 630 "-" "Mozilla/5.0 (Windows NT 10.0; Win64; x64) AppleWebKit/537.36 (KHTML, like Gecko) Chrome/114.0.0.0 Safari/537.36"
165.73.240.122 - - [17/Apr/2026:06:13:14 +0300] "POST /xmlrpc.php HTTP/1.1" 200 15886 "-" "Mozilla/5.0 (Windows NT 10.0; Win64; x64) AppleWebKit/537.36 (KHTML, like Gecko) Chrome/114.0.0.0 Safari/537.36"
185.216.113.70 - - [17/Apr/2026:06:13:40 +0300] "POST /wp-cron.php?doing_wp_cron=1776395620.1055970191955566406250 HTTP/1.1" 200 448 "-" "WordPress/6.3.8; https://serhatburke.miroglu.net"
165.73.240.122 - - [17/Apr/2026:06:13:28 +0300] "GET /beste-bitcoin-casinos-inoffizieller-mitarbeiter-2025-casino-sparta-within-land-der-dichter-und-denker/ HTTP/1.1" 200 78737 "-" "Mozilla/5.0 (Windows NT 10.0; Win64; x64) AppleWebKit/537.36 (KHTML, like Gecko) Chrome/123.0.0.0 Safari/537.36 OPR/109.0.0.0"
185.216.113.70 - - [17/Apr/2026:06:14:53 +0300] "POST /wp-cron.php?doing_wp_cron=1776395693.6111450195312500000000 HTTP/1.1" 200 448 "-" "WordPress/6.3.8; https://serhatburke.miroglu.net"
165.73.240.122 - - [17/Apr/2026:06:14:41 +0300] "POST /xmlrpc.php HTTP/1.1" 200 630 "-" "Mozilla/5.0 (Windows NT 10.0; Win64; x64) AppleWebKit/537.36 (KHTML, like Gecko) Chrome/114.0.0.0 Safari/537.36"
62.12.118.35 - - [17/Apr/2026:06:14:53 +0300] "POST /xmlrpc.php HTTP/1.1" 200 630 "-" "Mozilla/5.0 (Windows NT 10.0; Win64; x64) AppleWebKit/537.36 (KHTML, like Gecko) Chrome/114.0.0.0 Safari/537.36"
165.73.240.122 - - [17/Apr/2026:06:15:00 +0300] "POST /xmlrpc.php HTTP/1.1" 200 14636 "-" "Mozilla/5.0 (Windows NT 10.0; Win64; x64) AppleWebKit/537.36 (KHTML, like Gecko) Chrome/114.0.0.0 Safari/537.36"
66.249.68.131 - - [17/Apr/2026:06:15:14 +0300] "GET /no-title/ HTTP/1.1" 200 0 "https://amgqr.frostpulse-games.biz/" "Mozilla/5.0 (Linux; Android 6.0.1; Nexus 5X Build/MMB29P) AppleWebKit/537.36 (KHTML, like Gecko) Chrome/146.0.7680.177 Mobile Safari/537.36 (compatible; Googlebot/2.1; +http://www.google.com/bot.html)"
185.216.113.70 - - [17/Apr/2026:06:15:31 +0300] "POST /wp-cron.php?doing_wp_cron=1776395731.4912800788879394531250 HTTP/1.1" 200 448 "-" "WordPress/6.3.8; https://serhatburke.miroglu.net"
62.12.118.35 - - [17/Apr/2026:06:15:15 +0300] "POST /xmlrpc.php HTTP/1.1" 200 13015 "-" "Mozilla/5.0 (Windows NT 10.0; Win64; x64) AppleWebKit/537.36 (KHTML, like Gecko) Chrome/114.0.0.0 Safari/537.36"
165.73.240.122 - - [17/Apr/2026:06:15:17 +0300] "GET /angeschlossen-blackjack-novoline-tricks-book-of-ra-freispiele-grundsatz-strategien-ferner-tipps/ HTTP/1.1" 200 76925 "-" "Mozilla/5.0 (Windows NT 10.0; Win64; x64) AppleWebKit/537.36 (KHTML, like Gecko) Chrome/124.0.0.0 Safari/537.36"
62.12.118.35 - - [17/Apr/2026:06:15:34 +0300] "GET /desktop-standard-and-test-odds-of-winning-cash-camel-software/ HTTP/1.1" 200 73999 "-" "Mozilla/5.0 (Windows NT 10.0; rv:125.0) Gecko/20100101 Firefox/125.0"
165.73.240.122 - - [17/Apr/2026:06:16:15 +0300] "POST /xmlrpc.php HTTP/1.1" 200 630 "-" "Mozilla/5.0 (Windows NT 10.0; Win64; x64) AppleWebKit/537.36 (KHTML, like Gecko) Chrome/114.0.0.0 Safari/537.36"
185.216.113.70 - - [17/Apr/2026:06:16:49 +0300] "POST /wp-cron.php?doing_wp_cron=1776395809.1417179107666015625000 HTTP/1.1" 200 448 "-" "WordPress/6.3.8; https://serhatburke.miroglu.net"
165.73.240.122 - - [17/Apr/2026:06:16:35 +0300] "POST /xmlrpc.php HTTP/1.1" 200 12670 "-" "Mozilla/5.0 (Windows NT 10.0; Win64; x64) AppleWebKit/537.36 (KHTML, like Gecko) Chrome/114.0.0.0 Safari/537.36"
62.12.118.35 - - [17/Apr/2026:06:16:37 +0300] "POST /xmlrpc.php HTTP/1.1" 200 630 "-" "Mozilla/5.0 (Windows NT 10.0; Win64; x64) AppleWebKit/537.36 (KHTML, like Gecko) Chrome/114.0.0.0 Safari/537.36"
165.73.240.122 - - [17/Apr/2026:06:16:50 +0300] "GET /blackjack-angeschlossen-gratis-2026-blackjack-kostenlos-fruit-mania-spielautomat-spielen/ HTTP/1.1" 200 74863 "-" "Mozilla/5.0 (Windows NT 10.0; Win64; x64) AppleWebKit/537.36 (KHTML, like Gecko) Chrome/124.0.0.0 Safari/537.36"
62.12.118.35 - - [17/Apr/2026:06:16:57 +0300] "POST /xmlrpc.php HTTP/1.1" 200 13468 "-" "Mozilla/5.0 (Windows NT 10.0; Win64; x64) AppleWebKit/537.36 (KHTML, like Gecko) Chrome/114.0.0.0 Safari/537.36"
62.12.118.35 - - [17/Apr/2026:06:17:13 +0300] "GET /totally-free-revolves-and-no-put-and-elk-slot-machines-games-zero-betting-requirements-2026/ HTTP/1.1" 200 75297 "-" "Mozilla/5.0 (Windows NT 10.0; Win64; x64) AppleWebKit/537.36 (KHTML, like Gecko) Chrome/122.0.0.0 Safari/537.36"
185.216.113.70 - - [17/Apr/2026:06:18:07 +0300] "POST /wp-cron.php?doing_wp_cron=1776395887.2022070884704589843750 HTTP/1.1" 200 448 "-" "WordPress/6.3.8; https://serhatburke.miroglu.net"
165.73.240.122 - - [17/Apr/2026:06:17:54 +0300] "POST /xmlrpc.php HTTP/1.1" 200 630 "-" "Mozilla/5.0 (Windows NT 10.0; Win64; x64) AppleWebKit/537.36 (KHTML, like Gecko) Chrome/114.0.0.0 Safari/537.36"
165.73.240.122 - - [17/Apr/2026:06:18:14 +0300] "POST /xmlrpc.php HTTP/1.1" 200 14612 "-" "Mozilla/5.0 (Windows NT 10.0; Win64; x64) AppleWebKit/537.36 (KHTML, like Gecko) Chrome/114.0.0.0 Safari/537.36"
185.216.113.70 - - [17/Apr/2026:06:18:40 +0300] "POST /wp-cron.php?doing_wp_cron=1776395920.6630980968475341796875 HTTP/1.1" 200 448 "-" "WordPress/6.3.8; https://serhatburke.miroglu.net"
62.12.118.35 - - [17/Apr/2026:06:18:31 +0300] "POST /xmlrpc.php HTTP/1.1" 200 630 "-" "Mozilla/5.0 (Windows NT 10.0; Win64; x64) AppleWebKit/537.36 (KHTML, like Gecko) Chrome/114.0.0.0 Safari/537.36"
165.73.240.122 - - [17/Apr/2026:06:18:28 +0300] "GET /eye-of-horus-spielen-sie-crystal-crush-slots-gebuhrenfrei-zum-besten-geben-merkur-ohne-anmeldung/ HTTP/1.1" 200 77443 "-" "Mozilla/5.0 (Windows NT 10.0; Win64; x64) AppleWebKit/537.36 (KHTML, like Gecko) Chrome/109.0.0.0 Safari/537.36"
62.12.118.35 - - [17/Apr/2026:06:18:50 +0300] "POST /xmlrpc.php HTTP/1.1" 200 13154 "-" "Mozilla/5.0 (Windows NT 10.0; Win64; x64) AppleWebKit/537.36 (KHTML, like Gecko) Chrome/114.0.0.0 Safari/537.36"
62.12.118.35 - - [17/Apr/2026:06:19:04 +0300] "GET /alaskan-angling-slot-free-gamble-internet-casino-ports-no-24-slot-slot-machine-obtain/ HTTP/1.1" 200 74866 "-" "Mozilla/5.0 (Windows NT 10.0; Win64; x64; rv:124.0) Gecko/20100101 Firefox/124.0"
185.216.113.70 - - [17/Apr/2026:06:19:33 +0300] "POST /wp-cron.php?doing_wp_cron=1776395973.2331509590148925781250 HTTP/1.1" 200 448 "-" "WordPress/6.3.8; https://serhatburke.miroglu.net"
165.73.240.122 - - [17/Apr/2026:06:19:21 +0300] "POST /xmlrpc.php HTTP/1.1" 200 630 "-" "Mozilla/5.0 (Windows NT 10.0; Win64; x64) AppleWebKit/537.36 (KHTML, like Gecko) Chrome/114.0.0.0 Safari/537.36"
165.73.240.122 - - [17/Apr/2026:06:19:39 +0300] "POST /xmlrpc.php HTTP/1.1" 200 15588 "-" "Mozilla/5.0 (Windows NT 10.0; Win64; x64) AppleWebKit/537.36 (KHTML, like Gecko) Chrome/114.0.0.0 Safari/537.36"
62.12.118.35 - - [17/Apr/2026:06:19:56 +0300] "POST /xmlrpc.php HTTP/1.1" 200 630 "-" "Mozilla/5.0 (Windows NT 10.0; Win64; x64) AppleWebKit/537.36 (KHTML, like Gecko) Chrome/114.0.0.0 Safari/537.36"
165.73.240.122 - - [17/Apr/2026:06:19:55 +0300] "GET /echtgeld-onlinepoker-sichere-sera-150-chancen-medusa-2-spielautomat-eye-of-horus-eye-of-ra-keine-einzahlung-mobile-and-auszahlungen-mercantile-office-systems-pvt-ltd/ HTTP/1.1" 200 79611 "-" "Mozilla/5.0 (Windows NT 10.0; Win64; x64; rv:125.0) Gecko/20100101 Firefox/125.0"
185.216.113.70 - - [17/Apr/2026:06:20:29 +0300] "POST /wp-cron.php?doing_wp_cron=1776396029.0144510269165039062500 HTTP/1.1" 200 448 "-" "WordPress/6.3.8; https://serhatburke.miroglu.net"
62.12.118.35 - - [17/Apr/2026:06:20:16 +0300] "POST /xmlrpc.php HTTP/1.1" 200 13255 "-" "Mozilla/5.0 (Windows NT 10.0; Win64; x64) AppleWebKit/537.36 (KHTML, like Gecko) Chrome/114.0.0.0 Safari/537.36"
62.12.118.35 - - [17/Apr/2026:06:20:30 +0300] "GET /alaskan-angling-on-line-slot-machine-2026-comment-totally-booming-games-gaming-slots-free-microgaming-harbors/ HTTP/1.1" 200 75492 "-" "Mozilla/5.0 (Windows NT 10.0; Win64; x64) AppleWebKit/537.36 (KHTML, like Gecko) Chrome/123.0.0.0 Safari/537.36 OPR/109.0.0.0"
165.73.240.122 - - [17/Apr/2026:06:20:44 +0300] "POST /xmlrpc.php HTTP/1.1" 200 630 "-" "Mozilla/5.0 (Windows NT 10.0; Win64; x64) AppleWebKit/537.36 (KHTML, like Gecko) Chrome/114.0.0.0 Safari/537.36"
185.216.113.70 - - [17/Apr/2026:06:21:15 +0300] "POST /wp-cron.php?doing_wp_cron=1776396075.2982969284057617187500 HTTP/1.1" 200 448 "-" "WordPress/6.3.8; https://serhatburke.miroglu.net"
165.73.240.122 - - [17/Apr/2026:06:21:03 +0300] "POST /xmlrpc.php HTTP/1.1" 200 14777 "-" "Mozilla/5.0 (Windows NT 10.0; Win64; x64) AppleWebKit/537.36 (KHTML, like Gecko) Chrome/114.0.0.0 Safari/537.36"
165.73.240.122 - - [17/Apr/2026:06:21:16 +0300] "GET /erreichbar-jewel-of-the-arts-casino-spielbank-freispiele-freespins-via-exklusive-einzahlung-2026/ HTTP/1.1" 200 77339 "-" "Mozilla/5.0 (Windows NT 10.0; rv:125.0) Gecko/20100101 Firefox/125.0"
185.216.113.70 - - [17/Apr/2026:06:21:47 +0300] "POST /wp-cron.php?doing_wp_cron=1776396107.8458740711212158203125 HTTP/1.1" 200 448 "-" "WordPress/6.3.8; https://serhatburke.miroglu.net"
62.12.118.35 - - [17/Apr/2026:06:21:36 +0300] "POST /xmlrpc.php HTTP/1.1" 200 630 "-" "Mozilla/5.0 (Windows NT 10.0; Win64; x64) AppleWebKit/537.36 (KHTML, like Gecko) Chrome/114.0.0.0 Safari/537.36"
104.166.164.67 - - [17/Apr/2026:06:21:38 +0300] "POST /xmlrpc.php HTTP/1.1" 200 630 "-" "Mozilla/5.0 (Windows NT 10.0; Win64; x64) AppleWebKit/537.36 (KHTML, like Gecko) Chrome/114.0.0.0 Safari/537.36"
104.166.164.67 - - [17/Apr/2026:06:21:56 +0300] "POST /xmlrpc.php HTTP/1.1" 200 12282 "-" "Mozilla/5.0 (Windows NT 10.0; Win64; x64) AppleWebKit/537.36 (KHTML, like Gecko) Chrome/114.0.0.0 Safari/537.36"
165.73.240.122 - - [17/Apr/2026:06:22:08 +0300] "POST /xmlrpc.php HTTP/1.1" 200 630 "-" "Mozilla/5.0 (Windows NT 10.0; Win64; x64) AppleWebKit/537.36 (KHTML, like Gecko) Chrome/114.0.0.0 Safari/537.36"
104.166.164.67 - - [17/Apr/2026:06:22:10 +0300] "GET /best-credit-card-casinos-online-casino-slot-20-super-hot-2026-immediate-credit-places/ HTTP/1.1" 200 74197 "-" "Mozilla/5.0 (Windows NT 10.0; Win64; x64) AppleWebKit/537.36 (KHTML, like Gecko) Chrome/123.0.0.0 Safari/537.36"
62.12.118.35 - - [17/Apr/2026:06:22:13 +0300] "POST /xmlrpc.php HTTP/1.1" 200 13203 "-" "Mozilla/5.0 (Windows NT 10.0; Win64; x64) AppleWebKit/537.36 (KHTML, like Gecko) Chrome/114.0.0.0 Safari/537.36"
185.216.113.70 - - [17/Apr/2026:06:22:45 +0300] "POST /wp-cron.php?doing_wp_cron=1776396165.1251509189605712890625 HTTP/1.1" 200 448 "-" "WordPress/6.3.8; https://serhatburke.miroglu.net"
165.73.240.122 - - [17/Apr/2026:06:22:29 +0300] "POST /xmlrpc.php HTTP/1.1" 200 15287 "-" "Mozilla/5.0 (Windows NT 10.0; Win64; x64) AppleWebKit/537.36 (KHTML, like Gecko) Chrome/114.0.0.0 Safari/537.36"
98.98.9.58 - - [17/Apr/2026:06:22:29 +0300] "POST /xmlrpc.php HTTP/1.1" 200 630 "-" "Mozilla/5.0 (Windows NT 10.0; Win64; x64) AppleWebKit/537.36 (KHTML, like Gecko) Chrome/114.0.0.0 Safari/537.36"
62.12.118.35 - - [17/Apr/2026:06:22:34 +0300] "GET /best-real-cash-casino-gangster-world-online-casinos-to-possess-united-states-of-america-players/ HTTP/1.1" 200 75204 "-" "Mozilla/5.0 (Windows NT 10.0; Win64; x64) AppleWebKit/537.36 (KHTML, like Gecko) Chrome/122.0.0.0 Safari/537.36"
165.73.240.122 - - [17/Apr/2026:06:22:47 +0300] "GET /spielsaal-uber-25-freispiele-ohne-einzahlung-auf-change-goddess-slot-anhieb-erhaltlich-inoffizieller-mitarbeiter-2026/ HTTP/1.1" 200 78332 "-" "Mozilla/5.0 (Windows NT 10.0; Win64; x64) AppleWebKit/537.36 (KHTML, like Gecko) Chrome/123.0.0.0 Safari/537.36"
98.98.9.58 - - [17/Apr/2026:06:22:52 +0300] "POST /xmlrpc.php HTTP/1.1" 200 10008 "-" "Mozilla/5.0 (Windows NT 10.0; Win64; x64) AppleWebKit/537.36 (KHTML, like Gecko) Chrome/114.0.0.0 Safari/537.36"
98.98.9.58 - - [17/Apr/2026:06:23:09 +0300] "GET /%E3%83%90%E3%82%B9%E3%82%B1%E3%83%83%E3%83%88%E3%83%9C%E3%83%BC%E3%83%AB%E3%81%AE%E6%9C%89%E5%90%8D%E4%BA%BA-gamepix-%E3%81%A7%E4%BB%8A%E3%81%99%E3%81%90%E3%83%97%E3%83%AC%E3%82%A4%E3%81%97%E3%81%BE/ HTTP/1.1" 200 98298 "-" "Mozilla/5.0 (Windows NT 10.0; Win64; x64) AppleWebKit/537.36 (KHTML, like Gecko) Chrome/123.0.0.0 Safari/537.36"
185.216.113.70 - - [17/Apr/2026:06:23:45 +0300] "POST /wp-cron.php?doing_wp_cron=1776396225.4878621101379394531250 HTTP/1.1" 200 448 "-" "WordPress/6.3.8; https://serhatburke.miroglu.net"
165.73.240.122 - - [17/Apr/2026:06:23:32 +0300] "POST /xmlrpc.php HTTP/1.1" 200 630 "-" "Mozilla/5.0 (Windows NT 10.0; Win64; x64) AppleWebKit/537.36 (KHTML, like Gecko) Chrome/114.0.0.0 Safari/537.36"
62.12.118.35 - - [17/Apr/2026:06:23:33 +0300] "POST /xmlrpc.php HTTP/1.1" 200 630 "-" "Mozilla/5.0 (Windows NT 10.0; Win64; x64) AppleWebKit/537.36 (KHTML, like Gecko) Chrome/114.0.0.0 Safari/537.36"
165.73.240.122 - - [17/Apr/2026:06:23:52 +0300] "POST /xmlrpc.php HTTP/1.1" 200 12711 "-" "Mozilla/5.0 (Windows NT 10.0; Win64; x64) AppleWebKit/537.36 (KHTML, like Gecko) Chrome/114.0.0.0 Safari/537.36"
62.12.118.35 - - [17/Apr/2026:06:23:53 +0300] "POST /xmlrpc.php HTTP/1.1" 200 12360 "-" "Mozilla/5.0 (Windows NT 10.0; Win64; x64) AppleWebKit/537.36 (KHTML, like Gecko) Chrome/114.0.0.0 Safari/537.36"
37.139.53.240 - - [17/Apr/2026:06:23:52 +0300] "POST / HTTP/2" 200 16365 "-" "Mozilla/5.0 (Macintosh; Intel Mac OS X 10_15_7) AppleWebKit/605.1.15 (KHTML, like Gecko) Version/18.0 Safari/605.1.15"
165.73.240.122 - - [17/Apr/2026:06:24:15 +0300] "GET /erreichbar-spielbank-provision-ohne-einzahlung-top-gebuhrenfrei-cobber-casino-bet-login-echtgeldboni-monat-des-fruhlingsbeginns-2026/ HTTP/1.1" 200 76175 "-" "Mozilla/5.0 (Windows NT 10.0; rv:109.0) Gecko/20100101 Firefox/115.0"
62.12.118.35 - - [17/Apr/2026:06:24:15 +0300] "GET /better-real-fafafa-no-deposit-money-gambling-enterprise-applications-to-have-u-s-players-2025-upgrade/ HTTP/1.1" 200 74454 "-" "Mozilla/5.0 (Windows NT 10.0; Win64; x64) AppleWebKit/537.36 (KHTML, like Gecko) Chrome/123.0.0.0 Safari/537.36 OPR/109.0.0.0"
185.216.113.70 - - [17/Apr/2026:06:24:58 +0300] "POST /wp-cron.php?doing_wp_cron=1776396298.6687529087066650390625 HTTP/1.1" 200 448 "-" "WordPress/6.3.8; https://serhatburke.miroglu.net"
62.12.118.35 - - [17/Apr/2026:06:24:46 +0300] "POST /xmlrpc.php HTTP/1.1" 200 630 "-" "Mozilla/5.0 (Windows NT 10.0; Win64; x64) AppleWebKit/537.36 (KHTML, like Gecko) Chrome/114.0.0.0 Safari/537.36"
165.73.240.122 - - [17/Apr/2026:06:24:53 +0300] "POST /xmlrpc.php HTTP/1.1" 200 630 "-" "Mozilla/5.0 (Windows NT 10.0; Win64; x64) AppleWebKit/537.36 (KHTML, like Gecko) Chrome/114.0.0.0 Safari/537.36"
62.12.118.35 - - [17/Apr/2026:06:25:05 +0300] "POST /xmlrpc.php HTTP/1.1" 200 12725 "-" "Mozilla/5.0 (Windows NT 10.0; Win64; x64) AppleWebKit/537.36 (KHTML, like Gecko) Chrome/114.0.0.0 Safari/537.36"
66.249.68.131 - - [17/Apr/2026:06:25:18 +0300] "GET /no-title/ HTTP/1.1" 200 0 "https://korput.driftlogic-games.biz/" "Mozilla/5.0 (Linux; Android 6.0.1; Nexus 5X Build/MMB29P) AppleWebKit/537.36 (KHTML, like Gecko) Chrome/146.0.7680.177 Mobile Safari/537.36 (compatible; Googlebot/2.1; +http://www.google.com/bot.html)"
165.73.240.122 - - [17/Apr/2026:06:25:13 +0300] "POST /xmlrpc.php HTTP/1.1" 200 13177 "-" "Mozilla/5.0 (Windows NT 10.0; Win64; x64) AppleWebKit/537.36 (KHTML, like Gecko) Chrome/114.0.0.0 Safari/537.36"
62.12.118.35 - - [17/Apr/2026:06:25:20 +0300] "GET /better-20-buck-put-casinos-2026-esqueleto-explosivo-slot-better-20-minute-put-casinos/ HTTP/1.1" 200 74445 "-" "Mozilla/5.0 (Windows NT 10.0; Win64; x64; rv:125.0) Gecko/20100101 Firefox/125.0"
185.216.113.70 - - [17/Apr/2026:06:25:44 +0300] "POST /wp-cron.php?doing_wp_cron=1776396344.7010829448699951171875 HTTP/1.1" 200 448 "-" "WordPress/6.3.8; https://serhatburke.miroglu.net"
165.73.240.122 - - [17/Apr/2026:06:25:30 +0300] "GET /eye-of-horus-spielautomat-bei-sonnennachster-wanderstern-gaming-intellectual-hugo-spielautomat-property-how-edv-influenced-history/ HTTP/1.1" 200 75993 "-" "Mozilla/5.0 (Windows NT 10.0; Win64; x64; rv:124.0) Gecko/20100101 Firefox/124.0"
62.12.118.35 - - [17/Apr/2026:06:25:54 +0300] "POST /xmlrpc.php HTTP/1.1" 200 630 "-" "Mozilla/5.0 (Windows NT 10.0; Win64; x64) AppleWebKit/537.36 (KHTML, like Gecko) Chrome/114.0.0.0 Safari/537.36"
185.216.113.70 - - [17/Apr/2026:06:26:26 +0300] "POST /wp-cron.php?doing_wp_cron=1776396386.1670830249786376953125 HTTP/1.1" 200 448 "-" "WordPress/6.3.8; https://serhatburke.miroglu.net"
165.73.240.122 - - [17/Apr/2026:06:26:12 +0300] "POST /xmlrpc.php HTTP/1.1" 200 630 "-" "Mozilla/5.0 (Windows NT 10.0; Win64; x64) AppleWebKit/537.36 (KHTML, like Gecko) Chrome/114.0.0.0 Safari/537.36"
62.12.118.35 - - [17/Apr/2026:06:26:14 +0300] "POST /xmlrpc.php HTTP/1.1" 200 13407 "-" "Mozilla/5.0 (Windows NT 10.0; Win64; x64) AppleWebKit/537.36 (KHTML, like Gecko) Chrome/114.0.0.0 Safari/537.36"
62.12.118.35 - - [17/Apr/2026:06:26:29 +0300] "GET /how-to-get-a-scheduled-appointment-ogre-empire-slot-sites-at-the-an-excellent-apple-stor-apple-neighborhood/ HTTP/1.1" 200 75520 "-" "Mozilla/5.0 (Windows NT 10.0; Win64; x64) AppleWebKit/537.36 (KHTML, like Gecko) Chrome/122.0.0.0 Safari/537.36"
165.73.240.122 - - [17/Apr/2026:06:26:32 +0300] "POST /xmlrpc.php HTTP/1.1" 200 15352 "-" "Mozilla/5.0 (Windows NT 10.0; Win64; x64) AppleWebKit/537.36 (KHTML, like Gecko) Chrome/114.0.0.0 Safari/537.36"
165.73.240.122 - - [17/Apr/2026:06:26:50 +0300] "GET /100-slot-gonzos-quest-freispiele-abzuglich-einzahlung-traktandum-verzeichnis-monat-des-fruhlingsbeginns-2026/ HTTP/1.1" 200 78137 "-" "Mozilla/5.0 (Windows NT 10.0; Win64; x64) AppleWebKit/537.36 (KHTML, like Gecko) Chrome/124.0.0.0 Safari/537.36 Edg/124.0.0.0"
62.12.118.35 - - [17/Apr/2026:06:27:08 +0300] "POST /xmlrpc.php HTTP/1.1" 200 630 "-" "Mozilla/5.0 (Windows NT 10.0; Win64; x64) AppleWebKit/537.36 (KHTML, like Gecko) Chrome/114.0.0.0 Safari/537.36"
107.172.177.114 - - [17/Apr/2026:06:27:20 +0300] "GET /casino-online-skrill-prelievo-veloce/ HTTP/1.1" 200 18092 "https://serhatburke.miroglu.net/" "Mozilla/5.0 (Windows NT 10.0; Win64; x64) AppleWebKit/537.36 (KHTML, like Gecko) Chrome/114.0.0.0 Safari/537.36 OPR/89.0.4447.51"
185.216.113.70 - - [17/Apr/2026:06:27:45 +0300] "POST /wp-cron.php?doing_wp_cron=1776396465.7935640811920166015625 HTTP/1.1" 200 448 "-" "WordPress/6.3.8; https://serhatburke.miroglu.net"
165.73.240.122 - - [17/Apr/2026:06:27:28 +0300] "POST /xmlrpc.php HTTP/1.1" 200 630 "-" "Mozilla/5.0 (Windows NT 10.0; Win64; x64) AppleWebKit/537.36 (KHTML, like Gecko) Chrome/114.0.0.0 Safari/537.36"
62.12.118.35 - - [17/Apr/2026:06:27:28 +0300] "POST /xmlrpc.php HTTP/1.1" 200 13573 "-" "Mozilla/5.0 (Windows NT 10.0; Win64; x64) AppleWebKit/537.36 (KHTML, like Gecko) Chrome/114.0.0.0 Safari/537.36"
107.172.177.114 - - [17/Apr/2026:06:27:35 +0300] "GET /wp-login.php?action=register HTTP/1.1" 302 702 "https://serhatburke.miroglu.net/casino-online-skrill-prelievo-veloce/" "Mozilla/5.0 (Windows NT 6.3; Win64; x64) AppleWebKit/537.36 (KHTML, like Gecko) Chrome/103.0.0.0 Safari/537.36"
62.12.118.35 - - [17/Apr/2026:06:27:47 +0300] "GET /las-vegas-dos-net-gambling-establishment-nextgen-gaming-slots-games-wicked-winnings-no-deposit-extra-requirements-120-100-percent-free-revolves/ HTTP/1.1" 200 76820 "-" "Mozilla/5.0 (Windows NT 10.0; rv:109.0) Gecko/20100101 Firefox/115.0"
107.172.177.114 - - [17/Apr/2026:06:27:53 +0300] "GET /wp-login.php?registration=disabled HTTP/1.1" 200 3808 "https://serhatburke.miroglu.net/wp-login.php?action=register" "Mozilla/5.0 (Windows NT 6.3; Win64; x64) AppleWebKit/537.36 (KHTML, like Gecko) Chrome/103.0.0.0 Safari/537.36"
165.73.240.122 - - [17/Apr/2026:06:27:52 +0300] "POST /xmlrpc.php HTTP/1.1" 200 14608 "-" "Mozilla/5.0 (Windows NT 10.0; Win64; x64) AppleWebKit/537.36 (KHTML, like Gecko) Chrome/114.0.0.0 Safari/537.36"
62.12.118.35 - - [17/Apr/2026:06:28:12 +0300] "POST /xmlrpc.php HTTP/1.1" 200 630 "-" "Mozilla/5.0 (Windows NT 10.0; Win64; x64) AppleWebKit/537.36 (KHTML, like Gecko) Chrome/114.0.0.0 Safari/537.36"
165.73.240.122 - - [17/Apr/2026:06:28:14 +0300] "GET /60-freispiele-exklusive-einzahlung-2026-diese-besten-karamba-casino-anbieter-ferner-boni-2026/ HTTP/1.1" 200 76592 "-" "Mozilla/5.0 (Windows NT 10.0; Win64; x64; rv:125.0) Gecko/20100101 Firefox/125.0"
185.216.113.70 - - [17/Apr/2026:06:28:43 +0300] "POST /wp-cron.php?doing_wp_cron=1776396523.8744781017303466796875 HTTP/1.1" 200 448 "-" "WordPress/6.3.8; https://serhatburke.miroglu.net"
62.12.118.35 - - [17/Apr/2026:06:28:31 +0300] "POST /xmlrpc.php HTTP/1.1" 200 13120 "-" "Mozilla/5.0 (Windows NT 10.0; Win64; x64) AppleWebKit/537.36 (KHTML, like Gecko) Chrome/114.0.0.0 Safari/537.36"
165.73.240.122 - - [17/Apr/2026:06:28:45 +0300] "POST /xmlrpc.php HTTP/1.1" 200 630 "-" "Mozilla/5.0 (Windows NT 10.0; Win64; x64) AppleWebKit/537.36 (KHTML, like Gecko) Chrome/114.0.0.0 Safari/537.36"
62.12.118.35 - - [17/Apr/2026:06:28:48 +0300] "GET /play-ariana-by-microgaming-free-of-charge-on-the-casino-slot-bound-online-pearls/ HTTP/1.1" 200 74364 "-" "Mozilla/5.0 (Windows NT 10.0; rv:125.0) Gecko/20100101 Firefox/125.0"
165.73.240.122 - - [17/Apr/2026:06:29:08 +0300] "POST /xmlrpc.php HTTP/1.1" 200 15190 "-" "Mozilla/5.0 (Windows NT 10.0; Win64; x64) AppleWebKit/537.36 (KHTML, like Gecko) Chrome/114.0.0.0 Safari/537.36"
185.216.113.70 - - [17/Apr/2026:06:29:39 +0300] "POST /wp-cron.php?doing_wp_cron=1776396579.2605540752410888671875 HTTP/1.1" 200 448 "-" "WordPress/6.3.8; https://serhatburke.miroglu.net"
104.166.164.67 - - [17/Apr/2026:06:29:21 +0300] "POST /xmlrpc.php HTTP/1.1" 200 630 "-" "Mozilla/5.0 (Windows NT 10.0; Win64; x64) AppleWebKit/537.36 (KHTML, like Gecko) Chrome/114.0.0.0 Safari/537.36"
165.73.240.122 - - [17/Apr/2026:06:29:21 +0300] "GET /beste-einzahlung-1-casino-bonus-angeschlossen-casinos-via-rapider-auszahlung-ostmark-2026/ HTTP/1.1" 200 77546 "-" "Mozilla/5.0 (Windows NT 10.0; Win64; x64) AppleWebKit/537.36 (KHTML, like Gecko) Chrome/123.0.0.0 Safari/537.36 OPR/109.0.0.0"
62.12.118.35 - - [17/Apr/2026:06:29:23 +0300] "POST /xmlrpc.php HTTP/1.1" 200 630 "-" "Mozilla/5.0 (Windows NT 10.0; Win64; x64) AppleWebKit/537.36 (KHTML, like Gecko) Chrome/114.0.0.0 Safari/537.36"
104.166.164.67 - - [17/Apr/2026:06:29:46 +0300] "POST /xmlrpc.php HTTP/1.1" 200 13307 "-" "Mozilla/5.0 (Windows NT 10.0; Win64; x64) AppleWebKit/537.36 (KHTML, like Gecko) Chrome/114.0.0.0 Safari/537.36"
62.12.118.35 - - [17/Apr/2026:06:29:47 +0300] "POST /xmlrpc.php HTTP/1.1" 200 12784 "-" "Mozilla/5.0 (Windows NT 10.0; Win64; x64) AppleWebKit/537.36 (KHTML, like Gecko) Chrome/114.0.0.0 Safari/537.36"
165.73.240.122 - - [17/Apr/2026:06:29:56 +0300] "POST /xmlrpc.php HTTP/1.1" 200 630 "-" "Mozilla/5.0 (Windows NT 10.0; Win64; x64) AppleWebKit/537.36 (KHTML, like Gecko) Chrome/114.0.0.0 Safari/537.36"
104.166.164.67 - - [17/Apr/2026:06:30:04 +0300] "GET /several-slot-games-online-diamond-slot-machine-enjoy-online-free-how-to-victory-bachillerato-bi/ HTTP/1.1" 200 75169 "-" "Mozilla/5.0 (Windows NT 10.0; Win64; x64) AppleWebKit/537.36 (KHTML, like Gecko) Chrome/123.0.0.0 Safari/537.36 OPR/109.0.0.0"
62.12.118.35 - - [17/Apr/2026:06:30:05 +0300] "GET /king-of-online-scratch-cards-uk-ones-nile-position-comment-2026-gamble-on-the-internet/ HTTP/1.1" 200 74437 "-" "Mozilla/5.0 (Windows NT 10.0; rv:109.0) Gecko/20100101 Firefox/115.0"
185.216.113.70 - - [17/Apr/2026:06:30:34 +0300] "POST /wp-cron.php?doing_wp_cron=1776396634.1925699710845947265625 HTTP/1.1" 200 448 "-" "WordPress/6.3.8; https://serhatburke.miroglu.net"
165.73.240.122 - - [17/Apr/2026:06:30:20 +0300] "POST /xmlrpc.php HTTP/1.1" 200 12861 "-" "Mozilla/5.0 (Windows NT 10.0; Win64; x64) AppleWebKit/537.36 (KHTML, like Gecko) Chrome/114.0.0.0 Safari/537.36"
62.12.118.35 - - [17/Apr/2026:06:30:25 +0300] "POST /xmlrpc.php HTTP/1.1" 200 630 "-" "Mozilla/5.0 (Windows NT 10.0; Win64; x64) AppleWebKit/537.36 (KHTML, like Gecko) Chrome/114.0.0.0 Safari/537.36"
165.73.240.122 - - [17/Apr/2026:06:30:35 +0300] "GET /casinos-exklusive-registrierung-erreichbar-casino-mybet-casino-vortragen-ohne-registrierung/ HTTP/1.1" 200 75013 "-" "Mozilla/5.0 (Windows NT 10.0; Win64; x64) AppleWebKit/537.36 (KHTML, like Gecko) Chrome/124.0.0.0 Safari/537.36 Edg/124.0.0.0"
