45.250.252.181 - - [16/Apr/2026:18:38:09 +0300] "GET /level-gamble-play-attila-online-on-the-web-100percent-free/ HTTP/1.1" 200 73961 "-" "Mozilla/5.0 (Windows NT 10.0; Win64; x64) AppleWebKit/537.36 (KHTML, like Gecko) Chrome/109.0.0.0 Safari/537.36"
185.216.113.70 - - [16/Apr/2026:18:38:44 +0300] "POST /wp-cron.php?doing_wp_cron=1776353924.6999258995056152343750 HTTP/1.1" 200 448 "-" "WordPress/6.3.8; https://serhatburke.miroglu.net"
103.219.169.194 - - [16/Apr/2026:18:38:32 +0300] "POST /xmlrpc.php HTTP/1.1" 200 10555 "-" "Mozilla/5.0 (Windows NT 10.0; Win64; x64) AppleWebKit/537.36 (KHTML, like Gecko) Chrome/114.0.0.0 Safari/537.36"
103.219.169.194 - - [16/Apr/2026:18:38:46 +0300] "GET /nieuwe-offlin-casinosu-afwisselend-ga-naar-de-site-holland-plu-spullen-let-je-appreciren/ HTTP/1.1" 200 72661 "-" "Mozilla/5.0 (Windows NT 10.0; rv:109.0) Gecko/20100101 Firefox/115.0"
62.60.131.177 - - [16/Apr/2026:18:39:17 +0300] "GET /wp-json/wp/v2/users?_fields=slug&per_page=100&page=1 HTTP/2" 200 0 "-" "Mozilla/5.0 (Windows NT 10.0; Win64; x64) AppleWebKit/537.36 (KHTML, like Gecko) Chrome/120.0.0.0 Safari/537.36"
62.60.131.177 - - [16/Apr/2026:18:39:17 +0300] "GET /?author=1 HTTP/2" 200 0 "-" "Mozilla/5.0 (Macintosh; Intel Mac OS X 10.15; rv:109.0) Gecko/20100101 Firefox/119.0"
62.60.131.177 - - [16/Apr/2026:18:39:17 +0300] "GET /wp-json/wp/v2/posts?per_page=20&_embed=author&_fields=_embedded HTTP/2" 200 0 "-" "Mozilla/5.0 (Macintosh; Intel Mac OS X 10_15_7) AppleWebKit/537.36 (KHTML, like Gecko) Chrome/120.0.0.0 Safari/537.36"
62.60.131.177 - - [16/Apr/2026:18:39:17 +0300] "GET / HTTP/2" 200 0 "-" "Mozilla/5.0 (Macintosh; Intel Mac OS X 10.15; rv:109.0) Gecko/20100101 Firefox/119.0"
62.60.131.177 - - [16/Apr/2026:18:39:17 +0300] "POST /graphql HTTP/2" 200 0 "-" "Mozilla/5.0 (Windows NT 10.0; Win64; x64) AppleWebKit/537.36 (KHTML, like Gecko) Chrome/120.0.0.0 Safari/537.36"
62.60.131.177 - - [16/Apr/2026:18:39:32 +0300] "GET /?author=2 HTTP/2" 200 0 "-" "Mozilla/5.0 (Windows NT 10.0; Win64; x64) AppleWebKit/537.36 (KHTML, like Gecko) Chrome/120.0.0.0 Safari/537.36"
62.60.131.177 - - [16/Apr/2026:18:39:32 +0300] "GET /wp-json/wp/v2/users?_fields=slug&per_page=100&page=1 HTTP/2" 200 0 "-" "Mozilla/5.0 (Macintosh; Intel Mac OS X 10.15; rv:109.0) Gecko/20100101 Firefox/119.0"
62.60.131.177 - - [16/Apr/2026:18:39:32 +0300] "GET /wp-json/wp/v2/posts?per_page=20&_embed=author&_fields=_embedded HTTP/2" 200 0 "-" "Mozilla/5.0 (X11; Linux x86_64) AppleWebKit/537.36 (KHTML, like Gecko) Chrome/120.0.0.0 Safari/537.36"
62.60.131.177 - - [16/Apr/2026:18:39:32 +0300] "POST /graphql HTTP/2" 200 0 "-" "Mozilla/5.0 (Windows NT 10.0; Win64; x64; rv:109.0) Gecko/20100101 Firefox/119.0"
62.60.131.177 - - [16/Apr/2026:18:39:32 +0300] "GET / HTTP/2" 200 0 "-" "Mozilla/5.0 (X11; Linux x86_64) AppleWebKit/537.36 (KHTML, like Gecko) Chrome/120.0.0.0 Safari/537.36"
185.216.113.70 - - [16/Apr/2026:18:39:48 +0300] "POST /wp-cron.php?doing_wp_cron=1776353988.4403090476989746093750 HTTP/1.1" 200 448 "-" "WordPress/6.3.8; https://serhatburke.miroglu.net"
103.219.169.194 - - [16/Apr/2026:18:39:16 +0300] "POST /xmlrpc.php HTTP/1.1" 200 630 "-" "Mozilla/5.0 (Windows NT 10.0; Win64; x64) AppleWebKit/537.36 (KHTML, like Gecko) Chrome/114.0.0.0 Safari/537.36"
156.233.55.203 - - [16/Apr/2026:18:39:58 +0300] "GET / HTTP/1.1" 200 689 "-" "Mozilla/5.0 (X11; Linux x86_64) AppleWebKit/537.36 (KHTML, like Gecko) Chrome/143.0.0.0 Safari/537.36"
62.60.131.177 - - [16/Apr/2026:18:39:46 +0300] "GET /?author=3 HTTP/2" 200 0 "-" "Mozilla/5.0 (Macintosh; Intel Mac OS X 10_15_7) AppleWebKit/537.36 (KHTML, like Gecko) Chrome/120.0.0.0 Safari/537.36"
62.60.131.177 - - [16/Apr/2026:18:39:49 +0300] "GET /wp-json/wp/v2/users?_fields=slug&per_page=100&page=1 HTTP/2" 200 0 "-" "Mozilla/5.0 (Windows NT 10.0; Win64; x64) AppleWebKit/537.36 (KHTML, like Gecko) Chrome/120.0.0.0 Safari/537.36"
62.60.131.177 - - [16/Apr/2026:18:39:49 +0300] "GET /wp-json/wp/v2/posts?per_page=20&_embed=author&_fields=_embedded HTTP/2" 200 0 "-" "Mozilla/5.0 (Windows NT 10.0; Win64; x64) AppleWebKit/537.36 (KHTML, like Gecko) Chrome/120.0.0.0 Safari/537.36"
62.60.131.177 - - [16/Apr/2026:18:39:49 +0300] "POST /graphql HTTP/2" 200 0 "-" "Mozilla/5.0 (X11; Linux x86_64) AppleWebKit/537.36 (KHTML, like Gecko) Chrome/120.0.0.0 Safari/537.36"
62.60.131.177 - - [16/Apr/2026:18:39:49 +0300] "GET / HTTP/2" 200 0 "-" "Mozilla/5.0 (X11; Linux x86_64) AppleWebKit/537.36 (KHTML, like Gecko) Chrome/120.0.0.0 Safari/537.36"
62.60.131.177 - - [16/Apr/2026:18:40:01 +0300] "GET /feed/atom/ HTTP/2" 200 0 "-" "Mozilla/5.0 (Windows NT 10.0; Win64; x64) AppleWebKit/537.36 (KHTML, like Gecko) Chrome/120.0.0.0 Safari/537.36"
62.60.131.177 - - [16/Apr/2026:18:40:07 +0300] "GET /wp-json/wp/v2/users?_fields=slug&per_page=100&page=1 HTTP/2" 200 0 "-" "Mozilla/5.0 (Macintosh; Intel Mac OS X 10_15_7) AppleWebKit/537.36 (KHTML, like Gecko) Chrome/120.0.0.0 Safari/537.36"
62.60.131.177 - - [16/Apr/2026:18:40:07 +0300] "GET /wp-json/wp/v2/posts?per_page=20&_embed=author&_fields=_embedded HTTP/2" 200 0 "-" "Mozilla/5.0 (Windows NT 10.0; Win64; x64) AppleWebKit/537.36 (KHTML, like Gecko) Chrome/120.0.0.0 Safari/537.36"
62.60.131.177 - - [16/Apr/2026:18:40:07 +0300] "POST /graphql HTTP/2" 200 0 "-" "Mozilla/5.0 (X11; Linux x86_64) AppleWebKit/537.36 (KHTML, like Gecko) Chrome/120.0.0.0 Safari/537.36"
62.60.131.177 - - [16/Apr/2026:18:40:07 +0300] "GET / HTTP/2" 200 0 "-" "Mozilla/5.0 (Windows NT 10.0; Win64; x64; rv:109.0) Gecko/20100101 Firefox/119.0"
62.60.131.177 - - [16/Apr/2026:18:40:17 +0300] "GET /feed/atom/ HTTP/2" 200 0 "-" "Mozilla/5.0 (X11; Linux x86_64) AppleWebKit/537.36 (KHTML, like Gecko) Chrome/120.0.0.0 Safari/537.36"
62.60.131.177 - - [16/Apr/2026:18:40:22 +0300] "GET /comments/feed/ HTTP/2" 200 0 "-" "Mozilla/5.0 (Macintosh; Intel Mac OS X 10_15_7) AppleWebKit/537.36 (KHTML, like Gecko) Chrome/120.0.0.0 Safari/537.36"
62.60.131.177 - - [16/Apr/2026:18:40:22 +0300] "GET /wp-json/oembed/1.0/embed?url=https%3A%2F%2Fserhatburke.miroglu.net&format=json HTTP/2" 200 0 "-" "Mozilla/5.0 (Macintosh; Intel Mac OS X 10.15; rv:109.0) Gecko/20100101 Firefox/119.0"
62.60.131.177 - - [16/Apr/2026:18:40:22 +0300] "POST /api/graphql HTTP/2" 200 0 "-" "Mozilla/5.0 (Windows NT 10.0; Win64; x64) AppleWebKit/537.36 (KHTML, like Gecko) Chrome/120.0.0.0 Safari/537.36"
62.60.131.177 - - [16/Apr/2026:18:40:22 +0300] "GET /wp-json/webmention/1.0 HTTP/2" 200 0 "-" "Mozilla/5.0 (Macintosh; Intel Mac OS X 10.15; rv:109.0) Gecko/20100101 Firefox/119.0"
62.60.131.177 - - [16/Apr/2026:18:40:34 +0300] "GET /feed/atom/ HTTP/2" 200 0 "-" "Mozilla/5.0 (Macintosh; Intel Mac OS X 10_15_7) AppleWebKit/537.36 (KHTML, like Gecko) Chrome/120.0.0.0 Safari/537.36"
62.60.131.177 - - [16/Apr/2026:18:40:38 +0300] "GET /comments/feed/ HTTP/2" 200 0 "-" "Mozilla/5.0 (Macintosh; Intel Mac OS X 10_15_7) AppleWebKit/537.36 (KHTML, like Gecko) Chrome/120.0.0.0 Safari/537.36"
62.60.131.177 - - [16/Apr/2026:18:40:38 +0300] "GET /wp-json/oembed/1.0/embed?url=https%3A%2F%2Fserhatburke.miroglu.net&format=json HTTP/2" 200 0 "-" "Mozilla/5.0 (Windows NT 10.0; Win64; x64; rv:109.0) Gecko/20100101 Firefox/119.0"
62.60.131.177 - - [16/Apr/2026:18:40:38 +0300] "POST /api/graphql HTTP/2" 200 0 "-" "Mozilla/5.0 (Macintosh; Intel Mac OS X 10_15_7) AppleWebKit/537.36 (KHTML, like Gecko) Chrome/120.0.0.0 Safari/537.36"
62.60.131.177 - - [16/Apr/2026:18:40:38 +0300] "GET /wp-json/webmention/1.0 HTTP/2" 200 0 "-" "Mozilla/5.0 (Windows NT 10.0; Win64; x64) AppleWebKit/537.36 (KHTML, like Gecko) Chrome/120.0.0.0 Safari/537.36"
190.103.180.78 - - [16/Apr/2026:18:40:27 +0300] "GET / HTTP/1.1" 200 0 "-" "Mozilla/5.0 (Windows NT 10.0; Win64; x64) AppleWebKit/537.36 (KHTML, like Gecko) Chrome/120.0.0.0 Safari/537.36"
185.216.113.70 - - [16/Apr/2026:18:41:04 +0300] "POST /wp-cron.php?doing_wp_cron=1776354064.5933060646057128906250 HTTP/1.1" 200 448 "-" "WordPress/6.3.8; https://serhatburke.miroglu.net"
103.219.169.194 - - [16/Apr/2026:18:39:55 +0300] "POST /xmlrpc.php HTTP/1.1" 200 10807 "-" "Mozilla/5.0 (Windows NT 10.0; Win64; x64) AppleWebKit/537.36 (KHTML, like Gecko) Chrome/114.0.0.0 Safari/537.36"
62.60.131.177 - - [16/Apr/2026:18:40:52 +0300] "GET /feed/atom/ HTTP/2" 200 0 "-" "Mozilla/5.0 (Windows NT 10.0; Win64; x64) AppleWebKit/537.36 (KHTML, like Gecko) Chrome/120.0.0.0 Safari/537.36"
62.60.131.177 - - [16/Apr/2026:18:40:55 +0300] "GET /comments/feed/ HTTP/2" 200 0 "-" "Mozilla/5.0 (Windows NT 10.0; Win64; x64) AppleWebKit/537.36 (KHTML, like Gecko) Chrome/120.0.0.0 Safari/537.36"
62.60.131.177 - - [16/Apr/2026:18:40:55 +0300] "POST /api/graphql HTTP/2" 200 0 "-" "Mozilla/5.0 (Windows NT 10.0; Win64; x64) AppleWebKit/537.36 (KHTML, like Gecko) Chrome/120.0.0.0 Safari/537.36"
62.60.131.177 - - [16/Apr/2026:18:40:55 +0300] "GET /wp-json/oembed/1.0/embed?url=https%3A%2F%2Fserhatburke.miroglu.net&format=json HTTP/2" 200 0 "-" "Mozilla/5.0 (Macintosh; Intel Mac OS X 10.15; rv:109.0) Gecko/20100101 Firefox/119.0"
62.60.131.177 - - [16/Apr/2026:18:40:55 +0300] "GET /wp-json/webmention/1.0 HTTP/2" 200 0 "-" "Mozilla/5.0 (X11; Linux x86_64) AppleWebKit/537.36 (KHTML, like Gecko) Chrome/120.0.0.0 Safari/537.36"
185.216.113.70 - - [16/Apr/2026:18:41:21 +0300] "POST /wp-cron.php?doing_wp_cron=1776354081.7877209186553955078125 HTTP/1.1" 200 448 "-" "WordPress/6.3.8; https://serhatburke.miroglu.net"
62.60.131.177 - - [16/Apr/2026:18:41:07 +0300] "GET /wp-json/wp/v2/posts?per_page=100&_fields=author?per_page=100&page=1&_fields=author HTTP/2" 200 0 "-" "Mozilla/5.0 (Windows NT 10.0; Win64; x64; rv:109.0) Gecko/20100101 Firefox/119.0"
190.103.180.78 - - [16/Apr/2026:18:40:58 +0300] "POST / HTTP/1.1" 200 0 "-" "Mozilla/5.0 (Windows NT 10.0; Win64; x64) AppleWebKit/537.36 (KHTML, like Gecko) Chrome/120.0.0.0 Safari/537.36"
62.60.131.177 - - [16/Apr/2026:18:41:13 +0300] "GET /comments/feed/ HTTP/2" 200 0 "-" "Mozilla/5.0 (X11; Linux x86_64) AppleWebKit/537.36 (KHTML, like Gecko) Chrome/120.0.0.0 Safari/537.36"
62.60.131.177 - - [16/Apr/2026:18:41:13 +0300] "POST /api/graphql HTTP/2" 200 0 "-" "Mozilla/5.0 (Windows NT 10.0; Win64; x64) AppleWebKit/537.36 (KHTML, like Gecko) Chrome/120.0.0.0 Safari/537.36"
62.60.131.177 - - [16/Apr/2026:18:41:13 +0300] "GET /wp-json/oembed/1.0/embed?url=https%3A%2F%2Fserhatburke.miroglu.net&format=json HTTP/2" 200 0 "-" "Mozilla/5.0 (Macintosh; Intel Mac OS X 10.15; rv:109.0) Gecko/20100101 Firefox/119.0"
62.60.131.177 - - [16/Apr/2026:18:41:13 +0300] "GET /wp-json/webmention/1.0 HTTP/2" 200 0 "-" "Mozilla/5.0 (Windows NT 10.0; Win64; x64; rv:109.0) Gecko/20100101 Firefox/119.0"
190.103.180.78 - - [16/Apr/2026:18:41:29 +0300] "POST /wp-content/index.php HTTP/1.1" 200 355 "-" "Mozilla/5.0 (Windows NT 10.0; Win64; x64) AppleWebKit/537.36 (KHTML, like Gecko) Chrome/120.0.0.0 Safari/537.36"
185.216.113.70 - - [16/Apr/2026:18:41:30 +0300] "POST /wp-cron.php?doing_wp_cron=1776354090.0004029273986816406250 HTTP/1.1" 200 448 "-" "WordPress/6.3.8; https://serhatburke.miroglu.net"
103.219.169.194 - - [16/Apr/2026:18:40:14 +0300] "POST /xmlrpc.php HTTP/1.1" 200 630 "-" "Mozilla/5.0 (Windows NT 10.0; Win64; x64) AppleWebKit/537.36 (KHTML, like Gecko) Chrome/114.0.0.0 Safari/537.36"
185.216.113.70 - - [16/Apr/2026:18:41:35 +0300] "POST /wp-cron.php?doing_wp_cron=1776354095.0002970695495605468750 HTTP/1.1" 200 448 "-" "WordPress/6.3.8; https://serhatburke.miroglu.net"
45.250.252.181 - - [16/Apr/2026:18:40:18 +0300] "POST /xmlrpc.php HTTP/1.1" 200 630 "-" "Mozilla/5.0 (Windows NT 10.0; Win64; x64) AppleWebKit/537.36 (KHTML, like Gecko) Chrome/114.0.0.0 Safari/537.36"
62.60.131.177 - - [16/Apr/2026:18:41:23 +0300] "GET /wp-json/wp/v2/posts?per_page=100&_fields=author?per_page=100&page=1&_fields=author HTTP/2" 200 0 "-" "Mozilla/5.0 (Macintosh; Intel Mac OS X 10.15; rv:109.0) Gecko/20100101 Firefox/119.0"
62.60.131.177 - - [16/Apr/2026:18:41:28 +0300] "GET /wp-json/wp/v2/pages?per_page=100&_fields=author?per_page=100&page=1&_fields=author HTTP/2" 200 0 "-" "Mozilla/5.0 (Windows NT 10.0; Win64; x64) AppleWebKit/537.36 (KHTML, like Gecko) Chrome/120.0.0.0 Safari/537.36"
62.60.131.177 - - [16/Apr/2026:18:41:28 +0300] "GET /wp-json/wp/v2/users?per_page=100&%70%65%72%5f%70%61%67%65=100 HTTP/2" 200 0 "-" "Mozilla/5.0 (X11; Linux x86_64) AppleWebKit/537.36 (KHTML, like Gecko) Chrome/120.0.0.0 Safari/537.36"
62.60.131.177 - - [16/Apr/2026:18:41:28 +0300] "GET /?rest_route=/wp/v2/users&_fields=slug&per_page=100&page=1 HTTP/2" 200 0 "-" "Mozilla/5.0 (Windows NT 10.0; Win64; x64) AppleWebKit/537.36 (KHTML, like Gecko) Chrome/120.0.0.0 Safari/537.36"
62.60.131.177 - - [16/Apr/2026:18:41:28 +0300] "GET /feed/ HTTP/2" 200 0 "-" "Mozilla/5.0 (Windows NT 10.0; Win64; x64) AppleWebKit/537.36 (KHTML, like Gecko) Chrome/120.0.0.0 Safari/537.36"
62.60.131.177 - - [16/Apr/2026:18:41:40 +0300] "GET /wp-json/wp/v2/posts?per_page=100&_fields=author?per_page=100&page=1&_fields=author HTTP/2" 200 0 "-" "Mozilla/5.0 (Windows NT 10.0; Win64; x64) AppleWebKit/537.36 (KHTML, like Gecko) Chrome/120.0.0.0 Safari/537.36"
62.60.131.177 - - [16/Apr/2026:18:41:44 +0300] "GET /wp-json/wp/v2/pages?per_page=100&_fields=author?per_page=100&page=1&_fields=author HTTP/2" 200 0 "-" "Mozilla/5.0 (Windows NT 10.0; Win64; x64; rv:109.0) Gecko/20100101 Firefox/119.0"
62.60.131.177 - - [16/Apr/2026:18:41:44 +0300] "GET /wp-json/wp/v2/users?per_page=100&%70%65%72%5f%70%61%67%65=100 HTTP/2" 200 0 "-" "Mozilla/5.0 (Windows NT 10.0; Win64; x64; rv:109.0) Gecko/20100101 Firefox/119.0"
62.60.131.177 - - [16/Apr/2026:18:41:44 +0300] "GET /?rest_route=/wp/v2/users&_fields=slug&per_page=100&page=1 HTTP/2" 200 0 "-" "Mozilla/5.0 (Windows NT 10.0; Win64; x64; rv:109.0) Gecko/20100101 Firefox/119.0"
62.60.131.177 - - [16/Apr/2026:18:41:44 +0300] "GET /feed/ HTTP/2" 200 0 "-" "Mozilla/5.0 (Windows NT 10.0; Win64; x64) AppleWebKit/537.36 (KHTML, like Gecko) Chrome/120.0.0.0 Safari/537.36"
190.103.180.78 - - [16/Apr/2026:18:41:31 +0300] "POST /wp-cache.php HTTP/1.1" 200 0 "-" "Mozilla/5.0 (Windows NT 10.0; Win64; x64) AppleWebKit/537.36 (KHTML, like Gecko) Chrome/120.0.0.0 Safari/537.36"
62.60.131.177 - - [16/Apr/2026:18:41:58 +0300] "GET /wp-json/wp/v2/posts?per_page=100&_fields=author?per_page=100&page=1&_fields=author HTTP/2" 200 0 "-" "Mozilla/5.0 (Windows NT 10.0; Win64; x64; rv:109.0) Gecko/20100101 Firefox/119.0"
185.216.113.70 - - [16/Apr/2026:18:42:14 +0300] "POST /wp-cron.php?doing_wp_cron=1776354134.5116961002349853515625 HTTP/1.1" 200 448 "-" "WordPress/6.3.8; https://serhatburke.miroglu.net"
185.122.170.173 - - [16/Apr/2026:18:40:30 +0300] "GET /wp-login.php HTTP/1.1" 200 3750 "https://serhatburke.miroglu.net/" "Mozilla/5.0 (Windows NT 10.0; Win64; x64; rv:148.0) Gecko/20100101 Firefox/148.0"
185.216.113.70 - - [16/Apr/2026:18:42:15 +0300] "POST /wp-cron.php?doing_wp_cron=1776354134.9073719978332519531250 HTTP/1.1" 200 448 "-" "WordPress/6.3.8; https://serhatburke.miroglu.net"
66.249.68.131 - - [16/Apr/2026:18:40:29 +0300] "GET /verantwortungsbewusst-spielen-tipps-fur-sicheres-6/ HTTP/1.1" 200 18406 "-" "Mozilla/5.0 (Linux; Android 6.0.1; Nexus 5X Build/MMB29P) AppleWebKit/537.36 (KHTML, like Gecko) Chrome/146.0.7680.177 Mobile Safari/537.36 (compatible; Googlebot/2.1; +http://www.google.com/bot.html)"
62.60.131.177 - - [16/Apr/2026:18:42:01 +0300] "GET /wp-json/wp/v2/pages?per_page=100&_fields=author?per_page=100&page=1&_fields=author HTTP/2" 200 0 "-" "Mozilla/5.0 (Windows NT 10.0; Win64; x64) AppleWebKit/537.36 (KHTML, like Gecko) Chrome/120.0.0.0 Safari/537.36"
62.60.131.177 - - [16/Apr/2026:18:42:01 +0300] "GET /wp-json/wp/v2/users?per_page=100&%70%65%72%5f%70%61%67%65=100 HTTP/2" 200 0 "-" "Mozilla/5.0 (Windows NT 10.0; Win64; x64) AppleWebKit/537.36 (KHTML, like Gecko) Chrome/120.0.0.0 Safari/537.36"
62.60.131.177 - - [16/Apr/2026:18:42:01 +0300] "GET /?rest_route=/wp/v2/users&_fields=slug&per_page=100&page=1 HTTP/2" 200 0 "-" "Mozilla/5.0 (Windows NT 10.0; Win64; x64; rv:109.0) Gecko/20100101 Firefox/119.0"
62.60.131.177 - - [16/Apr/2026:18:42:01 +0300] "GET /feed/ HTTP/2" 200 0 "-" "Mozilla/5.0 (Macintosh; Intel Mac OS X 10.15; rv:109.0) Gecko/20100101 Firefox/119.0"
185.216.113.70 - - [16/Apr/2026:18:42:16 +0300] "POST /wp-cron.php?doing_wp_cron=1776354136.5043280124664306640625 HTTP/1.1" 200 448 "-" "WordPress/6.3.8; https://serhatburke.miroglu.net"
66.249.68.132 - - [16/Apr/2026:18:40:29 +0300] "GET /robots.txt HTTP/1.1" 200 719 "-" "Mozilla/5.0 (compatible; Googlebot/2.1; +http://www.google.com/bot.html)"
66.249.68.131 - - [16/Apr/2026:18:42:20 +0300] "GET /wp-includes/js/comment-reply.min.js?ver=6.3.8 HTTP/1.1" 200 1677 "https://serhatburke.miroglu.net/verantwortungsbewusst-spielen-tipps-fur-sicheres-6/" "Mozilla/5.0 (Linux; Android 6.0.1; Nexus 5X Build/MMB29P) AppleWebKit/537.36 (KHTML, like Gecko) Chrome/146.0.7680.177 Mobile Safari/537.36 (compatible; Googlebot/2.1; +http://www.google.com/bot.html)"
62.60.131.177 - - [16/Apr/2026:18:42:13 +0300] "GET /wp-sitemap-users-1.xml HTTP/2" 200 0 "-" "Mozilla/5.0 (Windows NT 10.0; Win64; x64) AppleWebKit/537.36 (KHTML, like Gecko) Chrome/120.0.0.0 Safari/537.36"
190.103.180.78 - - [16/Apr/2026:18:42:02 +0300] "POST /wp-includes/css/wp-cache.php HTTP/1.1" 200 0 "-" "Mozilla/5.0 (Windows NT 10.0; Win64; x64) AppleWebKit/537.36 (KHTML, like Gecko) Chrome/120.0.0.0 Safari/537.36"
62.60.131.177 - - [16/Apr/2026:18:42:19 +0300] "GET /wp-json/wp/v2/users?per_page=100&%70%65%72%5f%70%61%67%65=100 HTTP/2" 200 0 "-" "Mozilla/5.0 (Macintosh; Intel Mac OS X 10_15_7) AppleWebKit/537.36 (KHTML, like Gecko) Chrome/120.0.0.0 Safari/537.36"
62.60.131.177 - - [16/Apr/2026:18:42:19 +0300] "GET /wp-json/wp/v2/pages?per_page=100&_fields=author?per_page=100&page=1&_fields=author HTTP/2" 200 0 "-" "Mozilla/5.0 (Windows NT 10.0; Win64; x64; rv:109.0) Gecko/20100101 Firefox/119.0"
62.60.131.177 - - [16/Apr/2026:18:42:19 +0300] "GET /?rest_route=/wp/v2/users&_fields=slug&per_page=100&page=1 HTTP/2" 200 0 "-" "Mozilla/5.0 (Windows NT 10.0; Win64; x64) AppleWebKit/537.36 (KHTML, like Gecko) Chrome/120.0.0.0 Safari/537.36"
62.60.131.177 - - [16/Apr/2026:18:42:19 +0300] "GET /feed/ HTTP/2" 200 0 "-" "Mozilla/5.0 (Macintosh; Intel Mac OS X 10_15_7) AppleWebKit/537.36 (KHTML, like Gecko) Chrome/120.0.0.0 Safari/537.36"
62.60.131.177 - - [16/Apr/2026:18:42:29 +0300] "GET /wp-sitemap-users-1.xml HTTP/2" 200 0 "-" "Mozilla/5.0 (X11; Linux x86_64) AppleWebKit/537.36 (KHTML, like Gecko) Chrome/120.0.0.0 Safari/537.36"
66.249.68.131 - - [16/Apr/2026:18:40:45 +0300] "GET /sugar-rush-1000-a-sweet-spin-experience-for-aussie-players/ HTTP/1.1" 500 782 "-" "Mozilla/5.0 (Linux; Android 6.0.1; Nexus 5X Build/MMB29P) AppleWebKit/537.36 (KHTML, like Gecko) Chrome/146.0.7680.177 Mobile Safari/537.36 (compatible; Googlebot/2.1; +http://www.google.com/bot.html)"
62.60.131.177 - - [16/Apr/2026:18:42:34 +0300] "GET /author-sitemap.xml HTTP/2" 200 0 "-" "Mozilla/5.0 (Macintosh; Intel Mac OS X 10.15; rv:109.0) Gecko/20100101 Firefox/119.0"
62.60.131.177 - - [16/Apr/2026:18:42:34 +0300] "GET /wp-json/wp/v2/users/..;/ HTTP/2" 200 0 "-" "Mozilla/5.0 (Macintosh; Intel Mac OS X 10.15; rv:109.0) Gecko/20100101 Firefox/119.0"
185.216.113.70 - - [16/Apr/2026:18:42:58 +0300] "POST /wp-cron.php?doing_wp_cron=1776354178.5247490406036376953125 HTTP/1.1" 200 448 "-" "WordPress/6.3.8; https://serhatburke.miroglu.net"
62.60.131.177 - - [16/Apr/2026:18:42:46 +0300] "GET /wp-sitemap-users-1.xml HTTP/2" 200 0 "-" "Mozilla/5.0 (Windows NT 10.0; Win64; x64) AppleWebKit/537.36 (KHTML, like Gecko) Chrome/120.0.0.0 Safari/537.36"
190.103.180.78 - - [16/Apr/2026:18:42:34 +0300] "POST /wp-includes/theme-compat/wp-cache.php HTTP/1.1" 200 0 "-" "Mozilla/5.0 (Windows NT 10.0; Win64; x64) AppleWebKit/537.36 (KHTML, like Gecko) Chrome/120.0.0.0 Safari/537.36"
62.60.131.177 - - [16/Apr/2026:18:42:50 +0300] "GET /author-sitemap.xml HTTP/2" 200 0 "-" "Mozilla/5.0 (Windows NT 10.0; Win64; x64; rv:109.0) Gecko/20100101 Firefox/119.0"
62.60.131.177 - - [16/Apr/2026:18:42:50 +0300] "GET /wp-json/wp/v2/users/..;/ HTTP/2" 200 0 "-" "Mozilla/5.0 (Macintosh; Intel Mac OS X 10.15; rv:109.0) Gecko/20100101 Firefox/119.0"
103.219.169.194 - - [16/Apr/2026:18:41:06 +0300] "GET /navigeren-gedurende-u-avalon78-gokhuis-app-gelijk-schrede-voor-schrede-starburst-online-slot-argumentatie/ HTTP/1.1" 500 745 "-" "Mozilla/5.0 (Windows NT 10.0; Win64; x64) AppleWebKit/537.36 (KHTML, like Gecko) Chrome/124.0.0.0 Safari/537.36 Edg/124.0.0.0"
103.219.169.194 - - [16/Apr/2026:18:41:09 +0300] "POST /xmlrpc.php HTTP/1.1" 500 745 "-" "Mozilla/5.0 (Windows NT 10.0; Win64; x64) AppleWebKit/537.36 (KHTML, like Gecko) Chrome/114.0.0.0 Safari/537.36"
62.60.131.177 - - [16/Apr/2026:18:43:04 +0300] "GET /wp-sitemap-users-1.xml HTTP/2" 200 0 "-" "Mozilla/5.0 (Windows NT 10.0; Win64; x64) AppleWebKit/537.36 (KHTML, like Gecko) Chrome/120.0.0.0 Safari/537.36"
62.60.131.177 - - [16/Apr/2026:18:43:07 +0300] "GET /author-sitemap.xml HTTP/2" 200 0 "-" "Mozilla/5.0 (Windows NT 10.0; Win64; x64) AppleWebKit/537.36 (KHTML, like Gecko) Chrome/120.0.0.0 Safari/537.36"
62.60.131.177 - - [16/Apr/2026:18:43:07 +0300] "GET /wp-json/wp/v2/users/..;/ HTTP/2" 200 0 "-" "Mozilla/5.0 (Macintosh; Intel Mac OS X 10.15; rv:109.0) Gecko/20100101 Firefox/119.0"
103.219.169.194 - - [16/Apr/2026:18:41:37 +0300] "POST /xmlrpc.php HTTP/1.1" 200 10820 "-" "Mozilla/5.0 (Windows NT 10.0; Win64; x64) AppleWebKit/537.36 (KHTML, like Gecko) Chrome/114.0.0.0 Safari/537.36"
190.103.180.78 - - [16/Apr/2026:18:43:05 +0300] "POST /wp-admin/admin-ajax.php?action=sm_ping HTTP/1.1" 200 0 "-" "Mozilla/5.0 (Windows NT 10.0; Win64; x64) AppleWebKit/537.36 (KHTML, like Gecko) Chrome/120.0.0.0 Safari/537.36"
62.60.131.177 - - [16/Apr/2026:18:43:25 +0300] "GET /author-sitemap.xml HTTP/2" 200 0 "-" "Mozilla/5.0 (X11; Linux x86_64) AppleWebKit/537.36 (KHTML, like Gecko) Chrome/120.0.0.0 Safari/537.36"
62.60.131.177 - - [16/Apr/2026:18:43:25 +0300] "GET /wp-json/wp/v2/users/..;/ HTTP/2" 200 0 "-" "Mozilla/5.0 (Windows NT 10.0; Win64; x64) AppleWebKit/537.36 (KHTML, like Gecko) Chrome/120.0.0.0 Safari/537.36"
45.250.252.181 - - [16/Apr/2026:18:41:42 +0300] "POST /xmlrpc.php HTTP/1.1" 500 745 "-" "Mozilla/5.0 (Windows NT 10.0; Win64; x64) AppleWebKit/537.36 (KHTML, like Gecko) Chrome/114.0.0.0 Safari/537.36"
196.196.160.110 - - [16/Apr/2026:18:42:01 +0300] "GET /wp-login.php HTTP/1.1" 500 782 "https://serhatburke.miroglu.net/" "Mozilla/5.0 (Windows NT 10.0; Win64; x64; rv:148.0) Gecko/20100101 Firefox/148.0"
103.219.169.194 - - [16/Apr/2026:18:42:03 +0300] "POST /xmlrpc.php HTTP/1.1" 500 745 "-" "Mozilla/5.0 (Windows NT 10.0; Win64; x64) AppleWebKit/537.36 (KHTML, like Gecko) Chrome/114.0.0.0 Safari/537.36"
190.103.180.78 - - [16/Apr/2026:18:43:36 +0300] "POST /wp-admin/admin-ajax.php?action=hnpt_ping HTTP/1.1" 200 0 "-" "Mozilla/5.0 (Windows NT 10.0; Win64; x64) AppleWebKit/537.36 (KHTML, like Gecko) Chrome/120.0.0.0 Safari/537.36"
103.219.169.211 - - [16/Apr/2026:18:42:06 +0300] "POST /xmlrpc.php HTTP/1.1" 500 745 "-" "Mozilla/5.0 (Windows NT 10.0; Win64; x64) AppleWebKit/537.36 (KHTML, like Gecko) Chrome/114.0.0.0 Safari/537.36"
185.216.113.70 - - [16/Apr/2026:18:44:31 +0300] "POST /wp-cron.php?doing_wp_cron=1776354271.6044979095458984375000 HTTP/1.1" 200 448 "-" "WordPress/6.3.8; https://serhatburke.miroglu.net"
103.219.169.194 - - [16/Apr/2026:18:42:49 +0300] "POST /xmlrpc.php HTTP/1.1" 500 1102 "-" "Mozilla/5.0 (Windows NT 10.0; Win64; x64) AppleWebKit/537.36 (KHTML, like Gecko) Chrome/114.0.0.0 Safari/537.36"
190.99.112.150 - - [16/Apr/2026:18:44:09 +0300] "GET / HTTP/1.1" 200 0 "-" "Mozilla/5.0 (Windows NT 10.0; Win64; x64) AppleWebKit/537.36 (KHTML, like Gecko) Chrome/120.0.0.0 Safari/537.36"
103.219.169.194 - - [16/Apr/2026:18:42:46 +0300] "POST /xmlrpc.php HTTP/1.1" 500 745 "-" "Mozilla/5.0 (Windows NT 10.0; Win64; x64) AppleWebKit/537.36 (KHTML, like Gecko) Chrome/114.0.0.0 Safari/537.36"
185.216.113.70 - - [16/Apr/2026:18:44:52 +0300] "POST /wp-cron.php?doing_wp_cron=1776354292.3979070186614990234375 HTTP/1.1" 200 448 "-" "WordPress/6.3.8; https://serhatburke.miroglu.net"
103.219.169.194 - - [16/Apr/2026:18:43:22 +0300] "POST /xmlrpc.php HTTP/1.1" 200 10820 "-" "Mozilla/5.0 (Windows NT 10.0; Win64; x64) AppleWebKit/537.36 (KHTML, like Gecko) Chrome/114.0.0.0 Safari/537.36"
103.219.169.194 - - [16/Apr/2026:18:42:52 +0300] "POST /xmlrpc.php HTTP/1.1" 500 745 "-" "Mozilla/5.0 (Windows NT 10.0; Win64; x64) AppleWebKit/537.36 (KHTML, like Gecko) Chrome/114.0.0.0 Safari/537.36"
185.216.113.70 - - [16/Apr/2026:18:45:02 +0300] "POST /wp-cron.php?doing_wp_cron=1776354302.4559619426727294921875 HTTP/1.1" 200 448 "-" "WordPress/6.3.8; https://serhatburke.miroglu.net"
185.216.113.70 - - [16/Apr/2026:18:45:09 +0300] "POST /wp-cron.php?doing_wp_cron=1776354309.0137100219726562500000 HTTP/1.1" 200 448 "-" "WordPress/6.3.8; https://serhatburke.miroglu.net"
45.250.252.181 - - [16/Apr/2026:18:43:11 +0300] "POST /xmlrpc.php HTTP/1.1" 200 630 "-" "Mozilla/5.0 (Windows NT 10.0; Win64; x64) AppleWebKit/537.36 (KHTML, like Gecko) Chrome/114.0.0.0 Safari/537.36"
190.99.112.150 - - [16/Apr/2026:18:44:41 +0300] "POST / HTTP/1.1" 200 0 "-" "Mozilla/5.0 (Windows NT 10.0; Win64; x64) AppleWebKit/537.36 (KHTML, like Gecko) Chrome/120.0.0.0 Safari/537.36"
185.216.113.70 - - [16/Apr/2026:18:45:13 +0300] "POST /wp-cron.php?doing_wp_cron=1776354312.9056808948516845703125 HTTP/1.1" 200 448 "-" "WordPress/6.3.8; https://serhatburke.miroglu.net"
103.219.169.211 - - [16/Apr/2026:18:43:45 +0300] "POST /xmlrpc.php HTTP/1.1" 500 1102 "-" "Mozilla/5.0 (Windows NT 10.0; Win64; x64) AppleWebKit/537.36 (KHTML, like Gecko) Chrome/114.0.0.0 Safari/537.36"
185.216.113.70 - - [16/Apr/2026:18:45:13 +0300] "POST /wp-cron.php?doing_wp_cron=1776354313.8875520229339599609375 HTTP/1.1" 200 448 "-" "WordPress/6.3.8; https://serhatburke.miroglu.net"
196.196.160.110 - - [16/Apr/2026:18:43:31 +0300] "GET /wp-login.php HTTP/1.1" 200 3750 "https://serhatburke.miroglu.net/" "Mozilla/5.0 (Windows NT 10.0; Win64; x64; rv:148.0) Gecko/20100101 Firefox/148.0"
190.99.112.150 - - [16/Apr/2026:18:45:15 +0300] "POST /wp-content/index.php HTTP/1.1" 200 355 "-" "Mozilla/5.0 (Windows NT 10.0; Win64; x64) AppleWebKit/537.36 (KHTML, like Gecko) Chrome/120.0.0.0 Safari/537.36"
185.216.113.70 - - [16/Apr/2026:18:45:17 +0300] "POST /wp-cron.php?doing_wp_cron=1776354316.9064118862152099609375 HTTP/1.1" 200 448 "-" "WordPress/6.3.8; https://serhatburke.miroglu.net"
103.219.169.194 - - [16/Apr/2026:18:43:42 +0300] "POST /xmlrpc.php HTTP/1.1" 500 1102 "-" "Mozilla/5.0 (Windows NT 10.0; Win64; x64) AppleWebKit/537.36 (KHTML, like Gecko) Chrome/114.0.0.0 Safari/537.36"
185.216.113.70 - - [16/Apr/2026:18:45:19 +0300] "POST /wp-cron.php?doing_wp_cron=1776354319.1180169582366943359375 HTTP/1.1" 200 448 "-" "WordPress/6.3.8; https://serhatburke.miroglu.net"
45.250.252.181 - - [16/Apr/2026:18:43:27 +0300] "POST /xmlrpc.php HTTP/1.1" 200 12728 "-" "Mozilla/5.0 (Windows NT 10.0; Win64; x64) AppleWebKit/537.36 (KHTML, like Gecko) Chrome/114.0.0.0 Safari/537.36"
185.216.113.70 - - [16/Apr/2026:18:45:39 +0300] "POST /wp-cron.php?doing_wp_cron=1776354338.9260089397430419921875 HTTP/1.1" 200 448 "-" "WordPress/6.3.8; https://serhatburke.miroglu.net"
103.219.169.194 - - [16/Apr/2026:18:43:41 +0300] "POST /xmlrpc.php HTTP/1.1" 200 630 "-" "Mozilla/5.0 (Windows NT 10.0; Win64; x64) AppleWebKit/537.36 (KHTML, like Gecko) Chrome/114.0.0.0 Safari/537.36"
190.99.112.150 - - [16/Apr/2026:18:45:17 +0300] "POST /wp-cache.php HTTP/1.1" 200 0 "-" "Mozilla/5.0 (Windows NT 10.0; Win64; x64) AppleWebKit/537.36 (KHTML, like Gecko) Chrome/120.0.0.0 Safari/537.36"
185.216.113.70 - - [16/Apr/2026:18:45:55 +0300] "POST /wp-cron.php?doing_wp_cron=1776354354.9019410610198974609375 HTTP/1.1" 200 448 "-" "WordPress/6.3.8; https://serhatburke.miroglu.net"
103.219.169.194 - - [16/Apr/2026:18:44:32 +0300] "POST /xmlrpc.php HTTP/1.1" 500 1102 "-" "Mozilla/5.0 (Windows NT 10.0; Win64; x64) AppleWebKit/537.36 (KHTML, like Gecko) Chrome/114.0.0.0 Safari/537.36"
190.99.112.150 - - [16/Apr/2026:18:45:49 +0300] "POST /wp-includes/css/wp-cache.php HTTP/1.1" 200 0 "-" "Mozilla/5.0 (Windows NT 10.0; Win64; x64) AppleWebKit/537.36 (KHTML, like Gecko) Chrome/120.0.0.0 Safari/537.36"
185.216.113.70 - - [16/Apr/2026:18:46:23 +0300] "POST /wp-cron.php?doing_wp_cron=1776354383.6029019355773925781250 HTTP/1.1" 200 448 "-" "WordPress/6.3.8; https://serhatburke.miroglu.net"
185.216.113.70 - - [16/Apr/2026:18:46:27 +0300] "POST /wp-cron.php?doing_wp_cron=1776354386.9061329364776611328125 HTTP/1.1" 200 448 "-" "WordPress/6.3.8; https://serhatburke.miroglu.net"
216.26.234.142 - - [16/Apr/2026:18:46:14 +0300] "GET /?p=114255 HTTP/1.1" 200 0 "-" "Mozilla/5.0 (X11; Linux x86_64) AppleWebKit/537.36 (KHTML, like Gecko) Chrome/143.0.0.0 Safari/537.36"
103.219.169.194 - - [16/Apr/2026:18:44:54 +0300] "GET /kienspe-acteren-met-slot-ramses-book-echt-strafbaar-vinnig-momenteel/ HTTP/1.1" 200 72301 "-" "Mozilla/5.0 (Windows NT 10.0; rv:109.0) Gecko/20100101 Firefox/115.0"
185.216.113.70 - - [16/Apr/2026:18:46:33 +0300] "POST /wp-cron.php?doing_wp_cron=1776354393.4055349826812744140625 HTTP/1.1" 200 448 "-" "WordPress/6.3.8; https://serhatburke.miroglu.net"
45.250.252.181 - - [16/Apr/2026:18:44:51 +0300] "POST /xmlrpc.php HTTP/1.1" 500 1102 "-" "Mozilla/5.0 (Windows NT 10.0; Win64; x64) AppleWebKit/537.36 (KHTML, like Gecko) Chrome/114.0.0.0 Safari/537.36"
65.111.8.99 - - [16/Apr/2026:18:46:28 +0300] "GET /?p=114255 HTTP/1.1" 200 0 "-" "Mozilla/5.0 (X11; Linux x86_64) AppleWebKit/537.36 (KHTML, like Gecko) Chrome/143.0.0.0 Safari/537.36"
185.216.113.70 - - [16/Apr/2026:18:46:45 +0300] "POST /wp-cron.php?doing_wp_cron=1776354404.8062889575958251953125 HTTP/1.1" 200 448 "-" "WordPress/6.3.8; https://serhatburke.miroglu.net"
103.219.169.194 - - [16/Apr/2026:18:45:21 +0300] "POST /xmlrpc.php HTTP/1.1" 500 1102 "-" "Mozilla/5.0 (Windows NT 10.0; Win64; x64) AppleWebKit/537.36 (KHTML, like Gecko) Chrome/114.0.0.0 Safari/537.36"
190.99.112.150 - - [16/Apr/2026:18:46:23 +0300] "POST /wp-includes/theme-compat/wp-cache.php HTTP/1.1" 200 0 "-" "Mozilla/5.0 (Windows NT 10.0; Win64; x64) AppleWebKit/537.36 (KHTML, like Gecko) Chrome/120.0.0.0 Safari/537.36"
185.216.113.70 - - [16/Apr/2026:18:46:52 +0300] "POST /wp-cron.php?doing_wp_cron=1776354412.6999919414520263671875 HTTP/1.1" 200 448 "-" "WordPress/6.3.8; https://serhatburke.miroglu.net"
45.250.252.181 - - [16/Apr/2026:18:45:07 +0300] "GET /?p=114258 HTTP/1.1" 301 682 "-" "Mozilla/5.0 (Windows NT 10.0; rv:109.0) Gecko/20100101 Firefox/115.0"
216.26.252.157 - - [16/Apr/2026:18:46:43 +0300] "GET /?p=114255 HTTP/1.1" 200 0 "-" "Mozilla/5.0 (X11; Linux x86_64) AppleWebKit/537.36 (KHTML, like Gecko) Chrome/143.0.0.0 Safari/537.36"
65.111.7.205 - - [16/Apr/2026:18:46:59 +0300] "GET /?p=114255 HTTP/1.1" 200 0 "-" "Mozilla/5.0 (X11; Linux x86_64) AppleWebKit/537.36 (KHTML, like Gecko) Chrome/143.0.0.0 Safari/537.36"
190.99.112.150 - - [16/Apr/2026:18:46:53 +0300] "POST /wp-admin/admin-ajax.php?action=sm_ping HTTP/1.1" 200 0 "-" "Mozilla/5.0 (Windows NT 10.0; Win64; x64) AppleWebKit/537.36 (KHTML, like Gecko) Chrome/120.0.0.0 Safari/537.36"
209.50.161.146 - - [16/Apr/2026:18:47:14 +0300] "GET /?p=114255 HTTP/1.1" 200 0 "-" "Mozilla/5.0 (X11; Linux x86_64) AppleWebKit/537.36 (KHTML, like Gecko) Chrome/143.0.0.0 Safari/537.36"
65.111.6.220 - - [16/Apr/2026:18:47:29 +0300] "GET /?p=114255 HTTP/1.1" 200 0 "-" "Mozilla/5.0 (X11; Linux x86_64) AppleWebKit/537.36 (KHTML, like Gecko) Chrome/143.0.0.0 Safari/537.36"
185.216.113.70 - - [16/Apr/2026:18:47:53 +0300] "POST /wp-cron.php?doing_wp_cron=1776354473.0940489768981933593750 HTTP/1.1" 200 448 "-" "WordPress/6.3.8; https://serhatburke.miroglu.net"
45.250.252.181 - - [16/Apr/2026:18:45:55 +0300] "POST /xmlrpc.php HTTP/1.1" 200 630 "-" "Mozilla/5.0 (Windows NT 10.0; Win64; x64) AppleWebKit/537.36 (KHTML, like Gecko) Chrome/114.0.0.0 Safari/537.36"
190.99.112.150 - - [16/Apr/2026:18:47:26 +0300] "POST /wp-admin/admin-ajax.php?action=hnpt_ping HTTP/1.1" 200 0 "-" "Mozilla/5.0 (Windows NT 10.0; Win64; x64) AppleWebKit/537.36 (KHTML, like Gecko) Chrome/120.0.0.0 Safari/537.36"
45.3.53.126 - - [16/Apr/2026:18:47:44 +0300] "GET /?p=114255 HTTP/1.1" 200 0 "-" "Mozilla/5.0 (X11; Linux x86_64) AppleWebKit/537.36 (KHTML, like Gecko) Chrome/143.0.0.0 Safari/537.36"
185.216.113.70 - - [16/Apr/2026:18:48:11 +0300] "POST /wp-cron.php?doing_wp_cron=1776354491.8926179409027099609375 HTTP/1.1" 200 448 "-" "WordPress/6.3.8; https://serhatburke.miroglu.net"
185.216.113.70 - - [16/Apr/2026:18:48:12 +0300] "POST /wp-cron.php?doing_wp_cron=1776354492.3982870578765869140625 HTTP/1.1" 200 448 "-" "WordPress/6.3.8; https://serhatburke.miroglu.net"
103.219.169.194 - - [16/Apr/2026:18:46:51 +0300] "POST /xmlrpc.php HTTP/1.1" 200 10434 "-" "Mozilla/5.0 (Windows NT 10.0; Win64; x64) AppleWebKit/537.36 (KHTML, like Gecko) Chrome/114.0.0.0 Safari/537.36"
65.111.20.52 - - [16/Apr/2026:18:47:59 +0300] "GET /?p=114255 HTTP/1.1" 200 0 "-" "Mozilla/5.0 (X11; Linux x86_64) AppleWebKit/537.36 (KHTML, like Gecko) Chrome/143.0.0.0 Safari/537.36"
185.216.113.70 - - [16/Apr/2026:18:48:14 +0300] "POST /wp-cron.php?doing_wp_cron=1776354494.5970020294189453125000 HTTP/1.1" 200 448 "-" "WordPress/6.3.8; https://serhatburke.miroglu.net"
45.250.252.181 - - [16/Apr/2026:18:46:36 +0300] "POST /xmlrpc.php HTTP/1.1" 200 12439 "-" "Mozilla/5.0 (Windows NT 10.0; Win64; x64) AppleWebKit/537.36 (KHTML, like Gecko) Chrome/114.0.0.0 Safari/537.36"
185.216.113.70 - - [16/Apr/2026:18:48:20 +0300] "POST /wp-cron.php?doing_wp_cron=1776354500.4133040904998779296875 HTTP/1.1" 200 448 "-" "WordPress/6.3.8; https://serhatburke.miroglu.net"
185.216.113.70 - - [16/Apr/2026:18:48:27 +0300] "POST /wp-cron.php?doing_wp_cron=1776354507.3263249397277832031250 HTTP/1.1" 200 448 "-" "WordPress/6.3.8; https://serhatburke.miroglu.net"
45.250.252.181 - - [16/Apr/2026:18:46:47 +0300] "POST /xmlrpc.php HTTP/1.1" 200 861 "-" "Mozilla/5.0 (Windows NT 10.0; Win64; x64) AppleWebKit/537.36 (KHTML, like Gecko) Chrome/114.0.0.0 Safari/537.36"
209.50.170.170 - - [16/Apr/2026:18:48:14 +0300] "GET /?p=114255 HTTP/1.1" 200 0 "-" "Mozilla/5.0 (X11; Linux x86_64) AppleWebKit/537.36 (KHTML, like Gecko) Chrome/143.0.0.0 Safari/537.36"
185.216.113.70 - - [16/Apr/2026:18:48:29 +0300] "POST /wp-cron.php?doing_wp_cron=1776354509.6206910610198974609375 HTTP/1.1" 200 448 "-" "WordPress/6.3.8; https://serhatburke.miroglu.net"
179.60.78.136 - - [16/Apr/2026:18:47:59 +0300] "GET / HTTP/1.1" 200 0 "-" "Mozilla/5.0 (Windows NT 10.0; Win64; x64) AppleWebKit/537.36 (KHTML, like Gecko) Chrome/120.0.0.0 Safari/537.36"
45.250.252.181 - - [16/Apr/2026:18:46:56 +0300] "GET /free-spins-for-pokies-play-for-free-and-yako-casino-mobile-app-you-may-snag-added-bonus-cash/ HTTP/1.1" 200 74358 "-" "Mozilla/5.0 (Windows NT 10.0; rv:109.0) Gecko/20100101 Firefox/115.0"
45.3.33.251 - - [16/Apr/2026:18:48:29 +0300] "GET /?p=114255 HTTP/1.1" 200 0 "-" "Mozilla/5.0 (X11; Linux x86_64) AppleWebKit/537.36 (KHTML, like Gecko) Chrome/143.0.0.0 Safari/537.36"
111.67.96.99 - - [16/Apr/2026:18:48:28 +0300] "GET /beste-casino-site-belgie-hoge-inzet/ HTTP/1.1" 200 0 "-" "Mozilla/5.0 (Windows NT 10.0; Win64; x64) AppleWebKit/537.36 (KHTML, like Gecko) Chrome/114.0.0.0 Safari/537.36"
209.50.190.167 - - [16/Apr/2026:18:48:43 +0300] "GET /?p=114255 HTTP/1.1" 200 0 "-" "Mozilla/5.0 (X11; Linux x86_64) AppleWebKit/537.36 (KHTML, like Gecko) Chrome/143.0.0.0 Safari/537.36"
179.60.78.136 - - [16/Apr/2026:18:48:30 +0300] "POST / HTTP/1.1" 200 0 "-" "Mozilla/5.0 (Windows NT 10.0; Win64; x64) AppleWebKit/537.36 (KHTML, like Gecko) Chrome/120.0.0.0 Safari/537.36"
179.60.78.136 - - [16/Apr/2026:18:49:02 +0300] "POST /wp-content/index.php HTTP/1.1" 200 355 "-" "Mozilla/5.0 (Windows NT 10.0; Win64; x64) AppleWebKit/537.36 (KHTML, like Gecko) Chrome/120.0.0.0 Safari/537.36"
185.216.113.70 - - [16/Apr/2026:18:49:10 +0300] "POST /wp-cron.php?doing_wp_cron=1776354550.7025918960571289062500 HTTP/1.1" 200 448 "-" "WordPress/6.3.8; https://serhatburke.miroglu.net"
45.250.252.181 - - [16/Apr/2026:18:47:36 +0300] "POST /xmlrpc.php HTTP/1.1" 500 1102 "-" "Mozilla/5.0 (Windows NT 10.0; Win64; x64) AppleWebKit/537.36 (KHTML, like Gecko) Chrome/114.0.0.0 Safari/537.36"
209.50.178.35 - - [16/Apr/2026:18:49:03 +0300] "GET /?p=114255 HTTP/1.1" 200 0 "-" "Mozilla/5.0 (X11; Linux x86_64) AppleWebKit/537.36 (KHTML, like Gecko) Chrome/143.0.0.0 Safari/537.36"
104.207.60.191 - - [16/Apr/2026:18:49:18 +0300] "GET /?p=114255 HTTP/1.1" 200 0 "-" "Mozilla/5.0 (X11; Linux x86_64) AppleWebKit/537.36 (KHTML, like Gecko) Chrome/143.0.0.0 Safari/537.36"
185.216.113.70 - - [16/Apr/2026:18:49:32 +0300] "POST /wp-cron.php?doing_wp_cron=1776354572.4122569561004638671875 HTTP/1.1" 200 448 "-" "WordPress/6.3.8; https://serhatburke.miroglu.net"
179.60.78.136 - - [16/Apr/2026:18:49:05 +0300] "POST /wp-cache.php HTTP/1.1" 200 0 "-" "Mozilla/5.0 (Windows NT 10.0; Win64; x64) AppleWebKit/537.36 (KHTML, like Gecko) Chrome/120.0.0.0 Safari/537.36"
185.216.113.70 - - [16/Apr/2026:18:49:39 +0300] "POST /wp-cron.php?doing_wp_cron=1776354579.7028539180755615234375 HTTP/1.1" 200 448 "-" "WordPress/6.3.8; https://serhatburke.miroglu.net"
103.219.169.194 - - [16/Apr/2026:18:48:14 +0300] "GET /kloosterlinge-deposito-premie-alle-casino-bonussen-sharky-bonusspel-behalve-storting-om-holland-2026/ HTTP/1.1" 200 73510 "-" "Mozilla/5.0 (Windows NT 10.0; Win64; x64; rv:124.0) Gecko/20100101 Firefox/124.0"
216.26.254.238 - - [16/Apr/2026:18:49:32 +0300] "GET /?p=114255 HTTP/1.1" 200 0 "-" "Mozilla/5.0 (X11; Linux x86_64) AppleWebKit/537.36 (KHTML, like Gecko) Chrome/143.0.0.0 Safari/537.36"
185.216.113.70 - - [16/Apr/2026:18:50:00 +0300] "POST /wp-cron.php?doing_wp_cron=1776354600.0519878864288330078125 HTTP/1.1" 200 448 "-" "WordPress/6.3.8; https://serhatburke.miroglu.net"
45.250.252.181 - - [16/Apr/2026:18:48:21 +0300] "POST /xmlrpc.php HTTP/1.1" 200 12439 "-" "Mozilla/5.0 (Windows NT 10.0; Win64; x64) AppleWebKit/537.36 (KHTML, like Gecko) Chrome/114.0.0.0 Safari/537.36"
104.207.52.247 - - [16/Apr/2026:18:49:47 +0300] "GET /?p=114255 HTTP/1.1" 200 0 "-" "Mozilla/5.0 (X11; Linux x86_64) AppleWebKit/537.36 (KHTML, like Gecko) Chrome/143.0.0.0 Safari/537.36"
185.216.113.70 - - [16/Apr/2026:18:50:06 +0300] "POST /wp-cron.php?doing_wp_cron=1776354606.0001430511474609375000 HTTP/1.1" 200 448 "-" "WordPress/6.3.8; https://serhatburke.miroglu.net"
179.60.78.136 - - [16/Apr/2026:18:49:36 +0300] "POST /wp-includes/css/wp-cache.php HTTP/1.1" 200 0 "-" "Mozilla/5.0 (Windows NT 10.0; Win64; x64) AppleWebKit/537.36 (KHTML, like Gecko) Chrome/120.0.0.0 Safari/537.36"
185.216.113.70 - - [16/Apr/2026:18:50:17 +0300] "POST /wp-cron.php?doing_wp_cron=1776354617.0549058914184570312500 HTTP/1.1" 200 448 "-" "WordPress/6.3.8; https://serhatburke.miroglu.net"
98.98.197.215 - - [16/Apr/2026:18:48:57 +0300] "POST /xmlrpc.php HTTP/1.1" 200 630 "-" "Mozilla/5.0 (Windows NT 10.0; Win64; x64) AppleWebKit/537.36 (KHTML, like Gecko) Chrome/114.0.0.0 Safari/537.36"
185.216.113.70 - - [16/Apr/2026:18:50:37 +0300] "POST /wp-cron.php?doing_wp_cron=1776354637.6970679759979248046875 HTTP/1.1" 200 448 "-" "WordPress/6.3.8; https://serhatburke.miroglu.net"
179.60.78.136 - - [16/Apr/2026:18:50:08 +0300] "POST /wp-includes/theme-compat/wp-cache.php HTTP/1.1" 200 0 "-" "Mozilla/5.0 (Windows NT 10.0; Win64; x64) AppleWebKit/537.36 (KHTML, like Gecko) Chrome/120.0.0.0 Safari/537.36"
185.216.113.70 - - [16/Apr/2026:18:50:42 +0300] "POST /wp-cron.php?doing_wp_cron=1776354642.2011380195617675781250 HTTP/1.1" 200 448 "-" "WordPress/6.3.8; https://serhatburke.miroglu.net"
185.216.113.70 - - [16/Apr/2026:18:50:47 +0300] "POST /wp-cron.php?doing_wp_cron=1776354647.6080009937286376953125 HTTP/1.1" 200 448 "-" "WordPress/6.3.8; https://serhatburke.miroglu.net"
45.250.252.181 - - [16/Apr/2026:18:49:17 +0300] "POST /xmlrpc.php HTTP/1.1" 200 12577 "-" "Mozilla/5.0 (Windows NT 10.0; Win64; x64) AppleWebKit/537.36 (KHTML, like Gecko) Chrome/114.0.0.0 Safari/537.36"
179.60.78.136 - - [16/Apr/2026:18:50:40 +0300] "POST /wp-admin/admin-ajax.php?action=sm_ping HTTP/1.1" 200 0 "-" "Mozilla/5.0 (Windows NT 10.0; Win64; x64) AppleWebKit/537.36 (KHTML, like Gecko) Chrome/120.0.0.0 Safari/537.36"
185.216.113.70 - - [16/Apr/2026:18:51:14 +0300] "POST /wp-cron.php?doing_wp_cron=1776354674.1189639568328857421875 HTTP/1.1" 200 448 "-" "WordPress/6.3.8; https://serhatburke.miroglu.net"
45.250.252.181 - - [16/Apr/2026:18:50:01 +0300] "GET /?p=114261 HTTP/1.1" 301 670 "-" "Mozilla/5.0 (Windows NT 10.0; Win64; x64; rv:124.0) Gecko/20100101 Firefox/124.0"
185.216.113.70 - - [16/Apr/2026:18:51:26 +0300] "POST /wp-cron.php?doing_wp_cron=1776354685.8244330883026123046875 HTTP/1.1" 200 448 "-" "WordPress/6.3.8; https://serhatburke.miroglu.net"
92.99.31.217 - - [16/Apr/2026:18:51:01 +0300] "POST /xmlrpc.php HTTP/2" 200 0 "-" "WordPress/XMLRPC Client"
185.216.113.70 - - [16/Apr/2026:18:51:38 +0300] "POST /wp-cron.php?doing_wp_cron=1776354698.3123331069946289062500 HTTP/1.1" 200 448 "-" "WordPress/6.3.8; https://serhatburke.miroglu.net"
98.98.197.215 - - [16/Apr/2026:18:50:24 +0300] "POST /xmlrpc.php HTTP/1.1" 200 15084 "-" "Mozilla/5.0 (Windows NT 10.0; Win64; x64) AppleWebKit/537.36 (KHTML, like Gecko) Chrome/114.0.0.0 Safari/537.36"
179.60.78.136 - - [16/Apr/2026:18:51:11 +0300] "POST /wp-admin/admin-ajax.php?action=hnpt_ping HTTP/1.1" 200 0 "-" "Mozilla/5.0 (Windows NT 10.0; Win64; x64) AppleWebKit/537.36 (KHTML, like Gecko) Chrome/120.0.0.0 Safari/537.36"
45.163.145.235 - - [16/Apr/2026:18:51:32 +0300] "POST /xmlrpc.php HTTP/2" 200 0 "-" "WordPress/XMLRPC Client"
185.216.113.70 - - [16/Apr/2026:18:52:08 +0300] "POST /wp-cron.php?doing_wp_cron=1776354728.4172489643096923828125 HTTP/1.1" 200 448 "-" "WordPress/6.3.8; https://serhatburke.miroglu.net"
91.192.170.184 - - [16/Apr/2026:18:51:42 +0300] "GET / HTTP/1.1" 200 0 "-" "Mozilla/5.0 (Windows NT 10.0; Win64; x64) AppleWebKit/537.36 (KHTML, like Gecko) Chrome/120.0.0.0 Safari/537.36"
45.250.252.181 - - [16/Apr/2026:18:50:49 +0300] "GET /ten-finest-on-the-casino-free-spin-registration-web-pokies-and-you-may-gambling-enterprise-internet-sites-in-australia-2026/ HTTP/1.1" 200 75760 "-" "Mozilla/5.0 (Windows NT 10.0; Win64; x64) AppleWebKit/537.36 (KHTML, like Gecko) Chrome/124.0.0.0 Safari/537.36 Edg/124.0.0.0"
185.216.113.70 - - [16/Apr/2026:18:52:28 +0300] "POST /wp-cron.php?doing_wp_cron=1776354748.3116879463195800781250 HTTP/1.1" 200 448 "-" "WordPress/6.3.8; https://serhatburke.miroglu.net"
84.17.53.198 - - [16/Apr/2026:18:51:19 +0300] "GET /?p=114255 HTTP/2" 301 0 "-" "Mozilla/5.0 (Windows NT 10.0; Win64; x64) AppleWebKit/537.36 (KHTML, like Gecko) Chrome/147.0.0.0 Safari/537.36"
185.216.113.70 - - [16/Apr/2026:18:52:34 +0300] "POST /wp-cron.php?doing_wp_cron=1776354754.2170701026916503906250 HTTP/1.1" 200 448 "-" "WordPress/6.3.8; https://serhatburke.miroglu.net"
181.46.57.128 - - [16/Apr/2026:18:52:04 +0300] "POST /xmlrpc.php HTTP/2" 200 0 "-" "WordPress/XMLRPC Client"
45.250.252.181 - - [16/Apr/2026:18:51:18 +0300] "GET /book-a-table-from-the-rosies-reddish-gorgeous-cantina-book-of-ra-casino-takapuna/ HTTP/1.1" 200 74550 "-" "Mozilla/5.0 (Windows NT 10.0; Win64; x64; rv:124.0) Gecko/20100101 Firefox/124.0"
185.216.113.70 - - [16/Apr/2026:18:52:43 +0300] "POST /wp-cron.php?doing_wp_cron=1776354763.6169669628143310546875 HTTP/1.1" 200 448 "-" "WordPress/6.3.8; https://serhatburke.miroglu.net"
91.192.170.184 - - [16/Apr/2026:18:52:14 +0300] "POST / HTTP/1.1" 200 0 "-" "Mozilla/5.0 (Windows NT 10.0; Win64; x64) AppleWebKit/537.36 (KHTML, like Gecko) Chrome/120.0.0.0 Safari/537.36"
91.192.170.184 - - [16/Apr/2026:18:52:44 +0300] "POST /wp-content/index.php HTTP/1.1" 200 355 "-" "Mozilla/5.0 (Windows NT 10.0; Win64; x64) AppleWebKit/537.36 (KHTML, like Gecko) Chrome/120.0.0.0 Safari/537.36"
98.98.197.215 - - [16/Apr/2026:18:51:40 +0300] "GET /ensaio-esfogiteado-nenhum-deposito-1xslot-para-clientes-existentes-jogo-enor-joker-rtp-dicas-que-bonus-iuoe-local-18/ HTTP/1.1" 200 77604 "-" "Mozilla/5.0 (Windows NT 10.0; Win64; x64) AppleWebKit/537.36 (KHTML, like Gecko) Chrome/124.0.0.0 Safari/537.36 Edg/124.0.0.0"
185.216.113.70 - - [16/Apr/2026:18:52:46 +0300] "POST /wp-cron.php?doing_wp_cron=1776354766.5014441013336181640625 HTTP/1.1" 200 448 "-" "WordPress/6.3.8; https://serhatburke.miroglu.net"
45.250.252.181 - - [16/Apr/2026:18:51:41 +0300] "POST /xmlrpc.php HTTP/1.1" 200 861 "-" "Mozilla/5.0 (Windows NT 10.0; Win64; x64) AppleWebKit/537.36 (KHTML, like Gecko) Chrome/114.0.0.0 Safari/537.36"
84.17.53.198 - - [16/Apr/2026:18:52:29 +0300] "GET /estrategias-para-apostar-en-el-total-de-yardas-de-recepcion-por-el-slot/ HTTP/2" 200 0 "-" "Mozilla/5.0 (Windows NT 10.0; Win64; x64) AppleWebKit/537.36 (KHTML, like Gecko) Chrome/147.0.0.0 Safari/537.36"
179.60.78.136 - - [16/Apr/2026:18:52:36 +0300] "POST /xmlrpc.php HTTP/2" 200 0 "-" "WordPress/XMLRPC Client"
91.192.170.184 - - [16/Apr/2026:18:52:45 +0300] "POST /wp-cache.php HTTP/1.1" 200 0 "-" "Mozilla/5.0 (Windows NT 10.0; Win64; x64) AppleWebKit/537.36 (KHTML, like Gecko) Chrome/120.0.0.0 Safari/537.36"
185.216.113.70 - - [16/Apr/2026:18:53:23 +0300] "POST /wp-cron.php?doing_wp_cron=1776354803.9098119735717773437500 HTTP/1.1" 200 448 "-" "WordPress/6.3.8; https://serhatburke.miroglu.net"
186.194.58.83 - - [16/Apr/2026:18:53:08 +0300] "POST /xmlrpc.php HTTP/2" 200 0 "-" "WordPress/XMLRPC Client"
185.231.205.241 - - [16/Apr/2026:18:53:12 +0300] "GET /beste-casino-site-belgie-hoge-inzet/ HTTP/1.1" 200 0 "-" "Mozilla/5.0 (Windows NT 10.0; Win64; x64) AppleWebKit/537.36 (KHTML, like Gecko) Chrome/114.0.0.0 Safari/537.36"
185.216.113.70 - - [16/Apr/2026:18:53:45 +0300] "POST /wp-cron.php?doing_wp_cron=1776354825.0078160762786865234375 HTTP/1.1" 200 448 "-" "WordPress/6.3.8; https://serhatburke.miroglu.net"
91.192.170.184 - - [16/Apr/2026:18:53:16 +0300] "POST /wp-includes/css/wp-cache.php HTTP/1.1" 200 0 "-" "Mozilla/5.0 (Windows NT 10.0; Win64; x64) AppleWebKit/537.36 (KHTML, like Gecko) Chrome/120.0.0.0 Safari/537.36"
185.216.113.70 - - [16/Apr/2026:18:54:01 +0300] "POST /wp-cron.php?doing_wp_cron=1776354840.9791700839996337890625 HTTP/1.1" 200 448 "-" "WordPress/6.3.8; https://serhatburke.miroglu.net"
91.192.170.184 - - [16/Apr/2026:18:53:46 +0300] "POST /wp-includes/theme-compat/wp-cache.php HTTP/1.1" 404 15777 "-" "Mozilla/5.0 (Windows NT 10.0; Win64; x64) AppleWebKit/537.36 (KHTML, like Gecko) Chrome/120.0.0.0 Safari/537.36"
91.192.170.184 - - [16/Apr/2026:18:54:17 +0300] "POST /wp-admin/admin-ajax.php?action=sm_ping HTTP/1.1" 400 1108 "-" "Mozilla/5.0 (Windows NT 10.0; Win64; x64) AppleWebKit/537.36 (KHTML, like Gecko) Chrome/120.0.0.0 Safari/537.36"
185.216.113.70 - - [16/Apr/2026:18:54:43 +0300] "POST /wp-cron.php?doing_wp_cron=1776354883.1491398811340332031250 HTTP/1.1" 200 448 "-" "WordPress/6.3.8; https://serhatburke.miroglu.net"
91.192.170.184 - - [16/Apr/2026:18:54:33 +0300] "POST /wp-admin/admin-ajax.php?action=hnpt_ping HTTP/1.1" 400 887 "-" "Mozilla/5.0 (Windows NT 10.0; Win64; x64) AppleWebKit/537.36 (KHTML, like Gecko) Chrome/120.0.0.0 Safari/537.36"
185.216.113.70 - - [16/Apr/2026:18:54:31 +0300] "POST /wp-admin/admin-ajax.php?action=as_async_request_queue_runner&nonce=2e166bb5bd HTTP/1.1" 200 1030 "-" "WordPress/6.3.8; https://serhatburke.miroglu.net"
200.28.237.131 - - [16/Apr/2026:18:54:47 +0300] "GET / HTTP/1.1" 200 19137 "-" "Mozilla/5.0 (Windows NT 10.0; Win64; x64) AppleWebKit/537.36 (KHTML, like Gecko) Chrome/120.0.0.0 Safari/537.36"
200.28.237.131 - - [16/Apr/2026:18:55:05 +0300] "POST / HTTP/1.1" 200 19137 "-" "Mozilla/5.0 (Windows NT 10.0; Win64; x64) AppleWebKit/537.36 (KHTML, like Gecko) Chrome/120.0.0.0 Safari/537.36"
200.28.237.131 - - [16/Apr/2026:18:55:20 +0300] "POST /wp-content/index.php HTTP/1.1" 200 355 "-" "Mozilla/5.0 (Windows NT 10.0; Win64; x64) AppleWebKit/537.36 (KHTML, like Gecko) Chrome/120.0.0.0 Safari/537.36"
200.28.237.131 - - [16/Apr/2026:18:55:23 +0300] "POST /wp-cache.php HTTP/1.1" 404 15764 "-" "Mozilla/5.0 (Windows NT 10.0; Win64; x64) AppleWebKit/537.36 (KHTML, like Gecko) Chrome/120.0.0.0 Safari/537.36"
185.216.113.70 - - [16/Apr/2026:18:55:49 +0300] "POST /wp-cron.php?doing_wp_cron=1776354949.9112350940704345703125 HTTP/1.1" 200 448 "-" "WordPress/6.3.8; https://serhatburke.miroglu.net"
200.28.237.131 - - [16/Apr/2026:18:55:38 +0300] "POST /wp-includes/css/wp-cache.php HTTP/1.1" 404 15761 "-" "Mozilla/5.0 (Windows NT 10.0; Win64; x64) AppleWebKit/537.36 (KHTML, like Gecko) Chrome/120.0.0.0 Safari/537.36"
98.98.197.215 - - [16/Apr/2026:18:55:41 +0300] "POST /xmlrpc.php HTTP/1.1" 200 630 "-" "Mozilla/5.0 (Windows NT 10.0; Win64; x64) AppleWebKit/537.36 (KHTML, like Gecko) Chrome/114.0.0.0 Safari/537.36"
200.28.237.131 - - [16/Apr/2026:18:55:53 +0300] "POST /wp-includes/theme-compat/wp-cache.php HTTP/1.1" 404 15777 "-" "Mozilla/5.0 (Windows NT 10.0; Win64; x64) AppleWebKit/537.36 (KHTML, like Gecko) Chrome/120.0.0.0 Safari/537.36"
98.98.197.215 - - [16/Apr/2026:18:56:02 +0300] "POST /xmlrpc.php HTTP/1.1" 200 15433 "-" "Mozilla/5.0 (Windows NT 10.0; Win64; x64) AppleWebKit/537.36 (KHTML, like Gecko) Chrome/114.0.0.0 Safari/537.36"
200.28.237.131 - - [16/Apr/2026:18:56:09 +0300] "POST /wp-admin/admin-ajax.php?action=sm_ping HTTP/1.1" 400 1108 "-" "Mozilla/5.0 (Windows NT 10.0; Win64; x64) AppleWebKit/537.36 (KHTML, like Gecko) Chrome/120.0.0.0 Safari/537.36"
98.98.197.215 - - [16/Apr/2026:18:56:16 +0300] "GET /jogos-de-spilleban-gratis-para-ganhar-dinheiro-real-sem-deposito-pokernews/ HTTP/1.1" 200 77093 "-" "Mozilla/5.0 (Windows NT 10.0; Win64; x64) AppleWebKit/537.36 (KHTML, like Gecko) Chrome/109.0.0.0 Safari/537.36"
200.28.237.131 - - [16/Apr/2026:18:56:24 +0300] "POST /wp-admin/admin-ajax.php?action=hnpt_ping HTTP/1.1" 400 887 "-" "Mozilla/5.0 (Windows NT 10.0; Win64; x64) AppleWebKit/537.36 (KHTML, like Gecko) Chrome/120.0.0.0 Safari/537.36"
