98.98.9.26 - - [16/Apr/2026:13:18:28 +0300] "POST /xmlrpc.php HTTP/1.1" 200 13186 "-" "Mozilla/5.0 (Windows NT 10.0; Win64; x64) AppleWebKit/537.36 (KHTML, like Gecko) Chrome/114.0.0.0 Safari/537.36"
98.98.9.26 - - [16/Apr/2026:13:18:46 +0300] "GET /%D9%88%D8%B6%D8%B9%D9%8A%D8%A9-%D8%AC%D9%86%D8%A9-%D8%A7%D9%84%D8%A8%D9%8A%D9%83%D9%8A%D9%86%D9%8A-%D9%85%D9%86-%D9%84%D8%B9%D8%A8%D8%A9-%D9%81%D9%8A%D8%AF%D9%8A%D9%88-pg-delicate-%D8%B1%D8%A3%D9%8A/ HTTP/1.1" 200 81347 "-" "Mozilla/5.0 (Windows NT 10.0; rv:125.0) Gecko/20100101 Firefox/125.0"
185.216.113.70 - - [16/Apr/2026:13:20:38 +0300] "POST /wp-cron.php?doing_wp_cron=1776334838.5005710124969482421875 HTTP/1.1" 200 448 "-" "WordPress/6.3.8; https://serhatburke.miroglu.net"
128.1.218.166 - - [16/Apr/2026:13:20:24 +0300] "POST /xmlrpc.php HTTP/1.1" 200 630 "-" "Mozilla/5.0 (Windows NT 10.0; Win64; x64) AppleWebKit/537.36 (KHTML, like Gecko) Chrome/114.0.0.0 Safari/537.36"
128.1.218.166 - - [16/Apr/2026:13:20:45 +0300] "POST /xmlrpc.php HTTP/1.1" 200 13817 "-" "Mozilla/5.0 (Windows NT 10.0; Win64; x64) AppleWebKit/537.36 (KHTML, like Gecko) Chrome/114.0.0.0 Safari/537.36"
128.1.218.166 - - [16/Apr/2026:13:21:00 +0300] "GET /how-to-attract-your-own-chip-balance-huuuge-gambling-lobstermania-slot-establishment-let-cardio/ HTTP/1.1" 200 75829 "-" "Mozilla/5.0 (Windows NT 10.0; Win64; x64) AppleWebKit/537.36 (KHTML, like Gecko) Chrome/122.0.0.0 Safari/537.36"
185.216.113.70 - - [16/Apr/2026:13:22:21 +0300] "POST /wp-cron.php?doing_wp_cron=1776334940.9736289978027343750000 HTTP/1.1" 200 448 "-" "WordPress/6.3.8; https://serhatburke.miroglu.net"
98.98.9.26 - - [16/Apr/2026:13:22:05 +0300] "POST /xmlrpc.php HTTP/1.1" 200 630 "-" "Mozilla/5.0 (Windows NT 10.0; Win64; x64) AppleWebKit/537.36 (KHTML, like Gecko) Chrome/114.0.0.0 Safari/537.36"
98.98.9.26 - - [16/Apr/2026:13:22:29 +0300] "POST /xmlrpc.php HTTP/1.1" 200 12778 "-" "Mozilla/5.0 (Windows NT 10.0; Win64; x64) AppleWebKit/537.36 (KHTML, like Gecko) Chrome/114.0.0.0 Safari/537.36"
185.216.113.70 - - [16/Apr/2026:13:23:09 +0300] "POST /wp-cron.php?doing_wp_cron=1776334989.2308070659637451171875 HTTP/1.1" 200 448 "-" "WordPress/6.3.8; https://serhatburke.miroglu.net"
98.98.9.26 - - [16/Apr/2026:13:22:50 +0300] "GET /%D8%A3%D9%81%D8%B6%D9%84-%D8%A7%D9%84%D9%83%D8%A7%D8%B2%D9%8A%D9%86%D9%88%D9%87%D8%A7%D8%AA-%D8%B9%D9%84%D9%89-%D8%A7%D9%84%D8%A5%D9%86%D8%AA%D8%B1%D9%86%D8%AA-%D9%81%D9%8A-%D8%A3%D8%B3%D8%AA%D8%B1/ HTTP/1.1" 200 75744 "-" "Mozilla/5.0 (Windows NT 10.0; Win64; x64) AppleWebKit/537.36 (KHTML, like Gecko) Chrome/123.0.0.0 Safari/537.36"
67.227.112.191 - - [16/Apr/2026:13:23:08 +0300] "GET /luckyhour-casino-quick-wins-and-instant-action-for/ HTTP/1.1" 200 22523 "-" "Python/3.14 aiohttp/3.13.3"
23.229.110.193 - - [16/Apr/2026:13:23:18 +0300] "GET /luckyhour-casino-quick-wins-and-instant-action-for/ HTTP/1.1" 200 22523 "-" "Python/3.14 aiohttp/3.13.3"
185.216.113.70 - - [16/Apr/2026:13:24:04 +0300] "POST /wp-cron.php?doing_wp_cron=1776335043.8726038932800292968750 HTTP/1.1" 200 448 "-" "WordPress/6.3.8; https://serhatburke.miroglu.net"
103.197.242.113 - - [16/Apr/2026:13:23:49 +0300] "GET /casino-online-skrill-prelievo-veloce/ HTTP/1.1" 200 18142 "-" "Mozilla/5.0 (Windows NT 10.0; Win64; x64) AppleWebKit/537.36 (KHTML, like Gecko) Chrome/114.0.0.0 Safari/537.36"
185.216.113.70 - - [16/Apr/2026:13:25:13 +0300] "POST /wp-cron.php?doing_wp_cron=1776335113.7115499973297119140625 HTTP/1.1" 200 448 "-" "WordPress/6.3.8; https://serhatburke.miroglu.net"
98.98.9.26 - - [16/Apr/2026:13:25:00 +0300] "POST /xmlrpc.php HTTP/1.1" 200 630 "-" "Mozilla/5.0 (Windows NT 10.0; Win64; x64) AppleWebKit/537.36 (KHTML, like Gecko) Chrome/114.0.0.0 Safari/537.36"
98.98.9.26 - - [16/Apr/2026:13:25:25 +0300] "POST /xmlrpc.php HTTP/1.1" 200 13456 "-" "Mozilla/5.0 (Windows NT 10.0; Win64; x64) AppleWebKit/537.36 (KHTML, like Gecko) Chrome/114.0.0.0 Safari/537.36"
185.216.113.70 - - [16/Apr/2026:13:25:58 +0300] "POST /wp-cron.php?doing_wp_cron=1776335158.6518099308013916015625 HTTP/1.1" 200 448 "-" "WordPress/6.3.8; https://serhatburke.miroglu.net"
98.98.9.26 - - [16/Apr/2026:13:25:45 +0300] "GET /%D8%A3%D9%84%D8%B9%D8%A7%D8%A8-%D9%88%D8%A7%D8%AD%D8%AF%D8%A9-%D9%84%D8%AA%D9%86%D9%81%D9%82-%D8%AF%D8%AE%D9%84%D9%83-%D8%A7%D9%84%D8%AD%D9%82%D9%8A%D9%82%D9%8A-%D9%81%D9%8A-%D9%83%D9%86%D8%AF%D8%A7/ HTTP/1.1" 200 81837 "-" "Mozilla/5.0 (Windows NT 10.0; Win64; x64) AppleWebKit/537.36 (KHTML, like Gecko) Chrome/123.0.0.0 Safari/537.36"
185.216.113.70 - - [16/Apr/2026:13:26:45 +0300] "POST /wp-cron.php?doing_wp_cron=1776335205.4062778949737548828125 HTTP/1.1" 200 448 "-" "WordPress/6.3.8; https://serhatburke.miroglu.net"
128.1.218.166 - - [16/Apr/2026:13:26:33 +0300] "POST /xmlrpc.php HTTP/1.1" 200 630 "-" "Mozilla/5.0 (Windows NT 10.0; Win64; x64) AppleWebKit/537.36 (KHTML, like Gecko) Chrome/114.0.0.0 Safari/537.36"
128.1.218.166 - - [16/Apr/2026:13:26:53 +0300] "POST /xmlrpc.php HTTP/1.1" 200 13401 "-" "Mozilla/5.0 (Windows NT 10.0; Win64; x64) AppleWebKit/537.36 (KHTML, like Gecko) Chrome/114.0.0.0 Safari/537.36"
128.1.218.166 - - [16/Apr/2026:13:27:08 +0300] "GET /igame-local-casino-comment-specialist-user-reviews-online-casino-with-paysafecard-deposit-2026/ HTTP/1.1" 200 75378 "-" "Mozilla/5.0 (Windows NT 10.0; Win64; x64) AppleWebKit/537.36 (KHTML, like Gecko) Chrome/122.0.0.0 Safari/537.36"
185.216.113.70 - - [16/Apr/2026:13:28:26 +0300] "POST /wp-cron.php?doing_wp_cron=1776335306.3657839298248291015625 HTTP/1.1" 200 448 "-" "WordPress/6.3.8; https://serhatburke.miroglu.net"
128.1.218.166 - - [16/Apr/2026:13:28:14 +0300] "POST /xmlrpc.php HTTP/1.1" 200 630 "-" "Mozilla/5.0 (Windows NT 10.0; Win64; x64) AppleWebKit/537.36 (KHTML, like Gecko) Chrome/114.0.0.0 Safari/537.36"
185.216.113.70 - - [16/Apr/2026:13:28:56 +0300] "POST /wp-cron.php?doing_wp_cron=1776335335.9088079929351806640625 HTTP/1.1" 200 448 "-" "WordPress/6.3.8; https://serhatburke.miroglu.net"
128.1.218.166 - - [16/Apr/2026:13:28:42 +0300] "POST /xmlrpc.php HTTP/1.1" 200 13274 "-" "Mozilla/5.0 (Windows NT 10.0; Win64; x64) AppleWebKit/537.36 (KHTML, like Gecko) Chrome/114.0.0.0 Safari/537.36"
128.1.218.166 - - [16/Apr/2026:13:29:08 +0300] "GET /jackpot-area-local-casino-application-casino-paysafecard-android-os-apples-ios-remark-2026/ HTTP/1.1" 200 75185 "-" "Mozilla/5.0 (Windows NT 10.0; Win64; x64) AppleWebKit/537.36 (KHTML, like Gecko) Chrome/109.0.0.0 Safari/537.36"
185.216.113.70 - - [16/Apr/2026:13:30:11 +0300] "POST /wp-cron.php?doing_wp_cron=1776335411.4286639690399169921875 HTTP/1.1" 200 448 "-" "WordPress/6.3.8; https://serhatburke.miroglu.net"
128.1.218.166 - - [16/Apr/2026:13:29:58 +0300] "POST /xmlrpc.php HTTP/1.1" 200 630 "-" "Mozilla/5.0 (Windows NT 10.0; Win64; x64) AppleWebKit/537.36 (KHTML, like Gecko) Chrome/114.0.0.0 Safari/537.36"
128.1.218.166 - - [16/Apr/2026:13:30:18 +0300] "POST /xmlrpc.php HTTP/1.1" 200 13940 "-" "Mozilla/5.0 (Windows NT 10.0; Win64; x64) AppleWebKit/537.36 (KHTML, like Gecko) Chrome/114.0.0.0 Safari/537.36"
128.1.218.166 - - [16/Apr/2026:13:30:33 +0300] "GET /justspin-casino-authoritative-site-casino-guts-added-bonus-five-hundred-500fs/ HTTP/1.1" 200 75253 "-" "Mozilla/5.0 (Windows NT 10.0; Win64; x64) AppleWebKit/537.36 (KHTML, like Gecko) Chrome/123.0.0.0 Safari/537.36"
185.216.113.70 - - [16/Apr/2026:13:33:14 +0300] "POST /wp-cron.php?doing_wp_cron=1776335593.9370961189270019531250 HTTP/1.1" 200 448 "-" "WordPress/6.3.8; https://serhatburke.miroglu.net"
151.244.111.202 - - [16/Apr/2026:13:33:00 +0300] "POST /xmlrpc.php HTTP/1.1" 200 87245 "-" "Mozilla/5.0 (X11; Linux x86_64) AppleWebKit/537.36 (KHTML, like Gecko) Chrome/114.0.0.0 Safari/537.36 OPR/89.0.4447.51"
185.216.113.70 - - [16/Apr/2026:13:33:30 +0300] "POST /wp-cron.php?doing_wp_cron=1776335610.4640250205993652343750 HTTP/1.1" 200 448 "-" "WordPress/6.3.8; https://serhatburke.miroglu.net"
165.73.240.153 - - [16/Apr/2026:13:33:12 +0300] "POST /xmlrpc.php HTTP/1.1" 200 630 "-" "Mozilla/5.0 (Windows NT 10.0; Win64; x64) AppleWebKit/537.36 (KHTML, like Gecko) Chrome/114.0.0.0 Safari/537.36"
151.244.111.202 - - [16/Apr/2026:13:33:14 +0300] "POST /xmlrpc.php HTTP/1.1" 200 489 "-" "Mozilla/5.0 (X11; Linux x86_64) AppleWebKit/537.36 (KHTML, like Gecko) Chrome/114.0.0.0 Safari/537.36 OPR/89.0.4447.51"
151.244.111.202 - - [16/Apr/2026:13:33:32 +0300] "POST /xmlrpc.php HTTP/1.1" 200 10250 "-" "Mozilla/5.0 (X11; Linux x86_64) AppleWebKit/537.36 (KHTML, like Gecko) Chrome/114.0.0.0 Safari/537.36 OPR/89.0.4447.51"
165.73.240.153 - - [16/Apr/2026:13:33:37 +0300] "POST /xmlrpc.php HTTP/1.1" 200 12858 "-" "Mozilla/5.0 (Windows NT 10.0; Win64; x64) AppleWebKit/537.36 (KHTML, like Gecko) Chrome/114.0.0.0 Safari/537.36"
165.73.240.153 - - [16/Apr/2026:13:33:54 +0300] "GET /fifty-free-spins-no-deposit-slot-casinomeister-needed-for-uk-players-inside-2026/ HTTP/1.1" 200 74209 "-" "Mozilla/5.0 (Windows NT 10.0; Win64; x64; rv:125.0) Gecko/20100101 Firefox/125.0"
185.216.113.70 - - [16/Apr/2026:13:35:29 +0300] "POST /wp-cron.php?doing_wp_cron=1776335729.2176790237426757812500 HTTP/1.1" 200 448 "-" "WordPress/6.3.8; https://serhatburke.miroglu.net"
103.219.169.133 - - [16/Apr/2026:13:35:16 +0300] "POST /xmlrpc.php HTTP/1.1" 200 630 "-" "Mozilla/5.0 (Windows NT 10.0; Win64; x64) AppleWebKit/537.36 (KHTML, like Gecko) Chrome/114.0.0.0 Safari/537.36"
103.219.169.133 - - [16/Apr/2026:13:35:36 +0300] "POST /xmlrpc.php HTTP/1.1" 200 15880 "-" "Mozilla/5.0 (Windows NT 10.0; Win64; x64) AppleWebKit/537.36 (KHTML, like Gecko) Chrome/114.0.0.0 Safari/537.36"
103.219.169.133 - - [16/Apr/2026:13:35:51 +0300] "GET /vertreter-stambul-slot-demonstration-kostenlos-at-freie-spins-auffuhren/ HTTP/1.1" 200 77586 "-" "Mozilla/5.0 (Windows NT 10.0; rv:109.0) Gecko/20100101 Firefox/115.0"
185.216.113.70 - - [16/Apr/2026:13:38:18 +0300] "POST /wp-cron.php?doing_wp_cron=1776335898.7527079582214355468750 HTTP/1.1" 200 448 "-" "WordPress/6.3.8; https://serhatburke.miroglu.net"
51.161.65.252 - - [16/Apr/2026:13:38:04 +0300] "GET /discover-the-innovative-features-of-safepal-wallet-2/ HTTP/2" 200 16897 "-" "Mozilla/5.0 (compatible; AhrefsBot/7.0; +http://ahrefs.com/robot/)"
185.216.113.70 - - [16/Apr/2026:13:38:59 +0300] "POST /wp-cron.php?doing_wp_cron=1776335939.2330670356750488281250 HTTP/1.1" 200 448 "-" "WordPress/6.3.8; https://serhatburke.miroglu.net"
104.253.81.179 - - [16/Apr/2026:13:38:41 +0300] "GET /wonaco-casino-mobile-play-vittorie-veloci-in-movim/ HTTP/1.1" 200 20506 "-" "Python/3.14 aiohttp/3.13.3"
82.26.218.203 - - [16/Apr/2026:13:38:52 +0300] "GET /wonaco-casino-mobile-play-vittorie-veloci-in-movim/ HTTP/1.1" 200 20506 "-" "Python/3.14 aiohttp/3.13.3"
185.216.113.70 - - [16/Apr/2026:13:40:33 +0300] "POST /wp-cron.php?doing_wp_cron=1776336033.4328939914703369140625 HTTP/1.1" 200 448 "-" "WordPress/6.3.8; https://serhatburke.miroglu.net"
37.27.132.190 - - [16/Apr/2026:13:40:19 +0300] "GET / HTTP/1.1" 200 17136 "-" "Mozilla/5.0 (Macintosh; Intel Mac OS X 12_5) AppleWebKit/537.36 (KHTML, like Gecko) Chrome/114.0.0.0 Safari/537.36 Vivaldi/5.3.2679.68"
37.27.132.190 - - [16/Apr/2026:13:40:36 +0300] "POST /xmlrpc.php HTTP/1.1" 200 735 "https://serhatburke.miroglu.net" "Mozilla/5.0 (Macintosh; Intel Mac OS X 12_5) AppleWebKit/537.36 (KHTML, like Gecko) Chrome/114.0.0.0 Safari/537.36 Vivaldi/5.3.2679.68"
185.216.113.70 - - [16/Apr/2026:13:41:48 +0300] "POST /wp-cron.php?doing_wp_cron=1776336107.8821229934692382812500 HTTP/1.1" 200 448 "-" "WordPress/6.3.8; https://serhatburke.miroglu.net"
98.98.9.26 - - [16/Apr/2026:13:41:32 +0300] "POST /xmlrpc.php HTTP/1.1" 200 630 "-" "Mozilla/5.0 (Windows NT 10.0; Win64; x64) AppleWebKit/537.36 (KHTML, like Gecko) Chrome/114.0.0.0 Safari/537.36"
98.98.9.26 - - [16/Apr/2026:13:41:56 +0300] "POST /xmlrpc.php HTTP/1.1" 200 12888 "-" "Mozilla/5.0 (Windows NT 10.0; Win64; x64) AppleWebKit/537.36 (KHTML, like Gecko) Chrome/114.0.0.0 Safari/537.36"
103.219.169.133 - - [16/Apr/2026:13:41:57 +0300] "POST /xmlrpc.php HTTP/1.1" 200 630 "-" "Mozilla/5.0 (Windows NT 10.0; Win64; x64) AppleWebKit/537.36 (KHTML, like Gecko) Chrome/114.0.0.0 Safari/537.36"
98.98.9.26 - - [16/Apr/2026:13:42:15 +0300] "GET /%D8%A7%D8%B3%D8%AA%D9%85%D8%AA%D8%B9-%D8%A8%D9%85%D9%88%D9%82%D9%81-%D8%A7%D9%84%D8%B1%D8%AC%D9%84-%D8%A7%D9%84%D8%AD%D8%AF%D9%8A%D8%AF%D9%8A-2/ HTTP/1.1" 200 79203 "-" "Mozilla/5.0 (Windows NT 10.0; Win64; x64; rv:125.0) Gecko/20100101 Firefox/125.0"
103.219.169.133 - - [16/Apr/2026:13:42:20 +0300] "POST /xmlrpc.php HTTP/1.1" 200 15907 "-" "Mozilla/5.0 (Windows NT 10.0; Win64; x64) AppleWebKit/537.36 (KHTML, like Gecko) Chrome/114.0.0.0 Safari/537.36"
185.216.113.70 - - [16/Apr/2026:13:42:53 +0300] "POST /wp-cron.php?doing_wp_cron=1776336173.5368790626525878906250 HTTP/1.1" 200 448 "-" "WordPress/6.3.8; https://serhatburke.miroglu.net"
103.219.169.133 - - [16/Apr/2026:13:42:39 +0300] "GET /50-sizzling-hot-fixed-bonus-freispiele-ohne-einzahlung-auf-anhieb-erhaltlich-2026/ HTTP/1.1" 200 77835 "-" "Mozilla/5.0 (Windows NT 10.0; Win64; x64) AppleWebKit/537.36 (KHTML, like Gecko) Chrome/124.0.0.0 Safari/537.36 Edg/124.0.0.0"
185.216.113.70 - - [16/Apr/2026:13:43:40 +0300] "POST /wp-cron.php?doing_wp_cron=1776336220.7426149845123291015625 HTTP/1.1" 200 448 "-" "WordPress/6.3.8; https://serhatburke.miroglu.net"
103.219.169.133 - - [16/Apr/2026:13:43:28 +0300] "POST /xmlrpc.php HTTP/1.1" 200 630 "-" "Mozilla/5.0 (Windows NT 10.0; Win64; x64) AppleWebKit/537.36 (KHTML, like Gecko) Chrome/114.0.0.0 Safari/537.36"
103.219.169.133 - - [16/Apr/2026:13:43:47 +0300] "POST /xmlrpc.php HTTP/1.1" 200 16254 "-" "Mozilla/5.0 (Windows NT 10.0; Win64; x64) AppleWebKit/537.36 (KHTML, like Gecko) Chrome/114.0.0.0 Safari/537.36"
165.73.240.153 - - [16/Apr/2026:13:43:59 +0300] "POST /xmlrpc.php HTTP/1.1" 200 630 "-" "Mozilla/5.0 (Windows NT 10.0; Win64; x64) AppleWebKit/537.36 (KHTML, like Gecko) Chrome/114.0.0.0 Safari/537.36"
103.219.169.133 - - [16/Apr/2026:13:44:02 +0300] "GET /national-casino-55-free-spins-slot-sahara-queen-online-abzuglich-einzahlung-fix/ HTTP/1.1" 200 78162 "-" "Mozilla/5.0 (Windows NT 10.0; Win64; x64; rv:124.0) Gecko/20100101 Firefox/124.0"
185.216.113.70 - - [16/Apr/2026:13:44:30 +0300] "POST /wp-cron.php?doing_wp_cron=1776336270.4771471023559570312500 HTTP/1.1" 200 448 "-" "WordPress/6.3.8; https://serhatburke.miroglu.net"
165.73.240.153 - - [16/Apr/2026:13:44:17 +0300] "POST /xmlrpc.php HTTP/1.1" 200 12395 "-" "Mozilla/5.0 (Windows NT 10.0; Win64; x64) AppleWebKit/537.36 (KHTML, like Gecko) Chrome/114.0.0.0 Safari/537.36"
165.73.240.153 - - [16/Apr/2026:13:44:32 +0300] "GET /free-penny-ports-dr-fortuno-free-spins-play-cent-slots-no-down-load/ HTTP/1.1" 200 73252 "-" "Mozilla/5.0 (Windows NT 10.0; Win64; x64) AppleWebKit/537.36 (KHTML, like Gecko) Chrome/124.0.0.0 Safari/537.36 Edg/124.0.0.0"
103.219.169.133 - - [16/Apr/2026:13:44:41 +0300] "POST /xmlrpc.php HTTP/1.1" 200 630 "-" "Mozilla/5.0 (Windows NT 10.0; Win64; x64) AppleWebKit/537.36 (KHTML, like Gecko) Chrome/114.0.0.0 Safari/537.36"
103.219.169.133 - - [16/Apr/2026:13:45:01 +0300] "POST /xmlrpc.php HTTP/1.1" 200 15577 "-" "Mozilla/5.0 (Windows NT 10.0; Win64; x64) AppleWebKit/537.36 (KHTML, like Gecko) Chrome/114.0.0.0 Safari/537.36"
103.219.169.133 - - [16/Apr/2026:13:45:16 +0300] "GET /kasino-pramie-blos-wheel-of-wonders-online-slot-einzahlung-monat-des-fruhlingsbeginns-2026-aktuelle-verzeichnis/ HTTP/1.1" 200 78304 "-" "Mozilla/5.0 (Windows NT 10.0; Win64; x64) AppleWebKit/537.36 (KHTML, like Gecko) Chrome/109.0.0.0 Safari/537.36"
185.216.113.70 - - [16/Apr/2026:13:45:47 +0300] "POST /wp-cron.php?doing_wp_cron=1776336347.7273058891296386718750 HTTP/1.1" 200 448 "-" "WordPress/6.3.8; https://serhatburke.miroglu.net"
146.103.1.209 - - [16/Apr/2026:13:45:34 +0300] "GET /sava-spin-el-playground-de-ritmo-rpido-para-gananc/ HTTP/1.1" 200 21949 "-" "Python/3.14 aiohttp/3.13.3"
45.150.176.78 - - [16/Apr/2026:13:45:45 +0300] "GET /sava-spin-el-playground-de-ritmo-rpido-para-gananc/ HTTP/1.1" 200 21949 "-" "Python/3.14 aiohttp/3.13.3"
103.219.169.133 - - [16/Apr/2026:13:45:48 +0300] "POST /xmlrpc.php HTTP/1.1" 200 630 "-" "Mozilla/5.0 (Windows NT 10.0; Win64; x64) AppleWebKit/537.36 (KHTML, like Gecko) Chrome/114.0.0.0 Safari/537.36"
165.73.240.153 - - [16/Apr/2026:13:45:56 +0300] "POST /xmlrpc.php HTTP/1.1" 200 630 "-" "Mozilla/5.0 (Windows NT 10.0; Win64; x64) AppleWebKit/537.36 (KHTML, like Gecko) Chrome/114.0.0.0 Safari/537.36"
45.151.163.250 - - [16/Apr/2026:13:45:58 +0300] "GET /sava-spin-el-playground-de-ritmo-rpido-para-gananc/ HTTP/1.1" 200 21949 "-" "Python/3.14 aiohttp/3.13.3"
185.216.113.70 - - [16/Apr/2026:13:46:34 +0300] "POST /wp-cron.php?doing_wp_cron=1776336394.7068998813629150390625 HTTP/1.1" 200 448 "-" "WordPress/6.3.8; https://serhatburke.miroglu.net"
103.219.169.133 - - [16/Apr/2026:13:46:21 +0300] "POST /xmlrpc.php HTTP/1.1" 200 16305 "-" "Mozilla/5.0 (Windows NT 10.0; Win64; x64) AppleWebKit/537.36 (KHTML, like Gecko) Chrome/114.0.0.0 Safari/537.36"
165.73.240.153 - - [16/Apr/2026:13:46:26 +0300] "POST /xmlrpc.php HTTP/1.1" 200 13538 "-" "Mozilla/5.0 (Windows NT 10.0; Win64; x64) AppleWebKit/537.36 (KHTML, like Gecko) Chrome/114.0.0.0 Safari/537.36"
103.219.169.133 - - [16/Apr/2026:13:46:36 +0300] "GET /100-freispiele-ohne-hack-book-of-ra-einzahlung-spielsaal/ HTTP/1.1" 200 77394 "-" "Mozilla/5.0 (Windows NT 10.0; Win64; x64; rv:125.0) Gecko/20100101 Firefox/125.0"
165.73.240.153 - - [16/Apr/2026:13:46:42 +0300] "GET /play-pharaohs-chance-pharaos-riches-1-deposit-free-no-download-free-trial-slot/ HTTP/1.1" 200 74892 "-" "Mozilla/5.0 (Windows NT 10.0; rv:109.0) Gecko/20100101 Firefox/115.0"
103.219.169.133 - - [16/Apr/2026:13:46:51 +0300] "POST /xmlrpc.php HTTP/1.1" 200 630 "-" "Mozilla/5.0 (Windows NT 10.0; Win64; x64) AppleWebKit/537.36 (KHTML, like Gecko) Chrome/114.0.0.0 Safari/537.36"
103.219.169.133 - - [16/Apr/2026:13:47:12 +0300] "POST /xmlrpc.php HTTP/1.1" 200 16165 "-" "Mozilla/5.0 (Windows NT 10.0; Win64; x64) AppleWebKit/537.36 (KHTML, like Gecko) Chrome/114.0.0.0 Safari/537.36"
185.216.113.70 - - [16/Apr/2026:13:47:41 +0300] "POST /wp-cron.php?doing_wp_cron=1776336461.6107718944549560546875 HTTP/1.1" 200 448 "-" "WordPress/6.3.8; https://serhatburke.miroglu.net"
103.219.169.133 - - [16/Apr/2026:13:47:27 +0300] "GET /77-jackpot-spielen-sie-amu-tep-slot-online-spielsaal/ HTTP/1.1" 200 77055 "-" "Mozilla/5.0 (Windows NT 10.0; rv:125.0) Gecko/20100101 Firefox/125.0"
166.88.169.47 - - [16/Apr/2026:13:47:37 +0300] "GET /rioace-quickhit-casino-action-for-the-fastpaced-pl/ HTTP/1.1" 200 21135 "-" "Python/3.14 aiohttp/3.13.3"
98.98.9.26 - - [16/Apr/2026:13:47:40 +0300] "POST /xmlrpc.php HTTP/1.1" 200 630 "-" "Mozilla/5.0 (Windows NT 10.0; Win64; x64) AppleWebKit/537.36 (KHTML, like Gecko) Chrome/114.0.0.0 Safari/537.36"
89.32.200.11 - - [16/Apr/2026:13:47:48 +0300] "GET /rioace-quickhit-casino-action-for-the-fastpaced-pl/ HTTP/1.1" 200 21135 "-" "Python/3.14 aiohttp/3.13.3"
165.73.240.153 - - [16/Apr/2026:13:47:53 +0300] "POST /xmlrpc.php HTTP/1.1" 200 630 "-" "Mozilla/5.0 (Windows NT 10.0; Win64; x64) AppleWebKit/537.36 (KHTML, like Gecko) Chrome/114.0.0.0 Safari/537.36"
103.219.169.133 - - [16/Apr/2026:13:47:58 +0300] "POST /xmlrpc.php HTTP/1.1" 200 630 "-" "Mozilla/5.0 (Windows NT 10.0; Win64; x64) AppleWebKit/537.36 (KHTML, like Gecko) Chrome/114.0.0.0 Safari/537.36"
154.30.251.5 - - [16/Apr/2026:13:48:00 +0300] "GET /rioace-quickhit-casino-action-for-the-fastpaced-pl/ HTTP/1.1" 200 21135 "-" "Python/3.14 aiohttp/3.13.3"
185.216.113.70 - - [16/Apr/2026:13:48:42 +0300] "POST /wp-cron.php?doing_wp_cron=1776336521.8916590213775634765625 HTTP/1.1" 200 448 "-" "WordPress/6.3.8; https://serhatburke.miroglu.net"
98.98.9.26 - - [16/Apr/2026:13:48:18 +0300] "POST /xmlrpc.php HTTP/1.1" 200 14460 "-" "Mozilla/5.0 (Windows NT 10.0; Win64; x64) AppleWebKit/537.36 (KHTML, like Gecko) Chrome/114.0.0.0 Safari/537.36"
165.73.240.153 - - [16/Apr/2026:13:48:34 +0300] "POST /xmlrpc.php HTTP/1.1" 200 13431 "-" "Mozilla/5.0 (Windows NT 10.0; Win64; x64) AppleWebKit/537.36 (KHTML, like Gecko) Chrome/114.0.0.0 Safari/537.36"
103.219.169.133 - - [16/Apr/2026:13:48:39 +0300] "POST /xmlrpc.php HTTP/1.1" 200 16642 "-" "Mozilla/5.0 (Windows NT 10.0; Win64; x64) AppleWebKit/537.36 (KHTML, like Gecko) Chrome/114.0.0.0 Safari/537.36"
98.98.9.26 - - [16/Apr/2026:13:48:45 +0300] "GET /slot-avalon-igrayte-onlayn-100-protsenta-promo-kodove-bez-depozit-za-kazino-goldbet-bezplatno/ HTTP/1.1" 200 81424 "-" "Mozilla/5.0 (Windows NT 10.0; rv:109.0) Gecko/20100101 Firefox/115.0"
103.219.169.133 - - [16/Apr/2026:13:48:53 +0300] "POST /xmlrpc.php HTTP/1.1" 200 630 "-" "Mozilla/5.0 (Windows NT 10.0; Win64; x64) AppleWebKit/537.36 (KHTML, like Gecko) Chrome/114.0.0.0 Safari/537.36"
103.219.169.133 - - [16/Apr/2026:13:49:09 +0300] "GET /beste-casino-bonus-abzuglich-einzahlung-angebote-inoffizieller-mitarbeiter-online-casino-einzahlungsbonus-im-jahre-2026/ HTTP/1.1" 200 79614 "-" "Mozilla/5.0 (Windows NT 10.0; Win64; x64; rv:125.0) Gecko/20100101 Firefox/125.0"
165.73.240.153 - - [16/Apr/2026:13:48:58 +0300] "GET /enjoy-pharaoh-luck-slot-slot-keks-100percent-free-or-real-money-online/ HTTP/1.1" 200 74474 "-" "Mozilla/5.0 (Windows NT 10.0; Win64; x64) AppleWebKit/537.36 (KHTML, like Gecko) Chrome/109.0.0.0 Safari/537.36"
103.219.169.133 - - [16/Apr/2026:13:49:27 +0300] "POST /xmlrpc.php HTTP/1.1" 200 15627 "-" "Mozilla/5.0 (Windows NT 10.0; Win64; x64) AppleWebKit/537.36 (KHTML, like Gecko) Chrome/114.0.0.0 Safari/537.36"
165.73.240.153 - - [16/Apr/2026:13:49:27 +0300] "POST /xmlrpc.php HTTP/1.1" 200 630 "-" "Mozilla/5.0 (Windows NT 10.0; Win64; x64) AppleWebKit/537.36 (KHTML, like Gecko) Chrome/114.0.0.0 Safari/537.36"
185.216.113.70 - - [16/Apr/2026:13:49:58 +0300] "POST /wp-cron.php?doing_wp_cron=1776336598.5286760330200195312500 HTTP/1.1" 200 448 "-" "WordPress/6.3.8; https://serhatburke.miroglu.net"
103.219.169.133 - - [16/Apr/2026:13:49:42 +0300] "GET /spielbank-casino-ladbrokes-kein-einzahlungsspiel-apps-fur-ipad-iphone-und-androide-handys-getestet/ HTTP/1.1" 200 77826 "-" "Mozilla/5.0 (Windows NT 10.0; Win64; x64) AppleWebKit/537.36 (KHTML, like Gecko) Chrome/124.0.0.0 Safari/537.36 Edg/124.0.0.0"
165.73.240.153 - - [16/Apr/2026:13:49:47 +0300] "POST /xmlrpc.php HTTP/1.1" 200 12189 "-" "Mozilla/5.0 (Windows NT 10.0; Win64; x64) AppleWebKit/537.36 (KHTML, like Gecko) Chrome/114.0.0.0 Safari/537.36"
103.219.169.133 - - [16/Apr/2026:13:49:49 +0300] "POST /xmlrpc.php HTTP/1.1" 200 630 "-" "Mozilla/5.0 (Windows NT 10.0; Win64; x64) AppleWebKit/537.36 (KHTML, like Gecko) Chrome/114.0.0.0 Safari/537.36"
98.98.9.27 - - [16/Apr/2026:13:50:02 +0300] "POST /xmlrpc.php HTTP/1.1" 200 630 "-" "Mozilla/5.0 (Windows NT 10.0; Win64; x64) AppleWebKit/537.36 (KHTML, like Gecko) Chrome/114.0.0.0 Safari/537.36"
165.73.240.153 - - [16/Apr/2026:13:50:11 +0300] "GET /greatest-internet-casino-slot-mrbet-nz-login-video-game-2026-play-popular-harbors/ HTTP/1.1" 200 73767 "-" "Mozilla/5.0 (Windows NT 10.0; rv:125.0) Gecko/20100101 Firefox/125.0"
103.219.169.133 - - [16/Apr/2026:13:50:17 +0300] "POST /xmlrpc.php HTTP/1.1" 200 17550 "-" "Mozilla/5.0 (Windows NT 10.0; Win64; x64) AppleWebKit/537.36 (KHTML, like Gecko) Chrome/114.0.0.0 Safari/537.36"
82.24.242.248 - - [16/Apr/2026:13:50:19 +0300] "GET /plangames-fasttrack-fun-with-slots-live-games-inst/ HTTP/1.1" 200 22034 "-" "Python/3.14 aiohttp/3.13.3"
185.216.113.70 - - [16/Apr/2026:13:51:00 +0300] "POST /wp-cron.php?doing_wp_cron=1776336660.5233991146087646484375 HTTP/1.1" 200 448 "-" "WordPress/6.3.8; https://serhatburke.miroglu.net"
82.25.242.110 - - [16/Apr/2026:13:50:24 +0300] "GET /plangames-fasttrack-fun-with-slots-live-games-inst/ HTTP/1.1" 200 22034 "-" "Python/3.14 aiohttp/3.13.3"
185.216.113.70 - - [16/Apr/2026:13:51:10 +0300] "POST /wp-cron.php?doing_wp_cron=1776336670.0094890594482421875000 HTTP/1.1" 200 448 "-" "WordPress/6.3.8; https://serhatburke.miroglu.net"
185.173.39.81 - - [16/Apr/2026:13:50:29 +0300] "POST /xmlrpc.php HTTP/1.1" 200 87245 "-" "Mozilla/5.0 (Windows NT 6.1) AppleWebKit/537.36 (KHTML, like Gecko) Chrome/49.0.2623.112 Safari/537.36"
185.216.113.70 - - [16/Apr/2026:13:51:19 +0300] "POST /wp-cron.php?doing_wp_cron=1776336679.4356820583343505859375 HTTP/1.1" 200 448 "-" "WordPress/6.3.8; https://serhatburke.miroglu.net"
98.98.9.27 - - [16/Apr/2026:13:50:32 +0300] "POST /xmlrpc.php HTTP/1.1" 200 13024 "-" "Mozilla/5.0 (Windows NT 10.0; Win64; x64) AppleWebKit/537.36 (KHTML, like Gecko) Chrome/114.0.0.0 Safari/537.36"
185.216.113.70 - - [16/Apr/2026:13:51:25 +0300] "POST /wp-cron.php?doing_wp_cron=1776336685.8023629188537597656250 HTTP/1.1" 200 448 "-" "WordPress/6.3.8; https://serhatburke.miroglu.net"
45.61.121.100 - - [16/Apr/2026:13:50:38 +0300] "GET /plangames-fasttrack-fun-with-slots-live-games-inst/ HTTP/1.1" 200 22034 "-" "Python/3.14 aiohttp/3.13.3"
185.216.113.70 - - [16/Apr/2026:13:51:51 +0300] "POST /wp-cron.php?doing_wp_cron=1776336711.3898770809173583984375 HTTP/1.1" 200 448 "-" "WordPress/6.3.8; https://serhatburke.miroglu.net"
103.219.169.133 - - [16/Apr/2026:13:50:53 +0300] "POST /xmlrpc.php HTTP/1.1" 200 630 "-" "Mozilla/5.0 (Windows NT 10.0; Win64; x64) AppleWebKit/537.36 (KHTML, like Gecko) Chrome/114.0.0.0 Safari/537.36"
103.219.169.133 - - [16/Apr/2026:13:50:51 +0300] "GET /bewertungen-golden-lemon-1-kaution-nach-wunderino-com-entziffern-eltern-kundenbewertungen-nach-netz-wunderino-com/ HTTP/1.1" 200 80494 "-" "Mozilla/5.0 (Windows NT 10.0; Win64; x64) AppleWebKit/537.36 (KHTML, like Gecko) Chrome/123.0.0.0 Safari/537.36 OPR/109.0.0.0"
165.73.240.153 - - [16/Apr/2026:13:50:58 +0300] "POST /xmlrpc.php HTTP/1.1" 200 630 "-" "Mozilla/5.0 (Windows NT 10.0; Win64; x64) AppleWebKit/537.36 (KHTML, like Gecko) Chrome/114.0.0.0 Safari/537.36"
185.173.39.81 - - [16/Apr/2026:13:51:10 +0300] "POST /xmlrpc.php HTTP/1.1" 200 0 "-" "Mozilla/5.0 (Windows NT 6.1) AppleWebKit/537.36 (KHTML, like Gecko) Chrome/49.0.2623.112 Safari/537.36"
98.98.9.27 - - [16/Apr/2026:13:51:21 +0300] "GET /play-danger-high-voltage-no-slot-machine-secret-forest-free-download-demo/ HTTP/1.1" 200 74142 "-" "Mozilla/5.0 (Windows NT 10.0; Win64; x64; rv:124.0) Gecko/20100101 Firefox/124.0"
66.249.68.132 - - [16/Apr/2026:13:51:45 +0300] "GET /robots.txt HTTP/1.1" 200 719 "-" "Mozilla/5.0 (compatible; Googlebot/2.1; +http://www.google.com/bot.html)"
103.219.169.133 - - [16/Apr/2026:13:51:45 +0300] "POST /xmlrpc.php HTTP/1.1" 200 630 "-" "Mozilla/5.0 (Windows NT 10.0; Win64; x64) AppleWebKit/537.36 (KHTML, like Gecko) Chrome/114.0.0.0 Safari/537.36"
185.216.113.70 - - [16/Apr/2026:13:52:57 +0300] "POST /wp-cron.php?doing_wp_cron=1776336777.6000730991363525390625 HTTP/1.1" 200 448 "-" "WordPress/6.3.8; https://serhatburke.miroglu.net"
103.219.169.133 - - [16/Apr/2026:13:52:01 +0300] "POST /xmlrpc.php HTTP/1.1" 200 16331 "-" "Mozilla/5.0 (Windows NT 10.0; Win64; x64) AppleWebKit/537.36 (KHTML, like Gecko) Chrome/114.0.0.0 Safari/537.36"
185.216.113.70 - - [16/Apr/2026:13:53:02 +0300] "POST /wp-cron.php?doing_wp_cron=1776336782.1936190128326416015625 HTTP/1.1" 200 448 "-" "WordPress/6.3.8; https://serhatburke.miroglu.net"
185.173.39.81 - - [16/Apr/2026:13:52:12 +0300] "POST /xmlrpc.php HTTP/1.1" 200 903 "-" "Mozilla/5.0 (Windows NT 6.1) AppleWebKit/537.36 (KHTML, like Gecko) Chrome/49.0.2623.112 Safari/537.36"
185.216.113.70 - - [16/Apr/2026:13:53:05 +0300] "POST /wp-cron.php?doing_wp_cron=1776336785.1951689720153808593750 HTTP/1.1" 200 448 "-" "WordPress/6.3.8; https://serhatburke.miroglu.net"
165.73.240.153 - - [16/Apr/2026:13:52:11 +0300] "POST /xmlrpc.php HTTP/1.1" 200 13166 "-" "Mozilla/5.0 (Windows NT 10.0; Win64; x64) AppleWebKit/537.36 (KHTML, like Gecko) Chrome/114.0.0.0 Safari/537.36"
185.216.113.70 - - [16/Apr/2026:13:53:13 +0300] "POST /wp-cron.php?doing_wp_cron=1776336793.7879788875579833984375 HTTP/1.1" 200 448 "-" "WordPress/6.3.8; https://serhatburke.miroglu.net"
165.73.240.153 - - [16/Apr/2026:13:52:25 +0300] "POST /xmlrpc.php HTTP/1.1" 200 630 "-" "Mozilla/5.0 (Windows NT 10.0; Win64; x64) AppleWebKit/537.36 (KHTML, like Gecko) Chrome/114.0.0.0 Safari/537.36"
185.216.113.70 - - [16/Apr/2026:13:53:47 +0300] "POST /wp-cron.php?doing_wp_cron=1776336827.4044780731201171875000 HTTP/1.1" 200 448 "-" "WordPress/6.3.8; https://serhatburke.miroglu.net"
103.219.169.133 - - [16/Apr/2026:13:52:51 +0300] "POST /xmlrpc.php HTTP/1.1" 200 630 "-" "Mozilla/5.0 (Windows NT 10.0; Win64; x64) AppleWebKit/537.36 (KHTML, like Gecko) Chrome/114.0.0.0 Safari/537.36"
185.216.113.70 - - [16/Apr/2026:13:53:53 +0300] "POST /wp-cron.php?doing_wp_cron=1776336833.2149479389190673828125 HTTP/1.1" 200 448 "-" "WordPress/6.3.8; https://serhatburke.miroglu.net"
103.219.169.133 - - [16/Apr/2026:13:52:54 +0300] "POST /xmlrpc.php HTTP/1.1" 200 16441 "-" "Mozilla/5.0 (Windows NT 10.0; Win64; x64) AppleWebKit/537.36 (KHTML, like Gecko) Chrome/114.0.0.0 Safari/537.36"
103.219.169.133 - - [16/Apr/2026:13:52:59 +0300] "GET /anbietervergleich-micro-knights-slot-der-traktandum-40/ HTTP/1.1" 200 77573 "-" "Mozilla/5.0 (Windows NT 10.0; Win64; x64) AppleWebKit/537.36 (KHTML, like Gecko) Chrome/124.0.0.0 Safari/537.36 Edg/124.0.0.0"
185.173.39.81 - - [16/Apr/2026:13:53:03 +0300] "POST /xmlrpc.php HTTP/1.1" 200 0 "-" "Mozilla/5.0 (Windows NT 6.1) AppleWebKit/537.36 (KHTML, like Gecko) Chrome/49.0.2623.112 Safari/537.36"
185.216.113.70 - - [16/Apr/2026:13:54:06 +0300] "POST /wp-cron.php?doing_wp_cron=1776336846.2900669574737548828125 HTTP/1.1" 200 448 "-" "WordPress/6.3.8; https://serhatburke.miroglu.net"
185.216.113.70 - - [16/Apr/2026:13:54:13 +0300] "POST /wp-cron.php?doing_wp_cron=1776336853.2976670265197753906250 HTTP/1.1" 200 448 "-" "WordPress/6.3.8; https://serhatburke.miroglu.net"
165.73.240.153 - - [16/Apr/2026:13:53:07 +0300] "GET /cleopatra-slot-paypal-casino-bonus-enjoy-it-igt-video-slot-demo-100percent-free/ HTTP/1.1" 200 74527 "-" "Mozilla/5.0 (Windows NT 10.0; Win64; x64; rv:124.0) Gecko/20100101 Firefox/124.0"
185.216.113.70 - - [16/Apr/2026:13:54:19 +0300] "POST /wp-cron.php?doing_wp_cron=1776336859.4019939899444580078125 HTTP/1.1" 200 448 "-" "WordPress/6.3.8; https://serhatburke.miroglu.net"
165.73.240.153 - - [16/Apr/2026:13:53:20 +0300] "POST /xmlrpc.php HTTP/1.1" 200 12618 "-" "Mozilla/5.0 (Windows NT 10.0; Win64; x64) AppleWebKit/537.36 (KHTML, like Gecko) Chrome/114.0.0.0 Safari/537.36"
185.216.113.70 - - [16/Apr/2026:13:54:58 +0300] "POST /wp-cron.php?doing_wp_cron=1776336898.6955499649047851562500 HTTP/1.1" 200 448 "-" "WordPress/6.3.8; https://serhatburke.miroglu.net"
103.219.169.133 - - [16/Apr/2026:13:53:46 +0300] "POST /xmlrpc.php HTTP/1.1" 200 630 "-" "Mozilla/5.0 (Windows NT 10.0; Win64; x64) AppleWebKit/537.36 (KHTML, like Gecko) Chrome/114.0.0.0 Safari/537.36"
185.173.39.81 - - [16/Apr/2026:13:54:06 +0300] "POST /xmlrpc.php HTTP/1.1" 200 0 "-" "Mozilla/5.0 (Windows NT 6.1) AppleWebKit/537.36 (KHTML, like Gecko) Chrome/49.0.2623.112 Safari/537.36"
185.216.113.70 - - [16/Apr/2026:13:55:12 +0300] "POST /wp-cron.php?doing_wp_cron=1776336912.4097869396209716796875 HTTP/1.1" 200 448 "-" "WordPress/6.3.8; https://serhatburke.miroglu.net"
165.73.240.153 - - [16/Apr/2026:13:53:47 +0300] "POST /xmlrpc.php HTTP/1.1" 200 630 "-" "Mozilla/5.0 (Windows NT 10.0; Win64; x64) AppleWebKit/537.36 (KHTML, like Gecko) Chrome/114.0.0.0 Safari/537.36"
185.216.113.70 - - [16/Apr/2026:13:55:14 +0300] "POST /wp-cron.php?doing_wp_cron=1776336913.9990630149841308593750 HTTP/1.1" 200 448 "-" "WordPress/6.3.8; https://serhatburke.miroglu.net"
103.219.169.133 - - [16/Apr/2026:13:53:54 +0300] "POST /xmlrpc.php HTTP/1.1" 200 16399 "-" "Mozilla/5.0 (Windows NT 10.0; Win64; x64) AppleWebKit/537.36 (KHTML, like Gecko) Chrome/114.0.0.0 Safari/537.36"
185.216.113.70 - - [16/Apr/2026:13:55:15 +0300] "POST /wp-cron.php?doing_wp_cron=1776336915.2419290542602539062500 HTTP/1.1" 200 448 "-" "WordPress/6.3.8; https://serhatburke.miroglu.net"
185.216.113.70 - - [16/Apr/2026:13:55:16 +0300] "POST /wp-cron.php?doing_wp_cron=1776336916.0230751037597656250000 HTTP/1.1" 200 448 "-" "WordPress/6.3.8; https://serhatburke.miroglu.net"
103.219.169.133 - - [16/Apr/2026:13:53:55 +0300] "GET /echtgeld-casinos-2026-unser-besten-casinos-qua-echtem-online-casino-book-of-ra-classic-echtgeld-geld/ HTTP/1.1" 200 79041 "-" "Mozilla/5.0 (Windows NT 10.0; Win64; x64) AppleWebKit/537.36 (KHTML, like Gecko) Chrome/109.0.0.0 Safari/537.36"
151.244.111.202 - - [16/Apr/2026:13:53:49 +0300] "GET /best-australian-online-slots-reviews-read-customer-2/ HTTP/1.1" 200 19368 "-" "Screaming Frog SEO Spider/16.7"
185.216.113.70 - - [16/Apr/2026:13:55:53 +0300] "POST /wp-cron.php?doing_wp_cron=1776336952.6081891059875488281250 HTTP/1.1" 200 448 "-" "WordPress/6.3.8; https://serhatburke.miroglu.net"
165.73.240.153 - - [16/Apr/2026:13:54:21 +0300] "GET /today-of-all-time-150-chances-firestorm-what-happened-about-this-day/ HTTP/1.1" 200 73586 "-" "Mozilla/5.0 (Windows NT 10.0; rv:109.0) Gecko/20100101 Firefox/115.0"
185.216.113.70 - - [16/Apr/2026:13:56:02 +0300] "POST /wp-cron.php?doing_wp_cron=1776336962.0928540229797363281250 HTTP/1.1" 200 448 "-" "WordPress/6.3.8; https://serhatburke.miroglu.net"
103.219.169.133 - - [16/Apr/2026:13:54:34 +0300] "POST /xmlrpc.php HTTP/1.1" 200 630 "-" "Mozilla/5.0 (Windows NT 10.0; Win64; x64) AppleWebKit/537.36 (KHTML, like Gecko) Chrome/114.0.0.0 Safari/537.36"
185.173.39.81 - - [16/Apr/2026:13:55:08 +0300] "POST /xmlrpc.php HTTP/1.1" 200 0 "-" "Mozilla/5.0 (Windows NT 6.1) AppleWebKit/537.36 (KHTML, like Gecko) Chrome/49.0.2623.112 Safari/537.36"
185.216.113.70 - - [16/Apr/2026:13:56:35 +0300] "POST /wp-cron.php?doing_wp_cron=1776336995.1135289669036865234375 HTTP/1.1" 200 448 "-" "WordPress/6.3.8; https://serhatburke.miroglu.net"
103.219.169.133 - - [16/Apr/2026:13:55:06 +0300] "POST /xmlrpc.php HTTP/1.1" 200 15954 "-" "Mozilla/5.0 (Windows NT 10.0; Win64; x64) AppleWebKit/537.36 (KHTML, like Gecko) Chrome/114.0.0.0 Safari/537.36"
185.216.113.70 - - [16/Apr/2026:13:56:37 +0300] "POST /wp-cron.php?doing_wp_cron=1776336997.0152370929718017578125 HTTP/1.1" 200 448 "-" "WordPress/6.3.8; https://serhatburke.miroglu.net"
165.73.240.153 - - [16/Apr/2026:13:55:19 +0300] "POST /xmlrpc.php HTTP/1.1" 200 13271 "-" "Mozilla/5.0 (Windows NT 10.0; Win64; x64) AppleWebKit/537.36 (KHTML, like Gecko) Chrome/114.0.0.0 Safari/537.36"
185.216.113.70 - - [16/Apr/2026:13:56:39 +0300] "POST /wp-cron.php?doing_wp_cron=1776336999.4956901073455810546875 HTTP/1.1" 200 448 "-" "WordPress/6.3.8; https://serhatburke.miroglu.net"
165.73.240.153 - - [16/Apr/2026:13:55:06 +0300] "POST /xmlrpc.php HTTP/1.1" 200 630 "-" "Mozilla/5.0 (Windows NT 10.0; Win64; x64) AppleWebKit/537.36 (KHTML, like Gecko) Chrome/114.0.0.0 Safari/537.36"
185.216.113.70 - - [16/Apr/2026:13:56:47 +0300] "POST /wp-cron.php?doing_wp_cron=1776337007.3459339141845703125000 HTTP/1.1" 200 448 "-" "WordPress/6.3.8; https://serhatburke.miroglu.net"
103.219.169.133 - - [16/Apr/2026:13:55:23 +0300] "POST /xmlrpc.php HTTP/1.1" 200 630 "-" "Mozilla/5.0 (Windows NT 10.0; Win64; x64) AppleWebKit/537.36 (KHTML, like Gecko) Chrome/114.0.0.0 Safari/537.36"
185.216.113.70 - - [16/Apr/2026:13:56:51 +0300] "POST /wp-cron.php?doing_wp_cron=1776337011.3949689865112304687500 HTTP/1.1" 200 448 "-" "WordPress/6.3.8; https://serhatburke.miroglu.net"
103.219.169.133 - - [16/Apr/2026:13:55:16 +0300] "GET /giropay-opal-fruits-online-slot-casinos-auf-jeden-fall-angeschlossen-einlosen-2026/ HTTP/1.1" 200 78531 "-" "Mozilla/5.0 (Windows NT 10.0; Win64; x64) AppleWebKit/537.36 (KHTML, like Gecko) Chrome/123.0.0.0 Safari/537.36"
185.173.39.81 - - [16/Apr/2026:13:56:11 +0300] "POST /xmlrpc.php HTTP/1.1" 200 0 "-" "Mozilla/5.0 (Windows NT 6.1) AppleWebKit/537.36 (KHTML, like Gecko) Chrome/49.0.2623.112 Safari/537.36"
185.216.113.70 - - [16/Apr/2026:13:57:37 +0300] "POST /wp-cron.php?doing_wp_cron=1776337056.8401889801025390625000 HTTP/1.1" 200 448 "-" "WordPress/6.3.8; https://serhatburke.miroglu.net"
45.117.55.134 - - [16/Apr/2026:13:55:50 +0300] "GET /quickwin-casino-tragamonedas-rpidas-juegos-en-vivo/ HTTP/1.1" 200 21879 "-" "Python/3.14 aiohttp/3.13.3"
185.216.113.70 - - [16/Apr/2026:13:58:08 +0300] "POST /wp-cron.php?doing_wp_cron=1776337088.4129040241241455078125 HTTP/1.1" 200 448 "-" "WordPress/6.3.8; https://serhatburke.miroglu.net"
103.219.169.133 - - [16/Apr/2026:13:56:09 +0300] "POST /xmlrpc.php HTTP/1.1" 200 15678 "-" "Mozilla/5.0 (Windows NT 10.0; Win64; x64) AppleWebKit/537.36 (KHTML, like Gecko) Chrome/114.0.0.0 Safari/537.36"
173.211.30.163 - - [16/Apr/2026:13:56:09 +0300] "GET /quickwin-casino-tragamonedas-rpidas-juegos-en-vivo/ HTTP/1.1" 500 782 "-" "Python/3.14 aiohttp/3.13.3"
185.173.39.81 - - [16/Apr/2026:13:57:13 +0300] "POST /xmlrpc.php HTTP/1.1" 200 0 "-" "Mozilla/5.0 (Windows NT 6.1) AppleWebKit/537.36 (KHTML, like Gecko) Chrome/49.0.2623.112 Safari/537.36"
103.219.169.133 - - [16/Apr/2026:13:56:21 +0300] "POST /xmlrpc.php HTTP/1.1" 500 745 "-" "Mozilla/5.0 (Windows NT 10.0; Win64; x64) AppleWebKit/537.36 (KHTML, like Gecko) Chrome/114.0.0.0 Safari/537.36"
165.73.240.153 - - [16/Apr/2026:13:56:24 +0300] "POST /xmlrpc.php HTTP/1.1" 500 745 "-" "Mozilla/5.0 (Windows NT 10.0; Win64; x64) AppleWebKit/537.36 (KHTML, like Gecko) Chrome/114.0.0.0 Safari/537.36"
185.216.113.70 - - [16/Apr/2026:13:58:31 +0300] "POST /wp-cron.php?doing_wp_cron=1776337111.8048510551452636718750 HTTP/1.1" 200 448 "-" "WordPress/6.3.8; https://serhatburke.miroglu.net"
103.219.169.133 - - [16/Apr/2026:13:56:54 +0300] "POST /xmlrpc.php HTTP/1.1" 200 16174 "-" "Mozilla/5.0 (Windows NT 10.0; Win64; x64) AppleWebKit/537.36 (KHTML, like Gecko) Chrome/114.0.0.0 Safari/537.36"
103.219.169.133 - - [16/Apr/2026:13:56:37 +0300] "GET /kasino-pramie-ohne-einzahlung-2026-die-anbieter-bezahlen-jedoch-nicht-langer-slot-verbunden-magic-landstrich-daselbst-ihr-spielautomaten-aztec-pyramids-grose-erfahrung-untersuchung-enns/ HTTP/1.1" 500 745 "-" "Mozilla/5.0 (Windows NT 10.0; Win64; x64) AppleWebKit/537.36 (KHTML, like Gecko) Chrome/124.0.0.0 Safari/537.36 Edg/124.0.0.0"
165.73.240.153 - - [16/Apr/2026:13:56:39 +0300] "GET /pharaons-gold-reputation-app-to-your-craigs-grizzly-gold-mobile-slot-list-appstore/ HTTP/1.1" 500 745 "-" "Mozilla/5.0 (Windows NT 10.0; Win64; x64; rv:124.0) Gecko/20100101 Firefox/124.0"
185.216.113.70 - - [16/Apr/2026:13:58:41 +0300] "POST /wp-cron.php?doing_wp_cron=1776337121.7079880237579345703125 HTTP/1.1" 200 448 "-" "WordPress/6.3.8; https://serhatburke.miroglu.net"
165.73.240.153 - - [16/Apr/2026:13:56:47 +0300] "POST /xmlrpc.php HTTP/1.1" 200 12791 "-" "Mozilla/5.0 (Windows NT 10.0; Win64; x64) AppleWebKit/537.36 (KHTML, like Gecko) Chrome/114.0.0.0 Safari/537.36"
185.216.113.70 - - [16/Apr/2026:13:58:47 +0300] "POST /wp-cron.php?doing_wp_cron=1776337127.1092679500579833984375 HTTP/1.1" 200 448 "-" "WordPress/6.3.8; https://serhatburke.miroglu.net"
103.219.169.133 - - [16/Apr/2026:13:56:56 +0300] "POST /xmlrpc.php HTTP/1.1" 200 627 "-" "Mozilla/5.0 (Windows NT 10.0; Win64; x64) AppleWebKit/537.36 (KHTML, like Gecko) Chrome/114.0.0.0 Safari/537.36"
103.219.169.133 - - [16/Apr/2026:13:57:07 +0300] "POST /xmlrpc.php HTTP/1.1" 500 745 "-" "Mozilla/5.0 (Windows NT 10.0; Win64; x64) AppleWebKit/537.36 (KHTML, like Gecko) Chrome/114.0.0.0 Safari/537.36"
185.173.39.81 - - [16/Apr/2026:13:58:16 +0300] "POST /xmlrpc.php HTTP/1.1" 200 0 "-" "Mozilla/5.0 (Windows NT 6.1) AppleWebKit/537.36 (KHTML, like Gecko) Chrome/49.0.2623.112 Safari/537.36"
165.73.240.153 - - [16/Apr/2026:13:57:40 +0300] "POST /xmlrpc.php HTTP/1.1" 200 630 "-" "Mozilla/5.0 (Windows NT 10.0; Win64; x64) AppleWebKit/537.36 (KHTML, like Gecko) Chrome/114.0.0.0 Safari/537.36"
185.216.113.70 - - [16/Apr/2026:13:59:38 +0300] "POST /wp-cron.php?doing_wp_cron=1776337178.5871589183807373046875 HTTP/1.1" 200 448 "-" "WordPress/6.3.8; https://serhatburke.miroglu.net"
103.219.169.133 - - [16/Apr/2026:13:57:54 +0300] "POST /xmlrpc.php HTTP/1.1" 500 745 "-" "Mozilla/5.0 (Windows NT 10.0; Win64; x64) AppleWebKit/537.36 (KHTML, like Gecko) Chrome/114.0.0.0 Safari/537.36"
98.98.9.26 - - [16/Apr/2026:13:58:07 +0300] "POST /xmlrpc.php HTTP/1.1" 200 630 "-" "Mozilla/5.0 (Windows NT 10.0; Win64; x64) AppleWebKit/537.36 (KHTML, like Gecko) Chrome/114.0.0.0 Safari/537.36"
103.219.169.133 - - [16/Apr/2026:13:57:57 +0300] "POST /xmlrpc.php HTTP/1.1" 200 630 "-" "Mozilla/5.0 (Windows NT 10.0; Win64; x64) AppleWebKit/537.36 (KHTML, like Gecko) Chrome/114.0.0.0 Safari/537.36"
103.219.169.133 - - [16/Apr/2026:13:58:01 +0300] "POST /xmlrpc.php HTTP/1.1" 500 745 "-" "Mozilla/5.0 (Windows NT 10.0; Win64; x64) AppleWebKit/537.36 (KHTML, like Gecko) Chrome/114.0.0.0 Safari/537.36"
185.216.113.70 - - [16/Apr/2026:13:59:53 +0300] "POST /wp-cron.php?doing_wp_cron=1776337193.5272669792175292968750 HTTP/1.1" 200 448 "-" "WordPress/6.3.8; https://serhatburke.miroglu.net"
185.216.113.70 - - [16/Apr/2026:13:59:55 +0300] "POST /wp-cron.php?doing_wp_cron=1776337194.9109790325164794921875 HTTP/1.1" 200 448 "-" "WordPress/6.3.8; https://serhatburke.miroglu.net"
165.73.240.153 - - [16/Apr/2026:13:58:03 +0300] "POST /xmlrpc.php HTTP/1.1" 500 745 "-" "Mozilla/5.0 (Windows NT 10.0; Win64; x64) AppleWebKit/537.36 (KHTML, like Gecko) Chrome/114.0.0.0 Safari/537.36"
103.219.169.133 - - [16/Apr/2026:13:58:17 +0300] "POST /xmlrpc.php HTTP/1.1" 200 627 "-" "Mozilla/5.0 (Windows NT 10.0; Win64; x64) AppleWebKit/537.36 (KHTML, like Gecko) Chrome/114.0.0.0 Safari/537.36"
165.73.240.153 - - [16/Apr/2026:13:58:19 +0300] "POST /xmlrpc.php HTTP/1.1" 500 745 "-" "Mozilla/5.0 (Windows NT 10.0; Win64; x64) AppleWebKit/537.36 (KHTML, like Gecko) Chrome/114.0.0.0 Safari/537.36"
185.216.113.70 - - [16/Apr/2026:14:00:11 +0300] "POST /wp-cron.php?doing_wp_cron=1776337210.9337649345397949218750 HTTP/1.1" 200 448 "-" "WordPress/6.3.8; https://serhatburke.miroglu.net"
185.173.39.81 - - [16/Apr/2026:13:59:18 +0300] "POST /xmlrpc.php HTTP/1.1" 200 0 "-" "Mozilla/5.0 (Windows NT 6.1) AppleWebKit/537.36 (KHTML, like Gecko) Chrome/49.0.2623.112 Safari/537.36"
185.216.113.70 - - [16/Apr/2026:14:00:23 +0300] "POST /wp-cron.php?doing_wp_cron=1776337222.9186170101165771484375 HTTP/1.1" 200 448 "-" "WordPress/6.3.8; https://serhatburke.miroglu.net"
165.73.240.153 - - [16/Apr/2026:13:58:32 +0300] "POST /xmlrpc.php HTTP/1.1" 200 12773 "-" "Mozilla/5.0 (Windows NT 10.0; Win64; x64) AppleWebKit/537.36 (KHTML, like Gecko) Chrome/114.0.0.0 Safari/537.36"
98.98.9.27 - - [16/Apr/2026:13:58:29 +0300] "POST /xmlrpc.php HTTP/1.1" 500 745 "-" "Mozilla/5.0 (Windows NT 10.0; Win64; x64) AppleWebKit/537.36 (KHTML, like Gecko) Chrome/114.0.0.0 Safari/537.36"
103.219.169.133 - - [16/Apr/2026:13:58:34 +0300] "GET /moon-win-casino-schatzung-2026-5-spielen-sie-beetle-mania-000-starterbonus/ HTTP/1.1" 500 745 "-" "Mozilla/5.0 (Windows NT 10.0; Win64; x64) AppleWebKit/537.36 (KHTML, like Gecko) Chrome/123.0.0.0 Safari/537.36"
185.216.113.70 - - [16/Apr/2026:14:00:39 +0300] "POST /wp-cron.php?doing_wp_cron=1776337238.9235949516296386718750 HTTP/1.1" 200 448 "-" "WordPress/6.3.8; https://serhatburke.miroglu.net"
103.219.169.133 - - [16/Apr/2026:13:58:47 +0300] "POST /xmlrpc.php HTTP/1.1" 500 1102 "-" "Mozilla/5.0 (Windows NT 10.0; Win64; x64) AppleWebKit/537.36 (KHTML, like Gecko) Chrome/114.0.0.0 Safari/537.36"
165.73.240.153 - - [16/Apr/2026:13:58:52 +0300] "POST /xmlrpc.php HTTP/1.1" 500 745 "-" "Mozilla/5.0 (Windows NT 10.0; Win64; x64) AppleWebKit/537.36 (KHTML, like Gecko) Chrome/114.0.0.0 Safari/537.36"
185.216.113.70 - - [16/Apr/2026:14:01:18 +0300] "POST /wp-cron.php?doing_wp_cron=1776337275.2882249355316162109375 HTTP/1.1" 200 448 "-" "WordPress/6.3.8; https://serhatburke.miroglu.net"
165.73.240.153 - - [16/Apr/2026:13:59:20 +0300] "POST /xmlrpc.php HTTP/1.1" 500 745 "-" "Mozilla/5.0 (Windows NT 10.0; Win64; x64) AppleWebKit/537.36 (KHTML, like Gecko) Chrome/114.0.0.0 Safari/537.36"
103.219.169.133 - - [16/Apr/2026:13:59:34 +0300] "GET /?p=113738 HTTP/1.1" 301 650 "-" "Mozilla/5.0 (Windows NT 10.0; Win64; x64) AppleWebKit/537.36 (KHTML, like Gecko) Chrome/124.0.0.0 Safari/537.36"
185.173.39.81 - - [16/Apr/2026:14:00:20 +0300] "POST /xmlrpc.php HTTP/1.1" 200 0 "-" "Mozilla/5.0 (Windows NT 6.1) AppleWebKit/537.36 (KHTML, like Gecko) Chrome/49.0.2623.112 Safari/537.36"
103.219.169.133 - - [16/Apr/2026:13:59:37 +0300] "POST /xmlrpc.php HTTP/1.1" 500 745 "-" "Mozilla/5.0 (Windows NT 10.0; Win64; x64) AppleWebKit/537.36 (KHTML, like Gecko) Chrome/114.0.0.0 Safari/537.36"
98.98.9.26 - - [16/Apr/2026:13:59:47 +0300] "POST /xmlrpc.php HTTP/1.1" 500 745 "-" "Mozilla/5.0 (Windows NT 10.0; Win64; x64) AppleWebKit/537.36 (KHTML, like Gecko) Chrome/114.0.0.0 Safari/537.36"
98.98.9.27 - - [16/Apr/2026:14:00:08 +0300] "POST /xmlrpc.php HTTP/1.1" 500 745 "-" "Mozilla/5.0 (Windows NT 10.0; Win64; x64) AppleWebKit/537.36 (KHTML, like Gecko) Chrome/114.0.0.0 Safari/537.36"
165.73.240.153 - - [16/Apr/2026:14:00:12 +0300] "GET /?p=113740 HTTP/1.1" 500 745 "-" "Mozilla/5.0 (Windows NT 10.0; Win64; x64) AppleWebKit/537.36 (KHTML, like Gecko) Chrome/124.0.0.0 Safari/537.36 Edg/124.0.0.0"
103.219.169.133 - - [16/Apr/2026:14:00:14 +0300] "POST /xmlrpc.php HTTP/1.1" 500 745 "-" "Mozilla/5.0 (Windows NT 10.0; Win64; x64) AppleWebKit/537.36 (KHTML, like Gecko) Chrome/114.0.0.0 Safari/537.36"
165.73.240.153 - - [16/Apr/2026:14:00:32 +0300] "POST /xmlrpc.php HTTP/1.1" 500 745 "-" "Mozilla/5.0 (Windows NT 10.0; Win64; x64) AppleWebKit/537.36 (KHTML, like Gecko) Chrome/114.0.0.0 Safari/537.36"
185.216.113.70 - - [16/Apr/2026:14:02:39 +0300] "POST /wp-cron.php?doing_wp_cron=1776337359.3941159248352050781250 HTTP/1.1" 200 448 "-" "WordPress/6.3.8; https://serhatburke.miroglu.net"
185.216.113.70 - - [16/Apr/2026:14:02:43 +0300] "POST /wp-cron.php?doing_wp_cron=1776337363.7911748886108398437500 HTTP/1.1" 200 448 "-" "WordPress/6.3.8; https://serhatburke.miroglu.net"
103.219.169.133 - - [16/Apr/2026:14:01:22 +0300] "GET /10-fur-nusse-100-werfen-sie-einen-blick-auf-den-link-bis-400/ HTTP/1.1" 200 77123 "-" "Mozilla/5.0 (Windows NT 10.0; Win64; x64) AppleWebKit/537.36 (KHTML, like Gecko) Chrome/124.0.0.0 Safari/537.36"
185.216.113.70 - - [16/Apr/2026:14:02:48 +0300] "POST /wp-cron.php?doing_wp_cron=1776337368.3933598995208740234375 HTTP/1.1" 200 448 "-" "WordPress/6.3.8; https://serhatburke.miroglu.net"
165.73.240.153 - - [16/Apr/2026:14:01:06 +0300] "POST /xmlrpc.php HTTP/1.1" 200 12466 "-" "Mozilla/5.0 (Windows NT 10.0; Win64; x64) AppleWebKit/537.36 (KHTML, like Gecko) Chrome/114.0.0.0 Safari/537.36"
185.216.113.70 - - [16/Apr/2026:14:02:57 +0300] "POST /wp-cron.php?doing_wp_cron=1776337377.6214699745178222656250 HTTP/1.1" 200 448 "-" "WordPress/6.3.8; https://serhatburke.miroglu.net"
103.219.169.133 - - [16/Apr/2026:14:01:14 +0300] "POST /xmlrpc.php HTTP/1.1" 200 627 "-" "Mozilla/5.0 (Windows NT 10.0; Win64; x64) AppleWebKit/537.36 (KHTML, like Gecko) Chrome/114.0.0.0 Safari/537.36"
185.216.113.70 - - [16/Apr/2026:14:03:00 +0300] "POST /wp-cron.php?doing_wp_cron=1776337380.0005218982696533203125 HTTP/1.1" 200 448 "-" "WordPress/6.3.8; https://serhatburke.miroglu.net"
103.219.169.133 - - [16/Apr/2026:14:01:22 +0300] "POST /xmlrpc.php HTTP/1.1" 200 14594 "-" "Mozilla/5.0 (Windows NT 10.0; Win64; x64) AppleWebKit/537.36 (KHTML, like Gecko) Chrome/114.0.0.0 Safari/537.36"
185.216.113.70 - - [16/Apr/2026:14:03:04 +0300] "POST /wp-cron.php?doing_wp_cron=1776337384.3101999759674072265625 HTTP/1.1" 200 448 "-" "WordPress/6.3.8; https://serhatburke.miroglu.net"
185.216.113.70 - - [16/Apr/2026:14:03:05 +0300] "POST /wp-cron.php?doing_wp_cron=1776337385.2962830066680908203125 HTTP/1.1" 200 448 "-" "WordPress/6.3.8; https://serhatburke.miroglu.net"
45.41.179.163 - - [16/Apr/2026:14:01:31 +0300] "GET /wolf-treasures-slot-quickspin-adventures-for-the-m/ HTTP/1.1" 200 18666 "-" "Python/3.14 aiohttp/3.13.3"
64.188.100.153 - - [16/Apr/2026:14:01:20 +0300] "GET /wolf-treasures-slot-quickspin-adventures-for-the-m/ HTTP/1.1" 200 21125 "-" "Python/3.14 aiohttp/3.13.3"
185.216.113.70 - - [16/Apr/2026:14:03:11 +0300] "POST /wp-cron.php?doing_wp_cron=1776337391.3924949169158935546875 HTTP/1.1" 200 448 "-" "WordPress/6.3.8; https://serhatburke.miroglu.net"
98.98.9.26 - - [16/Apr/2026:14:01:32 +0300] "POST /xmlrpc.php HTTP/1.1" 200 13890 "-" "Mozilla/5.0 (Windows NT 10.0; Win64; x64) AppleWebKit/537.36 (KHTML, like Gecko) Chrome/114.0.0.0 Safari/537.36"
185.216.113.70 - - [16/Apr/2026:14:03:15 +0300] "POST /wp-cron.php?doing_wp_cron=1776337395.5156850814819335937500 HTTP/1.1" 200 448 "-" "WordPress/6.3.8; https://serhatburke.miroglu.net"
181.214.13.103 - - [16/Apr/2026:14:01:44 +0300] "GET /wolf-treasures-slot-quickspin-adventures-for-the-m/ HTTP/1.1" 200 21125 "-" "Python/3.14 aiohttp/3.13.3"
185.216.113.70 - - [16/Apr/2026:14:03:21 +0300] "POST /wp-cron.php?doing_wp_cron=1776337400.9018580913543701171875 HTTP/1.1" 200 448 "-" "WordPress/6.3.8; https://serhatburke.miroglu.net"
165.73.240.153 - - [16/Apr/2026:14:01:52 +0300] "POST /xmlrpc.php HTTP/1.1" 200 861 "-" "Mozilla/5.0 (Windows NT 10.0; Win64; x64) AppleWebKit/537.36 (KHTML, like Gecko) Chrome/114.0.0.0 Safari/537.36"
54.39.203.49 - - [16/Apr/2026:14:03:30 +0300] "GET /discover-the-ease-of-using-safepal-wallet-for-crypto/ HTTP/2" 200 0 "-" "Mozilla/5.0 (compatible; AhrefsBot/7.0; +http://ahrefs.com/robot/)"
185.216.113.70 - - [16/Apr/2026:14:04:19 +0300] "POST /wp-cron.php?doing_wp_cron=1776337459.5241858959197998046875 HTTP/1.1" 200 448 "-" "WordPress/6.3.8; https://serhatburke.miroglu.net"
165.73.240.153 - - [16/Apr/2026:14:02:50 +0300] "POST /xmlrpc.php HTTP/1.1" 200 12466 "-" "Mozilla/5.0 (Windows NT 10.0; Win64; x64) AppleWebKit/537.36 (KHTML, like Gecko) Chrome/114.0.0.0 Safari/537.36"
185.216.113.70 - - [16/Apr/2026:14:04:30 +0300] "POST /wp-cron.php?doing_wp_cron=1776337470.4941079616546630859375 HTTP/1.1" 200 448 "-" "WordPress/6.3.8; https://serhatburke.miroglu.net"
