103.219.169.167 - - [17/Apr/2026:00:14:32 +0300] "POST /xmlrpc.php HTTP/1.1" 200 15250 "-" "Mozilla/5.0 (Windows NT 10.0; Win64; x64) AppleWebKit/537.36 (KHTML, like Gecko) Chrome/114.0.0.0 Safari/537.36"
103.219.169.167 - - [17/Apr/2026:00:14:47 +0300] "GET /packen-diese-letter-uber-ihr-richtigen-blackjack-masterplan-nicht-fruher-kostenlose-spins-mad-mad-monkey-keine-einzahlung-als/ HTTP/1.1" 200 78683 "-" "Mozilla/5.0 (Windows NT 10.0; rv:125.0) Gecko/20100101 Firefox/125.0"
40.77.167.68 - - [17/Apr/2026:00:15:12 +0300] "GET /sitemap.rss HTTP/2" 200 6015 "-" "Mozilla/5.0 AppleWebKit/537.36 (KHTML, like Gecko; compatible; bingbot/2.0; +http://www.bing.com/bingbot.htm) Chrome/116.0.1938.76 Safari/537.36"
185.216.113.70 - - [17/Apr/2026:00:19:30 +0300] "POST /wp-cron.php?doing_wp_cron=1776374370.5831360816955566406250 HTTP/1.1" 200 448 "-" "WordPress/6.3.8; https://serhatburke.miroglu.net"
103.219.169.167 - - [17/Apr/2026:00:19:17 +0300] "POST /xmlrpc.php HTTP/1.1" 200 630 "-" "Mozilla/5.0 (Windows NT 10.0; Win64; x64) AppleWebKit/537.36 (KHTML, like Gecko) Chrome/114.0.0.0 Safari/537.36"
103.219.169.167 - - [17/Apr/2026:00:19:37 +0300] "POST /xmlrpc.php HTTP/1.1" 200 16681 "-" "Mozilla/5.0 (Windows NT 10.0; Win64; x64) AppleWebKit/537.36 (KHTML, like Gecko) Chrome/114.0.0.0 Safari/537.36"
103.219.169.167 - - [17/Apr/2026:00:19:52 +0300] "GET /echtgeld-casinos-osterreich-journey-of-the-sun-slot-marzen-2026-allemal-vortragen/ HTTP/1.1" 200 78596 "-" "Mozilla/5.0 (Windows NT 10.0; Win64; x64) AppleWebKit/537.36 (KHTML, like Gecko) Chrome/124.0.0.0 Safari/537.36"
45.250.252.183 - - [17/Apr/2026:00:20:21 +0300] "POST /xmlrpc.php HTTP/1.1" 200 630 "-" "Mozilla/5.0 (Windows NT 10.0; Win64; x64) AppleWebKit/537.36 (KHTML, like Gecko) Chrome/114.0.0.0 Safari/537.36"
185.216.113.70 - - [17/Apr/2026:00:21:01 +0300] "POST /wp-cron.php?doing_wp_cron=1776374461.0026729106903076171875 HTTP/1.1" 200 448 "-" "WordPress/6.3.8; https://serhatburke.miroglu.net"
45.250.252.183 - - [17/Apr/2026:00:20:45 +0300] "POST /xmlrpc.php HTTP/1.1" 200 9273 "-" "Mozilla/5.0 (Windows NT 10.0; Win64; x64) AppleWebKit/537.36 (KHTML, like Gecko) Chrome/114.0.0.0 Safari/537.36"
45.250.252.183 - - [17/Apr/2026:00:21:03 +0300] "GET /50-ilman-talletusta-taysin-ilmainen-revolves-2025-paikallinen-kasino-lisasivustot/ HTTP/1.1" 200 71901 "-" "Mozilla/5.0 (Windows NT 10.0; Win64; x64) AppleWebKit/537.36 (KHTML, like Gecko) Chrome/124.0.0.0 Safari/537.36 Edg/124.0.0.0"
157.90.114.254 - - [17/Apr/2026:00:21:09 +0300] "POST /xmlrpc.php HTTP/1.1" 200 605 "-" "Mozilla/5.0 (Windows NT 10.0; Win64; x64) AppleWebKit/537.36 (KHTML, like Gecko) Chrome/108.0.0.0 Safari/537.36"
157.90.114.254 - - [17/Apr/2026:00:21:25 +0300] "POST /xmlrpc.php HTTP/1.1" 200 4360 "-" "Mozilla/5.0 (Windows NT 10.0; Win64; x64) AppleWebKit/537.36 (KHTML, like Gecko) Chrome/108.0.0.0 Safari/537.36"
185.216.113.70 - - [17/Apr/2026:00:21:52 +0300] "POST /wp-cron.php?doing_wp_cron=1776374512.2297599315643310546875 HTTP/1.1" 200 448 "-" "WordPress/6.3.8; https://serhatburke.miroglu.net"
157.90.114.254 - - [17/Apr/2026:00:21:40 +0300] "GET /genieplay-casino-en-2026-avis-complet/ HTTP/1.1" 200 18934 "-" "Mozilla/5.0 (Windows NT 10.0; Win64; x64) AppleWebKit/537.36 (KHTML, like Gecko) Chrome/108.0.0.0 Safari/537.36"
185.216.113.70 - - [17/Apr/2026:00:22:51 +0300] "POST /wp-cron.php?doing_wp_cron=1776374571.8974580764770507812500 HTTP/1.1" 200 448 "-" "WordPress/6.3.8; https://serhatburke.miroglu.net"
37.139.53.240 - - [17/Apr/2026:00:22:31 +0300] "POST / HTTP/2" 200 16365 "-" "Mozilla/5.0 (Macintosh; Intel Mac OS X 10.15; rv:135.0) Gecko/20100101 Firefox/135.0"
193.203.9.36 - - [17/Apr/2026:00:22:45 +0300] "GET / HTTP/2" 200 18451 "-" "Mozilla/5.0 (Macintosh; Intel Mac OS X 10_15_7) AppleWebKit/537.36 (KHTML, like Gecko) Chrome/120.0.0.0 Safari/537.36"
185.216.113.70 - - [17/Apr/2026:00:24:18 +0300] "POST /wp-cron.php?doing_wp_cron=1776374658.1284689903259277343750 HTTP/1.1" 200 448 "-" "WordPress/6.3.8; https://serhatburke.miroglu.net"
103.219.169.167 - - [17/Apr/2026:00:24:06 +0300] "POST /xmlrpc.php HTTP/1.1" 200 630 "-" "Mozilla/5.0 (Windows NT 10.0; Win64; x64) AppleWebKit/537.36 (KHTML, like Gecko) Chrome/114.0.0.0 Safari/537.36"
103.219.169.167 - - [17/Apr/2026:00:24:25 +0300] "POST /xmlrpc.php HTTP/1.1" 200 15940 "-" "Mozilla/5.0 (Windows NT 10.0; Win64; x64) AppleWebKit/537.36 (KHTML, like Gecko) Chrome/114.0.0.0 Safari/537.36"
185.216.113.70 - - [17/Apr/2026:00:24:51 +0300] "POST /wp-cron.php?doing_wp_cron=1776374691.7879989147186279296875 HTTP/1.1" 200 448 "-" "WordPress/6.3.8; https://serhatburke.miroglu.net"
103.219.169.167 - - [17/Apr/2026:00:24:38 +0300] "GET /beste-angeschlossen-casino-online-zotapay-casinos-brd-2026-meine-erfahrungen/ HTTP/1.1" 200 77817 "-" "Mozilla/5.0 (Windows NT 10.0; Win64; x64) AppleWebKit/537.36 (KHTML, like Gecko) Chrome/124.0.0.0 Safari/537.36"
185.216.113.70 - - [17/Apr/2026:00:29:04 +0300] "POST /wp-cron.php?doing_wp_cron=1776374944.7181909084320068359375 HTTP/1.1" 200 448 "-" "WordPress/6.3.8; https://serhatburke.miroglu.net"
103.219.169.167 - - [17/Apr/2026:00:28:51 +0300] "POST /xmlrpc.php HTTP/1.1" 200 630 "-" "Mozilla/5.0 (Windows NT 10.0; Win64; x64) AppleWebKit/537.36 (KHTML, like Gecko) Chrome/114.0.0.0 Safari/537.36"
103.219.169.167 - - [17/Apr/2026:00:29:11 +0300] "POST /xmlrpc.php HTTP/1.1" 200 17265 "-" "Mozilla/5.0 (Windows NT 10.0; Win64; x64) AppleWebKit/537.36 (KHTML, like Gecko) Chrome/114.0.0.0 Safari/537.36"
103.219.169.167 - - [17/Apr/2026:00:29:25 +0300] "GET /zum-sovereign-of-the-seven-seas-mobile-casino-besten-geben-qua-echten-dealern/ HTTP/1.1" 200 79446 "-" "Mozilla/5.0 (Windows NT 10.0; Win64; x64) AppleWebKit/537.36 (KHTML, like Gecko) Chrome/124.0.0.0 Safari/537.36 Edg/124.0.0.0"
185.216.113.70 - - [17/Apr/2026:00:29:57 +0300] "POST /wp-cron.php?doing_wp_cron=1776374997.1086618900299072265625 HTTP/1.1" 200 448 "-" "WordPress/6.3.8; https://serhatburke.miroglu.net"
45.250.252.183 - - [17/Apr/2026:00:29:41 +0300] "POST /xmlrpc.php HTTP/1.1" 200 630 "-" "Mozilla/5.0 (Windows NT 10.0; Win64; x64) AppleWebKit/537.36 (KHTML, like Gecko) Chrome/114.0.0.0 Safari/537.36"
45.250.252.183 - - [17/Apr/2026:00:30:04 +0300] "POST /xmlrpc.php HTTP/1.1" 200 17149 "-" "Mozilla/5.0 (Windows NT 10.0; Win64; x64) AppleWebKit/537.36 (KHTML, like Gecko) Chrome/114.0.0.0 Safari/537.36"
185.216.113.70 - - [17/Apr/2026:00:30:40 +0300] "POST /wp-cron.php?doing_wp_cron=1776375040.0157659053802490234375 HTTP/1.1" 200 448 "-" "WordPress/6.3.8; https://serhatburke.miroglu.net"
45.250.252.183 - - [17/Apr/2026:00:30:23 +0300] "GET /%E0%A4%9C%E0%A4%BF%E0%A4%82%E0%A4%97%E0%A4%B2-%E0%A4%9C%E0%A5%88%E0%A4%95%E0%A4%AA%E0%A5%89%E0%A4%9F%E0%A5%8D%E0%A4%B8-%E0%A4%B8%E0%A5%8D%E0%A4%B2%E0%A5%89%E0%A4%9F-%E0%A4%97%E0%A5%87%E0%A4%AE/ HTTP/1.1" 200 85576 "-" "Mozilla/5.0 (Windows NT 10.0; Win64; x64; rv:124.0) Gecko/20100101 Firefox/124.0"
185.216.113.70 - - [17/Apr/2026:00:36:47 +0300] "POST /wp-cron.php?doing_wp_cron=1776375406.8947989940643310546875 HTTP/1.1" 200 448 "-" "WordPress/6.3.8; https://serhatburke.miroglu.net"
103.219.169.167 - - [17/Apr/2026:00:36:34 +0300] "POST /xmlrpc.php HTTP/1.1" 200 630 "-" "Mozilla/5.0 (Windows NT 10.0; Win64; x64) AppleWebKit/537.36 (KHTML, like Gecko) Chrome/114.0.0.0 Safari/537.36"
103.219.169.167 - - [17/Apr/2026:00:36:53 +0300] "POST /xmlrpc.php HTTP/1.1" 200 16267 "-" "Mozilla/5.0 (Windows NT 10.0; Win64; x64) AppleWebKit/537.36 (KHTML, like Gecko) Chrome/114.0.0.0 Safari/537.36"
103.219.169.167 - - [17/Apr/2026:00:37:08 +0300] "GET /keno-exklusive-anmeldung-casino-sicher-%EF%B8%8F/ HTTP/1.1" 200 77244 "-" "Mozilla/5.0 (Windows NT 10.0; Win64; x64) AppleWebKit/537.36 (KHTML, like Gecko) Chrome/109.0.0.0 Safari/537.36"
185.216.113.70 - - [17/Apr/2026:00:42:31 +0300] "POST /wp-cron.php?doing_wp_cron=1776375751.7019679546356201171875 HTTP/1.1" 200 448 "-" "WordPress/6.3.8; https://serhatburke.miroglu.net"
45.250.252.183 - - [17/Apr/2026:00:42:14 +0300] "POST /xmlrpc.php HTTP/1.1" 200 630 "-" "Mozilla/5.0 (Windows NT 10.0; Win64; x64) AppleWebKit/537.36 (KHTML, like Gecko) Chrome/114.0.0.0 Safari/537.36"
103.219.169.167 - - [17/Apr/2026:00:42:33 +0300] "POST /xmlrpc.php HTTP/1.1" 200 630 "-" "Mozilla/5.0 (Windows NT 10.0; Win64; x64) AppleWebKit/537.36 (KHTML, like Gecko) Chrome/114.0.0.0 Safari/537.36"
45.250.252.183 - - [17/Apr/2026:00:42:39 +0300] "POST /xmlrpc.php HTTP/1.1" 200 17084 "-" "Mozilla/5.0 (Windows NT 10.0; Win64; x64) AppleWebKit/537.36 (KHTML, like Gecko) Chrome/114.0.0.0 Safari/537.36"
103.219.169.167 - - [17/Apr/2026:00:42:54 +0300] "POST /xmlrpc.php HTTP/1.1" 200 15948 "-" "Mozilla/5.0 (Windows NT 10.0; Win64; x64) AppleWebKit/537.36 (KHTML, like Gecko) Chrome/114.0.0.0 Safari/537.36"
45.250.252.183 - - [17/Apr/2026:00:42:58 +0300] "GET /%E0%A4%9C%E0%A4%82%E0%A4%97%E0%A4%B2-%E0%A4%9C%E0%A4%BF%E0%A4%AE-%E0%A4%8F%E0%A4%B2-%E0%A4%A1%E0%A5%8B%E0%A4%B0%E0%A4%BE%E0%A4%A1%E0%A5%8B-%E0%A4%B8%E0%A5%8D%E0%A4%B2%E0%A5%89%E0%A4%9F-%E0%A4%97/ HTTP/1.1" 200 86264 "-" "Mozilla/5.0 (Windows NT 10.0; Win64; x64; rv:125.0) Gecko/20100101 Firefox/125.0"
103.219.169.167 - - [17/Apr/2026:00:43:09 +0300] "GET /blackjack-strategien-sizzling-hot-paypal-diese-fundament-pro-erfolg-bei-dem-auffuhren/ HTTP/1.1" 200 78105 "-" "Mozilla/5.0 (Windows NT 10.0; Win64; x64) AppleWebKit/537.36 (KHTML, like Gecko) Chrome/122.0.0.0 Safari/537.36"
185.216.113.70 - - [17/Apr/2026:00:47:18 +0300] "POST /wp-cron.php?doing_wp_cron=1776376037.9682230949401855468750 HTTP/1.1" 200 448 "-" "WordPress/6.3.8; https://serhatburke.miroglu.net"
40.77.167.14 - - [17/Apr/2026:00:47:05 +0300] "GET /sitemap_index.xml HTTP/2" 302 0 "-" "Mozilla/5.0 AppleWebKit/537.36 (KHTML, like Gecko; compatible; bingbot/2.0; +http://www.bing.com/bingbot.htm) Chrome/116.0.1938.76 Safari/537.36"
40.77.167.14 - - [17/Apr/2026:00:47:25 +0300] "GET /sitemap.xml HTTP/2" 200 1059 "-" "Mozilla/5.0 AppleWebKit/537.36 (KHTML, like Gecko; compatible; bingbot/2.0; +http://www.bing.com/bingbot.htm) Chrome/116.0.1938.76 Safari/537.36"
185.216.113.70 - - [17/Apr/2026:00:48:36 +0300] "POST /wp-cron.php?doing_wp_cron=1776376116.0256669521331787109375 HTTP/1.1" 200 448 "-" "WordPress/6.3.8; https://serhatburke.miroglu.net"
103.219.169.167 - - [17/Apr/2026:00:48:23 +0300] "POST /xmlrpc.php HTTP/1.1" 200 630 "-" "Mozilla/5.0 (Windows NT 10.0; Win64; x64) AppleWebKit/537.36 (KHTML, like Gecko) Chrome/114.0.0.0 Safari/537.36"
103.219.169.167 - - [17/Apr/2026:00:48:42 +0300] "POST /xmlrpc.php HTTP/1.1" 200 16254 "-" "Mozilla/5.0 (Windows NT 10.0; Win64; x64) AppleWebKit/537.36 (KHTML, like Gecko) Chrome/114.0.0.0 Safari/537.36"
103.219.169.167 - - [17/Apr/2026:00:48:57 +0300] "GET /beste-echtgeld-casinos-aktueller-angeschlossen-sehen-sie-sich-auf-dieser-seite-um-spielsaal-erprobung-fur-jedes-2026/ HTTP/1.1" 200 79127 "-" "Mozilla/5.0 (Windows NT 10.0; Win64; x64) AppleWebKit/537.36 (KHTML, like Gecko) Chrome/124.0.0.0 Safari/537.36"
185.216.113.70 - - [17/Apr/2026:00:49:45 +0300] "POST /wp-cron.php?doing_wp_cron=1776376185.2430219650268554687500 HTTP/1.1" 200 448 "-" "WordPress/6.3.8; https://serhatburke.miroglu.net"
45.250.252.183 - - [17/Apr/2026:00:49:27 +0300] "POST /xmlrpc.php HTTP/1.1" 200 630 "-" "Mozilla/5.0 (Windows NT 10.0; Win64; x64) AppleWebKit/537.36 (KHTML, like Gecko) Chrome/114.0.0.0 Safari/537.36"
45.250.252.183 - - [17/Apr/2026:00:49:52 +0300] "POST /xmlrpc.php HTTP/1.1" 200 9154 "-" "Mozilla/5.0 (Windows NT 10.0; Win64; x64) AppleWebKit/537.36 (KHTML, like Gecko) Chrome/114.0.0.0 Safari/537.36"
45.250.252.183 - - [17/Apr/2026:00:50:10 +0300] "GET /100-posto-besplatno-r50-registriraj-dodatno-takoder-ice-casino-povrat-novca-pruza/ HTTP/1.1" 200 71102 "-" "Mozilla/5.0 (Windows NT 10.0; rv:109.0) Gecko/20100101 Firefox/115.0"
185.216.113.70 - - [17/Apr/2026:00:54:24 +0300] "POST /wp-cron.php?doing_wp_cron=1776376464.4187269210815429687500 HTTP/1.1" 200 448 "-" "WordPress/6.3.8; https://serhatburke.miroglu.net"
103.219.169.167 - - [17/Apr/2026:00:54:12 +0300] "POST /xmlrpc.php HTTP/1.1" 200 630 "-" "Mozilla/5.0 (Windows NT 10.0; Win64; x64) AppleWebKit/537.36 (KHTML, like Gecko) Chrome/114.0.0.0 Safari/537.36"
103.219.169.167 - - [17/Apr/2026:00:54:31 +0300] "POST /xmlrpc.php HTTP/1.1" 200 16034 "-" "Mozilla/5.0 (Windows NT 10.0; Win64; x64) AppleWebKit/537.36 (KHTML, like Gecko) Chrome/114.0.0.0 Safari/537.36"
103.219.169.167 - - [17/Apr/2026:00:54:46 +0300] "GET /tagesordnungspunkt-online-kasino-maklercourtage-angebote-as-part-of-slot-wild-stars-teutonia-2026/ HTTP/1.1" 200 78126 "-" "Mozilla/5.0 (Windows NT 10.0; Win64; x64; rv:125.0) Gecko/20100101 Firefox/125.0"
45.250.252.183 - - [17/Apr/2026:00:54:47 +0300] "POST /xmlrpc.php HTTP/1.1" 200 630 "-" "Mozilla/5.0 (Windows NT 10.0; Win64; x64) AppleWebKit/537.36 (KHTML, like Gecko) Chrome/114.0.0.0 Safari/537.36"
185.216.113.70 - - [17/Apr/2026:00:55:27 +0300] "POST /wp-cron.php?doing_wp_cron=1776376527.0694921016693115234375 HTTP/1.1" 200 448 "-" "WordPress/6.3.8; https://serhatburke.miroglu.net"
45.250.252.183 - - [17/Apr/2026:00:55:11 +0300] "POST /xmlrpc.php HTTP/1.1" 200 9964 "-" "Mozilla/5.0 (Windows NT 10.0; Win64; x64) AppleWebKit/537.36 (KHTML, like Gecko) Chrome/114.0.0.0 Safari/537.36"
45.250.252.183 - - [17/Apr/2026:00:55:29 +0300] "GET /meilleurs-bonus-de-casino-crypto-2026-offres-prijavite-se-ice-casino-de-bienvenue-jusqua-5-btc/ HTTP/1.1" 200 72401 "-" "Mozilla/5.0 (Windows NT 10.0; rv:125.0) Gecko/20100101 Firefox/125.0"
185.216.113.70 - - [17/Apr/2026:00:59:51 +0300] "POST /wp-cron.php?doing_wp_cron=1776376791.5821299552917480468750 HTTP/1.1" 200 448 "-" "WordPress/6.3.8; https://serhatburke.miroglu.net"
103.219.169.167 - - [17/Apr/2026:00:59:38 +0300] "POST /xmlrpc.php HTTP/1.1" 200 630 "-" "Mozilla/5.0 (Windows NT 10.0; Win64; x64) AppleWebKit/537.36 (KHTML, like Gecko) Chrome/114.0.0.0 Safari/537.36"
45.250.252.183 - - [17/Apr/2026:00:59:53 +0300] "POST /xmlrpc.php HTTP/1.1" 200 630 "-" "Mozilla/5.0 (Windows NT 10.0; Win64; x64) AppleWebKit/537.36 (KHTML, like Gecko) Chrome/114.0.0.0 Safari/537.36"
103.219.169.167 - - [17/Apr/2026:00:59:58 +0300] "POST /xmlrpc.php HTTP/1.1" 200 15628 "-" "Mozilla/5.0 (Windows NT 10.0; Win64; x64) AppleWebKit/537.36 (KHTML, like Gecko) Chrome/114.0.0.0 Safari/537.36"
89.167.59.5 - - [17/Apr/2026:01:00:09 +0300] "POST /xmlrpc.php HTTP/1.1" 200 604 "-" "Mozilla/5.0 (Windows NT 10.0; Win64; x64) AppleWebKit/537.36 (KHTML, like Gecko) Chrome/108.0.0.0 Safari/537.36"
103.219.169.167 - - [17/Apr/2026:01:00:15 +0300] "GET /erreichbar-casinos-via-echtgeld-2026-tagesordnungspunkt-hottest-fruits-20-casino-10-anbieter-inoffizieller-mitarbeiter-untersuchung/ HTTP/1.1" 200 78728 "-" "Mozilla/5.0 (Windows NT 10.0; rv:125.0) Gecko/20100101 Firefox/125.0"
89.167.59.5 - - [17/Apr/2026:01:00:23 +0300] "POST /xmlrpc.php HTTP/1.1" 200 594 "-" "Mozilla/5.0 (Windows NT 10.0; Win64; x64) AppleWebKit/537.36 (KHTML, like Gecko) Chrome/108.0.0.0 Safari/537.36"
45.250.252.183 - - [17/Apr/2026:01:00:19 +0300] "POST /xmlrpc.php HTTP/1.1" 200 9314 "-" "Mozilla/5.0 (Windows NT 10.0; Win64; x64) AppleWebKit/537.36 (KHTML, like Gecko) Chrome/114.0.0.0 Safari/537.36"
185.216.113.70 - - [17/Apr/2026:01:00:57 +0300] "POST /wp-cron.php?doing_wp_cron=1776376857.1639330387115478515625 HTTP/1.1" 200 448 "-" "WordPress/6.3.8; https://serhatburke.miroglu.net"
45.250.252.183 - - [17/Apr/2026:01:00:41 +0300] "GET /ponude-besplatnih-okretaja-preuzmi-aplikaciju-goldbet-2024/ HTTP/1.1" 200 70463 "-" "Mozilla/5.0 (Windows NT 10.0; rv:125.0) Gecko/20100101 Firefox/125.0"
185.216.113.70 - - [17/Apr/2026:01:05:03 +0300] "POST /wp-cron.php?doing_wp_cron=1776377103.2720930576324462890625 HTTP/1.1" 200 448 "-" "WordPress/6.3.8; https://serhatburke.miroglu.net"
45.250.252.183 - - [17/Apr/2026:01:04:46 +0300] "POST /xmlrpc.php HTTP/1.1" 200 630 "-" "Mozilla/5.0 (Windows NT 10.0; Win64; x64) AppleWebKit/537.36 (KHTML, like Gecko) Chrome/114.0.0.0 Safari/537.36"
103.219.169.167 - - [17/Apr/2026:01:04:55 +0300] "POST /xmlrpc.php HTTP/1.1" 200 630 "-" "Mozilla/5.0 (Windows NT 10.0; Win64; x64) AppleWebKit/537.36 (KHTML, like Gecko) Chrome/114.0.0.0 Safari/537.36"
45.250.252.183 - - [17/Apr/2026:01:05:12 +0300] "POST /xmlrpc.php HTTP/1.1" 200 9809 "-" "Mozilla/5.0 (Windows NT 10.0; Win64; x64) AppleWebKit/537.36 (KHTML, like Gecko) Chrome/114.0.0.0 Safari/537.36"
103.219.169.167 - - [17/Apr/2026:01:05:15 +0300] "POST /xmlrpc.php HTTP/1.1" 200 16355 "-" "Mozilla/5.0 (Windows NT 10.0; Win64; x64) AppleWebKit/537.36 (KHTML, like Gecko) Chrome/114.0.0.0 Safari/537.36"
185.216.113.70 - - [17/Apr/2026:01:05:46 +0300] "POST /wp-cron.php?doing_wp_cron=1776377146.5602440834045410156250 HTTP/1.1" 200 448 "-" "WordPress/6.3.8; https://serhatburke.miroglu.net"
45.250.252.183 - - [17/Apr/2026:01:05:31 +0300] "GET /automat-5-ice-casino-prijava-za-partnere-dragons-ostvarite-napomenu-o-igrama-5-dragons/ HTTP/1.1" 200 71580 "-" "Mozilla/5.0 (Windows NT 10.0; Win64; x64; rv:125.0) Gecko/20100101 Firefox/125.0"
103.219.169.167 - - [17/Apr/2026:01:05:34 +0300] "GET /de-land-der-scribes-of-thebes-1-kaution-dichter-und-denker/ HTTP/1.1" 200 77540 "-" "Mozilla/5.0 (Windows NT 10.0; Win64; x64; rv:124.0) Gecko/20100101 Firefox/124.0"
185.216.113.70 - - [17/Apr/2026:01:09:54 +0300] "POST /wp-cron.php?doing_wp_cron=1776377394.3778200149536132812500 HTTP/1.1" 200 448 "-" "WordPress/6.3.8; https://serhatburke.miroglu.net"
45.250.252.183 - - [17/Apr/2026:01:09:36 +0300] "POST /xmlrpc.php HTTP/1.1" 200 630 "-" "Mozilla/5.0 (Windows NT 10.0; Win64; x64) AppleWebKit/537.36 (KHTML, like Gecko) Chrome/114.0.0.0 Safari/537.36"
45.250.252.183 - - [17/Apr/2026:01:10:02 +0300] "POST /xmlrpc.php HTTP/1.1" 200 9357 "-" "Mozilla/5.0 (Windows NT 10.0; Win64; x64) AppleWebKit/537.36 (KHTML, like Gecko) Chrome/114.0.0.0 Safari/537.36"
103.219.169.167 - - [17/Apr/2026:01:10:18 +0300] "POST /xmlrpc.php HTTP/1.1" 200 630 "-" "Mozilla/5.0 (Windows NT 10.0; Win64; x64) AppleWebKit/537.36 (KHTML, like Gecko) Chrome/114.0.0.0 Safari/537.36"
45.250.252.183 - - [17/Apr/2026:01:10:22 +0300] "GET /50-najboljih-kasina-sa-100-posto-besplatnih-okretaja-bez-verde-casino-verifikacija-depozita-u-2026-godini/ HTTP/1.1" 200 72044 "-" "Mozilla/5.0 (Windows NT 10.0; Win64; x64; rv:125.0) Gecko/20100101 Firefox/125.0"
185.216.113.70 - - [17/Apr/2026:01:10:52 +0300] "POST /wp-cron.php?doing_wp_cron=1776377451.9114398956298828125000 HTTP/1.1" 200 448 "-" "WordPress/6.3.8; https://serhatburke.miroglu.net"
103.219.169.167 - - [17/Apr/2026:01:10:38 +0300] "POST /xmlrpc.php HTTP/1.1" 200 16664 "-" "Mozilla/5.0 (Windows NT 10.0; Win64; x64) AppleWebKit/537.36 (KHTML, like Gecko) Chrome/114.0.0.0 Safari/537.36"
103.219.169.167 - - [17/Apr/2026:01:10:53 +0300] "GET /tagesordnungspunkt-online-casinos-brd-2025-register-deutscher-herr-bet-kontouberprufung-at-provider/ HTTP/1.1" 200 78998 "-" "Mozilla/5.0 (Windows NT 10.0; rv:109.0) Gecko/20100101 Firefox/115.0"
185.216.113.70 - - [17/Apr/2026:01:14:38 +0300] "POST /wp-cron.php?doing_wp_cron=1776377678.4912250041961669921875 HTTP/1.1" 200 448 "-" "WordPress/6.3.8; https://serhatburke.miroglu.net"
85.208.96.209 - - [17/Apr/2026:01:14:25 +0300] "GET /robots.txt HTTP/1.1" 200 605 "-" "Mozilla/5.0 (compatible; SemrushBot/7~bl; +http://www.semrush.com/bot.html)"
45.250.252.183 - - [17/Apr/2026:01:14:25 +0300] "POST /xmlrpc.php HTTP/1.1" 200 630 "-" "Mozilla/5.0 (Windows NT 10.0; Win64; x64) AppleWebKit/537.36 (KHTML, like Gecko) Chrome/114.0.0.0 Safari/537.36"
185.191.171.8 - - [17/Apr/2026:01:14:39 +0300] "GET /in-terms-of-online-casinos-inside-ontario-888casino-measures-up-really-well-using-its-competition/ HTTP/1.1" 200 20107 "-" "Mozilla/5.0 (compatible; SemrushBot/7~bl; +http://www.semrush.com/bot.html)"
45.250.252.183 - - [17/Apr/2026:01:14:50 +0300] "POST /xmlrpc.php HTTP/1.1" 200 9153 "-" "Mozilla/5.0 (Windows NT 10.0; Win64; x64) AppleWebKit/537.36 (KHTML, like Gecko) Chrome/114.0.0.0 Safari/537.36"
45.250.252.183 - - [17/Apr/2026:01:15:09 +0300] "GET /automat-5-dragons-igrajte-aristocrat-potpuno-besplatno-online-igre-verde-casino-prijava-agenta-s-pozicijama/ HTTP/1.1" 200 71864 "-" "Mozilla/5.0 (Windows NT 10.0; Win64; x64) AppleWebKit/537.36 (KHTML, like Gecko) Chrome/123.0.0.0 Safari/537.36 OPR/109.0.0.0"
103.219.169.167 - - [17/Apr/2026:01:15:25 +0300] "POST /xmlrpc.php HTTP/1.1" 200 630 "-" "Mozilla/5.0 (Windows NT 10.0; Win64; x64) AppleWebKit/537.36 (KHTML, like Gecko) Chrome/114.0.0.0 Safari/537.36"
185.216.113.70 - - [17/Apr/2026:01:15:56 +0300] "POST /wp-cron.php?doing_wp_cron=1776377756.3745450973510742187500 HTTP/1.1" 200 448 "-" "WordPress/6.3.8; https://serhatburke.miroglu.net"
103.219.169.167 - - [17/Apr/2026:01:15:44 +0300] "POST /xmlrpc.php HTTP/1.1" 200 15620 "-" "Mozilla/5.0 (Windows NT 10.0; Win64; x64) AppleWebKit/537.36 (KHTML, like Gecko) Chrome/114.0.0.0 Safari/537.36"
66.249.68.132 - - [17/Apr/2026:01:15:52 +0300] "GET /robots.txt HTTP/1.1" 200 719 "-" "Mozilla/5.0 (compatible; Googlebot/2.1; +http://www.google.com/bot.html)"
103.219.169.167 - - [17/Apr/2026:01:15:58 +0300] "GET /diese-besten-echtgeld-angeschlossen-slot-hit2split-online-casinos-2026-aktuelle-verkettete-liste/ HTTP/1.1" 200 77716 "-" "Mozilla/5.0 (Windows NT 10.0; Win64; x64) AppleWebKit/537.36 (KHTML, like Gecko) Chrome/123.0.0.0 Safari/537.36 OPR/109.0.0.0"
185.216.113.70 - - [17/Apr/2026:01:19:03 +0300] "POST /wp-cron.php?doing_wp_cron=1776377943.8479399681091308593750 HTTP/1.1" 200 448 "-" "WordPress/6.3.8; https://serhatburke.miroglu.net"
45.250.252.183 - - [17/Apr/2026:01:18:46 +0300] "POST /xmlrpc.php HTTP/1.1" 200 630 "-" "Mozilla/5.0 (Windows NT 10.0; Win64; x64) AppleWebKit/537.36 (KHTML, like Gecko) Chrome/114.0.0.0 Safari/537.36"
45.250.252.183 - - [17/Apr/2026:01:19:12 +0300] "POST /xmlrpc.php HTTP/1.1" 200 10384 "-" "Mozilla/5.0 (Windows NT 10.0; Win64; x64) AppleWebKit/537.36 (KHTML, like Gecko) Chrome/114.0.0.0 Safari/537.36"
185.216.113.70 - - [17/Apr/2026:01:19:47 +0300] "POST /wp-cron.php?doing_wp_cron=1776377987.3208808898925781250000 HTTP/1.1" 200 448 "-" "WordPress/6.3.8; https://serhatburke.miroglu.net"
45.250.252.183 - - [17/Apr/2026:01:19:31 +0300] "GET /demo-igre-dolphins-pearl-position-games-uzivajte-i-100-promo-verde-casino-2026-posto-besplatne-vrtnje/ HTTP/1.1" 200 72570 "-" "Mozilla/5.0 (Windows NT 10.0; Win64; x64) AppleWebKit/537.36 (KHTML, like Gecko) Chrome/123.0.0.0 Safari/537.36 OPR/109.0.0.0"
103.219.169.167 - - [17/Apr/2026:01:20:26 +0300] "POST /xmlrpc.php HTTP/1.1" 200 630 "-" "Mozilla/5.0 (Windows NT 10.0; Win64; x64) AppleWebKit/537.36 (KHTML, like Gecko) Chrome/114.0.0.0 Safari/537.36"
185.216.113.70 - - [17/Apr/2026:01:20:44 +0300] "POST /wp-cron.php?doing_wp_cron=1776378044.1123468875885009765625 HTTP/1.1" 200 448 "-" "WordPress/6.3.8; https://serhatburke.miroglu.net"
47.128.51.142 - - [17/Apr/2026:01:20:32 +0300] "GET /robots.txt HTTP/1.1" 200 605 "-" "Mozilla/5.0 (Linux; Android 5.0) AppleWebKit/537.36 (KHTML, like Gecko) Mobile Safari/537.36 (compatible; Bytespider; spider-feedback@bytedance.com)"
103.219.169.167 - - [17/Apr/2026:01:20:45 +0300] "POST /xmlrpc.php HTTP/1.1" 200 15873 "-" "Mozilla/5.0 (Windows NT 10.0; Win64; x64) AppleWebKit/537.36 (KHTML, like Gecko) Chrome/114.0.0.0 Safari/537.36"
103.219.169.167 - - [17/Apr/2026:01:21:00 +0300] "GET /beste-online-casinos-2026-220-geprufte-casinos-slot-spiel-secret-cupcakes-inoffizieller-mitarbeiter-vergleich/ HTTP/1.1" 200 78540 "-" "Mozilla/5.0 (Windows NT 10.0; Win64; x64; rv:125.0) Gecko/20100101 Firefox/125.0"
185.216.113.70 - - [17/Apr/2026:01:22:07 +0300] "POST /wp-cron.php?doing_wp_cron=1776378127.4083020687103271484375 HTTP/1.1" 200 448 "-" "WordPress/6.3.8; https://serhatburke.miroglu.net"
104.166.164.67 - - [17/Apr/2026:01:21:55 +0300] "POST /xmlrpc.php HTTP/1.1" 200 630 "-" "Mozilla/5.0 (Windows NT 10.0; Win64; x64) AppleWebKit/537.36 (KHTML, like Gecko) Chrome/114.0.0.0 Safari/537.36"
104.166.164.67 - - [17/Apr/2026:01:22:14 +0300] "POST /xmlrpc.php HTTP/1.1" 200 13263 "-" "Mozilla/5.0 (Windows NT 10.0; Win64; x64) AppleWebKit/537.36 (KHTML, like Gecko) Chrome/114.0.0.0 Safari/537.36"
185.216.113.70 - - [17/Apr/2026:01:22:39 +0300] "POST /wp-cron.php?doing_wp_cron=1776378159.6613099575042724609375 HTTP/1.1" 200 448 "-" "WordPress/6.3.8; https://serhatburke.miroglu.net"
104.166.164.67 - - [17/Apr/2026:01:22:28 +0300] "GET /comfort-ports-comment-twist-choy-sun-doa-online-slot-to-have-eastern-gains-and-you-will-big-incentives/ HTTP/1.1" 200 75362 "-" "Mozilla/5.0 (Windows NT 10.0; Win64; x64) AppleWebKit/537.36 (KHTML, like Gecko) Chrome/122.0.0.0 Safari/537.36"
45.250.252.183 - - [17/Apr/2026:01:23:10 +0300] "POST /xmlrpc.php HTTP/1.1" 200 630 "-" "Mozilla/5.0 (Windows NT 10.0; Win64; x64) AppleWebKit/537.36 (KHTML, like Gecko) Chrome/114.0.0.0 Safari/537.36"
185.216.113.70 - - [17/Apr/2026:01:23:51 +0300] "POST /wp-cron.php?doing_wp_cron=1776378231.0625889301300048828125 HTTP/1.1" 200 448 "-" "WordPress/6.3.8; https://serhatburke.miroglu.net"
45.250.252.183 - - [17/Apr/2026:01:23:35 +0300] "POST /xmlrpc.php HTTP/1.1" 200 9395 "-" "Mozilla/5.0 (Windows NT 10.0; Win64; x64) AppleWebKit/537.36 (KHTML, like Gecko) Chrome/114.0.0.0 Safari/537.36"
45.250.252.183 - - [17/Apr/2026:01:23:53 +0300] "GET /automat-fairy-entrance-osloboden-za-kockanje-online-verde-casino-bonus-racun-probne-igre/ HTTP/1.1" 200 71334 "-" "Mozilla/5.0 (Windows NT 10.0; Win64; x64) AppleWebKit/537.36 (KHTML, like Gecko) Chrome/123.0.0.0 Safari/537.36"
185.216.113.70 - - [17/Apr/2026:01:25:23 +0300] "POST /wp-cron.php?doing_wp_cron=1776378323.1029629707336425781250 HTTP/1.1" 200 448 "-" "WordPress/6.3.8; https://serhatburke.miroglu.net"
103.219.169.167 - - [17/Apr/2026:01:25:11 +0300] "POST /xmlrpc.php HTTP/1.1" 200 630 "-" "Mozilla/5.0 (Windows NT 10.0; Win64; x64) AppleWebKit/537.36 (KHTML, like Gecko) Chrome/114.0.0.0 Safari/537.36"
103.219.169.167 - - [17/Apr/2026:01:25:29 +0300] "POST /xmlrpc.php HTTP/1.1" 200 16349 "-" "Mozilla/5.0 (Windows NT 10.0; Win64; x64) AppleWebKit/537.36 (KHTML, like Gecko) Chrome/114.0.0.0 Safari/537.36"
185.216.113.70 - - [17/Apr/2026:01:25:56 +0300] "POST /wp-cron.php?doing_wp_cron=1776378356.3866260051727294921875 HTTP/1.1" 200 448 "-" "WordPress/6.3.8; https://serhatburke.miroglu.net"
103.219.169.167 - - [17/Apr/2026:01:25:44 +0300] "GET /eye-casino-jokers-cap-slot-of-horus-freispiele-in-die-pflicht-nehmen-fur-maximale-gewinne/ HTTP/1.1" 200 78274 "-" "Mozilla/5.0 (Windows NT 10.0; Win64; x64; rv:125.0) Gecko/20100101 Firefox/125.0"
64.64.118.120 - - [17/Apr/2026:01:26:02 +0300] "POST /xmlrpc.php HTTP/1.1" 200 730 "-" "axios/1.11.0"
104.239.35.214 - - [17/Apr/2026:01:26:12 +0300] "POST /xmlrpc.php HTTP/1.1" 200 730 "-" "axios/1.11.0"
166.88.83.91 - - [17/Apr/2026:01:26:22 +0300] "POST /xmlrpc.php HTTP/1.1" 200 730 "-" "axios/1.11.0"
185.216.113.70 - - [17/Apr/2026:01:27:32 +0300] "POST /wp-cron.php?doing_wp_cron=1776378452.6379780769348144531250 HTTP/1.1" 200 448 "-" "WordPress/6.3.8; https://serhatburke.miroglu.net"
45.250.252.183 - - [17/Apr/2026:01:27:17 +0300] "POST /xmlrpc.php HTTP/1.1" 200 630 "-" "Mozilla/5.0 (Windows NT 10.0; Win64; x64) AppleWebKit/537.36 (KHTML, like Gecko) Chrome/114.0.0.0 Safari/537.36"
45.250.252.183 - - [17/Apr/2026:01:27:40 +0300] "POST /xmlrpc.php HTTP/1.1" 200 9667 "-" "Mozilla/5.0 (Windows NT 10.0; Win64; x64) AppleWebKit/537.36 (KHTML, like Gecko) Chrome/114.0.0.0 Safari/537.36"
45.250.252.183 - - [17/Apr/2026:01:28:00 +0300] "GET /bez-promo-kodovi-za-aplikaciju-za-slotove-verde-casino-depozita/ HTTP/1.1" 200 71031 "-" "Mozilla/5.0 (Windows NT 10.0; Win64; x64; rv:124.0) Gecko/20100101 Firefox/124.0"
185.216.113.70 - - [17/Apr/2026:01:29:28 +0300] "POST /wp-cron.php?doing_wp_cron=1776378568.0779080390930175781250 HTTP/1.1" 200 448 "-" "WordPress/6.3.8; https://serhatburke.miroglu.net"
192.241.72.71 - - [17/Apr/2026:01:29:16 +0300] "GET /beste-casino-site-belgie-hoge-inzet/ HTTP/1.1" 200 18595 "https://serhatburke.miroglu.net/" "Mozilla/5.0 (Windows NT 10.0; Win64; x64) AppleWebKit/537.36 (KHTML, like Gecko) Chrome/114.0.0.0 Safari/537.36"
192.241.72.71 - - [17/Apr/2026:01:29:32 +0300] "POST /wp-comments-post.php HTTP/1.1" 302 1083 "https://serhatburke.miroglu.net/beste-casino-site-belgie-hoge-inzet/" "Mozilla/5.0 (Windows NT 10.0; Win64; x64) AppleWebKit/537.36 (KHTML, like Gecko) Chrome/114.0.0.0 Safari/537.36"
192.241.72.71 - - [17/Apr/2026:01:29:45 +0300] "GET /beste-casino-site-belgie-hoge-inzet/?unapproved=422&moderation-hash=7f5e9e3ef57b47ca52ad77fdee054571 HTTP/1.1" 200 19050 "https://serhatburke.miroglu.net/wp-comments-post.php" "Mozilla/5.0 (Windows NT 10.0; Win64; x64) AppleWebKit/537.36 (KHTML, like Gecko) Chrome/114.0.0.0 Safari/537.36"
192.241.72.71 - - [17/Apr/2026:01:30:00 +0300] "GET /beste-casino-site-belgie-hoge-inzet/ HTTP/1.1" 200 18613 "-" "Mozilla/5.0 (Windows NT 10.0; Win64; x64) AppleWebKit/537.36 (KHTML, like Gecko) Chrome/114.0.0.0 Safari/537.36"
45.84.192.5 - - [17/Apr/2026:01:30:16 +0300] "GET /casino-online-skrill-prelievo-veloce/ HTTP/1.1" 200 18092 "https://serhatburke.miroglu.net/" "Mozilla/5.0 (Macintosh; Intel Mac OS X 12_5) AppleWebKit/537.36 (KHTML, like Gecko) Chrome/114.0.0.0 Safari/537.36 OPR/89.0.4447.51"
185.216.113.70 - - [17/Apr/2026:01:30:48 +0300] "POST /wp-cron.php?doing_wp_cron=1776378648.6354100704193115234375 HTTP/1.1" 200 448 "-" "WordPress/6.3.8; https://serhatburke.miroglu.net"
45.84.192.5 - - [17/Apr/2026:01:30:37 +0300] "GET /wp-login.php?action=register HTTP/1.1" 302 702 "https://serhatburke.miroglu.net/casino-online-skrill-prelievo-veloce/" "Mozilla/5.0 (Windows NT 6.3; Win64; x64) AppleWebKit/537.36 (KHTML, like Gecko) Chrome/103.0.0.0 Safari/537.36"
104.166.164.67 - - [17/Apr/2026:01:30:46 +0300] "POST /xmlrpc.php HTTP/1.1" 200 630 "-" "Mozilla/5.0 (Windows NT 10.0; Win64; x64) AppleWebKit/537.36 (KHTML, like Gecko) Chrome/114.0.0.0 Safari/537.36"
45.84.192.5 - - [17/Apr/2026:01:30:48 +0300] "GET /wp-login.php?registration=disabled HTTP/1.1" 200 3806 "https://serhatburke.miroglu.net/wp-login.php?action=register" "Mozilla/5.0 (Windows NT 6.3; Win64; x64) AppleWebKit/537.36 (KHTML, like Gecko) Chrome/103.0.0.0 Safari/537.36"
104.166.164.67 - - [17/Apr/2026:01:31:10 +0300] "POST /xmlrpc.php HTTP/1.1" 200 12438 "-" "Mozilla/5.0 (Windows NT 10.0; Win64; x64) AppleWebKit/537.36 (KHTML, like Gecko) Chrome/114.0.0.0 Safari/537.36"
104.166.164.67 - - [17/Apr/2026:01:31:24 +0300] "GET /very-hot-slot-ladies-nite-150-free-spins-machine-play-on-line-for-free/ HTTP/1.1" 200 73534 "-" "Mozilla/5.0 (Windows NT 10.0; Win64; x64) AppleWebKit/537.36 (KHTML, like Gecko) Chrome/123.0.0.0 Safari/537.36 OPR/109.0.0.0"
185.216.113.70 - - [17/Apr/2026:01:31:47 +0300] "POST /wp-cron.php?doing_wp_cron=1776378707.7076969146728515625000 HTTP/1.1" 200 448 "-" "WordPress/6.3.8; https://serhatburke.miroglu.net"
45.250.252.183 - - [17/Apr/2026:01:31:32 +0300] "POST /xmlrpc.php HTTP/1.1" 200 630 "-" "Mozilla/5.0 (Windows NT 10.0; Win64; x64) AppleWebKit/537.36 (KHTML, like Gecko) Chrome/114.0.0.0 Safari/537.36"
45.250.252.183 - - [17/Apr/2026:01:31:55 +0300] "POST /xmlrpc.php HTTP/1.1" 200 9397 "-" "Mozilla/5.0 (Windows NT 10.0; Win64; x64) AppleWebKit/537.36 (KHTML, like Gecko) Chrome/114.0.0.0 Safari/537.36"
45.250.252.183 - - [17/Apr/2026:01:32:14 +0300] "GET /britanske-vulkan-spiele-bonus-kod-kladionice-s-niskim-depozitom-step-1-i-5-2026/ HTTP/1.1" 200 71082 "-" "Mozilla/5.0 (Windows NT 10.0; Win64; x64) AppleWebKit/537.36 (KHTML, like Gecko) Chrome/123.0.0.0 Safari/537.36"
185.216.113.70 - - [17/Apr/2026:01:34:35 +0300] "POST /wp-cron.php?doing_wp_cron=1776378875.6552629470825195312500 HTTP/1.1" 200 448 "-" "WordPress/6.3.8; https://serhatburke.miroglu.net"
104.166.164.67 - - [17/Apr/2026:01:34:21 +0300] "POST /xmlrpc.php HTTP/1.1" 200 630 "-" "Mozilla/5.0 (Windows NT 10.0; Win64; x64) AppleWebKit/537.36 (KHTML, like Gecko) Chrome/114.0.0.0 Safari/537.36"
104.166.164.67 - - [17/Apr/2026:01:34:42 +0300] "POST /xmlrpc.php HTTP/1.1" 200 12721 "-" "Mozilla/5.0 (Windows NT 10.0; Win64; x64) AppleWebKit/537.36 (KHTML, like Gecko) Chrome/114.0.0.0 Safari/537.36"
104.166.164.67 - - [17/Apr/2026:01:34:57 +0300] "GET /free-revolves-incentives-us-2025-no-deposit-casino-zet-real-cash-now-offers/ HTTP/1.1" 200 73942 "-" "Mozilla/5.0 (Windows NT 10.0; rv:109.0) Gecko/20100101 Firefox/115.0"
192.186.191.81 - - [17/Apr/2026:01:35:10 +0300] "GET /beste-casino-site-belgie-hoge-inzet/ HTTP/1.1" 200 18613 "-" "Mozilla/5.0 (Windows NT 10.0; Win64; x64) AppleWebKit/537.36 (KHTML, like Gecko) Chrome/114.0.0.0 Safari/537.36"
185.216.113.70 - - [17/Apr/2026:01:37:33 +0300] "POST /wp-cron.php?doing_wp_cron=1776379052.9327509403228759765625 HTTP/1.1" 200 448 "-" "WordPress/6.3.8; https://serhatburke.miroglu.net"
103.219.169.167 - - [17/Apr/2026:01:37:17 +0300] "POST /xmlrpc.php HTTP/1.1" 200 630 "-" "Mozilla/5.0 (Windows NT 10.0; Win64; x64) AppleWebKit/537.36 (KHTML, like Gecko) Chrome/114.0.0.0 Safari/537.36"
103.219.169.167 - - [17/Apr/2026:01:37:39 +0300] "POST /xmlrpc.php HTTP/1.1" 200 15704 "-" "Mozilla/5.0 (Windows NT 10.0; Win64; x64) AppleWebKit/537.36 (KHTML, like Gecko) Chrome/114.0.0.0 Safari/537.36"
103.219.169.167 - - [17/Apr/2026:01:37:56 +0300] "GET /diese-besten-17-online-casinos-word-of-thoth-spiel-im-kollationieren/ HTTP/1.1" 200 77230 "-" "Mozilla/5.0 (Windows NT 10.0; Win64; x64) AppleWebKit/537.36 (KHTML, like Gecko) Chrome/124.0.0.0 Safari/537.36 Edg/124.0.0.0"
104.166.164.67 - - [17/Apr/2026:01:38:09 +0300] "POST /xmlrpc.php HTTP/1.1" 200 630 "-" "Mozilla/5.0 (Windows NT 10.0; Win64; x64) AppleWebKit/537.36 (KHTML, like Gecko) Chrome/114.0.0.0 Safari/537.36"
185.216.113.70 - - [17/Apr/2026:01:38:41 +0300] "POST /wp-cron.php?doing_wp_cron=1776379120.9818589687347412109375 HTTP/1.1" 200 448 "-" "WordPress/6.3.8; https://serhatburke.miroglu.net"
104.166.164.67 - - [17/Apr/2026:01:38:28 +0300] "POST /xmlrpc.php HTTP/1.1" 200 13260 "-" "Mozilla/5.0 (Windows NT 10.0; Win64; x64) AppleWebKit/537.36 (KHTML, like Gecko) Chrome/114.0.0.0 Safari/537.36"
103.219.169.214 - - [17/Apr/2026:01:38:30 +0300] "POST /xmlrpc.php HTTP/1.1" 200 630 "-" "Mozilla/5.0 (Windows NT 10.0; Win64; x64) AppleWebKit/537.36 (KHTML, like Gecko) Chrome/114.0.0.0 Safari/537.36"
104.166.164.67 - - [17/Apr/2026:01:38:42 +0300] "GET /all-versatility-lucky-leprechaun-slot-for-money-ports-casino-no-deposit-bonus-codes-the-new-present-professionals-march-2026/ HTTP/1.1" 200 75796 "-" "Mozilla/5.0 (Windows NT 10.0; Win64; x64) AppleWebKit/537.36 (KHTML, like Gecko) Chrome/122.0.0.0 Safari/537.36"
103.219.169.214 - - [17/Apr/2026:01:38:49 +0300] "POST /xmlrpc.php HTTP/1.1" 200 14468 "-" "Mozilla/5.0 (Windows NT 10.0; Win64; x64) AppleWebKit/537.36 (KHTML, like Gecko) Chrome/114.0.0.0 Safari/537.36"
103.219.169.214 - - [17/Apr/2026:01:39:05 +0300] "GET /better-online-slots-local-casino-bonuses/ HTTP/1.1" 200 74966 "-" "Mozilla/5.0 (Windows NT 10.0; Win64; x64) AppleWebKit/537.36 (KHTML, like Gecko) Chrome/124.0.0.0 Safari/537.36 Edg/124.0.0.0"
185.216.113.70 - - [17/Apr/2026:01:41:51 +0300] "POST /wp-cron.php?doing_wp_cron=1776379311.7993988990783691406250 HTTP/1.1" 200 448 "-" "WordPress/6.3.8; https://serhatburke.miroglu.net"
104.166.164.67 - - [17/Apr/2026:01:41:39 +0300] "POST /xmlrpc.php HTTP/1.1" 200 630 "-" "Mozilla/5.0 (Windows NT 10.0; Win64; x64) AppleWebKit/537.36 (KHTML, like Gecko) Chrome/114.0.0.0 Safari/537.36"
104.166.164.67 - - [17/Apr/2026:01:41:59 +0300] "POST /xmlrpc.php HTTP/1.1" 200 12918 "-" "Mozilla/5.0 (Windows NT 10.0; Win64; x64) AppleWebKit/537.36 (KHTML, like Gecko) Chrome/114.0.0.0 Safari/537.36"
104.166.164.67 - - [17/Apr/2026:01:42:13 +0300] "GET /greatest-local-casino-slots-real-money-greeting-incentives-2026-allege-a-top-subscribe-incentive/ HTTP/1.1" 200 75044 "-" "Mozilla/5.0 (Windows NT 10.0; rv:125.0) Gecko/20100101 Firefox/125.0"
185.216.113.70 - - [17/Apr/2026:01:43:29 +0300] "POST /wp-cron.php?doing_wp_cron=1776379409.8460350036621093750000 HTTP/1.1" 200 448 "-" "WordPress/6.3.8; https://serhatburke.miroglu.net"
103.219.169.167 - - [17/Apr/2026:01:43:16 +0300] "POST /xmlrpc.php HTTP/1.1" 200 630 "-" "Mozilla/5.0 (Windows NT 10.0; Win64; x64) AppleWebKit/537.36 (KHTML, like Gecko) Chrome/114.0.0.0 Safari/537.36"
103.219.169.167 - - [17/Apr/2026:01:43:36 +0300] "POST /xmlrpc.php HTTP/1.1" 200 16433 "-" "Mozilla/5.0 (Windows NT 10.0; Win64; x64) AppleWebKit/537.36 (KHTML, like Gecko) Chrome/114.0.0.0 Safari/537.36"
103.219.169.167 - - [17/Apr/2026:01:43:52 +0300] "GET /casino-provision-exklusive-casino-supernova-einzahlung-2026-no-vorleistung-maklercourtage/ HTTP/1.1" 200 78462 "-" "Mozilla/5.0 (Windows NT 10.0; rv:125.0) Gecko/20100101 Firefox/125.0"
185.216.113.70 - - [17/Apr/2026:01:45:07 +0300] "POST /wp-cron.php?doing_wp_cron=1776379507.1296360492706298828125 HTTP/1.1" 200 448 "-" "WordPress/6.3.8; https://serhatburke.miroglu.net"
104.166.164.67 - - [17/Apr/2026:01:44:54 +0300] "POST /xmlrpc.php HTTP/1.1" 200 630 "-" "Mozilla/5.0 (Windows NT 10.0; Win64; x64) AppleWebKit/537.36 (KHTML, like Gecko) Chrome/114.0.0.0 Safari/537.36"
104.166.164.67 - - [17/Apr/2026:01:45:14 +0300] "POST /xmlrpc.php HTTP/1.1" 200 12072 "-" "Mozilla/5.0 (Windows NT 10.0; Win64; x64) AppleWebKit/537.36 (KHTML, like Gecko) Chrome/114.0.0.0 Safari/537.36"
185.216.113.70 - - [17/Apr/2026:01:45:40 +0300] "POST /wp-cron.php?doing_wp_cron=1776379540.3432459831237792968750 HTTP/1.1" 200 448 "-" "WordPress/6.3.8; https://serhatburke.miroglu.net"
104.166.164.67 - - [17/Apr/2026:01:45:27 +0300] "GET /the-fresh-squid-game-slot-live-at-the-mohegan-no-deposit-free-cash-bonus-casino-sunlight/ HTTP/1.1" 200 73651 "-" "Mozilla/5.0 (Windows NT 10.0; rv:109.0) Gecko/20100101 Firefox/115.0"
185.216.113.70 - - [17/Apr/2026:01:47:07 +0300] "POST /wp-cron.php?doing_wp_cron=1776379627.0174291133880615234375 HTTP/1.1" 200 448 "-" "WordPress/6.3.8; https://serhatburke.miroglu.net"
103.219.169.214 - - [17/Apr/2026:01:46:55 +0300] "POST /xmlrpc.php HTTP/1.1" 200 630 "-" "Mozilla/5.0 (Windows NT 10.0; Win64; x64) AppleWebKit/537.36 (KHTML, like Gecko) Chrome/114.0.0.0 Safari/537.36"
82.25.62.125 - - [17/Apr/2026:01:46:56 +0300] "GET /casino-online-skrill-prelievo-veloce/ HTTP/1.1" 200 18142 "-" "Mozilla/5.0 (compatible; Googlebot/2.1; +http://www.google.com/bot.html)"
103.219.169.214 - - [17/Apr/2026:01:47:13 +0300] "POST /xmlrpc.php HTTP/1.1" 200 14424 "-" "Mozilla/5.0 (Windows NT 10.0; Win64; x64) AppleWebKit/537.36 (KHTML, like Gecko) Chrome/114.0.0.0 Safari/537.36"
185.216.113.70 - - [17/Apr/2026:01:47:39 +0300] "POST /wp-cron.php?doing_wp_cron=1776379659.3053109645843505859375 HTTP/1.1" 200 448 "-" "WordPress/6.3.8; https://serhatburke.miroglu.net"
103.219.169.214 - - [17/Apr/2026:01:47:27 +0300] "GET /better-tennis-gaming-internet-sites-and-software-to-have-2026/ HTTP/1.1" 200 75217 "-" "Mozilla/5.0 (Windows NT 10.0; rv:125.0) Gecko/20100101 Firefox/125.0"
45.250.252.183 - - [17/Apr/2026:01:47:39 +0300] "POST /xmlrpc.php HTTP/1.1" 200 630 "-" "Mozilla/5.0 (Windows NT 10.0; Win64; x64) AppleWebKit/537.36 (KHTML, like Gecko) Chrome/114.0.0.0 Safari/537.36"
185.216.113.70 - - [17/Apr/2026:01:48:18 +0300] "POST /wp-cron.php?doing_wp_cron=1776379698.3289101123809814453125 HTTP/1.1" 200 448 "-" "WordPress/6.3.8; https://serhatburke.miroglu.net"
45.250.252.183 - - [17/Apr/2026:01:48:02 +0300] "POST /xmlrpc.php HTTP/1.1" 200 10181 "-" "Mozilla/5.0 (Windows NT 10.0; Win64; x64) AppleWebKit/537.36 (KHTML, like Gecko) Chrome/114.0.0.0 Safari/537.36"
104.166.164.67 - - [17/Apr/2026:01:48:09 +0300] "POST /xmlrpc.php HTTP/1.1" 200 630 "-" "Mozilla/5.0 (Windows NT 10.0; Win64; x64) AppleWebKit/537.36 (KHTML, like Gecko) Chrome/114.0.0.0 Safari/537.36"
45.250.252.183 - - [17/Apr/2026:01:48:19 +0300] "GET /vodic-za-poticaje-promo-kodovi-za-slotove-vulkan-spiele-bez-depozita-za-crypto-castle-u-2026/ HTTP/1.1" 200 72312 "-" "Mozilla/5.0 (Windows NT 10.0; rv:125.0) Gecko/20100101 Firefox/125.0"
104.166.164.67 - - [17/Apr/2026:01:48:28 +0300] "POST /xmlrpc.php HTTP/1.1" 200 12983 "-" "Mozilla/5.0 (Windows NT 10.0; Win64; x64) AppleWebKit/537.36 (KHTML, like Gecko) Chrome/114.0.0.0 Safari/537.36"
185.216.113.70 - - [17/Apr/2026:01:48:54 +0300] "POST /wp-cron.php?doing_wp_cron=1776379734.5464160442352294921875 HTTP/1.1" 200 448 "-" "WordPress/6.3.8; https://serhatburke.miroglu.net"
104.166.164.67 - - [17/Apr/2026:01:48:43 +0300] "GET /100-starburst-pokie-machine-free-revolves-no-deposit-gambling-enterprises-2026-grand-totally-free-spins-incentives/ HTTP/1.1" 200 75428 "-" "Mozilla/5.0 (Windows NT 10.0; Win64; x64) AppleWebKit/537.36 (KHTML, like Gecko) Chrome/123.0.0.0 Safari/537.36"
103.219.169.167 - - [17/Apr/2026:01:48:58 +0300] "POST /xmlrpc.php HTTP/1.1" 200 630 "-" "Mozilla/5.0 (Windows NT 10.0; Win64; x64) AppleWebKit/537.36 (KHTML, like Gecko) Chrome/114.0.0.0 Safari/537.36"
185.216.113.70 - - [17/Apr/2026:01:49:28 +0300] "POST /wp-cron.php?doing_wp_cron=1776379768.3906319141387939453125 HTTP/1.1" 200 448 "-" "WordPress/6.3.8; https://serhatburke.miroglu.net"
103.219.169.167 - - [17/Apr/2026:01:49:16 +0300] "POST /xmlrpc.php HTTP/1.1" 200 15861 "-" "Mozilla/5.0 (Windows NT 10.0; Win64; x64) AppleWebKit/537.36 (KHTML, like Gecko) Chrome/114.0.0.0 Safari/537.36"
103.219.169.167 - - [17/Apr/2026:01:49:30 +0300] "GET /im-erreichbar-casino-qua-natel-diesen-hyperlink-retournieren-short-message-payment-weitere/ HTTP/1.1" 200 78224 "-" "Mozilla/5.0 (Windows NT 10.0; Win64; x64; rv:124.0) Gecko/20100101 Firefox/124.0"
103.219.169.214 - - [17/Apr/2026:01:49:41 +0300] "POST /xmlrpc.php HTTP/1.1" 200 630 "-" "Mozilla/5.0 (Windows NT 10.0; Win64; x64) AppleWebKit/537.36 (KHTML, like Gecko) Chrome/114.0.0.0 Safari/537.36"
185.216.113.70 - - [17/Apr/2026:01:50:13 +0300] "POST /wp-cron.php?doing_wp_cron=1776379813.1045129299163818359375 HTTP/1.1" 200 448 "-" "WordPress/6.3.8; https://serhatburke.miroglu.net"
103.219.169.214 - - [17/Apr/2026:01:50:00 +0300] "POST /xmlrpc.php HTTP/1.1" 200 15629 "-" "Mozilla/5.0 (Windows NT 10.0; Win64; x64) AppleWebKit/537.36 (KHTML, like Gecko) Chrome/114.0.0.0 Safari/537.36"
103.219.169.214 - - [17/Apr/2026:01:50:15 +0300] "GET /authoritative-motogp-australian-continent-grand-prix-passes-motogp-com/ HTTP/1.1" 200 76689 "-" "Mozilla/5.0 (Windows NT 10.0; Win64; x64) AppleWebKit/537.36 (KHTML, like Gecko) Chrome/124.0.0.0 Safari/537.36 Edg/124.0.0.0"
185.216.113.70 - - [17/Apr/2026:01:51:32 +0300] "POST /wp-cron.php?doing_wp_cron=1776379892.5595679283142089843750 HTTP/1.1" 200 448 "-" "WordPress/6.3.8; https://serhatburke.miroglu.net"
104.166.164.67 - - [17/Apr/2026:01:51:20 +0300] "POST /xmlrpc.php HTTP/1.1" 200 630 "-" "Mozilla/5.0 (Windows NT 10.0; Win64; x64) AppleWebKit/537.36 (KHTML, like Gecko) Chrome/114.0.0.0 Safari/537.36"
104.166.164.67 - - [17/Apr/2026:01:51:39 +0300] "POST /xmlrpc.php HTTP/1.1" 200 12594 "-" "Mozilla/5.0 (Windows NT 10.0; Win64; x64) AppleWebKit/537.36 (KHTML, like Gecko) Chrome/114.0.0.0 Safari/537.36"
104.166.164.67 - - [17/Apr/2026:01:51:53 +0300] "GET /enjoy-queen-of-the-nile-2-totally-free-overview-of-irish-eyes-5-deposit-gameplay-and-you-may/ HTTP/1.1" 200 74228 "-" "Mozilla/5.0 (Windows NT 10.0; Win64; x64) AppleWebKit/537.36 (KHTML, like Gecko) Chrome/124.0.0.0 Safari/537.36"
37.27.132.190 - - [17/Apr/2026:01:52:16 +0300] "GET / HTTP/1.1" 200 17156 "-" "Mozilla/5.0 (Macintosh; Intel Mac OS X 12_5) AppleWebKit/537.36 (KHTML, like Gecko) Chrome/114.0.0.0 YaBrowser/22.7.0 Yowser/2.5 Safari/537.36"
185.216.113.70 - - [17/Apr/2026:01:52:39 +0300] "POST /wp-cron.php?doing_wp_cron=1776379959.5988960266113281250000 HTTP/1.1" 200 448 "-" "WordPress/6.3.8; https://serhatburke.miroglu.net"
103.219.169.214 - - [17/Apr/2026:01:52:25 +0300] "POST /xmlrpc.php HTTP/1.1" 200 630 "-" "Mozilla/5.0 (Windows NT 10.0; Win64; x64) AppleWebKit/537.36 (KHTML, like Gecko) Chrome/114.0.0.0 Safari/537.36"
185.216.113.70 - - [17/Apr/2026:01:52:43 +0300] "POST /wp-cron.php?doing_wp_cron=1776379963.3310248851776123046875 HTTP/1.1" 200 448 "-" "WordPress/6.3.8; https://serhatburke.miroglu.net"
37.27.132.190 - - [17/Apr/2026:01:52:28 +0300] "POST /xmlrpc.php HTTP/1.1" 200 735 "https://serhatburke.miroglu.net" "Mozilla/5.0 (Macintosh; Intel Mac OS X 12_5) AppleWebKit/537.36 (KHTML, like Gecko) Chrome/114.0.0.0 YaBrowser/22.7.0 Yowser/2.5 Safari/537.36"
185.216.113.70 - - [17/Apr/2026:01:52:58 +0300] "POST /wp-cron.php?doing_wp_cron=1776379978.1782979965209960937500 HTTP/1.1" 200 448 "-" "WordPress/6.3.8; https://serhatburke.miroglu.net"
45.250.252.183 - - [17/Apr/2026:01:52:35 +0300] "POST /xmlrpc.php HTTP/1.1" 200 630 "-" "Mozilla/5.0 (Windows NT 10.0; Win64; x64) AppleWebKit/537.36 (KHTML, like Gecko) Chrome/114.0.0.0 Safari/537.36"
103.219.169.214 - - [17/Apr/2026:01:52:46 +0300] "POST /xmlrpc.php HTTP/1.1" 200 15157 "-" "Mozilla/5.0 (Windows NT 10.0; Win64; x64) AppleWebKit/537.36 (KHTML, like Gecko) Chrome/114.0.0.0 Safari/537.36"
45.250.252.183 - - [17/Apr/2026:01:53:05 +0300] "POST /xmlrpc.php HTTP/1.1" 200 9762 "-" "Mozilla/5.0 (Windows NT 10.0; Win64; x64) AppleWebKit/537.36 (KHTML, like Gecko) Chrome/114.0.0.0 Safari/537.36"
103.219.169.214 - - [17/Apr/2026:01:53:07 +0300] "GET /choice-go-on-activities-fits-bet-on-the-internet-in-the-dafabet/ HTTP/1.1" 200 76078 "-" "Mozilla/5.0 (Windows NT 10.0; Win64; x64) AppleWebKit/537.36 (KHTML, like Gecko) Chrome/123.0.0.0 Safari/537.36"
185.216.113.70 - - [17/Apr/2026:01:53:40 +0300] "POST /wp-cron.php?doing_wp_cron=1776380020.3768939971923828125000 HTTP/1.1" 200 448 "-" "WordPress/6.3.8; https://serhatburke.miroglu.net"
104.166.164.67 - - [17/Apr/2026:01:53:28 +0300] "POST /xmlrpc.php HTTP/1.1" 200 630 "-" "Mozilla/5.0 (Windows NT 10.0; Win64; x64) AppleWebKit/537.36 (KHTML, like Gecko) Chrome/114.0.0.0 Safari/537.36"
45.250.252.183 - - [17/Apr/2026:01:53:27 +0300] "GET /bez-depozita-potpuno-besplatno-vrti-se-za-karaoke-zabavu-online-kasino-bez-depozita-vulkan-spiele-putem-online-igre-diljem-svijeta/ HTTP/1.1" 200 72794 "-" "Mozilla/5.0 (Windows NT 10.0; Win64; x64) AppleWebKit/537.36 (KHTML, like Gecko) Chrome/124.0.0.0 Safari/537.36 Edg/124.0.0.0"
104.166.164.67 - - [17/Apr/2026:01:53:47 +0300] "POST /xmlrpc.php HTTP/1.1" 200 13518 "-" "Mozilla/5.0 (Windows NT 10.0; Win64; x64) AppleWebKit/537.36 (KHTML, like Gecko) Chrome/114.0.0.0 Safari/537.36"
104.166.164.67 - - [17/Apr/2026:01:54:01 +0300] "GET /thunderstruck-ii-slot-machine-wager-totally-william-hill-app-free-and-no-install/ HTTP/1.1" 200 74900 "-" "Mozilla/5.0 (Windows NT 10.0; Win64; x64) AppleWebKit/537.36 (KHTML, like Gecko) Chrome/122.0.0.0 Safari/537.36"
185.216.113.70 - - [17/Apr/2026:01:54:45 +0300] "POST /wp-cron.php?doing_wp_cron=1776380085.6609869003295898437500 HTTP/1.1" 200 448 "-" "WordPress/6.3.8; https://serhatburke.miroglu.net"
103.219.169.167 - - [17/Apr/2026:01:54:34 +0300] "POST /xmlrpc.php HTTP/1.1" 200 630 "-" "Mozilla/5.0 (Windows NT 10.0; Win64; x64) AppleWebKit/537.36 (KHTML, like Gecko) Chrome/114.0.0.0 Safari/537.36"
104.166.164.67 - - [17/Apr/2026:01:54:48 +0300] "POST /xmlrpc.php HTTP/1.1" 200 630 "-" "Mozilla/5.0 (Windows NT 10.0; Win64; x64) AppleWebKit/537.36 (KHTML, like Gecko) Chrome/114.0.0.0 Safari/537.36"
103.219.169.167 - - [17/Apr/2026:01:54:52 +0300] "POST /xmlrpc.php HTTP/1.1" 200 17143 "-" "Mozilla/5.0 (Windows NT 10.0; Win64; x64) AppleWebKit/537.36 (KHTML, like Gecko) Chrome/114.0.0.0 Safari/537.36"
103.219.169.214 - - [17/Apr/2026:01:55:00 +0300] "POST /xmlrpc.php HTTP/1.1" 200 630 "-" "Mozilla/5.0 (Windows NT 10.0; Win64; x64) AppleWebKit/537.36 (KHTML, like Gecko) Chrome/114.0.0.0 Safari/537.36"
104.166.164.67 - - [17/Apr/2026:01:55:09 +0300] "POST /xmlrpc.php HTTP/1.1" 200 13387 "-" "Mozilla/5.0 (Windows NT 10.0; Win64; x64) AppleWebKit/537.36 (KHTML, like Gecko) Chrome/114.0.0.0 Safari/537.36"
52.167.144.150 - - [17/Apr/2026:01:55:05 +0300] "GET /post-sitemap54.xml HTTP/2" 200 58520 "-" "Mozilla/5.0 AppleWebKit/537.36 (KHTML, like Gecko; compatible; bingbot/2.0; +http://www.bing.com/bingbot.htm) Chrome/116.0.1938.76 Safari/537.36"
103.219.169.167 - - [17/Apr/2026:01:55:10 +0300] "GET /spielsaal-qua-handyguthaben-sizzling-hot-deluxe-deutschland-spielautomat-bezahlen-land-der-dichter-und-denker/ HTTP/1.1" 200 79698 "-" "Mozilla/5.0 (Windows NT 10.0; Win64; x64; rv:125.0) Gecko/20100101 Firefox/125.0"
185.216.113.70 - - [17/Apr/2026:01:55:37 +0300] "POST /wp-cron.php?doing_wp_cron=1776380137.6714808940887451171875 HTTP/1.1" 200 448 "-" "WordPress/6.3.8; https://serhatburke.miroglu.net"
103.219.169.214 - - [17/Apr/2026:01:55:24 +0300] "POST /xmlrpc.php HTTP/1.1" 200 15318 "-" "Mozilla/5.0 (Windows NT 10.0; Win64; x64) AppleWebKit/537.36 (KHTML, like Gecko) Chrome/114.0.0.0 Safari/537.36"
104.166.164.67 - - [17/Apr/2026:01:55:29 +0300] "GET /genius-out-casino-vegas-paradise-login-of-ounce-amber-area-position-wager-online/ HTTP/1.1" 200 74809 "-" "Mozilla/5.0 (Windows NT 10.0; rv:109.0) Gecko/20100101 Firefox/115.0"
103.219.169.214 - - [17/Apr/2026:01:55:40 +0300] "GET /owcs-2026-season-aggressive-information-overwatch-2-blizzard-information/ HTTP/1.1" 200 76490 "-" "Mozilla/5.0 (Windows NT 10.0; Win64; x64; rv:124.0) Gecko/20100101 Firefox/124.0"
104.166.164.67 - - [17/Apr/2026:01:56:18 +0300] "POST /xmlrpc.php HTTP/1.1" 200 630 "-" "Mozilla/5.0 (Windows NT 10.0; Win64; x64) AppleWebKit/537.36 (KHTML, like Gecko) Chrome/114.0.0.0 Safari/537.36"
185.216.113.70 - - [17/Apr/2026:01:56:50 +0300] "POST /wp-cron.php?doing_wp_cron=1776380210.7457571029663085937500 HTTP/1.1" 200 448 "-" "WordPress/6.3.8; https://serhatburke.miroglu.net"
104.166.164.67 - - [17/Apr/2026:01:56:38 +0300] "POST /xmlrpc.php HTTP/1.1" 200 13029 "-" "Mozilla/5.0 (Windows NT 10.0; Win64; x64) AppleWebKit/537.36 (KHTML, like Gecko) Chrome/114.0.0.0 Safari/537.36"
45.250.252.183 - - [17/Apr/2026:01:56:39 +0300] "POST /xmlrpc.php HTTP/1.1" 200 630 "-" "Mozilla/5.0 (Windows NT 10.0; Win64; x64) AppleWebKit/537.36 (KHTML, like Gecko) Chrome/114.0.0.0 Safari/537.36"
