98.98.9.27 - - [16/Apr/2026:14:59:48 +0300] "GET /best-merchant-away-from-ports-live-gambling-establishment-black-diamond-online-casino-cash-advance-rng-games/ HTTP/1.1" 200 75265 "-" "Mozilla/5.0 (Windows NT 10.0; Win64; x64) AppleWebKit/537.36 (KHTML, like Gecko) Chrome/123.0.0.0 Safari/537.36 OPR/109.0.0.0"
185.216.113.70 - - [16/Apr/2026:15:00:24 +0300] "POST /wp-cron.php?doing_wp_cron=1776340823.9840641021728515625000 HTTP/1.1" 200 448 "-" "WordPress/6.3.8; https://serhatburke.miroglu.net"
165.73.240.153 - - [16/Apr/2026:14:59:54 +0300] "POST /xmlrpc.php HTTP/1.1" 200 630 "-" "Mozilla/5.0 (Windows NT 10.0; Win64; x64) AppleWebKit/537.36 (KHTML, like Gecko) Chrome/114.0.0.0 Safari/537.36"
128.1.218.179 - - [16/Apr/2026:15:00:01 +0300] "POST /xmlrpc.php HTTP/1.1" 200 14508 "-" "Mozilla/5.0 (Windows NT 10.0; Win64; x64) AppleWebKit/537.36 (KHTML, like Gecko) Chrome/114.0.0.0 Safari/537.36"
165.73.240.153 - - [16/Apr/2026:15:00:02 +0300] "GET /aristocrat-pokies-play-for-fun-zero-subscription-no-card-details-free-spins-expected/ HTTP/1.1" 200 75179 "-" "Mozilla/5.0 (Windows NT 10.0; Win64; x64) AppleWebKit/537.36 (KHTML, like Gecko) Chrome/123.0.0.0 Safari/537.36 OPR/109.0.0.0"
165.73.240.153 - - [16/Apr/2026:15:00:31 +0300] "POST /xmlrpc.php HTTP/1.1" 200 13126 "-" "Mozilla/5.0 (Windows NT 10.0; Win64; x64) AppleWebKit/537.36 (KHTML, like Gecko) Chrome/114.0.0.0 Safari/537.36"
185.216.113.70 - - [16/Apr/2026:15:00:56 +0300] "POST /wp-cron.php?doing_wp_cron=1776340843.4471089839935302734375 HTTP/1.1" 200 448 "-" "WordPress/6.3.8; https://serhatburke.miroglu.net"
128.1.218.179 - - [16/Apr/2026:15:00:12 +0300] "POST /xmlrpc.php HTTP/1.1" 200 630 "-" "Mozilla/5.0 (Windows NT 10.0; Win64; x64) AppleWebKit/537.36 (KHTML, like Gecko) Chrome/114.0.0.0 Safari/537.36"
128.1.218.179 - - [16/Apr/2026:15:00:33 +0300] "GET /javascript-is-casino-cryptowild-no-deposit-not-available/ HTTP/1.1" 200 75349 "-" "Mozilla/5.0 (Windows NT 10.0; Win64; x64) AppleWebKit/537.36 (KHTML, like Gecko) Chrome/124.0.0.0 Safari/537.36 Edg/124.0.0.0"
165.73.240.153 - - [16/Apr/2026:15:00:56 +0300] "GET /ramses-book-online-online-casino-arctic-adventures-position-because-of-the-merkur/ HTTP/1.1" 200 74477 "-" "Mozilla/5.0 (Windows NT 10.0; Win64; x64) AppleWebKit/537.36 (KHTML, like Gecko) Chrome/124.0.0.0 Safari/537.36 Edg/124.0.0.0"
128.1.218.179 - - [16/Apr/2026:15:01:04 +0300] "POST /xmlrpc.php HTTP/1.1" 200 13949 "-" "Mozilla/5.0 (Windows NT 10.0; Win64; x64) AppleWebKit/537.36 (KHTML, like Gecko) Chrome/114.0.0.0 Safari/537.36"
165.73.240.153 - - [16/Apr/2026:15:01:10 +0300] "POST /xmlrpc.php HTTP/1.1" 200 630 "-" "Mozilla/5.0 (Windows NT 10.0; Win64; x64) AppleWebKit/537.36 (KHTML, like Gecko) Chrome/114.0.0.0 Safari/537.36"
128.1.218.179 - - [16/Apr/2026:15:01:17 +0300] "POST /xmlrpc.php HTTP/1.1" 200 630 "-" "Mozilla/5.0 (Windows NT 10.0; Win64; x64) AppleWebKit/537.36 (KHTML, like Gecko) Chrome/114.0.0.0 Safari/537.36"
128.1.218.179 - - [16/Apr/2026:15:01:25 +0300] "GET /14-better-research-paper-assistance-site-free-spins-casinos-without-deposit-incentive-requirements-2026/ HTTP/1.1" 200 75859 "-" "Mozilla/5.0 (Windows NT 10.0; Win64; x64) AppleWebKit/537.36 (KHTML, like Gecko) Chrome/109.0.0.0 Safari/537.36"
185.216.113.70 - - [16/Apr/2026:15:01:50 +0300] "POST /wp-cron.php?doing_wp_cron=1776340909.8710260391235351562500 HTTP/1.1" 200 448 "-" "WordPress/6.3.8; https://serhatburke.miroglu.net"
165.73.240.153 - - [16/Apr/2026:15:01:35 +0300] "POST /xmlrpc.php HTTP/1.1" 200 13223 "-" "Mozilla/5.0 (Windows NT 10.0; Win64; x64) AppleWebKit/537.36 (KHTML, like Gecko) Chrome/114.0.0.0 Safari/537.36"
185.216.113.70 - - [16/Apr/2026:15:01:54 +0300] "POST /wp-cron.php?doing_wp_cron=1776340914.7412490844726562500000 HTTP/1.1" 200 448 "-" "WordPress/6.3.8; https://serhatburke.miroglu.net"
128.1.218.179 - - [16/Apr/2026:15:01:39 +0300] "POST /xmlrpc.php HTTP/1.1" 200 13857 "-" "Mozilla/5.0 (Windows NT 10.0; Win64; x64) AppleWebKit/537.36 (KHTML, like Gecko) Chrome/114.0.0.0 Safari/537.36"
165.73.240.153 - - [16/Apr/2026:15:01:51 +0300] "GET /safari-sam-dos-position-dragon-slayers-slot-machine-opinion-has-analysis-and-gamble-bonus/ HTTP/1.1" 200 74837 "-" "Mozilla/5.0 (Windows NT 10.0; Win64; x64; rv:124.0) Gecko/20100101 Firefox/124.0"
103.219.169.133 - - [16/Apr/2026:15:01:57 +0300] "POST /xmlrpc.php HTTP/1.1" 200 630 "-" "Mozilla/5.0 (Windows NT 10.0; Win64; x64) AppleWebKit/537.36 (KHTML, like Gecko) Chrome/114.0.0.0 Safari/537.36"
128.1.218.179 - - [16/Apr/2026:15:01:56 +0300] "GET /roulette-blue-british-review-rtp-approach-where-best-online-mobile-slots-deals-you-can-gamble-in-the-united-kingdom/ HTTP/1.1" 200 76512 "-" "Mozilla/5.0 (Windows NT 10.0; Win64; x64; rv:125.0) Gecko/20100101 Firefox/125.0"
165.73.240.153 - - [16/Apr/2026:15:02:21 +0300] "POST /xmlrpc.php HTTP/1.1" 200 630 "-" "Mozilla/5.0 (Windows NT 10.0; Win64; x64) AppleWebKit/537.36 (KHTML, like Gecko) Chrome/114.0.0.0 Safari/537.36"
128.1.218.179 - - [16/Apr/2026:15:02:21 +0300] "POST /xmlrpc.php HTTP/1.1" 200 630 "-" "Mozilla/5.0 (Windows NT 10.0; Win64; x64) AppleWebKit/537.36 (KHTML, like Gecko) Chrome/114.0.0.0 Safari/537.36"
66.249.68.131 - - [16/Apr/2026:15:02:38 +0300] "GET /betonred-casino-apostas-mais-menos-e-a-experiencia-para-jogadores-em-portugal/ HTTP/1.1" 200 0 "https://fbpox.frostsignal-games.info/" "Mozilla/5.0 (Linux; Android 6.0.1; Nexus 5X Build/MMB29P) AppleWebKit/537.36 (KHTML, like Gecko) Chrome/146.0.7680.177 Mobile Safari/537.36 (compatible; Googlebot/2.1; +http://www.google.com/bot.html)"
185.216.113.70 - - [16/Apr/2026:15:02:56 +0300] "POST /wp-cron.php?doing_wp_cron=1776340976.8999609947204589843750 HTTP/1.1" 200 448 "-" "WordPress/6.3.8; https://serhatburke.miroglu.net"
185.216.113.70 - - [16/Apr/2026:15:02:57 +0300] "POST /wp-cron.php?doing_wp_cron=1776340977.0478749275207519531250 HTTP/1.1" 200 448 "-" "WordPress/6.3.8; https://serhatburke.miroglu.net"
66.249.68.132 - - [16/Apr/2026:15:02:35 +0300] "GET /robots.txt HTTP/1.1" 200 719 "-" "Mozilla/5.0 (compatible; Googlebot/2.1; +http://www.google.com/bot.html)"
103.219.169.133 - - [16/Apr/2026:15:02:34 +0300] "POST /xmlrpc.php HTTP/1.1" 200 16015 "-" "Mozilla/5.0 (Windows NT 10.0; Win64; x64) AppleWebKit/537.36 (KHTML, like Gecko) Chrome/114.0.0.0 Safari/537.36"
185.216.113.70 - - [16/Apr/2026:15:03:14 +0300] "POST /wp-cron.php?doing_wp_cron=1776340994.1339240074157714843750 HTTP/1.1" 200 448 "-" "WordPress/6.3.8; https://serhatburke.miroglu.net"
165.73.240.153 - - [16/Apr/2026:15:02:46 +0300] "POST /xmlrpc.php HTTP/1.1" 200 13298 "-" "Mozilla/5.0 (Windows NT 10.0; Win64; x64) AppleWebKit/537.36 (KHTML, like Gecko) Chrome/114.0.0.0 Safari/537.36"
128.1.218.179 - - [16/Apr/2026:15:02:48 +0300] "POST /xmlrpc.php HTTP/1.1" 200 13702 "-" "Mozilla/5.0 (Windows NT 10.0; Win64; x64) AppleWebKit/537.36 (KHTML, like Gecko) Chrome/114.0.0.0 Safari/537.36"
103.219.169.133 - - [16/Apr/2026:15:02:59 +0300] "GET /ladbrokes-spielbank-slot-hot-gems-500-willkommensbonus-nun-vortragen/ HTTP/1.1" 200 77799 "-" "Mozilla/5.0 (Windows NT 10.0; Win64; x64) AppleWebKit/537.36 (KHTML, like Gecko) Chrome/123.0.0.0 Safari/537.36 OPR/109.0.0.0"
169.224.7.92 - - [16/Apr/2026:15:03:19 +0300] "GET /wp-login.php HTTP/2" 200 0 "-" "Mozilla/5.0 (Macintosh; Intel Mac OS X 13_5) AppleWebKit/605.1.15 (KHTML, like Gecko) Version/17.5 Safari/605.1.15"
165.73.240.153 - - [16/Apr/2026:15:03:15 +0300] "GET /siberian-violent-the-butterflies-slot-machine-storm-on-the-web-slot-enjoy-trial-at-no-cost/ HTTP/1.1" 200 75058 "-" "Mozilla/5.0 (Windows NT 10.0; Win64; x64) AppleWebKit/537.36 (KHTML, like Gecko) Chrome/123.0.0.0 Safari/537.36"
128.1.218.179 - - [16/Apr/2026:15:03:18 +0300] "GET /slots-cardio-of-vegas-casino-applications-on-the-davinci-diamonds-internet-play/ HTTP/1.1" 200 75092 "-" "Mozilla/5.0 (Windows NT 10.0; Win64; x64; rv:125.0) Gecko/20100101 Firefox/125.0"
128.1.218.179 - - [16/Apr/2026:15:03:27 +0300] "POST /xmlrpc.php HTTP/1.1" 200 630 "-" "Mozilla/5.0 (Windows NT 10.0; Win64; x64) AppleWebKit/537.36 (KHTML, like Gecko) Chrome/114.0.0.0 Safari/537.36"
165.73.240.153 - - [16/Apr/2026:15:03:35 +0300] "POST /xmlrpc.php HTTP/1.1" 200 630 "-" "Mozilla/5.0 (Windows NT 10.0; Win64; x64) AppleWebKit/537.36 (KHTML, like Gecko) Chrome/114.0.0.0 Safari/537.36"
185.216.113.70 - - [16/Apr/2026:15:04:16 +0300] "POST /wp-cron.php?doing_wp_cron=1776341056.8218369483947753906250 HTTP/1.1" 200 448 "-" "WordPress/6.3.8; https://serhatburke.miroglu.net"
85.138.110.249 - - [16/Apr/2026:15:03:55 +0300] "POST /xmlrpc.php HTTP/2" 200 140 "-" "WordPress/XMLRPC Client"
169.224.11.204 - - [16/Apr/2026:15:03:59 +0300] "GET /wp-login.php HTTP/2" 200 3092 "-" "Mozilla/5.0 (Windows NT 10.0; Win64; x64) AppleWebKit/537.36 (KHTML, like Gecko) Chrome/124.0.6367.207 Safari/537.36"
185.216.113.70 - - [16/Apr/2026:15:04:43 +0300] "POST /wp-cron.php?doing_wp_cron=1776341082.9258151054382324218750 HTTP/1.1" 200 448 "-" "WordPress/6.3.8; https://serhatburke.miroglu.net"
128.1.218.179 - - [16/Apr/2026:15:04:11 +0300] "POST /xmlrpc.php HTTP/1.1" 200 14121 "-" "Mozilla/5.0 (Windows NT 10.0; Win64; x64) AppleWebKit/537.36 (KHTML, like Gecko) Chrome/114.0.0.0 Safari/537.36"
85.138.110.249 - - [16/Apr/2026:15:04:17 +0300] "GET /?p=113869 HTTP/2" 200 0 "-" "Mozilla/5.0 (Windows NT 10.0; Win64; x64) AppleWebKit/537.36 (KHTML, like Gecko) Chrome/120.0.0.0 Safari/537.36"
165.73.240.153 - - [16/Apr/2026:15:04:16 +0300] "POST /xmlrpc.php HTTP/1.1" 200 12707 "-" "Mozilla/5.0 (Windows NT 10.0; Win64; x64) AppleWebKit/537.36 (KHTML, like Gecko) Chrome/114.0.0.0 Safari/537.36"
37.105.153.127 - - [16/Apr/2026:15:04:22 +0300] "GET /wp-login.php?wp_lang=en_US HTTP/2" 200 0 "-" "Mozilla/5.0 (Windows NT 10.0; Win64; x64) AppleWebKit/537.36 (KHTML, like Gecko) Chrome/124.0.6367.207 Safari/537.36"
98.98.9.27 - - [16/Apr/2026:15:04:22 +0300] "POST /xmlrpc.php HTTP/1.1" 200 630 "-" "Mozilla/5.0 (Windows NT 10.0; Win64; x64) AppleWebKit/537.36 (KHTML, like Gecko) Chrome/114.0.0.0 Safari/537.36"
128.1.218.179 - - [16/Apr/2026:15:04:29 +0300] "POST /xmlrpc.php HTTP/1.1" 200 630 "-" "Mozilla/5.0 (Windows NT 10.0; Win64; x64) AppleWebKit/537.36 (KHTML, like Gecko) Chrome/114.0.0.0 Safari/537.36"
128.1.218.179 - - [16/Apr/2026:15:04:44 +0300] "GET /consumer-goldbet-no-deposit-casino-bonus-difficulty/ HTTP/1.1" 200 74850 "-" "Mozilla/5.0 (Windows NT 10.0; Win64; x64) AppleWebKit/537.36 (KHTML, like Gecko) Chrome/124.0.0.0 Safari/537.36 Edg/124.0.0.0"
165.73.240.153 - - [16/Apr/2026:15:04:46 +0300] "POST /xmlrpc.php HTTP/1.1" 200 630 "-" "Mozilla/5.0 (Windows NT 10.0; Win64; x64) AppleWebKit/537.36 (KHTML, like Gecko) Chrome/114.0.0.0 Safari/537.36"
165.73.240.153 - - [16/Apr/2026:15:04:57 +0300] "GET /crypto-casino-and-sportsbook-590percent-extra-and-225-88-lucky-charms-casino-free-spins/ HTTP/1.1" 200 74402 "-" "Mozilla/5.0 (Windows NT 10.0; rv:109.0) Gecko/20100101 Firefox/115.0"
200.50.234.101 - - [16/Apr/2026:15:05:03 +0300] "GET /wp-login.php?wp_lang=en_US HTTP/2" 200 0 "-" "Mozilla/5.0 (Windows NT 10.0; Win64; x64) AppleWebKit/537.36 (KHTML, like Gecko) Chrome/124.0.6367.207 Safari/537.36"
185.216.113.70 - - [16/Apr/2026:15:05:53 +0300] "POST /wp-cron.php?doing_wp_cron=1776341153.3874359130859375000000 HTTP/1.1" 200 448 "-" "WordPress/6.3.8; https://serhatburke.miroglu.net"
98.98.9.27 - - [16/Apr/2026:15:05:14 +0300] "POST /xmlrpc.php HTTP/1.1" 200 13129 "-" "Mozilla/5.0 (Windows NT 10.0; Win64; x64) AppleWebKit/537.36 (KHTML, like Gecko) Chrome/114.0.0.0 Safari/537.36"
185.216.113.70 - - [16/Apr/2026:15:06:06 +0300] "POST /wp-cron.php?doing_wp_cron=1776341166.5274469852447509765625 HTTP/1.1" 200 448 "-" "WordPress/6.3.8; https://serhatburke.miroglu.net"
128.1.218.179 - - [16/Apr/2026:15:05:24 +0300] "POST /xmlrpc.php HTTP/1.1" 200 14778 "-" "Mozilla/5.0 (Windows NT 10.0; Win64; x64) AppleWebKit/537.36 (KHTML, like Gecko) Chrome/114.0.0.0 Safari/537.36"
185.216.113.70 - - [16/Apr/2026:15:06:16 +0300] "POST /wp-cron.php?doing_wp_cron=1776341176.6108069419860839843750 HTTP/1.1" 200 448 "-" "WordPress/6.3.8; https://serhatburke.miroglu.net"
185.244.180.165 - - [16/Apr/2026:15:05:33 +0300] "POST /xmlrpc.php HTTP/1.1" 200 87245 "-" "Mozilla/5.0 (Windows NT 10.0; WOW64; x64) AppleWebKit/537.36 (KHTML, like Gecko) Chrome/114.0.0.0 Safari/537.36 OPR/89.0.4447.51"
185.216.113.70 - - [16/Apr/2026:15:06:18 +0300] "POST /wp-cron.php?doing_wp_cron=1776341177.9130170345306396484375 HTTP/1.1" 200 448 "-" "WordPress/6.3.8; https://serhatburke.miroglu.net"
128.1.218.179 - - [16/Apr/2026:15:05:34 +0300] "POST /xmlrpc.php HTTP/1.1" 200 630 "-" "Mozilla/5.0 (Windows NT 10.0; Win64; x64) AppleWebKit/537.36 (KHTML, like Gecko) Chrome/114.0.0.0 Safari/537.36"
105.76.182.54 - - [16/Apr/2026:15:05:42 +0300] "GET /wp-login.php?wp_lang=en_US HTTP/2" 200 0 "-" "Mozilla/5.0 (Windows NT 10.0; Win64; x64) AppleWebKit/537.36 (KHTML, like Gecko) Chrome/124.0.6367.207 Safari/537.36"
185.216.113.70 - - [16/Apr/2026:15:06:27 +0300] "POST /wp-cron.php?doing_wp_cron=1776341187.8944709300994873046875 HTTP/1.1" 200 448 "-" "WordPress/6.3.8; https://serhatburke.miroglu.net"
165.73.240.153 - - [16/Apr/2026:15:05:38 +0300] "POST /xmlrpc.php HTTP/1.1" 200 13194 "-" "Mozilla/5.0 (Windows NT 10.0; Win64; x64) AppleWebKit/537.36 (KHTML, like Gecko) Chrome/114.0.0.0 Safari/537.36"
185.216.113.70 - - [16/Apr/2026:15:06:35 +0300] "POST /wp-cron.php?doing_wp_cron=1776341195.0199871063232421875000 HTTP/1.1" 200 448 "-" "WordPress/6.3.8; https://serhatburke.miroglu.net"
185.216.113.70 - - [16/Apr/2026:15:06:54 +0300] "POST /wp-cron.php?doing_wp_cron=1776341213.8989560604095458984375 HTTP/1.1" 200 448 "-" "WordPress/6.3.8; https://serhatburke.miroglu.net"
165.73.240.153 - - [16/Apr/2026:15:05:54 +0300] "POST /xmlrpc.php HTTP/1.1" 200 630 "-" "Mozilla/5.0 (Windows NT 10.0; Win64; x64) AppleWebKit/537.36 (KHTML, like Gecko) Chrome/114.0.0.0 Safari/537.36"
103.197.155.79 - - [16/Apr/2026:15:06:23 +0300] "GET /wp-login.php?wp_lang=en_US HTTP/2" 200 0 "-" "Mozilla/5.0 (Windows NT 10.0; Win64; x64) AppleWebKit/537.36 (KHTML, like Gecko) Chrome/124.0.6367.207 Safari/537.36"
185.216.113.70 - - [16/Apr/2026:15:07:14 +0300] "POST /wp-cron.php?doing_wp_cron=1776341233.9086260795593261718750 HTTP/1.1" 200 448 "-" "WordPress/6.3.8; https://serhatburke.miroglu.net"
185.244.180.165 - - [16/Apr/2026:15:06:17 +0300] "POST /xmlrpc.php HTTP/1.1" 200 0 "-" "Mozilla/5.0 (Windows NT 10.0; WOW64; x64) AppleWebKit/537.36 (KHTML, like Gecko) Chrome/114.0.0.0 Safari/537.36 OPR/89.0.4447.51"
98.98.9.27 - - [16/Apr/2026:15:05:55 +0300] "GET /indian-casino-wixstars-login-fantasizing-free-pokie-gamble-find-better-online-game-inside-2025/ HTTP/1.1" 200 74924 "-" "Mozilla/5.0 (Windows NT 10.0; Win64; x64) AppleWebKit/537.36 (KHTML, like Gecko) Chrome/124.0.0.0 Safari/537.36 Edg/124.0.0.0"
185.216.113.70 - - [16/Apr/2026:15:07:31 +0300] "POST /wp-cron.php?doing_wp_cron=1776341251.7368540763854980468750 HTTP/1.1" 200 448 "-" "WordPress/6.3.8; https://serhatburke.miroglu.net"
128.1.218.179 - - [16/Apr/2026:15:06:08 +0300] "GET /twenty-five-totally-the-raging-rhino-free-spins-no-deposit-free-revolves-on-the-subscription-no-deposit-also-offers/ HTTP/1.1" 200 76994 "-" "Mozilla/5.0 (Windows NT 10.0; Win64; x64) AppleWebKit/537.36 (KHTML, like Gecko) Chrome/123.0.0.0 Safari/537.36 OPR/109.0.0.0"
103.57.204.2 - - [16/Apr/2026:15:07:03 +0300] "GET /wp-login.php?wp_lang=en_US HTTP/2" 200 0 "-" "Mozilla/5.0 (Windows NT 10.0; Win64; x64) AppleWebKit/537.36 (KHTML, like Gecko) Chrome/124.0.6367.207 Safari/537.36"
185.216.113.70 - - [16/Apr/2026:15:07:49 +0300] "POST /wp-cron.php?doing_wp_cron=1776341269.6123390197753906250000 HTTP/1.1" 200 448 "-" "WordPress/6.3.8; https://serhatburke.miroglu.net"
185.216.113.70 - - [16/Apr/2026:15:07:59 +0300] "POST /wp-cron.php?doing_wp_cron=1776341279.2272620201110839843750 HTTP/1.1" 200 448 "-" "WordPress/6.3.8; https://serhatburke.miroglu.net"
185.216.113.70 - - [16/Apr/2026:15:08:00 +0300] "POST /wp-cron.php?doing_wp_cron=1776341280.1902289390563964843750 HTTP/1.1" 200 448 "-" "WordPress/6.3.8; https://serhatburke.miroglu.net"
128.1.218.179 - - [16/Apr/2026:15:06:25 +0300] "POST /xmlrpc.php HTTP/1.1" 200 14199 "-" "Mozilla/5.0 (Windows NT 10.0; Win64; x64) AppleWebKit/537.36 (KHTML, like Gecko) Chrome/114.0.0.0 Safari/537.36"
185.216.113.70 - - [16/Apr/2026:15:08:02 +0300] "POST /wp-cron.php?doing_wp_cron=1776341282.4291610717773437500000 HTTP/1.1" 200 448 "-" "WordPress/6.3.8; https://serhatburke.miroglu.net"
128.1.218.179 - - [16/Apr/2026:15:06:30 +0300] "POST /xmlrpc.php HTTP/1.1" 200 630 "-" "Mozilla/5.0 (Windows NT 10.0; Win64; x64) AppleWebKit/537.36 (KHTML, like Gecko) Chrome/114.0.0.0 Safari/537.36"
165.73.240.153 - - [16/Apr/2026:15:06:29 +0300] "GET /starburst-position-butterfly-classic-online-slot-machine-comment-2026-needed-playing/ HTTP/1.1" 200 74749 "-" "Mozilla/5.0 (Windows NT 10.0; Win64; x64; rv:125.0) Gecko/20100101 Firefox/125.0"
185.244.180.165 - - [16/Apr/2026:15:07:18 +0300] "POST /xmlrpc.php HTTP/1.1" 200 0 "-" "Mozilla/5.0 (Windows NT 10.0; WOW64; x64) AppleWebKit/537.36 (KHTML, like Gecko) Chrome/114.0.0.0 Safari/537.36 OPR/89.0.4447.51"
94.49.168.238 - - [16/Apr/2026:15:08:02 +0300] "GET /wp-login.php?wp_lang=en_US HTTP/2" 200 0 "-" "Mozilla/5.0 (Windows NT 10.0; Win64; x64) AppleWebKit/537.36 (KHTML, like Gecko) Chrome/124.0.6367.207 Safari/537.36"
185.216.113.70 - - [16/Apr/2026:15:08:44 +0300] "POST /wp-cron.php?doing_wp_cron=1776341324.8370680809020996093750 HTTP/1.1" 200 448 "-" "WordPress/6.3.8; https://serhatburke.miroglu.net"
165.73.240.153 - - [16/Apr/2026:15:07:02 +0300] "POST /xmlrpc.php HTTP/1.1" 200 12709 "-" "Mozilla/5.0 (Windows NT 10.0; Win64; x64) AppleWebKit/537.36 (KHTML, like Gecko) Chrome/114.0.0.0 Safari/537.36"
185.216.113.70 - - [16/Apr/2026:15:08:50 +0300] "POST /wp-cron.php?doing_wp_cron=1776341330.5346910953521728515625 HTTP/1.1" 200 448 "-" "WordPress/6.3.8; https://serhatburke.miroglu.net"
165.73.240.153 - - [16/Apr/2026:15:07:00 +0300] "POST /xmlrpc.php HTTP/1.1" 200 630 "-" "Mozilla/5.0 (Windows NT 10.0; Win64; x64) AppleWebKit/537.36 (KHTML, like Gecko) Chrome/114.0.0.0 Safari/537.36"
185.216.113.70 - - [16/Apr/2026:15:09:12 +0300] "POST /wp-cron.php?doing_wp_cron=1776341352.5392560958862304687500 HTTP/1.1" 200 448 "-" "WordPress/6.3.8; https://serhatburke.miroglu.net"
128.1.218.179 - - [16/Apr/2026:15:07:27 +0300] "POST /xmlrpc.php HTTP/1.1" 200 630 "-" "Mozilla/5.0 (Windows NT 10.0; Win64; x64) AppleWebKit/537.36 (KHTML, like Gecko) Chrome/114.0.0.0 Safari/537.36"
185.244.180.165 - - [16/Apr/2026:15:08:21 +0300] "POST /xmlrpc.php HTTP/1.1" 200 0 "-" "Mozilla/5.0 (Windows NT 10.0; WOW64; x64) AppleWebKit/537.36 (KHTML, like Gecko) Chrome/114.0.0.0 Safari/537.36 OPR/89.0.4447.51"
45.15.43.95 - - [16/Apr/2026:15:08:54 +0300] "GET /wp-login.php?wp_lang=en_US HTTP/2" 200 0 "-" "Mozilla/5.0 (Windows NT 10.0; Win64; x64) AppleWebKit/537.36 (KHTML, like Gecko) Chrome/124.0.6367.207 Safari/537.36"
103.219.169.133 - - [16/Apr/2026:15:07:56 +0300] "POST /xmlrpc.php HTTP/1.1" 500 745 "-" "Mozilla/5.0 (Windows NT 10.0; Win64; x64) AppleWebKit/537.36 (KHTML, like Gecko) Chrome/114.0.0.0 Safari/537.36"
128.1.218.179 - - [16/Apr/2026:15:08:02 +0300] "GET /gamble-fafafa-online-slots-games-video-game-today-gather-a-good-300-acceptance-slots-davinci-diamonds-extra/ HTTP/1.1" 500 745 "-" "Mozilla/5.0 (Windows NT 10.0; rv:109.0) Gecko/20100101 Firefox/115.0"
128.1.218.179 - - [16/Apr/2026:15:08:10 +0300] "POST /xmlrpc.php HTTP/1.1" 500 745 "-" "Mozilla/5.0 (Windows NT 10.0; Win64; x64) AppleWebKit/537.36 (KHTML, like Gecko) Chrome/114.0.0.0 Safari/537.36"
165.73.240.153 - - [16/Apr/2026:15:08:11 +0300] "POST /xmlrpc.php HTTP/1.1" 500 745 "-" "Mozilla/5.0 (Windows NT 10.0; Win64; x64) AppleWebKit/537.36 (KHTML, like Gecko) Chrome/114.0.0.0 Safari/537.36"
57.128.22.95 - - [16/Apr/2026:15:08:22 +0300] "GET /zotabet-casino-bonus-premier-depot-2026/ HTTP/1.1" 500 782 "https://serhatburke.miroglu.net/" "Mozilla/5.0 (Windows NT 10.0; Win64; x64) AppleWebKit/537.36 (KHTML, like Gecko) Chrome/144.0.0.0 Safari/537.36 Edg/144.0.0.0"
128.1.218.179 - - [16/Apr/2026:15:08:23 +0300] "POST /xmlrpc.php HTTP/1.1" 500 745 "-" "Mozilla/5.0 (Windows NT 10.0; Win64; x64) AppleWebKit/537.36 (KHTML, like Gecko) Chrome/114.0.0.0 Safari/537.36"
185.244.180.165 - - [16/Apr/2026:15:09:23 +0300] "POST /xmlrpc.php HTTP/1.1" 200 0 "-" "Mozilla/5.0 (Windows NT 10.0; WOW64; x64) AppleWebKit/537.36 (KHTML, like Gecko) Chrome/114.0.0.0 Safari/537.36 OPR/89.0.4447.51"
98.98.9.26 - - [16/Apr/2026:15:08:34 +0300] "POST /xmlrpc.php HTTP/1.1" 500 745 "-" "Mozilla/5.0 (Windows NT 10.0; Win64; x64) AppleWebKit/537.36 (KHTML, like Gecko) Chrome/114.0.0.0 Safari/537.36"
165.73.240.153 - - [16/Apr/2026:15:08:42 +0300] "POST /xmlrpc.php HTTP/1.1" 500 745 "-" "Mozilla/5.0 (Windows NT 10.0; Win64; x64) AppleWebKit/537.36 (KHTML, like Gecko) Chrome/114.0.0.0 Safari/537.36"
165.73.240.153 - - [16/Apr/2026:15:08:47 +0300] "POST /xmlrpc.php HTTP/1.1" 500 745 "-" "Mozilla/5.0 (Windows NT 10.0; Win64; x64) AppleWebKit/537.36 (KHTML, like Gecko) Chrome/114.0.0.0 Safari/537.36"
185.216.113.70 - - [16/Apr/2026:15:11:01 +0300] "POST /wp-cron.php?doing_wp_cron=1776341460.9073419570922851562500 HTTP/1.1" 200 448 "-" "WordPress/6.3.8; https://serhatburke.miroglu.net"
128.1.218.179 - - [16/Apr/2026:15:09:06 +0300] "POST /xmlrpc.php HTTP/1.1" 500 745 "-" "Mozilla/5.0 (Windows NT 10.0; Win64; x64) AppleWebKit/537.36 (KHTML, like Gecko) Chrome/114.0.0.0 Safari/537.36"
165.73.240.153 - - [16/Apr/2026:15:09:14 +0300] "POST /xmlrpc.php HTTP/1.1" 500 745 "-" "Mozilla/5.0 (Windows NT 10.0; Win64; x64) AppleWebKit/537.36 (KHTML, like Gecko) Chrome/114.0.0.0 Safari/537.36"
128.1.218.179 - - [16/Apr/2026:15:09:18 +0300] "POST /xmlrpc.php HTTP/1.1" 500 745 "-" "Mozilla/5.0 (Windows NT 10.0; Win64; x64) AppleWebKit/537.36 (KHTML, like Gecko) Chrome/114.0.0.0 Safari/537.36"
57.128.22.95 - - [16/Apr/2026:15:09:23 +0300] "GET /zotabet-casino-bonus-premier-depot-2026/ HTTP/1.1" 500 782 "https://serhatburke.miroglu.net/" "Mozilla/5.0 (Windows NT 10.0; Win64; x64) AppleWebKit/537.36 (KHTML, like Gecko) Chrome/144.0.0.0 Safari/537.36 Edg/144.0.0.0"
185.244.180.165 - - [16/Apr/2026:15:10:25 +0300] "POST /xmlrpc.php HTTP/1.1" 200 0 "-" "Mozilla/5.0 (Windows NT 10.0; WOW64; x64) AppleWebKit/537.36 (KHTML, like Gecko) Chrome/114.0.0.0 Safari/537.36 OPR/89.0.4447.51"
185.216.113.70 - - [16/Apr/2026:15:11:31 +0300] "POST /wp-cron.php?doing_wp_cron=1776341491.0914509296417236328125 HTTP/1.1" 200 448 "-" "WordPress/6.3.8; https://serhatburke.miroglu.net"
103.219.169.133 - - [16/Apr/2026:15:09:36 +0300] "POST /xmlrpc.php HTTP/1.1" 500 745 "-" "Mozilla/5.0 (Windows NT 10.0; Win64; x64) AppleWebKit/537.36 (KHTML, like Gecko) Chrome/114.0.0.0 Safari/537.36"
128.1.218.179 - - [16/Apr/2026:15:09:42 +0300] "POST /xmlrpc.php HTTP/1.1" 500 745 "-" "Mozilla/5.0 (Windows NT 10.0; Win64; x64) AppleWebKit/537.36 (KHTML, like Gecko) Chrome/114.0.0.0 Safari/537.36"
165.73.240.153 - - [16/Apr/2026:15:09:52 +0300] "POST /xmlrpc.php HTTP/1.1" 500 745 "-" "Mozilla/5.0 (Windows NT 10.0; Win64; x64) AppleWebKit/537.36 (KHTML, like Gecko) Chrome/114.0.0.0 Safari/537.36"
128.1.218.179 - - [16/Apr/2026:15:09:55 +0300] "POST /xmlrpc.php HTTP/1.1" 500 745 "-" "Mozilla/5.0 (Windows NT 10.0; Win64; x64) AppleWebKit/537.36 (KHTML, like Gecko) Chrome/114.0.0.0 Safari/537.36"
185.216.113.70 - - [16/Apr/2026:15:12:03 +0300] "POST /wp-cron.php?doing_wp_cron=1776341523.5733809471130371093750 HTTP/1.1" 200 448 "-" "WordPress/6.3.8; https://serhatburke.miroglu.net"
128.1.218.179 - - [16/Apr/2026:15:10:03 +0300] "POST /xmlrpc.php HTTP/1.1" 500 745 "-" "Mozilla/5.0 (Windows NT 10.0; Win64; x64) AppleWebKit/537.36 (KHTML, like Gecko) Chrome/114.0.0.0 Safari/537.36"
185.216.113.70 - - [16/Apr/2026:15:11:49 +0300] "POST /wp-cron.php?doing_wp_cron=1776341509.6221880912780761718750 HTTP/1.1" 200 448 "-" "WordPress/6.3.8; https://serhatburke.miroglu.net"
128.1.218.179 - - [16/Apr/2026:15:10:12 +0300] "POST /xmlrpc.php HTTP/1.1" 500 745 "-" "Mozilla/5.0 (Windows NT 10.0; Win64; x64) AppleWebKit/537.36 (KHTML, like Gecko) Chrome/114.0.0.0 Safari/537.36"
98.98.9.26 - - [16/Apr/2026:15:10:12 +0300] "POST /xmlrpc.php HTTP/1.1" 500 745 "-" "Mozilla/5.0 (Windows NT 10.0; Win64; x64) AppleWebKit/537.36 (KHTML, like Gecko) Chrome/114.0.0.0 Safari/537.36"
98.98.9.27 - - [16/Apr/2026:15:10:17 +0300] "POST /xmlrpc.php HTTP/1.1" 500 745 "-" "Mozilla/5.0 (Windows NT 10.0; Win64; x64) AppleWebKit/537.36 (KHTML, like Gecko) Chrome/114.0.0.0 Safari/537.36"
165.73.240.153 - - [16/Apr/2026:15:10:21 +0300] "POST /xmlrpc.php HTTP/1.1" 500 745 "-" "Mozilla/5.0 (Windows NT 10.0; Win64; x64) AppleWebKit/537.36 (KHTML, like Gecko) Chrome/114.0.0.0 Safari/537.36"
57.128.22.95 - - [16/Apr/2026:15:10:23 +0300] "GET /zotabet-casino-bonus-premier-depot-2026/ HTTP/1.1" 500 782 "https://serhatburke.miroglu.net/" "Mozilla/5.0 (Windows NT 10.0; Win64; x64) AppleWebKit/537.36 (KHTML, like Gecko) Chrome/144.0.0.0 Safari/537.36 Edg/144.0.0.0"
185.216.113.70 - - [16/Apr/2026:15:12:24 +0300] "POST /wp-cron.php?doing_wp_cron=1776341544.6126689910888671875000 HTTP/1.1" 200 448 "-" "WordPress/6.3.8; https://serhatburke.miroglu.net"
165.73.240.153 - - [16/Apr/2026:15:10:25 +0300] "POST /xmlrpc.php HTTP/1.1" 500 745 "-" "Mozilla/5.0 (Windows NT 10.0; Win64; x64) AppleWebKit/537.36 (KHTML, like Gecko) Chrome/114.0.0.0 Safari/537.36"
165.73.240.153 - - [16/Apr/2026:15:10:27 +0300] "GET /?p=113879 HTTP/1.1" 500 745 "-" "Mozilla/5.0 (Windows NT 10.0; Win64; x64; rv:124.0) Gecko/20100101 Firefox/124.0"
185.244.180.165 - - [16/Apr/2026:15:11:28 +0300] "POST /xmlrpc.php HTTP/1.1" 200 0 "-" "Mozilla/5.0 (Windows NT 10.0; WOW64; x64) AppleWebKit/537.36 (KHTML, like Gecko) Chrome/114.0.0.0 Safari/537.36 OPR/89.0.4447.51"
128.1.218.179 - - [16/Apr/2026:15:10:52 +0300] "POST /xmlrpc.php HTTP/1.1" 500 745 "-" "Mozilla/5.0 (Windows NT 10.0; Win64; x64) AppleWebKit/537.36 (KHTML, like Gecko) Chrome/114.0.0.0 Safari/537.36"
165.73.240.153 - - [16/Apr/2026:15:10:54 +0300] "POST /xmlrpc.php HTTP/1.1" 500 745 "-" "Mozilla/5.0 (Windows NT 10.0; Win64; x64) AppleWebKit/537.36 (KHTML, like Gecko) Chrome/114.0.0.0 Safari/537.36"
128.1.218.179 - - [16/Apr/2026:15:10:58 +0300] "POST /xmlrpc.php HTTP/1.1" 500 745 "-" "Mozilla/5.0 (Windows NT 10.0; Win64; x64) AppleWebKit/537.36 (KHTML, like Gecko) Chrome/114.0.0.0 Safari/537.36"
128.1.218.179 - - [16/Apr/2026:15:11:09 +0300] "POST /xmlrpc.php HTTP/1.1" 500 745 "-" "Mozilla/5.0 (Windows NT 10.0; Win64; x64) AppleWebKit/537.36 (KHTML, like Gecko) Chrome/114.0.0.0 Safari/537.36"
165.73.240.153 - - [16/Apr/2026:15:11:26 +0300] "POST /xmlrpc.php HTTP/1.1" 500 745 "-" "Mozilla/5.0 (Windows NT 10.0; Win64; x64) AppleWebKit/537.36 (KHTML, like Gecko) Chrome/114.0.0.0 Safari/537.36"
185.244.180.165 - - [16/Apr/2026:15:12:30 +0300] "POST /xmlrpc.php HTTP/1.1" 200 0 "-" "Mozilla/5.0 (Windows NT 10.0; WOW64; x64) AppleWebKit/537.36 (KHTML, like Gecko) Chrome/114.0.0.0 Safari/537.36 OPR/89.0.4447.51"
185.216.113.70 - - [16/Apr/2026:15:13:36 +0300] "POST /wp-cron.php?doing_wp_cron=1776341616.2967629432678222656250 HTTP/1.1" 200 448 "-" "WordPress/6.3.8; https://serhatburke.miroglu.net"
128.1.218.179 - - [16/Apr/2026:15:11:35 +0300] "GET /?p=113881 HTTP/1.1" 500 745 "-" "Mozilla/5.0 (Windows NT 10.0; Win64; x64) AppleWebKit/537.36 (KHTML, like Gecko) Chrome/122.0.0.0 Safari/537.36"
185.216.113.70 - - [16/Apr/2026:15:13:38 +0300] "POST /wp-cron.php?doing_wp_cron=1776341618.8970050811767578125000 HTTP/1.1" 200 448 "-" "WordPress/6.3.8; https://serhatburke.miroglu.net"
165.73.240.153 - - [16/Apr/2026:15:12:10 +0300] "POST /xmlrpc.php HTTP/1.1" 200 12966 "-" "Mozilla/5.0 (Windows NT 10.0; Win64; x64) AppleWebKit/537.36 (KHTML, like Gecko) Chrome/114.0.0.0 Safari/537.36"
181.141.214.91 - - [16/Apr/2026:15:11:45 +0300] "POST /xmlrpc.php HTTP/2" 200 0 "-" "XML-RPC for PHP 4.11.1"
185.216.113.70 - - [16/Apr/2026:15:13:45 +0300] "POST /wp-cron.php?doing_wp_cron=1776341625.8224780559539794921875 HTTP/1.1" 200 448 "-" "WordPress/6.3.8; https://serhatburke.miroglu.net"
128.1.218.179 - - [16/Apr/2026:15:11:52 +0300] "POST /xmlrpc.php HTTP/1.1" 500 1102 "-" "Mozilla/5.0 (Windows NT 10.0; Win64; x64) AppleWebKit/537.36 (KHTML, like Gecko) Chrome/114.0.0.0 Safari/537.36"
185.216.113.70 - - [16/Apr/2026:15:13:47 +0300] "POST /wp-cron.php?doing_wp_cron=1776341627.6974470615386962890625 HTTP/1.1" 200 448 "-" "WordPress/6.3.8; https://serhatburke.miroglu.net"
98.98.9.27 - - [16/Apr/2026:15:11:58 +0300] "POST /xmlrpc.php HTTP/1.1" 500 1102 "-" "Mozilla/5.0 (Windows NT 10.0; Win64; x64) AppleWebKit/537.36 (KHTML, like Gecko) Chrome/114.0.0.0 Safari/537.36"
185.216.113.70 - - [16/Apr/2026:15:14:00 +0300] "POST /wp-cron.php?doing_wp_cron=1776341640.2042989730834960937500 HTTP/1.1" 200 448 "-" "WordPress/6.3.8; https://serhatburke.miroglu.net"
165.73.240.153 - - [16/Apr/2026:15:12:07 +0300] "POST /xmlrpc.php HTTP/1.1" 200 861 "-" "Mozilla/5.0 (Windows NT 10.0; Win64; x64) AppleWebKit/537.36 (KHTML, like Gecko) Chrome/114.0.0.0 Safari/537.36"
185.216.113.70 - - [16/Apr/2026:15:14:05 +0300] "POST /wp-cron.php?doing_wp_cron=1776341645.6371850967407226562500 HTTP/1.1" 200 448 "-" "WordPress/6.3.8; https://serhatburke.miroglu.net"
128.1.218.179 - - [16/Apr/2026:15:12:37 +0300] "POST /xmlrpc.php HTTP/1.1" 200 12650 "-" "Mozilla/5.0 (Windows NT 10.0; Win64; x64) AppleWebKit/537.36 (KHTML, like Gecko) Chrome/114.0.0.0 Safari/537.36"
185.216.113.70 - - [16/Apr/2026:15:14:24 +0300] "POST /wp-cron.php?doing_wp_cron=1776341663.8923768997192382812500 HTTP/1.1" 200 448 "-" "WordPress/6.3.8; https://serhatburke.miroglu.net"
128.1.218.179 - - [16/Apr/2026:15:13:15 +0300] "POST /xmlrpc.php HTTP/1.1" 200 861 "-" "Mozilla/5.0 (Windows NT 10.0; Win64; x64) AppleWebKit/537.36 (KHTML, like Gecko) Chrome/114.0.0.0 Safari/537.36"
185.244.180.165 - - [16/Apr/2026:15:13:32 +0300] "POST /xmlrpc.php HTTP/1.1" 200 0 "-" "Mozilla/5.0 (Windows NT 10.0; WOW64; x64) AppleWebKit/537.36 (KHTML, like Gecko) Chrome/114.0.0.0 Safari/537.36 OPR/89.0.4447.51"
185.216.113.70 - - [16/Apr/2026:15:14:45 +0300] "POST /wp-cron.php?doing_wp_cron=1776341685.4032149314880371093750 HTTP/1.1" 200 448 "-" "WordPress/6.3.8; https://serhatburke.miroglu.net"
165.73.240.153 - - [16/Apr/2026:15:13:40 +0300] "GET /greatest-on-the-internet-position-sites-best-ports-super-diamond-wild-slot-machine-real-money-the-real-deal-money-that-are-safer-inside-canada-2026/ HTTP/1.1" 200 76646 "-" "Mozilla/5.0 (Windows NT 10.0; Win64; x64) AppleWebKit/537.36 (KHTML, like Gecko) Chrome/123.0.0.0 Safari/537.36 OPR/109.0.0.0"
185.216.113.70 - - [16/Apr/2026:15:15:07 +0300] "POST /wp-cron.php?doing_wp_cron=1776341707.7350780963897705078125 HTTP/1.1" 200 448 "-" "WordPress/6.3.8; https://serhatburke.miroglu.net"
128.1.218.179 - - [16/Apr/2026:15:14:07 +0300] "GET /fairy-gate-position-casino-olympus-free-spins-2026-review-powered-by-quickspin/ HTTP/1.1" 200 74755 "-" "Mozilla/5.0 (Windows NT 10.0; Win64; x64) AppleWebKit/537.36 (KHTML, like Gecko) Chrome/109.0.0.0 Safari/537.36"
185.216.113.70 - - [16/Apr/2026:15:15:15 +0300] "POST /wp-cron.php?doing_wp_cron=1776341715.0732159614562988281250 HTTP/1.1" 200 448 "-" "WordPress/6.3.8; https://serhatburke.miroglu.net"
98.98.9.26 - - [16/Apr/2026:15:14:15 +0300] "POST /xmlrpc.php HTTP/1.1" 200 630 "-" "Mozilla/5.0 (Windows NT 10.0; Win64; x64) AppleWebKit/537.36 (KHTML, like Gecko) Chrome/114.0.0.0 Safari/537.36"
185.244.180.165 - - [16/Apr/2026:15:14:34 +0300] "POST /xmlrpc.php HTTP/1.1" 200 884 "-" "Mozilla/5.0 (Windows NT 10.0; WOW64; x64) AppleWebKit/537.36 (KHTML, like Gecko) Chrome/114.0.0.0 Safari/537.36 OPR/89.0.4447.51"
98.98.9.26 - - [16/Apr/2026:15:15:23 +0300] "POST /xmlrpc.php HTTP/1.1" 200 14243 "-" "Mozilla/5.0 (Windows NT 10.0; Win64; x64) AppleWebKit/537.36 (KHTML, like Gecko) Chrome/114.0.0.0 Safari/537.36"
98.98.9.26 - - [16/Apr/2026:15:15:48 +0300] "GET /po-dobri-pravila-za-kazino-bez-depozit-za-sshchestvuvashchi-igrachi-v-kanada/ HTTP/1.1" 200 81477 "-" "Mozilla/5.0 (Windows NT 10.0; Win64; x64) AppleWebKit/537.36 (KHTML, like Gecko) Chrome/109.0.0.0 Safari/537.36"
185.216.113.70 - - [16/Apr/2026:15:17:15 +0300] "POST /wp-cron.php?doing_wp_cron=1776341835.8814959526062011718750 HTTP/1.1" 200 448 "-" "WordPress/6.3.8; https://serhatburke.miroglu.net"
185.244.180.165 - - [16/Apr/2026:15:17:03 +0300] "POST /xmlrpc.php HTTP/1.1" 200 87245 "-" "Mozilla/5.0 (Windows NT 10.0; Win64; x64) AppleWebKit/537.36 (KHTML, like Gecko) Chrome/139.0.0.0 Safari/537.36"
185.244.180.165 - - [16/Apr/2026:15:17:16 +0300] "POST /xmlrpc.php HTTP/1.1" 200 725 "-" "Mozilla/5.0 (Windows NT 10.0; Win64; x64) AppleWebKit/537.36 (KHTML, like Gecko) Chrome/139.0.0.0 Safari/537.36"
15.235.98.65 - - [16/Apr/2026:15:17:29 +0300] "GET /28563-2/ HTTP/2" 200 17852 "-" "Mozilla/5.0 (compatible; AhrefsBot/7.0; +http://ahrefs.com/robot/)"
185.216.113.70 - - [16/Apr/2026:15:17:49 +0300] "POST /wp-cron.php?doing_wp_cron=1776341869.7764239311218261718750 HTTP/1.1" 200 448 "-" "WordPress/6.3.8; https://serhatburke.miroglu.net"
185.244.180.165 - - [16/Apr/2026:15:17:31 +0300] "POST /xmlrpc.php HTTP/1.1" 200 489 "-" "Mozilla/5.0 (Windows NT 10.0; Win64; x64) AppleWebKit/537.36 (KHTML, like Gecko) Chrome/139.0.0.0 Safari/537.36"
202.8.42.13 - - [16/Apr/2026:15:17:50 +0300] "GET /wp-content/themes/toppic/css/royalslider.css?ver=4.2 HTTP/2" 200 1273 "https://serhatburke.miroglu.net/28563-2/" "Mozilla/5.0 (compatible; AhrefsBot/7.0; +http://ahrefs.com/robot/)"
202.8.42.13 - - [16/Apr/2026:15:17:50 +0300] "GET /wp-content/themes/toppic/style.css?ver=4.2 HTTP/2" 200 22783 "https://serhatburke.miroglu.net/28563-2/" "Mozilla/5.0 (compatible; AhrefsBot/7.0; +http://ahrefs.com/robot/)"
202.8.42.13 - - [16/Apr/2026:15:17:50 +0300] "GET /wp-content/themes/toppic/css/lightbox.css?ver=4.2 HTTP/2" 200 2342 "https://serhatburke.miroglu.net/28563-2/" "Mozilla/5.0 (compatible; AhrefsBot/7.0; +http://ahrefs.com/robot/)"
202.8.42.13 - - [16/Apr/2026:15:17:50 +0300] "GET /wp-content/plugins/contact-form-7/includes/css/styles.css?ver=5.8 HTTP/2" 200 878 "https://serhatburke.miroglu.net/28563-2/" "Mozilla/5.0 (compatible; AhrefsBot/7.0; +http://ahrefs.com/robot/)"
202.8.42.13 - - [16/Apr/2026:15:17:50 +0300] "GET /wp-content/themes/toppic/css/fontello.css?ver=4.2 HTTP/2" 200 1188 "https://serhatburke.miroglu.net/28563-2/" "Mozilla/5.0 (compatible; AhrefsBot/7.0; +http://ahrefs.com/robot/)"
202.8.42.13 - - [16/Apr/2026:15:17:50 +0300] "GET /wp-includes/css/dist/block-library/style.min.css?ver=6.3.8 HTTP/2" 200 12962 "https://serhatburke.miroglu.net/28563-2/" "Mozilla/5.0 (compatible; AhrefsBot/7.0; +http://ahrefs.com/robot/)"
202.8.42.13 - - [16/Apr/2026:15:17:50 +0300] "GET /wp-content/themes/toppic/css/reset.css?ver=4.2 HTTP/2" 200 566 "https://serhatburke.miroglu.net/28563-2/" "Mozilla/5.0 (compatible; AhrefsBot/7.0; +http://ahrefs.com/robot/)"
202.8.42.13 - - [16/Apr/2026:15:17:50 +0300] "GET /wp-content/themes/toppic/css/rs-default.css?ver=4.2 HTTP/2" 200 2011 "https://serhatburke.miroglu.net/28563-2/" "Mozilla/5.0 (compatible; AhrefsBot/7.0; +http://ahrefs.com/robot/)"
202.8.42.13 - - [16/Apr/2026:15:17:50 +0300] "GET /wp-content/themes/toppic/css/responsive.css?ver=4.2 HTTP/2" 200 2182 "https://serhatburke.miroglu.net/28563-2/" "Mozilla/5.0 (compatible; AhrefsBot/7.0; +http://ahrefs.com/robot/)"
202.8.42.13 - - [16/Apr/2026:15:17:50 +0300] "GET /wp-content/themes/toppic/css/woocommerce.css?ver=4.2 HTTP/2" 200 2234 "https://serhatburke.miroglu.net/28563-2/" "Mozilla/5.0 (compatible; AhrefsBot/7.0; +http://ahrefs.com/robot/)"
202.8.42.13 - - [16/Apr/2026:15:17:50 +0300] "GET /wp-content/themes/toppic/css/default.css?ver=4.2 HTTP/2" 200 1198 "https://serhatburke.miroglu.net/28563-2/" "Mozilla/5.0 (compatible; AhrefsBot/7.0; +http://ahrefs.com/robot/)"
202.8.42.13 - - [16/Apr/2026:15:17:50 +0300] "GET /wp-includes/js/jquery/jquery-migrate.min.js?ver=3.4.1 HTTP/2" 200 4678 "https://serhatburke.miroglu.net/28563-2/" "Mozilla/5.0 (compatible; AhrefsBot/7.0; +http://ahrefs.com/robot/)"
202.8.42.13 - - [16/Apr/2026:15:17:50 +0300] "GET /wp-content/plugins/roses-like-this/likesScript.js?ver=6.3.8 HTTP/2" 200 619 "https://serhatburke.miroglu.net/28563-2/" "Mozilla/5.0 (compatible; AhrefsBot/7.0; +http://ahrefs.com/robot/)"
202.8.42.13 - - [16/Apr/2026:15:17:50 +0300] "GET /wp-includes/js/jquery/jquery.min.js?ver=3.7.0 HTTP/2" 200 29712 "https://serhatburke.miroglu.net/28563-2/" "Mozilla/5.0 (compatible; AhrefsBot/7.0; +http://ahrefs.com/robot/)"
202.8.42.13 - - [16/Apr/2026:15:17:50 +0300] "GET /wp-content/plugins/contact-form-7/includes/swv/js/index.js?ver=5.8 HTTP/2" 200 3061 "https://serhatburke.miroglu.net/28563-2/" "Mozilla/5.0 (compatible; AhrefsBot/7.0; +http://ahrefs.com/robot/)"
202.8.42.13 - - [16/Apr/2026:15:17:50 +0300] "GET /wp-content/plugins/contact-form-7/includes/js/index.js?ver=5.8 HTTP/2" 200 3918 "https://serhatburke.miroglu.net/28563-2/" "Mozilla/5.0 (compatible; AhrefsBot/7.0; +http://ahrefs.com/robot/)"
202.8.42.13 - - [16/Apr/2026:15:17:53 +0300] "GET /wp-content/themes/toppic/js/jquery.parallax.custom.js?ver=4.2 HTTP/2" 200 720 "https://serhatburke.miroglu.net/28563-2/" "Mozilla/5.0 (compatible; AhrefsBot/7.0; +http://ahrefs.com/robot/)"
202.8.42.13 - - [16/Apr/2026:15:17:53 +0300] "GET /wp-content/themes/toppic/js/jquery.mtree.js?ver=4.2 HTTP/2" 200 883 "https://serhatburke.miroglu.net/28563-2/" "Mozilla/5.0 (compatible; AhrefsBot/7.0; +http://ahrefs.com/robot/)"
202.8.42.13 - - [16/Apr/2026:15:17:53 +0300] "GET /wp-content/themes/toppic/js/jquery.tipsy.js?ver=4.2 HTTP/2" 200 829 "https://serhatburke.miroglu.net/28563-2/" "Mozilla/5.0 (compatible; AhrefsBot/7.0; +http://ahrefs.com/robot/)"
202.8.42.13 - - [16/Apr/2026:15:17:53 +0300] "GET /wp-content/themes/toppic/js/jquery.transit.min.js?ver=4.2 HTTP/2" 200 2624 "https://serhatburke.miroglu.net/28563-2/" "Mozilla/5.0 (compatible; AhrefsBot/7.0; +http://ahrefs.com/robot/)"
202.8.42.13 - - [16/Apr/2026:15:17:53 +0300] "GET /wp-content/themes/toppic/js/scrollMonitor.js?ver=4.2 HTTP/2" 200 2538 "https://serhatburke.miroglu.net/28563-2/" "Mozilla/5.0 (compatible; AhrefsBot/7.0; +http://ahrefs.com/robot/)"
202.8.42.13 - - [16/Apr/2026:15:17:53 +0300] "GET /wp-content/themes/toppic/js/jquery.touchswipe.js?ver=4.2 HTTP/2" 200 4734 "https://serhatburke.miroglu.net/28563-2/" "Mozilla/5.0 (compatible; AhrefsBot/7.0; +http://ahrefs.com/robot/)"
202.8.42.13 - - [16/Apr/2026:15:17:53 +0300] "GET /wp-content/themes/toppic/js/jquery.modernizr.custom.js?ver=4.2 HTTP/2" 200 2892 "https://serhatburke.miroglu.net/28563-2/" "Mozilla/5.0 (compatible; AhrefsBot/7.0; +http://ahrefs.com/robot/)"
202.8.42.13 - - [16/Apr/2026:15:17:53 +0300] "GET /wp-includes/js/comment-reply.min.js?ver=6.3.8 HTTP/2" 200 1228 "https://serhatburke.miroglu.net/28563-2/" "Mozilla/5.0 (compatible; AhrefsBot/7.0; +http://ahrefs.com/robot/)"
202.8.42.13 - - [16/Apr/2026:15:17:53 +0300] "GET /wp-content/themes/toppic/js/jquery.kenb.js?ver=4.2 HTTP/2" 200 1252 "https://serhatburke.miroglu.net/28563-2/" "Mozilla/5.0 (compatible; AhrefsBot/7.0; +http://ahrefs.com/robot/)"
202.8.42.13 - - [16/Apr/2026:15:17:53 +0300] "GET /wp-content/themes/toppic/js/jquery.magnific-popup.min.js?ver=4.2 HTTP/2" 200 7278 "https://serhatburke.miroglu.net/28563-2/" "Mozilla/5.0 (compatible; AhrefsBot/7.0; +http://ahrefs.com/robot/)"
202.8.42.13 - - [16/Apr/2026:15:17:53 +0300] "GET /wp-content/themes/toppic/js/lazysizes.min.js?ver=4.2 HTTP/2" 200 3175 "https://serhatburke.miroglu.net/28563-2/" "Mozilla/5.0 (compatible; AhrefsBot/7.0; +http://ahrefs.com/robot/)"
202.8.42.13 - - [16/Apr/2026:15:17:53 +0300] "GET /wp-content/themes/toppic/js/jquery.custom.js?ver=4.2 HTTP/2" 200 8215 "https://serhatburke.miroglu.net/28563-2/" "Mozilla/5.0 (compatible; AhrefsBot/7.0; +http://ahrefs.com/robot/)"
202.8.42.13 - - [16/Apr/2026:15:17:55 +0300] "GET /wp-content/themes/toppic/css/font/fontello.woff2?64692809 HTTP/2" 200 8356 "https://serhatburke.miroglu.net/wp-content/themes/toppic/css/fontello.css?ver=4.2" "Mozilla/5.0 (compatible; AhrefsBot/7.0; +http://ahrefs.com/robot/)"
202.8.42.13 - - [16/Apr/2026:15:17:56 +0300] "GET /28563-2/undefined?ts=1776341874 HTTP/2" 200 0 "https://serhatburke.miroglu.net/28563-2/" "Mozilla/5.0 (compatible; AhrefsBot/7.0; +http://ahrefs.com/robot/)"
168.100.149.146 - - [16/Apr/2026:15:17:48 +0300] "GET /robots.txt HTTP/2" 200 110 "-" "Mozilla/5.0 (compatible; AhrefsBot/7.0; +http://ahrefs.com/robot/)"
185.244.180.165 - - [16/Apr/2026:15:17:50 +0300] "POST /xmlrpc.php HTTP/1.1" 200 541515 "-" "Mozilla/5.0 (Windows NT 10.0; Win64; x64) AppleWebKit/537.36 (KHTML, like Gecko) Chrome/139.0.0.0 Safari/537.36"
185.216.113.70 - - [16/Apr/2026:15:19:48 +0300] "POST /wp-cron.php?doing_wp_cron=1776341988.1619839668273925781250 HTTP/1.1" 200 448 "-" "WordPress/6.3.8; https://serhatburke.miroglu.net"
116.202.50.35 - - [16/Apr/2026:15:19:35 +0300] "POST /xmlrpc.php HTTP/1.1" 200 1155 "-" "Mozilla/5.0 (Windows NT 10.0; Win64; x64) AppleWebKit/537.36 (KHTML, like Gecko) Chrome/70.0.3538.102 Safari/537.36 Edge/18.18362"
185.216.113.70 - - [16/Apr/2026:15:20:00 +0300] "GET / HTTP/1.1" 200 10727 "-" "WordPress/6.3.8; https://serhatburke.miroglu.net"
185.216.113.70 - - [16/Apr/2026:15:20:05 +0300] "GET / HTTP/1.1" 200 19117 "-" "WordPress/6.3.8; https://serhatburke.miroglu.net"
185.216.113.70 - - [16/Apr/2026:15:20:50 +0300] "POST /wp-cron.php?doing_wp_cron=1776342050.1708118915557861328125 HTTP/1.1" 200 448 "-" "WordPress/6.3.8; https://serhatburke.miroglu.net"
54.39.6.115 - - [16/Apr/2026:15:20:36 +0300] "GET /28563-2/undefined?ts=1776341874 HTTP/2" 404 13597 "-" "Mozilla/5.0 (compatible; AhrefsBot/7.0; +http://ahrefs.com/robot/)"
128.1.218.179 - - [16/Apr/2026:15:20:54 +0300] "POST /xmlrpc.php HTTP/1.1" 200 630 "-" "Mozilla/5.0 (Windows NT 10.0; Win64; x64) AppleWebKit/537.36 (KHTML, like Gecko) Chrome/114.0.0.0 Safari/537.36"
128.1.218.179 - - [16/Apr/2026:15:21:15 +0300] "POST /xmlrpc.php HTTP/1.1" 200 13913 "-" "Mozilla/5.0 (Windows NT 10.0; Win64; x64) AppleWebKit/537.36 (KHTML, like Gecko) Chrome/114.0.0.0 Safari/537.36"
128.1.218.179 - - [16/Apr/2026:15:21:30 +0300] "GET /fish-team-casino-slot-games-supernova-slot-complete-remark-and-you-may-free-demo-game/ HTTP/1.1" 200 75284 "-" "Mozilla/5.0 (Windows NT 10.0; Win64; x64) AppleWebKit/537.36 (KHTML, like Gecko) Chrome/123.0.0.0 Safari/537.36 OPR/109.0.0.0"
185.216.113.70 - - [16/Apr/2026:15:26:37 +0300] "POST /wp-cron.php?doing_wp_cron=1776342397.7571249008178710937500 HTTP/1.1" 200 448 "-" "WordPress/6.3.8; https://serhatburke.miroglu.net"
128.1.218.179 - - [16/Apr/2026:15:26:23 +0300] "POST /xmlrpc.php HTTP/1.1" 200 630 "-" "Mozilla/5.0 (Windows NT 10.0; Win64; x64) AppleWebKit/537.36 (KHTML, like Gecko) Chrome/114.0.0.0 Safari/537.36"
128.1.218.179 - - [16/Apr/2026:15:26:44 +0300] "POST /xmlrpc.php HTTP/1.1" 200 14456 "-" "Mozilla/5.0 (Windows NT 10.0; Win64; x64) AppleWebKit/537.36 (KHTML, like Gecko) Chrome/114.0.0.0 Safari/537.36"
128.1.218.179 - - [16/Apr/2026:15:27:00 +0300] "GET /free-ports-enjoy-free-online-position-games-from-the-casinos4u-sign-up-bonus-no-deposit-las-vegas-specialist/ HTTP/1.1" 200 76599 "-" "Mozilla/5.0 (Windows NT 10.0; Win64; x64; rv:125.0) Gecko/20100101 Firefox/125.0"
185.216.113.70 - - [16/Apr/2026:15:27:43 +0300] "POST /wp-cron.php?doing_wp_cron=1776342463.8669950962066650390625 HTTP/1.1" 200 448 "-" "WordPress/6.3.8; https://serhatburke.miroglu.net"
98.98.9.26 - - [16/Apr/2026:15:27:29 +0300] "POST /xmlrpc.php HTTP/1.1" 200 630 "-" "Mozilla/5.0 (Windows NT 10.0; Win64; x64) AppleWebKit/537.36 (KHTML, like Gecko) Chrome/114.0.0.0 Safari/537.36"
98.98.9.26 - - [16/Apr/2026:15:27:55 +0300] "POST /xmlrpc.php HTTP/1.1" 200 14034 "-" "Mozilla/5.0 (Windows NT 10.0; Win64; x64) AppleWebKit/537.36 (KHTML, like Gecko) Chrome/114.0.0.0 Safari/537.36"
128.1.218.179 - - [16/Apr/2026:15:28:11 +0300] "POST /xmlrpc.php HTTP/1.1" 200 630 "-" "Mozilla/5.0 (Windows NT 10.0; Win64; x64) AppleWebKit/537.36 (KHTML, like Gecko) Chrome/114.0.0.0 Safari/537.36"
98.98.9.26 - - [16/Apr/2026:15:28:10 +0300] "GET /thunderstruck-onlayn-pozitsiya-kazina-izplashchaniya-bonusi/ HTTP/1.1" 200 79636 "-" "Mozilla/5.0 (Windows NT 10.0; Win64; x64) AppleWebKit/537.36 (KHTML, like Gecko) Chrome/109.0.0.0 Safari/537.36"
185.216.113.70 - - [16/Apr/2026:15:28:45 +0300] "POST /wp-cron.php?doing_wp_cron=1776342525.8318541049957275390625 HTTP/1.1" 200 448 "-" "WordPress/6.3.8; https://serhatburke.miroglu.net"
185.173.39.81 - - [16/Apr/2026:15:28:31 +0300] "POST /xmlrpc.php HTTP/1.1" 200 87245 "-" "Mozilla/5.0 (Macintosh; Intel Mac OS X 12_5) AppleWebKit/537.36 (KHTML, like Gecko) Chrome/114.0.0.0 YaBrowser/22.7.0 Yowser/2.5 Safari/537.36"
128.1.218.179 - - [16/Apr/2026:15:28:31 +0300] "POST /xmlrpc.php HTTP/1.1" 200 14060 "-" "Mozilla/5.0 (Windows NT 10.0; Win64; x64) AppleWebKit/537.36 (KHTML, like Gecko) Chrome/114.0.0.0 Safari/537.36"
185.173.39.81 - - [16/Apr/2026:15:28:48 +0300] "POST /xmlrpc.php HTTP/1.1" 200 725 "-" "Mozilla/5.0 (Macintosh; Intel Mac OS X 12_5) AppleWebKit/537.36 (KHTML, like Gecko) Chrome/114.0.0.0 YaBrowser/22.7.0 Yowser/2.5 Safari/537.36"
128.1.218.179 - - [16/Apr/2026:15:28:52 +0300] "GET /finest-goldbet-apps-login-3d-harbors-online-canada-play-free-otherwise-real-cash-2026/ HTTP/1.1" 200 75747 "-" "Mozilla/5.0 (Windows NT 10.0; Win64; x64) AppleWebKit/537.36 (KHTML, like Gecko) Chrome/109.0.0.0 Safari/537.36"
185.173.39.81 - - [16/Apr/2026:15:29:14 +0300] "POST /xmlrpc.php HTTP/1.1" 200 489 "-" "Mozilla/5.0 (Macintosh; Intel Mac OS X 12_5) AppleWebKit/537.36 (KHTML, like Gecko) Chrome/114.0.0.0 YaBrowser/22.7.0 Yowser/2.5 Safari/537.36"
185.216.113.70 - - [16/Apr/2026:15:29:47 +0300] "POST /wp-cron.php?doing_wp_cron=1776342587.6128239631652832031250 HTTP/1.1" 200 448 "-" "WordPress/6.3.8; https://serhatburke.miroglu.net"
185.173.39.81 - - [16/Apr/2026:15:29:29 +0300] "POST /xmlrpc.php HTTP/1.1" 200 340203 "-" "Mozilla/5.0 (Macintosh; Intel Mac OS X 12_5) AppleWebKit/537.36 (KHTML, like Gecko) Chrome/114.0.0.0 YaBrowser/22.7.0 Yowser/2.5 Safari/537.36"
128.1.218.179 - - [16/Apr/2026:15:29:58 +0300] "POST /xmlrpc.php HTTP/1.1" 200 630 "-" "Mozilla/5.0 (Windows NT 10.0; Win64; x64) AppleWebKit/537.36 (KHTML, like Gecko) Chrome/114.0.0.0 Safari/537.36"
185.216.113.70 - - [16/Apr/2026:15:30:33 +0300] "POST /wp-cron.php?doing_wp_cron=1776342633.7358729839324951171875 HTTP/1.1" 200 448 "-" "WordPress/6.3.8; https://serhatburke.miroglu.net"
128.1.218.179 - - [16/Apr/2026:15:30:20 +0300] "POST /xmlrpc.php HTTP/1.1" 200 13975 "-" "Mozilla/5.0 (Windows NT 10.0; Win64; x64) AppleWebKit/537.36 (KHTML, like Gecko) Chrome/114.0.0.0 Safari/537.36"
98.98.9.26 - - [16/Apr/2026:15:30:22 +0300] "POST /xmlrpc.php HTTP/1.1" 200 630 "-" "Mozilla/5.0 (Windows NT 10.0; Win64; x64) AppleWebKit/537.36 (KHTML, like Gecko) Chrome/114.0.0.0 Safari/537.36"
128.1.218.179 - - [16/Apr/2026:15:30:35 +0300] "GET /best-on-the-slot-willy-wonka-web-pokies-australia-2025-top-au-pokie-websites/ HTTP/1.1" 200 75365 "-" "Mozilla/5.0 (Windows NT 10.0; Win64; x64) AppleWebKit/537.36 (KHTML, like Gecko) Chrome/123.0.0.0 Safari/537.36"
167.94.165.103 - - [16/Apr/2026:15:30:45 +0300] "POST /xmlrpc.php HTTP/1.1" 200 87245 "-" "Mozilla/5.0 (Windows NT 10.0; WOW64) AppleWebKit/537.36 (KHTML, like Gecko) Chrome/114.0.0.0 YaBrowser/22.7.0 Yowser/2.5 Safari/537.36"
98.98.9.26 - - [16/Apr/2026:15:30:47 +0300] "POST /xmlrpc.php HTTP/1.1" 200 13561 "-" "Mozilla/5.0 (Windows NT 10.0; Win64; x64) AppleWebKit/537.36 (KHTML, like Gecko) Chrome/114.0.0.0 Safari/537.36"
98.98.9.26 - - [16/Apr/2026:15:31:02 +0300] "GET /reputatsiyata-na-bushuvashchiya-nosorog-razgledayte-2026-g-spechelete-prekrasen-drakon-koyto-predlaga-maksimum-250-sto/ HTTP/1.1" 200 82559 "-" "Mozilla/5.0 (Windows NT 10.0; Win64; x64) AppleWebKit/537.36 (KHTML, like Gecko) Chrome/123.0.0.0 Safari/537.36 OPR/109.0.0.0"
128.1.218.179 - - [16/Apr/2026:15:31:21 +0300] "POST /xmlrpc.php HTTP/1.1" 200 630 "-" "Mozilla/5.0 (Windows NT 10.0; Win64; x64) AppleWebKit/537.36 (KHTML, like Gecko) Chrome/114.0.0.0 Safari/537.36"
45.140.248.240 - - [16/Apr/2026:15:31:22 +0300] "POST /xmlrpc.php HTTP/1.1" 200 884 "-" "Mozilla/5.0 (Windows NT 10.0; WOW64) AppleWebKit/537.36 (KHTML, like Gecko) Chrome/114.0.0.0 YaBrowser/22.7.0 Yowser/2.5 Safari/537.36"
185.216.113.70 - - [16/Apr/2026:15:31:54 +0300] "POST /wp-cron.php?doing_wp_cron=1776342713.8646819591522216796875 HTTP/1.1" 200 448 "-" "WordPress/6.3.8; https://serhatburke.miroglu.net"
128.1.218.179 - - [16/Apr/2026:15:31:41 +0300] "POST /xmlrpc.php HTTP/1.1" 200 13482 "-" "Mozilla/5.0 (Windows NT 10.0; Win64; x64) AppleWebKit/537.36 (KHTML, like Gecko) Chrome/114.0.0.0 Safari/537.36"
128.1.218.179 - - [16/Apr/2026:15:31:55 +0300] "GET /real-lord-of-the-ocean-slot-games-cash-and-you-will-personal-2026/ HTTP/1.1" 200 74538 "-" "Mozilla/5.0 (Windows NT 10.0; Win64; x64) AppleWebKit/537.36 (KHTML, like Gecko) Chrome/122.0.0.0 Safari/537.36"
45.146.182.92 - - [16/Apr/2026:15:31:57 +0300] "POST /xmlrpc.php HTTP/1.1" 200 884 "-" "Mozilla/5.0 (Windows NT 10.0; WOW64) AppleWebKit/537.36 (KHTML, like Gecko) Chrome/114.0.0.0 YaBrowser/22.7.0 Yowser/2.5 Safari/537.36"
45.92.21.12 - - [16/Apr/2026:15:32:15 +0300] "POST /xmlrpc.php HTTP/1.1" 200 667 "-" "Mozilla/5.0 (Windows NT 10.0; WOW64) AppleWebKit/537.36 (KHTML, like Gecko) Chrome/114.0.0.0 YaBrowser/22.7.0 Yowser/2.5 Safari/537.36"
185.216.113.70 - - [16/Apr/2026:15:32:43 +0300] "POST /wp-cron.php?doing_wp_cron=1776342763.0743119716644287109375 HTTP/1.1" 200 448 "-" "WordPress/6.3.8; https://serhatburke.miroglu.net"
45.140.248.240 - - [16/Apr/2026:15:32:29 +0300] "POST /xmlrpc.php HTTP/1.1" 200 16015 "-" "Mozilla/5.0 (Windows NT 10.0; WOW64) AppleWebKit/537.36 (KHTML, like Gecko) Chrome/114.0.0.0 YaBrowser/22.7.0 Yowser/2.5 Safari/537.36"
