52.167.144.234 - - [23/Apr/2026:07:28:34 +0300] "GET /descarguelas-respectivamente-empezando-por-el-sitio-web-oficial-de-el-casino-asi%EF%BF%BD-como-en-el-momento-en-que-app-store/ HTTP/2" 200 0 "-" "Mozilla/5.0 AppleWebKit/537.36 (KHTML, like Gecko; compatible; bingbot/2.0; +http://www.bing.com/bingbot.htm) Chrome/116.0.1938.76 Safari/537.36"
40.77.167.4 - - [23/Apr/2026:07:28:36 +0300] "GET /dunder-spielsaal-mehr-infos-erhalten-erfahrungen-2026-schnelle-auszahlungen/ HTTP/2" 200 0 "-" "Mozilla/5.0 AppleWebKit/537.36 (KHTML, like Gecko; compatible; bingbot/2.0; +http://www.bing.com/bingbot.htm) Chrome/116.0.1938.76 Safari/537.36"
98.98.197.186 - - [23/Apr/2026:07:28:00 +0300] "GET /starburst-free-revolves-all-promo-code-for-casinos4u-casino-you-need-to-understand/ HTTP/1.1" 200 70102 "-" "Mozilla/5.0 (Windows NT 10.0; Win64; x64) AppleWebKit/537.36 (KHTML, like Gecko) Chrome/124.0.0.0 Safari/537.36 Edg/124.0.0.0"
185.216.113.70 - - [23/Apr/2026:07:29:42 +0300] "POST /wp-cron.php?doing_wp_cron=1776918582.5459220409393310546875 HTTP/1.1" 200 448 "-" "WordPress/6.3.8; https://serhatburke.miroglu.net"
98.98.197.186 - - [23/Apr/2026:07:28:17 +0300] "POST /xmlrpc.php HTTP/1.1" 200 630 "-" "Mozilla/5.0 (Windows NT 10.0; Win64; x64) AppleWebKit/537.36 (KHTML, like Gecko) Chrome/114.0.0.0 Safari/537.36"
62.12.119.244 - - [23/Apr/2026:07:28:31 +0300] "POST /xmlrpc.php HTTP/1.1" 200 10579 "-" "Mozilla/5.0 (Windows NT 10.0; Win64; x64) AppleWebKit/537.36 (KHTML, like Gecko) Chrome/114.0.0.0 Safari/537.36"
96.44.154.147 - - [23/Apr/2026:07:28:32 +0300] "POST /xmlrpc.php HTTP/1.1" 200 9337 "-" "Mozilla/5.0 (Windows NT 10.0; Win64; x64) AppleWebKit/537.36 (KHTML, like Gecko) Chrome/114.0.0.0 Safari/537.36"
96.44.154.147 - - [23/Apr/2026:07:28:28 +0300] "POST /xmlrpc.php HTTP/1.1" 200 630 "-" "Mozilla/5.0 (Windows NT 10.0; Win64; x64) AppleWebKit/537.36 (KHTML, like Gecko) Chrome/114.0.0.0 Safari/537.36"
98.98.9.26 - - [23/Apr/2026:07:28:33 +0300] "POST /xmlrpc.php HTTP/1.1" 200 10545 "-" "Mozilla/5.0 (Windows NT 10.0; Win64; x64) AppleWebKit/537.36 (KHTML, like Gecko) Chrome/114.0.0.0 Safari/537.36"
40.77.167.61 - - [23/Apr/2026:07:29:32 +0300] "GET /i-migliori-machance-casa-da-gioco-live-online-2026/ HTTP/2" 200 0 "-" "Mozilla/5.0 AppleWebKit/537.36 (KHTML, like Gecko; compatible; bingbot/2.0; +http://www.bing.com/bingbot.htm) Chrome/116.0.1938.76 Safari/537.36"
185.216.113.70 - - [23/Apr/2026:07:30:23 +0300] "POST /wp-cron.php?doing_wp_cron=1776918622.9351980686187744140625 HTTP/1.1" 200 448 "-" "WordPress/6.3.8; https://serhatburke.miroglu.net"
128.1.218.178 - - [23/Apr/2026:07:28:47 +0300] "POST /xmlrpc.php HTTP/1.1" 200 11563 "-" "Mozilla/5.0 (Windows NT 10.0; Win64; x64) AppleWebKit/537.36 (KHTML, like Gecko) Chrome/114.0.0.0 Safari/537.36"
185.216.113.70 - - [23/Apr/2026:07:30:38 +0300] "POST /wp-cron.php?doing_wp_cron=1776918637.9509100914001464843750 HTTP/1.1" 200 448 "-" "WordPress/6.3.8; https://serhatburke.miroglu.net"
185.216.113.70 - - [23/Apr/2026:07:30:38 +0300] "POST /wp-cron.php?doing_wp_cron=1776918638.2349801063537597656250 HTTP/1.1" 200 448 "-" "WordPress/6.3.8; https://serhatburke.miroglu.net"
98.98.197.186 - - [23/Apr/2026:07:29:27 +0300] "POST /xmlrpc.php HTTP/1.1" 200 630 "-" "Mozilla/5.0 (Windows NT 10.0; Win64; x64) AppleWebKit/537.36 (KHTML, like Gecko) Chrome/114.0.0.0 Safari/537.36"
96.44.154.147 - - [23/Apr/2026:07:29:21 +0300] "POST /xmlrpc.php HTTP/1.1" 200 630 "-" "Mozilla/5.0 (Windows NT 10.0; Win64; x64) AppleWebKit/537.36 (KHTML, like Gecko) Chrome/114.0.0.0 Safari/537.36"
185.216.113.70 - - [23/Apr/2026:07:31:09 +0300] "POST /wp-cron.php?doing_wp_cron=1776918669.1665639877319335937500 HTTP/1.1" 200 448 "-" "WordPress/6.3.8; https://serhatburke.miroglu.net"
98.98.197.186 - - [23/Apr/2026:07:29:51 +0300] "POST /xmlrpc.php HTTP/1.1" 200 10486 "-" "Mozilla/5.0 (Windows NT 10.0; Win64; x64) AppleWebKit/537.36 (KHTML, like Gecko) Chrome/114.0.0.0 Safari/537.36"
185.216.113.70 - - [23/Apr/2026:07:31:19 +0300] "POST /wp-cron.php?doing_wp_cron=1776918679.6474370956420898437500 HTTP/1.1" 200 448 "-" "WordPress/6.3.8; https://serhatburke.miroglu.net"
62.12.119.244 - - [23/Apr/2026:07:30:05 +0300] "GET /dies-kostenlose-angeschlossen-bonusschlitz-platooners-spielbank-letter-spielen/ HTTP/1.1" 200 72354 "-" "Mozilla/5.0 (Windows NT 10.0; rv:109.0) Gecko/20100101 Firefox/115.0"
185.216.113.70 - - [23/Apr/2026:07:31:27 +0300] "POST /wp-cron.php?doing_wp_cron=1776918687.3464419841766357421875 HTTP/1.1" 200 448 "-" "WordPress/6.3.8; https://serhatburke.miroglu.net"
96.44.154.147 - - [23/Apr/2026:07:30:08 +0300] "POST /xmlrpc.php HTTP/1.1" 500 1102 "-" "Mozilla/5.0 (Windows NT 10.0; Win64; x64) AppleWebKit/537.36 (KHTML, like Gecko) Chrome/114.0.0.0 Safari/537.36"
185.216.113.70 - - [23/Apr/2026:07:31:30 +0300] "POST /wp-cron.php?doing_wp_cron=1776918690.7322089672088623046875 HTTP/1.1" 200 448 "-" "WordPress/6.3.8; https://serhatburke.miroglu.net"
96.44.154.147 - - [23/Apr/2026:07:30:03 +0300] "POST /xmlrpc.php HTTP/1.1" 200 630 "-" "Mozilla/5.0 (Windows NT 10.0; Win64; x64) AppleWebKit/537.36 (KHTML, like Gecko) Chrome/114.0.0.0 Safari/537.36"
185.216.113.70 - - [23/Apr/2026:07:31:52 +0300] "POST /wp-cron.php?doing_wp_cron=1776918712.1405010223388671875000 HTTP/1.1" 200 448 "-" "WordPress/6.3.8; https://serhatburke.miroglu.net"
128.1.218.178 - - [23/Apr/2026:07:30:18 +0300] "POST /xmlrpc.php HTTP/1.1" 200 630 "-" "Mozilla/5.0 (Windows NT 10.0; Win64; x64) AppleWebKit/537.36 (KHTML, like Gecko) Chrome/114.0.0.0 Safari/537.36"
185.216.113.70 - - [23/Apr/2026:07:31:59 +0300] "POST /wp-cron.php?doing_wp_cron=1776918719.2420310974121093750000 HTTP/1.1" 200 448 "-" "WordPress/6.3.8; https://serhatburke.miroglu.net"
98.98.197.186 - - [23/Apr/2026:07:30:33 +0300] "POST /xmlrpc.php HTTP/1.1" 200 630 "-" "Mozilla/5.0 (Windows NT 10.0; Win64; x64) AppleWebKit/537.36 (KHTML, like Gecko) Chrome/114.0.0.0 Safari/537.36"
98.98.9.26 - - [23/Apr/2026:07:30:18 +0300] "POST /xmlrpc.php HTTP/1.1" 200 10545 "-" "Mozilla/5.0 (Windows NT 10.0; Win64; x64) AppleWebKit/537.36 (KHTML, like Gecko) Chrome/114.0.0.0 Safari/537.36"
96.44.154.147 - - [23/Apr/2026:07:30:19 +0300] "POST /xmlrpc.php HTTP/1.1" 500 745 "-" "Mozilla/5.0 (Windows NT 10.0; Win64; x64) AppleWebKit/537.36 (KHTML, like Gecko) Chrome/114.0.0.0 Safari/537.36"
96.44.154.147 - - [23/Apr/2026:07:30:45 +0300] "POST /xmlrpc.php HTTP/1.1" 200 9411 "-" "Mozilla/5.0 (Windows NT 10.0; Win64; x64) AppleWebKit/537.36 (KHTML, like Gecko) Chrome/114.0.0.0 Safari/537.36"
128.1.218.178 - - [23/Apr/2026:07:30:25 +0300] "GET /beide-entwicklungsmoglichkeiten-das-rennen-100-kostenlose-spins-keine-einzahlung-frozen-gems-machen-2025/ HTTP/1.1" 500 745 "-" "Mozilla/5.0 (Windows NT 10.0; Win64; x64; rv:124.0) Gecko/20100101 Firefox/124.0"
98.98.197.186 - - [23/Apr/2026:07:30:46 +0300] "POST /xmlrpc.php HTTP/1.1" 500 745 "-" "Mozilla/5.0 (Windows NT 10.0; Win64; x64) AppleWebKit/537.36 (KHTML, like Gecko) Chrome/114.0.0.0 Safari/537.36"
185.216.113.70 - - [23/Apr/2026:07:32:55 +0300] "POST /wp-cron.php?doing_wp_cron=1776918775.3479759693145751953125 HTTP/1.1" 200 448 "-" "WordPress/6.3.8; https://serhatburke.miroglu.net"
96.44.154.147 - - [23/Apr/2026:07:30:54 +0300] "POST /xmlrpc.php HTTP/1.1" 500 745 "-" "Mozilla/5.0 (Windows NT 10.0; Win64; x64) AppleWebKit/537.36 (KHTML, like Gecko) Chrome/114.0.0.0 Safari/537.36"
185.216.113.70 - - [23/Apr/2026:07:33:04 +0300] "POST /wp-cron.php?doing_wp_cron=1776918784.0546250343322753906250 HTTP/1.1" 200 448 "-" "WordPress/6.3.8; https://serhatburke.miroglu.net"
185.216.113.70 - - [23/Apr/2026:07:32:02 +0300] "POST /wp-cron.php?doing_wp_cron=1776918722.0548679828643798828125 HTTP/1.1" 200 448 "-" "WordPress/6.3.8; https://serhatburke.miroglu.net"
66.249.73.15 - - [23/Apr/2026:07:31:09 +0300] "GET /hitta-det-perfekta-online-casinot-for-din-101/ HTTP/1.1" 200 192549 "-" "Mozilla/5.0 (Linux; Android 6.0.1; Nexus 5X Build/MMB29P) AppleWebKit/537.36 (KHTML, like Gecko) Chrome/146.0.7680.177 Mobile Safari/537.36 (compatible; Googlebot/2.1; +http://www.google.com/bot.html)"
98.98.197.186 - - [23/Apr/2026:07:31:10 +0300] "GET /karaoke-no-deposit-bonus-codes-casino-mr-green-team/ HTTP/1.1" 200 71184 "-" "Mozilla/5.0 (Windows NT 10.0; Win64; x64; rv:125.0) Gecko/20100101 Firefox/125.0"
185.216.113.70 - - [23/Apr/2026:07:32:19 +0300] "POST /wp-cron.php?doing_wp_cron=1776918739.4649889469146728515625 HTTP/1.1" 200 448 "-" "WordPress/6.3.8; https://serhatburke.miroglu.net"
62.12.119.244 - - [23/Apr/2026:07:31:26 +0300] "POST /xmlrpc.php HTTP/1.1" 500 745 "-" "Mozilla/5.0 (Windows NT 10.0; Win64; x64) AppleWebKit/537.36 (KHTML, like Gecko) Chrome/114.0.0.0 Safari/537.36"
185.216.113.70 - - [23/Apr/2026:07:32:21 +0300] "POST /wp-cron.php?doing_wp_cron=1776918741.1426320075988769531250 HTTP/1.1" 200 448 "-" "WordPress/6.3.8; https://serhatburke.miroglu.net"
96.44.154.147 - - [23/Apr/2026:07:31:32 +0300] "POST /xmlrpc.php HTTP/1.1" 500 745 "-" "Mozilla/5.0 (Windows NT 10.0; Win64; x64) AppleWebKit/537.36 (KHTML, like Gecko) Chrome/114.0.0.0 Safari/537.36"
96.44.154.147 - - [23/Apr/2026:07:31:33 +0300] "POST /xmlrpc.php HTTP/1.1" 500 745 "-" "Mozilla/5.0 (Windows NT 10.0; Win64; x64) AppleWebKit/537.36 (KHTML, like Gecko) Chrome/114.0.0.0 Safari/537.36"
96.44.154.147 - - [23/Apr/2026:07:31:33 +0300] "POST /xmlrpc.php HTTP/1.1" 500 745 "-" "Mozilla/5.0 (Windows NT 10.0; Win64; x64) AppleWebKit/537.36 (KHTML, like Gecko) Chrome/114.0.0.0 Safari/537.36"
185.216.113.70 - - [23/Apr/2026:07:33:01 +0300] "POST /wp-cron.php?doing_wp_cron=1776918781.1302130222320556640625 HTTP/1.1" 200 448 "-" "WordPress/6.3.8; https://serhatburke.miroglu.net"
165.73.242.7 - - [23/Apr/2026:07:31:38 +0300] "POST /xmlrpc.php HTTP/1.1" 500 745 "-" "Mozilla/5.0 (Windows NT 10.0; Win64; x64) AppleWebKit/537.36 (KHTML, like Gecko) Chrome/114.0.0.0 Safari/537.36"
98.98.197.186 - - [23/Apr/2026:07:31:39 +0300] "POST /xmlrpc.php HTTP/1.1" 500 745 "-" "Mozilla/5.0 (Windows NT 10.0; Win64; x64) AppleWebKit/537.36 (KHTML, like Gecko) Chrome/114.0.0.0 Safari/537.36"
98.98.197.186 - - [23/Apr/2026:07:33:19 +0300] "POST /xmlrpc.php HTTP/1.1" 503 386 "-" "Mozilla/5.0 (Windows NT 10.0; Win64; x64) AppleWebKit/537.36 (KHTML, like Gecko) Chrome/114.0.0.0 Safari/537.36"
96.44.154.147 - - [23/Apr/2026:07:33:42 +0300] "POST /xmlrpc.php HTTP/1.1" 503 386 "-" "Mozilla/5.0 (Windows NT 10.0; Win64; x64) AppleWebKit/537.36 (KHTML, like Gecko) Chrome/114.0.0.0 Safari/537.36"
66.249.73.14 - - [23/Apr/2026:07:33:46 +0300] "GET /hitta-det-perfekta-online-casinot-for-din-101/undefined?ts=1775520000 HTTP/1.1" 200 0 "https://serhatburke.miroglu.net/hitta-det-perfekta-online-casinot-for-din-101/" "Mozilla/5.0 (Linux; Android 6.0.1; Nexus 5X Build/MMB29P) AppleWebKit/537.36 (KHTML, like Gecko) Chrome/146.0.7680.177 Mobile Safari/537.36 (compatible; Googlebot/2.1; +http://www.google.com/bot.html)"
96.44.154.147 - - [23/Apr/2026:07:31:57 +0300] "GET /?p=129384 HTTP/1.1" 500 745 "-" "Mozilla/5.0 (Windows NT 10.0; Win64; x64) AppleWebKit/537.36 (KHTML, like Gecko) Chrome/109.0.0.0 Safari/537.36"
98.98.9.26 - - [23/Apr/2026:07:31:58 +0300] "GET /?p=129386 HTTP/1.1" 500 745 "-" "Mozilla/5.0 (Windows NT 10.0; Win64; x64) AppleWebKit/537.36 (KHTML, like Gecko) Chrome/109.0.0.0 Safari/537.36"
128.1.218.178 - - [23/Apr/2026:07:31:59 +0300] "POST /xmlrpc.php HTTP/1.1" 500 745 "-" "Mozilla/5.0 (Windows NT 10.0; Win64; x64) AppleWebKit/537.36 (KHTML, like Gecko) Chrome/114.0.0.0 Safari/537.36"
128.1.218.178 - - [23/Apr/2026:07:32:05 +0300] "POST /xmlrpc.php HTTP/1.1" 500 745 "-" "Mozilla/5.0 (Windows NT 10.0; Win64; x64) AppleWebKit/537.36 (KHTML, like Gecko) Chrome/114.0.0.0 Safari/537.36"
98.98.197.186 - - [23/Apr/2026:07:32:06 +0300] "POST /xmlrpc.php HTTP/1.1" 500 745 "-" "Mozilla/5.0 (Windows NT 10.0; Win64; x64) AppleWebKit/537.36 (KHTML, like Gecko) Chrome/114.0.0.0 Safari/537.36"
185.216.113.70 - - [23/Apr/2026:07:34:13 +0300] "POST /wp-cron.php?doing_wp_cron=1776918853.2505331039428710937500 HTTP/1.1" 200 448 "-" "WordPress/6.3.8; https://serhatburke.miroglu.net"
96.44.154.147 - - [23/Apr/2026:07:32:20 +0300] "POST /xmlrpc.php HTTP/1.1" 500 745 "-" "Mozilla/5.0 (Windows NT 10.0; Win64; x64) AppleWebKit/537.36 (KHTML, like Gecko) Chrome/114.0.0.0 Safari/537.36"
96.44.154.147 - - [23/Apr/2026:07:32:27 +0300] "GET /top-online-casino-no-deposit-incentive-requirements-2026/ HTTP/1.1" 500 745 "-" "Mozilla/5.0 (Windows NT 10.0; Win64; x64) AppleWebKit/537.36 (KHTML, like Gecko) Chrome/124.0.0.0 Safari/537.36"
98.98.197.186 - - [23/Apr/2026:07:32:30 +0300] "POST /xmlrpc.php HTTP/1.1" 500 745 "-" "Mozilla/5.0 (Windows NT 10.0; Win64; x64) AppleWebKit/537.36 (KHTML, like Gecko) Chrome/114.0.0.0 Safari/537.36"
96.44.154.147 - - [23/Apr/2026:07:32:35 +0300] "POST /xmlrpc.php HTTP/1.1" 500 745 "-" "Mozilla/5.0 (Windows NT 10.0; Win64; x64) AppleWebKit/537.36 (KHTML, like Gecko) Chrome/114.0.0.0 Safari/537.36"
98.98.197.186 - - [23/Apr/2026:07:32:43 +0300] "POST /xmlrpc.php HTTP/1.1" 500 745 "-" "Mozilla/5.0 (Windows NT 10.0; Win64; x64) AppleWebKit/537.36 (KHTML, like Gecko) Chrome/114.0.0.0 Safari/537.36"
98.98.197.186 - - [23/Apr/2026:07:32:51 +0300] "POST /xmlrpc.php HTTP/1.1" 500 745 "-" "Mozilla/5.0 (Windows NT 10.0; Win64; x64) AppleWebKit/537.36 (KHTML, like Gecko) Chrome/114.0.0.0 Safari/537.36"
185.216.113.70 - - [23/Apr/2026:07:34:54 +0300] "POST /wp-cron.php?doing_wp_cron=1776918894.2507250308990478515625 HTTP/1.1" 200 448 "-" "WordPress/6.3.8; https://serhatburke.miroglu.net"
165.73.242.7 - - [23/Apr/2026:07:32:58 +0300] "POST /xmlrpc.php HTTP/1.1" 500 745 "-" "Mozilla/5.0 (Windows NT 10.0; Win64; x64) AppleWebKit/537.36 (KHTML, like Gecko) Chrome/114.0.0.0 Safari/537.36"
128.1.218.178 - - [23/Apr/2026:07:32:58 +0300] "POST /xmlrpc.php HTTP/1.1" 500 745 "-" "Mozilla/5.0 (Windows NT 10.0; Win64; x64) AppleWebKit/537.36 (KHTML, like Gecko) Chrome/114.0.0.0 Safari/537.36"
178.159.37.5 - - [23/Apr/2026:07:33:02 +0300] "GET /kazino-na-dengi-s-licenziej-bystrymi-tranzakcijami-3/ HTTP/1.1" 500 782 "-" "Screaming Frog SEO Spider/19.8"
52.167.144.234 - - [23/Apr/2026:07:34:15 +0300] "GET /one-will-most-likely-not-accept-is-as-true-but-washington-has-many-gaming-destinations-that-invite-men-and-women-to-was-its-luck/ HTTP/2" 200 0 "-" "Mozilla/5.0 AppleWebKit/537.36 (KHTML, like Gecko; compatible; bingbot/2.0; +http://www.bing.com/bingbot.htm) Chrome/116.0.1938.76 Safari/537.36"
62.12.119.244 - - [23/Apr/2026:07:33:06 +0300] "POST /xmlrpc.php HTTP/1.1" 500 745 "-" "Mozilla/5.0 (Windows NT 10.0; Win64; x64) AppleWebKit/537.36 (KHTML, like Gecko) Chrome/114.0.0.0 Safari/537.36"
96.44.154.147 - - [23/Apr/2026:07:33:07 +0300] "POST /xmlrpc.php HTTP/1.1" 500 745 "-" "Mozilla/5.0 (Windows NT 10.0; Win64; x64) AppleWebKit/537.36 (KHTML, like Gecko) Chrome/114.0.0.0 Safari/537.36"
185.216.113.70 - - [23/Apr/2026:07:35:11 +0300] "POST /wp-cron.php?doing_wp_cron=1776918911.5300719738006591796875 HTTP/1.1" 200 448 "-" "WordPress/6.3.8; https://serhatburke.miroglu.net"
165.73.242.7 - - [23/Apr/2026:07:33:17 +0300] "POST /xmlrpc.php HTTP/1.1" 500 745 "-" "Mozilla/5.0 (Windows NT 10.0; Win64; x64) AppleWebKit/537.36 (KHTML, like Gecko) Chrome/114.0.0.0 Safari/537.36"
96.44.154.147 - - [23/Apr/2026:07:33:26 +0300] "POST /xmlrpc.php HTTP/1.1" 500 745 "-" "Mozilla/5.0 (Windows NT 10.0; Win64; x64) AppleWebKit/537.36 (KHTML, like Gecko) Chrome/114.0.0.0 Safari/537.36"
98.98.9.26 - - [23/Apr/2026:07:33:38 +0300] "POST /xmlrpc.php HTTP/1.1" 500 745 "-" "Mozilla/5.0 (Windows NT 10.0; Win64; x64) AppleWebKit/537.36 (KHTML, like Gecko) Chrome/114.0.0.0 Safari/537.36"
185.216.113.70 - - [23/Apr/2026:07:35:42 +0300] "POST /wp-cron.php?doing_wp_cron=1776918941.9476969242095947265625 HTTP/1.1" 200 448 "-" "WordPress/6.3.8; https://serhatburke.miroglu.net"
128.1.218.178 - - [23/Apr/2026:07:33:44 +0300] "POST /xmlrpc.php HTTP/1.1" 200 11661 "-" "Mozilla/5.0 (Windows NT 10.0; Win64; x64) AppleWebKit/537.36 (KHTML, like Gecko) Chrome/114.0.0.0 Safari/537.36"
98.98.197.186 - - [23/Apr/2026:07:33:46 +0300] "POST /xmlrpc.php HTTP/1.1" 500 745 "-" "Mozilla/5.0 (Windows NT 10.0; Win64; x64) AppleWebKit/537.36 (KHTML, like Gecko) Chrome/114.0.0.0 Safari/537.36"
185.216.113.70 - - [23/Apr/2026:07:35:33 +0300] "POST /wp-cron.php?doing_wp_cron=1776918932.9301218986511230468750 HTTP/1.1" 200 448 "-" "WordPress/6.3.8; https://serhatburke.miroglu.net"
98.98.197.186 - - [23/Apr/2026:07:33:51 +0300] "POST /xmlrpc.php HTTP/1.1" 500 745 "-" "Mozilla/5.0 (Windows NT 10.0; Win64; x64) AppleWebKit/537.36 (KHTML, like Gecko) Chrome/114.0.0.0 Safari/537.36"
52.167.144.234 - - [23/Apr/2026:07:35:14 +0300] "GET /greatest-lowest-deposit-odds-of-winning-dream-date-gambling-enterprises-british-of-just-1-2026-guide/ HTTP/2" 200 0 "-" "Mozilla/5.0 AppleWebKit/537.36 (KHTML, like Gecko; compatible; bingbot/2.0; +http://www.bing.com/bingbot.htm) Chrome/116.0.1938.76 Safari/537.36"
52.167.144.234 - - [23/Apr/2026:07:35:18 +0300] "GET /top-features-of-dexscreener-your-ultimate-dex-scanner-guide/ HTTP/2" 200 0 "-" "Mozilla/5.0 AppleWebKit/537.36 (KHTML, like Gecko; compatible; bingbot/2.0; +http://www.bing.com/bingbot.htm) Chrome/116.0.1938.76 Safari/537.36"
98.98.197.186 - - [23/Apr/2026:07:34:10 +0300] "GET /?p=129395 HTTP/1.1" 500 745 "-" "Mozilla/5.0 (Windows NT 10.0; Win64; x64) AppleWebKit/537.36 (KHTML, like Gecko) Chrome/124.0.0.0 Safari/537.36"
96.44.154.147 - - [23/Apr/2026:07:34:10 +0300] "POST /xmlrpc.php HTTP/1.1" 500 745 "-" "Mozilla/5.0 (Windows NT 10.0; Win64; x64) AppleWebKit/537.36 (KHTML, like Gecko) Chrome/114.0.0.0 Safari/537.36"
165.73.242.7 - - [23/Apr/2026:07:34:20 +0300] "POST /xmlrpc.php HTTP/1.1" 500 745 "-" "Mozilla/5.0 (Windows NT 10.0; Win64; x64) AppleWebKit/537.36 (KHTML, like Gecko) Chrome/114.0.0.0 Safari/537.36"
98.98.197.186 - - [23/Apr/2026:07:34:23 +0300] "POST /xmlrpc.php HTTP/1.1" 500 745 "-" "Mozilla/5.0 (Windows NT 10.0; Win64; x64) AppleWebKit/537.36 (KHTML, like Gecko) Chrome/114.0.0.0 Safari/537.36"
165.73.242.7 - - [23/Apr/2026:07:34:38 +0300] "POST /xmlrpc.php HTTP/1.1" 500 745 "-" "Mozilla/5.0 (Windows NT 10.0; Win64; x64) AppleWebKit/537.36 (KHTML, like Gecko) Chrome/114.0.0.0 Safari/537.36"
128.1.218.178 - - [23/Apr/2026:07:34:38 +0300] "POST /xmlrpc.php HTTP/1.1" 500 745 "-" "Mozilla/5.0 (Windows NT 10.0; Win64; x64) AppleWebKit/537.36 (KHTML, like Gecko) Chrome/114.0.0.0 Safari/537.36"
185.216.113.70 - - [23/Apr/2026:07:36:52 +0300] "POST /wp-cron.php?doing_wp_cron=1776919012.5468010902404785156250 HTTP/1.1" 200 448 "-" "WordPress/6.3.8; https://serhatburke.miroglu.net"
96.44.154.147 - - [23/Apr/2026:07:35:02 +0300] "GET /?p=129392 HTTP/1.1" 301 656 "-" "Mozilla/5.0 (Windows NT 10.0; Win64; x64) AppleWebKit/537.36 (KHTML, like Gecko) Chrome/122.0.0.0 Safari/537.36"
52.167.144.234 - - [23/Apr/2026:07:36:14 +0300] "GET /atomic-wallet-simplifying-crypto-management-today/ HTTP/2" 200 0 "-" "Mozilla/5.0 AppleWebKit/537.36 (KHTML, like Gecko; compatible; bingbot/2.0; +http://www.bing.com/bingbot.htm) Chrome/116.0.1938.76 Safari/537.36"
185.216.113.70 - - [23/Apr/2026:07:37:12 +0300] "POST /wp-cron.php?doing_wp_cron=1776919032.0679330825805664062500 HTTP/1.1" 200 448 "-" "WordPress/6.3.8; https://serhatburke.miroglu.net"
185.216.113.70 - - [23/Apr/2026:07:37:14 +0300] "POST /wp-cron.php?doing_wp_cron=1776919034.0452799797058105468750 HTTP/1.1" 200 448 "-" "WordPress/6.3.8; https://serhatburke.miroglu.net"
98.98.197.186 - - [23/Apr/2026:07:35:26 +0300] "POST /xmlrpc.php HTTP/1.1" 500 1102 "-" "Mozilla/5.0 (Windows NT 10.0; Win64; x64) AppleWebKit/537.36 (KHTML, like Gecko) Chrome/114.0.0.0 Safari/537.36"
185.216.113.70 - - [23/Apr/2026:07:37:15 +0300] "POST /wp-cron.php?doing_wp_cron=1776919035.6581768989562988281250 HTTP/1.1" 200 448 "-" "WordPress/6.3.8; https://serhatburke.miroglu.net"
98.98.197.186 - - [23/Apr/2026:07:35:31 +0300] "GET /?p=129403 HTTP/1.1" 301 737 "-" "Mozilla/5.0 (Windows NT 10.0; Win64; x64; rv:124.0) Gecko/20100101 Firefox/124.0"
185.216.113.70 - - [23/Apr/2026:07:37:18 +0300] "POST /wp-cron.php?doing_wp_cron=1776919038.3532218933105468750000 HTTP/1.1" 200 448 "-" "WordPress/6.3.8; https://serhatburke.miroglu.net"
98.98.197.186 - - [23/Apr/2026:07:35:50 +0300] "POST /xmlrpc.php HTTP/1.1" 200 627 "-" "Mozilla/5.0 (Windows NT 10.0; Win64; x64) AppleWebKit/537.36 (KHTML, like Gecko) Chrome/114.0.0.0 Safari/537.36"
128.1.218.178 - - [23/Apr/2026:07:35:24 +0300] "GET /?p=129401 HTTP/1.1" 301 667 "-" "Mozilla/5.0 (Windows NT 10.0; Win64; x64) AppleWebKit/537.36 (KHTML, like Gecko) Chrome/109.0.0.0 Safari/537.36"
185.216.113.70 - - [23/Apr/2026:07:37:21 +0300] "POST /wp-cron.php?doing_wp_cron=1776919041.3527340888977050781250 HTTP/1.1" 200 448 "-" "WordPress/6.3.8; https://serhatburke.miroglu.net"
185.216.113.70 - - [23/Apr/2026:07:37:28 +0300] "POST /wp-cron.php?doing_wp_cron=1776919047.8508989810943603515625 HTTP/1.1" 200 448 "-" "WordPress/6.3.8; https://serhatburke.miroglu.net"
165.73.242.7 - - [23/Apr/2026:07:36:00 +0300] "POST /xmlrpc.php HTTP/1.1" 500 1102 "-" "Mozilla/5.0 (Windows NT 10.0; Win64; x64) AppleWebKit/537.36 (KHTML, like Gecko) Chrome/114.0.0.0 Safari/537.36"
185.216.113.70 - - [23/Apr/2026:07:37:54 +0300] "POST /wp-cron.php?doing_wp_cron=1776919074.7540071010589599609375 HTTP/1.1" 200 448 "-" "WordPress/6.3.8; https://serhatburke.miroglu.net"
96.44.154.147 - - [23/Apr/2026:07:36:42 +0300] "POST /xmlrpc.php HTTP/1.1" 200 861 "-" "Mozilla/5.0 (Windows NT 10.0; Win64; x64) AppleWebKit/537.36 (KHTML, like Gecko) Chrome/114.0.0.0 Safari/537.36"
185.216.113.70 - - [23/Apr/2026:07:38:17 +0300] "POST /wp-cron.php?doing_wp_cron=1776919097.5794200897216796875000 HTTP/1.1" 200 448 "-" "WordPress/6.3.8; https://serhatburke.miroglu.net"
96.44.154.147 - - [23/Apr/2026:07:36:59 +0300] "GET /no-deposit-free-spins-bonuses-2026-no-deposit-added-bonus-revolves/ HTTP/1.1" 200 71049 "-" "Mozilla/5.0 (Windows NT 10.0; Win64; x64) AppleWebKit/537.36 (KHTML, like Gecko) Chrome/122.0.0.0 Safari/537.36"
185.216.113.70 - - [23/Apr/2026:07:38:25 +0300] "POST /wp-cron.php?doing_wp_cron=1776919105.6301550865173339843750 HTTP/1.1" 200 448 "-" "WordPress/6.3.8; https://serhatburke.miroglu.net"
128.1.218.178 - - [23/Apr/2026:07:37:05 +0300] "POST /xmlrpc.php HTTP/1.1" 200 627 "-" "Mozilla/5.0 (Windows NT 10.0; Win64; x64) AppleWebKit/537.36 (KHTML, like Gecko) Chrome/114.0.0.0 Safari/537.36"
185.216.113.70 - - [23/Apr/2026:07:38:28 +0300] "POST /wp-cron.php?doing_wp_cron=1776919108.3431808948516845703125 HTTP/1.1" 200 448 "-" "WordPress/6.3.8; https://serhatburke.miroglu.net"
98.98.197.186 - - [23/Apr/2026:07:37:11 +0300] "POST /xmlrpc.php HTTP/1.1" 200 627 "-" "Mozilla/5.0 (Windows NT 10.0; Win64; x64) AppleWebKit/537.36 (KHTML, like Gecko) Chrome/114.0.0.0 Safari/537.36"
185.216.113.70 - - [23/Apr/2026:07:38:34 +0300] "POST /wp-cron.php?doing_wp_cron=1776919114.4439969062805175781250 HTTP/1.1" 200 448 "-" "WordPress/6.3.8; https://serhatburke.miroglu.net"
98.98.197.186 - - [23/Apr/2026:07:37:19 +0300] "GET /king-bingo-growth-casino-games-real-money-slots-online-on-the-internet-out-of-ones-nile-pokie-view-2026-features-incentives-national-police-academy/ HTTP/1.1" 404 57021 "-" "Mozilla/5.0 (Windows NT 10.0; Win64; x64; rv:124.0) Gecko/20100101 Firefox/124.0"
185.216.113.70 - - [23/Apr/2026:07:38:40 +0300] "POST /wp-cron.php?doing_wp_cron=1776919120.2342879772186279296875 HTTP/1.1" 200 448 "-" "WordPress/6.3.8; https://serhatburke.miroglu.net"
128.1.218.178 - - [23/Apr/2026:07:37:23 +0300] "GET /ein-starburst-slot-im-casino-bonus-300-bonus-probe-2026-hier-gratis-vortragen/ HTTP/1.1" 404 56391 "-" "Mozilla/5.0 (Windows NT 10.0; Win64; x64) AppleWebKit/537.36 (KHTML, like Gecko) Chrome/109.0.0.0 Safari/537.36"
40.77.167.25 - - [23/Apr/2026:07:38:36 +0300] "GET /cele-tocmac-bune-cazinouri-online-aplicatia-ybets-din-romania-martisor-2026/ HTTP/2" 200 0 "-" "Mozilla/5.0 AppleWebKit/537.36 (KHTML, like Gecko; compatible; bingbot/2.0; +http://www.bing.com/bingbot.htm) Chrome/116.0.1938.76 Safari/537.36"
40.77.167.25 - - [23/Apr/2026:07:38:38 +0300] "GET /wheres-the-casino-napoleon-boney-parts-brand-new-silver-avalon-1-deposit-2025-condition-remark-of-aristocrat/ HTTP/2" 200 0 "-" "Mozilla/5.0 AppleWebKit/537.36 (KHTML, like Gecko; compatible; bingbot/2.0; +http://www.bing.com/bingbot.htm) Chrome/116.0.1938.76 Safari/537.36"
52.167.144.230 - - [23/Apr/2026:07:38:40 +0300] "GET /kraken-aktual-nye-ssylki-i-rekomendatsii-na-2026/ HTTP/2" 200 0 "-" "Mozilla/5.0 AppleWebKit/537.36 (KHTML, like Gecko; compatible; bingbot/2.0; +http://www.bing.com/bingbot.htm) Chrome/116.0.1938.76 Safari/537.36"
66.249.73.1 - - [23/Apr/2026:07:39:08 +0300] "GET /hitta-det-perfekta-online-casinot-for-din-101/ HTTP/1.1" 200 192592 "-" "Mozilla/5.0 (Linux; Android 6.0.1; Nexus 5X Build/MMB29P) AppleWebKit/537.36 (KHTML, like Gecko) Chrome/146.0.7680.177 Mobile Safari/537.36 (compatible; Googlebot/2.1; +http://www.google.com/bot.html)"
66.249.73.14 - - [23/Apr/2026:07:39:45 +0300] "GET /wp-content/plugins/google-analytics-for-wordpress/assets/js/frontend-gtag.min.js?ver=10.1.3 HTTP/1.1" 200 3699 "https://serhatburke.miroglu.net/hitta-det-perfekta-online-casinot-for-din-101/" "Mozilla/5.0 (Linux; Android 6.0.1; Nexus 5X Build/MMB29P) AppleWebKit/537.36 (KHTML, like Gecko) Chrome/146.0.7680.177 Mobile Safari/537.36 (compatible; Googlebot/2.1; +http://www.google.com/bot.html)"
185.216.113.70 - - [23/Apr/2026:07:39:46 +0300] "POST /wp-cron.php?doing_wp_cron=1776919186.5839030742645263671875 HTTP/1.1" 200 448 "-" "WordPress/6.3.8; https://serhatburke.miroglu.net"
52.167.144.230 - - [23/Apr/2026:07:39:34 +0300] "GET /jednoreki-rzezimieszek-kasyno-muchbetter-kody-bonusowe-2026-robot-w-pieniadze/ HTTP/2" 200 18842 "-" "Mozilla/5.0 AppleWebKit/537.36 (KHTML, like Gecko; compatible; bingbot/2.0; +http://www.bing.com/bingbot.htm) Chrome/116.0.1938.76 Safari/537.36"
66.249.73.14 - - [23/Apr/2026:07:39:54 +0300] "GET /wp-content/plugins/google-analytics-for-wordpress/assets/js/frontend-gtag.min.js?ver=10.1.3 HTTP/1.1" 200 3699 "https://serhatburke.miroglu.net/hitta-det-perfekta-online-casinot-for-din-101/" "Mozilla/5.0 (Linux; Android 6.0.1; Nexus 5X Build/MMB29P) AppleWebKit/537.36 (KHTML, like Gecko) Chrome/146.0.7680.177 Mobile Safari/537.36 (compatible; Googlebot/2.1; +http://www.google.com/bot.html)"
66.249.73.1 - - [23/Apr/2026:07:40:31 +0300] "GET /hitta-det-perfekta-online-casinot-for-din-101/undefined?ts=1775520000 HTTP/1.1" 200 0 "https://serhatburke.miroglu.net/hitta-det-perfekta-online-casinot-for-din-101/" "Mozilla/5.0 (Linux; Android 6.0.1; Nexus 5X Build/MMB29P) AppleWebKit/537.36 (KHTML, like Gecko) Chrome/146.0.7680.177 Mobile Safari/537.36 (compatible; Googlebot/2.1; +http://www.google.com/bot.html)"
185.216.113.70 - - [23/Apr/2026:07:43:59 +0300] "POST /wp-cron.php?doing_wp_cron=1776919439.3927319049835205078125 HTTP/1.1" 200 448 "-" "WordPress/6.3.8; https://serhatburke.miroglu.net"
40.77.167.22 - - [23/Apr/2026:07:43:43 +0300] "GET /how-bscscan-simplifies-your-blockchain-experience/ HTTP/2" 200 16897 "-" "Mozilla/5.0 AppleWebKit/537.36 (KHTML, like Gecko; compatible; bingbot/2.0; +http://www.bing.com/bingbot.htm) Chrome/116.0.1938.76 Safari/537.36"
185.216.113.70 - - [23/Apr/2026:07:49:20 +0300] "POST /wp-cron.php?doing_wp_cron=1776919760.4772040843963623046875 HTTP/1.1" 200 448 "-" "WordPress/6.3.8; https://serhatburke.miroglu.net"
40.77.167.79 - - [23/Apr/2026:07:49:07 +0300] "GET /h1-tronscan-streamlining-your-crypto-tracking-experience-h1/ HTTP/2" 200 17212 "-" "Mozilla/5.0 AppleWebKit/537.36 (KHTML, like Gecko; compatible; bingbot/2.0; +http://www.bing.com/bingbot.htm) Chrome/116.0.1938.76 Safari/537.36"
155.212.109.83 - - [23/Apr/2026:07:49:10 +0300] "GET / HTTP/1.1" 200 19871 "-" "Mozilla/5.0 (Windows NT 10.0; Win64; x64) AppleWebKit/537.36 (KHTML, like Gecko) Chrome/120.0.0.0 Safari/537.36"
216.73.217.0 - - [23/Apr/2026:07:49:28 +0300] "GET /robots.txt HTTP/2" 200 110 "-" "Mozilla/5.0 AppleWebKit/537.36 (KHTML, like Gecko; compatible; ClaudeBot/1.0; +claudebot@anthropic.com)"
66.249.73.15 - - [23/Apr/2026:07:49:31 +0300] "GET /robots.txt HTTP/1.1" 200 719 "-" "Mozilla/5.0 (compatible; Googlebot/2.1; +http://www.google.com/bot.html)"
185.216.113.70 - - [23/Apr/2026:07:49:51 +0300] "POST /wp-cron.php?doing_wp_cron=1776919791.2330191135406494140625 HTTP/1.1" 200 448 "-" "WordPress/6.3.8; https://serhatburke.miroglu.net"
216.73.217.0 - - [23/Apr/2026:07:49:43 +0300] "GET /sitemap.xml HTTP/2" 200 0 "-" "Mozilla/5.0 AppleWebKit/537.36 (KHTML, like Gecko; compatible; ClaudeBot/1.0; +claudebot@anthropic.com)"
40.77.167.79 - - [23/Apr/2026:07:49:36 +0300] "GET /maximize-your-crypto-trading-efficiency-with-raydium-3/ HTTP/2" 200 17021 "-" "Mozilla/5.0 AppleWebKit/537.36 (KHTML, like Gecko; compatible; bingbot/2.0; +http://www.bing.com/bingbot.htm) Chrome/116.0.1938.76 Safari/537.36"
128.1.218.178 - - [23/Apr/2026:07:50:08 +0300] "POST /xmlrpc.php HTTP/1.1" 200 630 "-" "Mozilla/5.0 (Windows NT 10.0; Win64; x64) AppleWebKit/537.36 (KHTML, like Gecko) Chrome/114.0.0.0 Safari/537.36"
40.77.167.79 - - [23/Apr/2026:07:50:04 +0300] "GET /kraken-bezopasnye-onion-ssylki-i-dostup-2026-4/ HTTP/2" 200 17880 "-" "Mozilla/5.0 AppleWebKit/537.36 (KHTML, like Gecko; compatible; bingbot/2.0; +http://www.bing.com/bingbot.htm) Chrome/116.0.1938.76 Safari/537.36"
185.216.113.70 - - [23/Apr/2026:07:50:36 +0300] "POST /wp-cron.php?doing_wp_cron=1776919836.0483710765838623046875 HTTP/1.1" 200 448 "-" "WordPress/6.3.8; https://serhatburke.miroglu.net"
128.1.218.178 - - [23/Apr/2026:07:50:27 +0300] "POST /xmlrpc.php HTTP/1.1" 200 11932 "-" "Mozilla/5.0 (Windows NT 10.0; Win64; x64) AppleWebKit/537.36 (KHTML, like Gecko) Chrome/114.0.0.0 Safari/537.36"
40.77.167.79 - - [23/Apr/2026:07:50:24 +0300] "GET /kraken-vse-o-dostupe-i-aktual-nykh-ssylkakh-2026/ HTTP/2" 200 17938 "-" "Mozilla/5.0 AppleWebKit/537.36 (KHTML, like Gecko; compatible; bingbot/2.0; +http://www.bing.com/bingbot.htm) Chrome/116.0.1938.76 Safari/537.36"
128.1.218.178 - - [23/Apr/2026:07:50:40 +0300] "GET /sweet-bonanza-online-spielen-blackjack-kostenlos-spielen-inside-rtlspiele-de/ HTTP/1.1" 200 73598 "-" "Mozilla/5.0 (Windows NT 10.0; Win64; x64; rv:125.0) Gecko/20100101 Firefox/125.0"
185.216.113.70 - - [23/Apr/2026:07:54:17 +0300] "POST /wp-cron.php?doing_wp_cron=1776920057.5051751136779785156250 HTTP/1.1" 200 448 "-" "WordPress/6.3.8; https://serhatburke.miroglu.net"
52.167.144.224 - - [23/Apr/2026:07:54:04 +0300] "GET /funky-good-fresh-fruit-ranch-slot-comment-playtech-gamble-free-trial/ HTTP/2" 200 18893 "-" "Mozilla/5.0 AppleWebKit/537.36 (KHTML, like Gecko; compatible; bingbot/2.0; +http://www.bing.com/bingbot.htm) Chrome/116.0.1938.76 Safari/537.36"
185.216.113.70 - - [23/Apr/2026:07:54:20 +0300] "POST /wp-cron.php?doing_wp_cron=1776920060.7757239341735839843750 HTTP/1.1" 200 448 "-" "WordPress/6.3.8; https://serhatburke.miroglu.net"
52.167.144.224 - - [23/Apr/2026:07:54:08 +0300] "GET /kraken-geografiia-i-dostup-v-darknet-2026/ HTTP/2" 200 18215 "-" "Mozilla/5.0 AppleWebKit/537.36 (KHTML, like Gecko; compatible; bingbot/2.0; +http://www.bing.com/bingbot.htm) Chrome/116.0.1938.76 Safari/537.36"
52.167.144.224 - - [23/Apr/2026:07:54:26 +0300] "GET /igt-ports-gamble-%100-ucretsiz-igt-pozisyon-oyunlari-400-liman/ HTTP/2" 200 18051 "-" "Mozilla/5.0 AppleWebKit/537.36 (KHTML, like Gecko; compatible; bingbot/2.0; +http://www.bing.com/bingbot.htm) Chrome/116.0.1938.76 Safari/537.36"
66.249.73.1 - - [23/Apr/2026:07:55:13 +0300] "GET /wp-content/themes/toppic/css/responsive.css?ver=4.2 HTTP/1.1" 200 2796 "https://serhatburke.miroglu.net/rollinoapp-uk-weekend-bonus-an-in-depth-review/" "Mozilla/5.0 (Linux; Android 6.0.1; Nexus 5X Build/MMB29P) AppleWebKit/537.36 (KHTML, like Gecko) Chrome/146.0.7680.177 Mobile Safari/537.36 (compatible; Googlebot/2.1; +http://www.google.com/bot.html)"
185.216.113.70 - - [23/Apr/2026:07:55:21 +0300] "POST /wp-cron.php?doing_wp_cron=1776920121.4829161167144775390625 HTTP/1.1" 200 448 "-" "WordPress/6.3.8; https://serhatburke.miroglu.net"
66.249.73.14 - - [23/Apr/2026:07:55:09 +0300] "GET /robots.txt HTTP/1.1" 200 719 "-" "Mozilla/5.0 (compatible; Googlebot/2.1; +http://www.google.com/bot.html)"
185.216.113.70 - - [23/Apr/2026:08:01:07 +0300] "POST /wp-cron.php?doing_wp_cron=1776920467.2312650680541992187500 HTTP/1.1" 200 448 "-" "WordPress/6.3.8; https://serhatburke.miroglu.net"
66.249.73.14 - - [23/Apr/2026:08:00:54 +0300] "GET /robots.txt HTTP/1.1" 200 719 "-" "Mozilla/5.0 (compatible; Googlebot/2.1; +http://www.google.com/bot.html)"
128.1.218.178 - - [23/Apr/2026:08:01:17 +0300] "POST /xmlrpc.php HTTP/1.1" 200 630 "-" "Mozilla/5.0 (Windows NT 10.0; Win64; x64) AppleWebKit/537.36 (KHTML, like Gecko) Chrome/114.0.0.0 Safari/537.36"
196.244.71.42 - - [23/Apr/2026:08:01:25 +0300] "GET /automaty-hazard-online/ HTTP/1.1" 200 17774 "-" "Mozilla/5.0 (compatible; Googlebot/2.1; +http://www.google.com/bot.html)"
185.216.113.70 - - [23/Apr/2026:08:01:48 +0300] "POST /wp-cron.php?doing_wp_cron=1776920507.9080970287322998046875 HTTP/1.1" 200 448 "-" "WordPress/6.3.8; https://serhatburke.miroglu.net"
128.1.218.178 - - [23/Apr/2026:08:01:35 +0300] "POST /xmlrpc.php HTTP/1.1" 200 11272 "-" "Mozilla/5.0 (Windows NT 10.0; Win64; x64) AppleWebKit/537.36 (KHTML, like Gecko) Chrome/114.0.0.0 Safari/537.36"
66.249.73.15 - - [23/Apr/2026:08:01:43 +0300] "GET /rollinoapp-uk-weekend-bonus-an-in-depth-review/undefined?ts=1775520000 HTTP/1.1" 200 0 "https://serhatburke.miroglu.net/rollinoapp-uk-weekend-bonus-an-in-depth-review/" "Mozilla/5.0 (Linux; Android 6.0.1; Nexus 5X Build/MMB29P) AppleWebKit/537.36 (KHTML, like Gecko) Chrome/146.0.7680.177 Mobile Safari/537.36 (compatible; Googlebot/2.1; +http://www.google.com/bot.html)"
128.1.218.178 - - [23/Apr/2026:08:01:49 +0300] "GET /sweet-bonanza-kostenlos-slot-eye-of-horus-spielen-blos-registrierung-exklusive-download/ HTTP/1.1" 200 73589 "-" "Mozilla/5.0 (Windows NT 10.0; Win64; x64; rv:124.0) Gecko/20100101 Firefox/124.0"
185.216.113.70 - - [23/Apr/2026:08:05:00 +0300] "POST /wp-cron.php?doing_wp_cron=1776920700.4765479564666748046875 HTTP/1.1" 200 448 "-" "WordPress/6.3.8; https://serhatburke.miroglu.net"
128.1.218.178 - - [23/Apr/2026:08:04:46 +0300] "POST /xmlrpc.php HTTP/1.1" 200 630 "-" "Mozilla/5.0 (Windows NT 10.0; Win64; x64) AppleWebKit/537.36 (KHTML, like Gecko) Chrome/114.0.0.0 Safari/537.36"
40.77.167.7 - - [23/Apr/2026:08:04:51 +0300] "GET /finest-on-line-casino-bonuses-in-the-us-inside-february-2026/ HTTP/2" 200 19037 "-" "Mozilla/5.0 AppleWebKit/537.36 (KHTML, like Gecko; compatible; bingbot/2.0; +http://www.bing.com/bingbot.htm) Chrome/116.0.1938.76 Safari/537.36"
40.77.167.53 - - [23/Apr/2026:08:04:58 +0300] "GET /avrai-30-giorni-di-eta-per-poter-eseguire-un-intervento-chirurgico-la-inizialmente-ricarica-durante-assoluto-circa-sunbet/ HTTP/2" 200 17201 "-" "Mozilla/5.0 AppleWebKit/537.36 (KHTML, like Gecko; compatible; bingbot/2.0; +http://www.bing.com/bingbot.htm) Chrome/116.0.1938.76 Safari/537.36"
128.1.218.178 - - [23/Apr/2026:08:05:07 +0300] "POST /xmlrpc.php HTTP/1.1" 200 11362 "-" "Mozilla/5.0 (Windows NT 10.0; Win64; x64) AppleWebKit/537.36 (KHTML, like Gecko) Chrome/114.0.0.0 Safari/537.36"
128.1.218.178 - - [23/Apr/2026:08:05:25 +0300] "GET /gefuhle-diamond-dare-casino-slot-emotionen/ HTTP/1.1" 200 72660 "-" "Mozilla/5.0 (Windows NT 10.0; Win64; x64) AppleWebKit/537.36 (KHTML, like Gecko) Chrome/124.0.0.0 Safari/537.36 Edg/124.0.0.0"
185.216.113.70 - - [23/Apr/2026:08:05:46 +0300] "POST /wp-cron.php?doing_wp_cron=1776920745.9833528995513916015625 HTTP/1.1" 200 448 "-" "WordPress/6.3.8; https://serhatburke.miroglu.net"
40.77.167.7 - - [23/Apr/2026:08:05:33 +0300] "GET /xtra-spin-gambling-enterprise-is-sold-with-an-impressive-collection-away-from-video-game-providing-to-different-choice-and-you-can-choice/ HTTP/2" 200 17157 "-" "Mozilla/5.0 AppleWebKit/537.36 (KHTML, like Gecko; compatible; bingbot/2.0; +http://www.bing.com/bingbot.htm) Chrome/116.0.1938.76 Safari/537.36"
40.77.167.53 - - [23/Apr/2026:08:05:42 +0300] "GET /is-a-demo-version-in-twenty-three-containers-regarding-gods-slot/ HTTP/2" 200 16885 "-" "Mozilla/5.0 AppleWebKit/537.36 (KHTML, like Gecko; compatible; bingbot/2.0; +http://www.bing.com/bingbot.htm) Chrome/116.0.1938.76 Safari/537.36"
185.216.113.70 - - [23/Apr/2026:08:08:06 +0300] "POST /wp-cron.php?doing_wp_cron=1776920886.0768849849700927734375 HTTP/1.1" 200 448 "-" "WordPress/6.3.8; https://serhatburke.miroglu.net"
128.1.218.178 - - [23/Apr/2026:08:07:52 +0300] "POST /xmlrpc.php HTTP/1.1" 200 630 "-" "Mozilla/5.0 (Windows NT 10.0; Win64; x64) AppleWebKit/537.36 (KHTML, like Gecko) Chrome/114.0.0.0 Safari/537.36"
128.1.218.178 - - [23/Apr/2026:08:08:13 +0300] "POST /xmlrpc.php HTTP/1.1" 200 11742 "-" "Mozilla/5.0 (Windows NT 10.0; Win64; x64) AppleWebKit/537.36 (KHTML, like Gecko) Chrome/114.0.0.0 Safari/537.36"
185.216.113.70 - - [23/Apr/2026:08:08:40 +0300] "POST /wp-cron.php?doing_wp_cron=1776920920.0885789394378662109375 HTTP/1.1" 200 448 "-" "WordPress/6.3.8; https://serhatburke.miroglu.net"
128.1.218.178 - - [23/Apr/2026:08:08:28 +0300] "GET /die-8-besten-verbunden-casinos-deutschlands-2026-von-dieser-quelle-inoffizieller-mitarbeiter-kollationieren/ HTTP/1.1" 200 74473 "-" "Mozilla/5.0 (Windows NT 10.0; Win64; x64) AppleWebKit/537.36 (KHTML, like Gecko) Chrome/109.0.0.0 Safari/537.36"
185.216.113.70 - - [23/Apr/2026:08:09:50 +0300] "POST /wp-cron.php?doing_wp_cron=1776920990.8094038963317871093750 HTTP/1.1" 200 448 "-" "WordPress/6.3.8; https://serhatburke.miroglu.net"
185.231.205.241 - - [23/Apr/2026:08:09:38 +0300] "GET /beste-casino-site-belgie-hoge-inzet/ HTTP/1.1" 200 18576 "-" "Mozilla/5.0 (Windows NT 10.0; Win64; x64; rv:114.0) Gecko/20100101 Firefox/114.0"
96.44.154.147 - - [23/Apr/2026:08:10:20 +0300] "POST /xmlrpc.php HTTP/1.1" 200 630 "-" "Mozilla/5.0 (Windows NT 10.0; Win64; x64) AppleWebKit/537.36 (KHTML, like Gecko) Chrome/114.0.0.0 Safari/537.36"
185.216.113.70 - - [23/Apr/2026:08:10:54 +0300] "POST /wp-cron.php?doing_wp_cron=1776921053.9140028953552246093750 HTTP/1.1" 200 448 "-" "WordPress/6.3.8; https://serhatburke.miroglu.net"
96.44.154.147 - - [23/Apr/2026:08:10:38 +0300] "POST /xmlrpc.php HTTP/1.1" 200 11162 "-" "Mozilla/5.0 (Windows NT 10.0; Win64; x64) AppleWebKit/537.36 (KHTML, like Gecko) Chrome/114.0.0.0 Safari/537.36"
128.1.218.178 - - [23/Apr/2026:08:10:42 +0300] "POST /xmlrpc.php HTTP/1.1" 200 630 "-" "Mozilla/5.0 (Windows NT 10.0; Win64; x64) AppleWebKit/537.36 (KHTML, like Gecko) Chrome/114.0.0.0 Safari/537.36"
96.44.154.147 - - [23/Apr/2026:08:10:55 +0300] "GET /10-finest-internet-casino-internet-british-10-greatest-casinos-british/ HTTP/1.1" 200 72684 "-" "Mozilla/5.0 (Windows NT 10.0; Win64; x64) AppleWebKit/537.36 (KHTML, like Gecko) Chrome/123.0.0.0 Safari/537.36"
128.1.218.178 - - [23/Apr/2026:08:11:03 +0300] "POST /xmlrpc.php HTTP/1.1" 200 11185 "-" "Mozilla/5.0 (Windows NT 10.0; Win64; x64) AppleWebKit/537.36 (KHTML, like Gecko) Chrome/114.0.0.0 Safari/537.36"
128.1.218.178 - - [23/Apr/2026:08:11:19 +0300] "GET /8-echtgeld-tipico-casino-am-besten-casinos-im-probe-2026-gewiss-einlosen-obsiegen/ HTTP/1.1" 200 73214 "-" "Mozilla/5.0 (Windows NT 10.0; Win64; x64) AppleWebKit/537.36 (KHTML, like Gecko) Chrome/109.0.0.0 Safari/537.36"
185.216.113.70 - - [23/Apr/2026:08:11:42 +0300] "POST /wp-cron.php?doing_wp_cron=1776921102.5248060226440429687500 HTTP/1.1" 200 448 "-" "WordPress/6.3.8; https://serhatburke.miroglu.net"
62.12.119.244 - - [23/Apr/2026:08:11:30 +0300] "POST /xmlrpc.php HTTP/1.1" 200 630 "-" "Mozilla/5.0 (Windows NT 10.0; Win64; x64) AppleWebKit/537.36 (KHTML, like Gecko) Chrome/114.0.0.0 Safari/537.36"
62.12.119.244 - - [23/Apr/2026:08:11:48 +0300] "POST /xmlrpc.php HTTP/1.1" 200 9728 "-" "Mozilla/5.0 (Windows NT 10.0; Win64; x64) AppleWebKit/537.36 (KHTML, like Gecko) Chrome/114.0.0.0 Safari/537.36"
62.12.119.244 - - [23/Apr/2026:08:12:02 +0300] "GET /el-torero-verbunden-slot-zum-ladbrokes-casino-besten-geben-gebuhrenfrei-exklusive-eintragung/ HTTP/1.1" 200 72149 "-" "Mozilla/5.0 (Windows NT 10.0; Win64; x64) AppleWebKit/537.36 (KHTML, like Gecko) Chrome/124.0.0.0 Safari/537.36"
185.216.113.70 - - [23/Apr/2026:08:13:42 +0300] "POST /wp-cron.php?doing_wp_cron=1776921222.4499878883361816406250 HTTP/1.1" 200 448 "-" "WordPress/6.3.8; https://serhatburke.miroglu.net"
128.1.218.178 - - [23/Apr/2026:08:13:29 +0300] "POST /xmlrpc.php HTTP/1.1" 200 630 "-" "Mozilla/5.0 (Windows NT 10.0; Win64; x64) AppleWebKit/537.36 (KHTML, like Gecko) Chrome/114.0.0.0 Safari/537.36"
128.1.218.178 - - [23/Apr/2026:08:13:49 +0300] "POST /xmlrpc.php HTTP/1.1" 200 12031 "-" "Mozilla/5.0 (Windows NT 10.0; Win64; x64) AppleWebKit/537.36 (KHTML, like Gecko) Chrome/114.0.0.0 Safari/537.36"
128.1.218.178 - - [23/Apr/2026:08:14:03 +0300] "GET /freispiele-abzuglich-letzte-casino-no-depon-bonus-codes-einzahlung-nun-neue-angebote-2026/ HTTP/1.1" 200 74156 "-" "Mozilla/5.0 (Windows NT 10.0; Win64; x64) AppleWebKit/537.36 (KHTML, like Gecko) Chrome/124.0.0.0 Safari/537.36"
66.249.73.15 - - [23/Apr/2026:08:14:12 +0300] "GET /gamblezen-casino-review-for-players-from-the-united-kingdom/ HTTP/1.1" 200 17983 "-" "Mozilla/5.0 (Linux; Android 6.0.1; Nexus 5X Build/MMB29P) AppleWebKit/537.36 (KHTML, like Gecko) Chrome/146.0.7680.177 Mobile Safari/537.36 (compatible; Googlebot/2.1; +http://www.google.com/bot.html)"
98.98.197.186 - - [23/Apr/2026:08:14:17 +0300] "POST /xmlrpc.php HTTP/1.1" 200 630 "-" "Mozilla/5.0 (Windows NT 10.0; Win64; x64) AppleWebKit/537.36 (KHTML, like Gecko) Chrome/114.0.0.0 Safari/537.36"
185.216.113.70 - - [23/Apr/2026:08:14:47 +0300] "POST /wp-cron.php?doing_wp_cron=1776921287.4694449901580810546875 HTTP/1.1" 200 448 "-" "WordPress/6.3.8; https://serhatburke.miroglu.net"
98.98.197.186 - - [23/Apr/2026:08:14:34 +0300] "POST /xmlrpc.php HTTP/1.1" 200 10406 "-" "Mozilla/5.0 (Windows NT 10.0; Win64; x64) AppleWebKit/537.36 (KHTML, like Gecko) Chrome/114.0.0.0 Safari/537.36"
66.249.73.15 - - [23/Apr/2026:08:14:36 +0300] "GET /gamblezen-casino-review-for-players-from-the-united-kingdom/undefined?ts=1775520000 HTTP/1.1" 200 0 "https://serhatburke.miroglu.net/gamblezen-casino-review-for-players-from-the-united-kingdom/" "Mozilla/5.0 (Linux; Android 6.0.1; Nexus 5X Build/MMB29P) AppleWebKit/537.36 (KHTML, like Gecko) Chrome/146.0.7680.177 Mobile Safari/537.36 (compatible; Googlebot/2.1; +http://www.google.com/bot.html)"
98.98.197.186 - - [23/Apr/2026:08:14:48 +0300] "GET /finest-progressive-jackpot-slots-jackpot-pokies-online-real-money-tracker-march-2026/ HTTP/1.1" 200 71936 "-" "Mozilla/5.0 (Windows NT 10.0; Win64; x64) AppleWebKit/537.36 (KHTML, like Gecko) Chrome/124.0.0.0 Safari/537.36"
66.249.73.14 - - [23/Apr/2026:08:14:51 +0300] "GET /best-online-casinos-in-the-uk-2026-15-expert-rated-6/ HTTP/1.1" 200 270272 "-" "Mozilla/5.0 (Linux; Android 6.0.1; Nexus 5X Build/MMB29P) AppleWebKit/537.36 (KHTML, like Gecko) Chrome/146.0.7680.177 Mobile Safari/537.36 (compatible; Googlebot/2.1; +http://www.google.com/bot.html)"
185.216.113.70 - - [23/Apr/2026:08:15:49 +0300] "POST /wp-cron.php?doing_wp_cron=1776921349.3624339103698730468750 HTTP/1.1" 200 448 "-" "WordPress/6.3.8; https://serhatburke.miroglu.net"
66.249.73.14 - - [23/Apr/2026:08:15:37 +0300] "GET /best-online-casino-uk-compare-140-top-casino-sites-169/ HTTP/1.1" 200 305687 "-" "Mozilla/5.0 (Linux; Android 6.0.1; Nexus 5X Build/MMB29P) AppleWebKit/537.36 (KHTML, like Gecko) Chrome/146.0.7680.177 Mobile Safari/537.36 (compatible; Googlebot/2.1; +http://www.google.com/bot.html)"
128.1.218.178 - - [23/Apr/2026:08:16:10 +0300] "POST /xmlrpc.php HTTP/1.1" 200 630 "-" "Mozilla/5.0 (Windows NT 10.0; Win64; x64) AppleWebKit/537.36 (KHTML, like Gecko) Chrome/114.0.0.0 Safari/537.36"
185.216.113.70 - - [23/Apr/2026:08:16:41 +0300] "POST /wp-cron.php?doing_wp_cron=1776921401.0903949737548828125000 HTTP/1.1" 200 448 "-" "WordPress/6.3.8; https://serhatburke.miroglu.net"
128.1.218.178 - - [23/Apr/2026:08:16:28 +0300] "POST /xmlrpc.php HTTP/1.1" 200 11536 "-" "Mozilla/5.0 (Windows NT 10.0; Win64; x64) AppleWebKit/537.36 (KHTML, like Gecko) Chrome/114.0.0.0 Safari/537.36"
128.1.218.178 - - [23/Apr/2026:08:16:42 +0300] "GET /spielsaal-bonus-bestes-online-casino-no-einzahlung-casinos4u-ohne-einzahlung-2026/ HTTP/1.1" 200 73602 "-" "Mozilla/5.0 (Windows NT 10.0; Win64; x64; rv:125.0) Gecko/20100101 Firefox/125.0"
185.216.113.70 - - [23/Apr/2026:08:18:11 +0300] "POST /wp-cron.php?doing_wp_cron=1776921491.0444519519805908203125 HTTP/1.1" 200 448 "-" "WordPress/6.3.8; https://serhatburke.miroglu.net"
40.77.167.126 - - [23/Apr/2026:08:17:47 +0300] "GET /bonus-sem-deposito-2025-cassinos-uma-vez-que-bonus-gratis-apontar-estatistica/ HTTP/2" 200 19586 "-" "Mozilla/5.0 AppleWebKit/537.36 (KHTML, like Gecko; compatible; bingbot/2.0; +http://www.bing.com/bingbot.htm) Chrome/116.0.1938.76 Safari/537.36"
52.167.144.163 - - [23/Apr/2026:08:17:49 +0300] "GET /experience-seamless-integration-with-ledger-live-app/ HTTP/2" 200 16906 "-" "Mozilla/5.0 AppleWebKit/537.36 (KHTML, like Gecko; compatible; bingbot/2.0; +http://www.bing.com/bingbot.htm) Chrome/116.0.1938.76 Safari/537.36"
40.77.167.24 - - [23/Apr/2026:08:17:52 +0300] "GET /bonusy-we-reklamy-na-najlepszych-kasynach-online-%EF%BF%BD-jak-najlepiej/ HTTP/2" 200 17671 "-" "Mozilla/5.0 AppleWebKit/537.36 (KHTML, like Gecko; compatible; bingbot/2.0; +http://www.bing.com/bingbot.htm) Chrome/116.0.1938.76 Safari/537.36"
66.249.73.15 - - [23/Apr/2026:08:18:36 +0300] "GET /gamblezen-casino-review-for-players-from-the-united-kingdom/ HTTP/1.1" 200 0 "https://yotsxq.cyberwave-games.digital/" "Mozilla/5.0 (Linux; Android 6.0.1; Nexus 5X Build/MMB29P) AppleWebKit/537.36 (KHTML, like Gecko) Chrome/146.0.7680.177 Mobile Safari/537.36 (compatible; Googlebot/2.1; +http://www.google.com/bot.html)"
185.216.113.70 - - [23/Apr/2026:08:19:21 +0300] "POST /wp-cron.php?doing_wp_cron=1776921561.4440579414367675781250 HTTP/1.1" 200 448 "-" "WordPress/6.3.8; https://serhatburke.miroglu.net"
128.1.218.178 - - [23/Apr/2026:08:18:54 +0300] "POST /xmlrpc.php HTTP/1.1" 200 630 "-" "Mozilla/5.0 (Windows NT 10.0; Win64; x64) AppleWebKit/537.36 (KHTML, like Gecko) Chrome/114.0.0.0 Safari/537.36"
128.1.218.178 - - [23/Apr/2026:08:19:29 +0300] "POST /xmlrpc.php HTTP/1.1" 200 11592 "-" "Mozilla/5.0 (Windows NT 10.0; Win64; x64) AppleWebKit/537.36 (KHTML, like Gecko) Chrome/114.0.0.0 Safari/537.36"
96.44.154.147 - - [23/Apr/2026:08:19:37 +0300] "POST /xmlrpc.php HTTP/1.1" 200 630 "-" "Mozilla/5.0 (Windows NT 10.0; Win64; x64) AppleWebKit/537.36 (KHTML, like Gecko) Chrome/114.0.0.0 Safari/537.36"
128.1.218.178 - - [23/Apr/2026:08:19:55 +0300] "GET /tagesordnungspunkt-10-verbunden-top-online-casino-das-apple-pay-akzeptiert-casinos-within-brd-2026/ HTTP/1.1" 200 73889 "-" "Mozilla/5.0 (Windows NT 10.0; Win64; x64; rv:124.0) Gecko/20100101 Firefox/124.0"
96.44.154.147 - - [23/Apr/2026:08:20:02 +0300] "POST /xmlrpc.php HTTP/1.1" 200 7087 "-" "Mozilla/5.0 (Windows NT 10.0; Win64; x64) AppleWebKit/537.36 (KHTML, like Gecko) Chrome/114.0.0.0 Safari/537.36"
62.12.119.244 - - [23/Apr/2026:08:20:19 +0300] "POST /xmlrpc.php HTTP/1.1" 200 630 "-" "Mozilla/5.0 (Windows NT 10.0; Win64; x64) AppleWebKit/537.36 (KHTML, like Gecko) Chrome/114.0.0.0 Safari/537.36"
96.44.154.147 - - [23/Apr/2026:08:20:19 +0300] "GET /most-useful-local-casino-bonuses-2026-exclusive-desired-also-provides/ HTTP/1.1" 200 68799 "-" "Mozilla/5.0 (Windows NT 10.0; Win64; x64) AppleWebKit/537.36 (KHTML, like Gecko) Chrome/109.0.0.0 Safari/537.36"
185.216.113.70 - - [23/Apr/2026:08:20:52 +0300] "POST /wp-cron.php?doing_wp_cron=1776921652.6415779590606689453125 HTTP/1.1" 200 448 "-" "WordPress/6.3.8; https://serhatburke.miroglu.net"
96.44.154.147 - - [23/Apr/2026:08:20:38 +0300] "POST /xmlrpc.php HTTP/1.1" 200 630 "-" "Mozilla/5.0 (Windows NT 10.0; Win64; x64) AppleWebKit/537.36 (KHTML, like Gecko) Chrome/114.0.0.0 Safari/537.36"
62.12.119.244 - - [23/Apr/2026:08:20:39 +0300] "POST /xmlrpc.php HTTP/1.1" 200 10802 "-" "Mozilla/5.0 (Windows NT 10.0; Win64; x64) AppleWebKit/537.36 (KHTML, like Gecko) Chrome/114.0.0.0 Safari/537.36"
62.12.119.244 - - [23/Apr/2026:08:20:56 +0300] "GET /nachfolgende-10-besten-online-money-game-spielstellen-casinos-unter-einsatz-von-echtgeld/ HTTP/1.1" 200 73093 "-" "Mozilla/5.0 (Windows NT 10.0; Win64; x64; rv:124.0) Gecko/20100101 Firefox/124.0"
96.44.154.147 - - [23/Apr/2026:08:20:59 +0300] "POST /xmlrpc.php HTTP/1.1" 200 8675 "-" "Mozilla/5.0 (Windows NT 10.0; Win64; x64) AppleWebKit/537.36 (KHTML, like Gecko) Chrome/114.0.0.0 Safari/537.36"
40.77.167.126 - - [23/Apr/2026:08:21:07 +0300] "GET /os-melhores-acao-sem-armazem-infantilidade-blaze-fazer-login-casino-acercade-2025/ HTTP/2" 200 19196 "-" "Mozilla/5.0 AppleWebKit/537.36 (KHTML, like Gecko; compatible; bingbot/2.0; +http://www.bing.com/bingbot.htm) Chrome/116.0.1938.76 Safari/537.36"
40.77.167.241 - - [23/Apr/2026:08:21:11 +0300] "GET /ruletka-nienagrane-na-lemon-casino-warianty-i-bedziesz-podglad-stolu/ HTTP/2" 200 17457 "-" "Mozilla/5.0 AppleWebKit/537.36 (KHTML, like Gecko; compatible; bingbot/2.0; +http://www.bing.com/bingbot.htm) Chrome/116.0.1938.76 Safari/537.36"
185.216.113.70 - - [23/Apr/2026:08:21:39 +0300] "POST /wp-cron.php?doing_wp_cron=1776921699.7840240001678466796875 HTTP/1.1" 200 448 "-" "WordPress/6.3.8; https://serhatburke.miroglu.net"
96.44.154.147 - - [23/Apr/2026:08:21:28 +0300] "GET /local-casino-extra-rules-uk-casino-promo-codes-march-2026/ HTTP/1.1" 200 69938 "-" "Mozilla/5.0 (Windows NT 10.0; Win64; x64) AppleWebKit/537.36 (KHTML, like Gecko) Chrome/109.0.0.0 Safari/537.36"
216.73.217.0 - - [23/Apr/2026:08:21:40 +0300] "GET /sitemap.xml HTTP/2" 200 0 "-" "Mozilla/5.0 AppleWebKit/537.36 (KHTML, like Gecko; compatible; ClaudeBot/1.0; +claudebot@anthropic.com)"
